* |FAILURE| pw107414-107417 [PATCH] [4/4] doc: update send scheduling mlx5 feature description
@ 2022-02-16 14:17 dpdklab
0 siblings, 0 replies; 2+ messages in thread
From: dpdklab @ 2022-02-16 14:17 UTC (permalink / raw)
To: Test Report
Cc: dpdklab, David Marchand, Thomas Monjalon, Viacheslav Ovsiienko
[-- Attachment #1: Type: text/plain, Size: 6540 bytes --]
Test-Label: iol-x86_64-unit-testing
Test-Status: FAILURE
http://dpdk.org/patch/107417
_Testing issues_
Submitter: Viacheslav Ovsiienko <viacheslavo@nvidia.com>
Date: Monday, February 14 2022 08:56:55
DPDK git baseline: Repo:dpdk
Branch: master
CommitID:cecf5ed9e4038e44dba832df2181edee35ccf556
107414-107417 --> testing fail
Test environment and result as below:
+------------------+----------------+
| Environment | dpdk_unit_test |
+==================+================+
| Ubuntu 18.04 | FAIL |
+------------------+----------------+
| Arch Linux | FAIL |
+------------------+----------------+
| CentOS 8 | FAIL |
+------------------+----------------+
| Fedora 31 | FAIL |
+------------------+----------------+
| Fedora 32 | FAIL |
+------------------+----------------+
| RHEL 7 | FAIL |
+------------------+----------------+
| Ubuntu 20.04 | FAIL |
+------------------+----------------+
| CentOS Stream 8 | FAIL |
+------------------+----------------+
| openSUSE Leap 15 | FAIL |
+------------------+----------------+
| RHEL8 | FAIL |
+------------------+----------------+
| Fedora 34 | FAIL |
+------------------+----------------+
| Fedora 33 | FAIL |
+------------------+----------------+
| Fedora 34 clang | PASS |
+------------------+----------------+
==== 20 line log output for Fedora 33 (dpdk_unit_test): ====
[1832/3329] Compiling C object 'drivers/a715181@@tmp_rte_net_mlx5@sta/net_mlx5_mlx5_flow_verbs.c.o'.
[1833/3329] Compiling C object 'drivers/a715181@@tmp_rte_net_mlx5@sta/net_mlx5_mlx5_rxtx_vec.c.o'.
[1834/3329] Compiling C object 'drivers/a715181@@tmp_rte_net_mlx5@sta/net_mlx5_linux_mlx5_socket.c.o'.
[1835/3329] Compiling C object 'drivers/a715181@@tmp_rte_net_mlx5@sta/net_mlx5_linux_mlx5_mp_os.c.o'.
[1836/3329] Compiling C object 'drivers/a715181@@tmp_rte_net_mlx5@sta/net_mlx5_linux_mlx5_verbs.c.o'.
FAILED: drivers/a715181@@tmp_rte_net_mlx5@sta/net_mlx5_linux_mlx5_verbs.c.o
ccache cc -Idrivers/a715181@@tmp_rte_net_mlx5@sta -Idrivers -I../drivers -Idrivers/net/mlx5 -I../drivers/net/mlx5 -Idrivers/net/mlx5/linux -I../drivers/net/mlx5/linux -Ilib/ethdev -I../lib/ethdev -I. -I../ -Iconfig -I../config -Ilib/eal/include -I../lib/eal/include -Ilib/eal/linux/include -I../lib/eal/linux/include -Ilib/eal/x86/include -I../lib/eal/x86/include -Ilib/eal/common -I../lib/eal/common -Ilib/eal -I../lib/eal -Ilib/kvargs -I../lib/kvargs -Ilib/telemetry/../metrics -I../lib/telemetry/../metrics -Ilib/telemetry -I../lib/telemetry -Ilib/net -I../lib/net -Ilib/mbuf -I../lib/mbuf -Ilib/mempool -I../lib/mempool -Ilib/ring -I../lib/ring -Ilib/meter -I../lib/meter -Idrivers/bus/pci -I../drivers/bus/pci -I../drivers/bus/pci/linux -Ilib/pci -I../lib/pci -Idrivers/bus/vdev -I../drivers/bus/vdev -Ilib/hash -I../lib/hash -Ilib/rcu -I../lib/rcu -Idrivers/common/mlx5 -I../drivers/common/mlx5 -Idrivers/common/mlx5/linux -I../drivers/common/mlx5/linux -Idrivers/bus/auxiliary -I../drivers/bus/auxiliary -I/usr/usr/include -fdiagnostics-color=always -pipe -D_FILE_OFFSET_BITS=64 -Wall -Winvalid-pch -Wextra -Werror -O3 -include rte_config.h -Wcast-qual -Wdeprecated -Wformat -Wformat-nonliteral -Wformat-security -Wmissing-declarations -Wmissing-prototypes -Wnested-externs -Wold-style-definition -Wpointer-arith -Wsign-compare -Wstrict-prototypes -Wundef -Wwrite-strings -Wno-address-of-packed-member -Wno-packed-not-aligned -Wno-missing-field-initializers -Wno-zero-length-bounds -D_GNU_SOURCE -fPIC -march=native -DALLOW_EXPERIMENTAL_API -DALLOW_INTERNAL_API -Wno-format-truncation -std=c11 -Wno-strict-prototypes -D_BSD_SOURCE -D_DEFAULT_SOURCE -D_XOPEN_SOURCE=600 -UPEDANTIC -DRTE_LOG_DEFAULT_LOGTYPE=pmd.net.mlx5 -MD -MQ 'drivers/a715181@@tmp_rte_net_mlx5@sta/net_mlx5_linux_mlx5_verbs.c.o' -MF 'drivers/a715181@@tmp_rte_net_mlx5@sta/net_mlx5_linux_mlx5_verbs.c.o.d' -o 'drivers/a715181@@tmp_rte_net_mlx5@sta/net_mlx5_linux_mlx5_verbs.c.o' -c ../drivers/net/mlx5/linux/mlx5_verbs.c
../drivers/net/mlx5/linux/mlx5_verbs.c: In function ‘mlx5_txq_ibv_obj_new’:
../drivers/net/mlx5/linux/mlx5_verbs.c:1042:13: error: "DEV_TX_OFFLOAD_SEND_ON_TIMESTAMP" is deprecated [-Werror]
1042 | DEV_TX_OFFLOAD_SEND_ON_TIMESTAMP);
| ^~~~~~~~~~~~~~~~~~~~~~~~~~~~~~~
cc1: all warnings being treated as errors
[1837/3329] Compiling C object 'drivers/a715181@@tmp_rte_net_mlx5@sta/net_mlx5_linux_mlx5_ethdev_os.c.o'.
[1838/3329] Compiling C object 'drivers/a715181@@tmp_rte_net_mlx5@sta/net_mlx5_linux_mlx5_vlan_os.c.o'.
[1839/3329] Compiling C object 'drivers/a715181@@tmp_rte_net_mlx5@sta/net_mlx5_linux_mlx5_os.c.o'.
[1840/3329] Compiling C object 'drivers/a715181@@tmp_rte_net_mlx5@sta/net_mlx5_mlx5_flow_dv.c.o'.
[1841/3329] Compiling C object 'drivers/a715181@@tmp_rte_net_mlx5@sta/net_mlx5_mlx5_tx_empw.c.o'.
[1842/3329] Compiling C object 'drivers/a715181@@tmp_rte_net_mlx5@sta/net_mlx5_mlx5_tx_txpp.c.o'.
[1843/3329] Compiling C object 'drivers/a715181@@tmp_rte_net_mlx5@sta/net_mlx5_mlx5_tx_nompw.c.o'.
ninja: build stopped: subcommand failed.
==== End log output ====
Ubuntu 18.04
Kernel: 4.18.0-240.10.1.el8_3.x86_64
Compiler: gcc 7.5.0-3ubuntu1~18.04
Arch Linux
Kernel: 5.4.0-73-generic
Compiler: gcc 11.1.0
CentOS 8
Kernel: 4.18.0-240.10.1.el8_3.x86_64
Compiler: gcc 8.3.1 20191121 (Red Hat 8.3.1-5)
Fedora 31
Kernel: 4.18.0-240.10.1.el8_3.x86_64
Compiler: gcc 9.3.1
Fedora 32
Kernel: 4.18.0-240.10.1.el8_3.x86_64
Compiler: gcc 10.2.1
RHEL 7
Kernel: 4.18.0-240.10.1.el8_3.x86_64
Compiler: gcc 4.8.5 20150623 (Red Hat 4.8.5-44)
Ubuntu 20.04
Kernel: 4.18.0-240.10.1.el8_3.x86_64
Compiler: gcc 9.3.0-17ubuntu1~20.04
CentOS Stream 8
Kernel: 4.18.0-240.10.1.el8_3.x86_64
Compiler: gcc 8.4.1 20200928
openSUSE Leap 15
Kernel: 4.18.0-240.10.1.el8_3.x86_64
Compiler: gcc 7.5.0
RHEL8
Kernel: 4.18.0-240.10.1.el8_3.x86_64
Compiler: gcc 8.3.1 20191121 (Red Hat 8.3.1-5)
Fedora 34
Kernel: 5.4.0-72-generic
Compiler: gcc 11.1.1 20210428 (Red Hat 11.1.1-1)
Fedora 33
Kernel: 5.4.0-72-generic
Compiler: gcc 10.3.1 20210422 (Red Hat 10.3.1-1)
Fedora 34 clang
Kernel: 5.4.0-72-generic
Compiler: clang 12.0.0 (Fedora 12.0.0-0.3.rc1.fc34)
To view detailed results, visit:
https://lab.dpdk.org/results/dashboard/patchsets/21053/
UNH-IOL DPDK Community Lab
To manage your email subscriptions, visit:
https://lab.dpdk.org/results/dashboard/preferences/subscriptions/
^ permalink raw reply [flat|nested] 2+ messages in thread
* |FAILURE| pw107414-107417 [PATCH] [4/4] doc: update send scheduling mlx5 feature description
@ 2022-02-14 12:38 dpdklab
0 siblings, 0 replies; 2+ messages in thread
From: dpdklab @ 2022-02-14 12:38 UTC (permalink / raw)
To: Test Report
Cc: dpdklab, David Marchand, Thomas Monjalon, Viacheslav Ovsiienko
[-- Attachment #1: Type: text/plain, Size: 3349 bytes --]
Test-Label: iol-aarch64-unit-testing
Test-Status: FAILURE
http://dpdk.org/patch/107417
_Testing issues_
Submitter: Viacheslav Ovsiienko <viacheslavo@nvidia.com>
Date: Monday, February 14 2022 08:56:55
DPDK git baseline: Repo:dpdk
Branch: master
CommitID:cecf5ed9e4038e44dba832df2181edee35ccf556
107414-107417 --> testing fail
Test environment and result as below:
+-------------------------------+----------------+--------------+
| Environment | dpdk_unit_test | lpm_autotest |
+===============================+================+==============+
| Ubuntu 20.04 ARM GCC Native | FAIL | SKIPPED |
+-------------------------------+----------------+--------------+
| Ubuntu 20.04 ARM Clang Native | PASS | SKIPPED |
+-------------------------------+----------------+--------------+
| Ubuntu 20.04 ARM SVE | SKIPPED | PASS |
+-------------------------------+----------------+--------------+
==== 20 line log output for Ubuntu 20.04 ARM GCC Native (dpdk_unit_test): ====
[2317/3471] Compiling C object drivers/libtmp_rte_crypto_mlx5.a.p/crypto_mlx5_mlx5_crypto.c.o
[2318/3471] Compiling C object drivers/libtmp_rte_net_mlx5.a.p/net_mlx5_mlx5_tx_mpw.c.o
[2319/3471] Generating drivers/rte_common_mlx5.sym_chk with a custom command (wrapped by meson to capture output)
[2320/3471] Compiling C object drivers/libtmp_rte_net_mlx5.a.p/net_mlx5_mlx5_flow.c.o
[2321/3471] Generating lib/eal.sym_chk with a custom command (wrapped by meson to capture output)
[2322/3471] Generating drivers/rte_common_sfc_efx.sym_chk with a custom command (wrapped by meson to capture output)
[2323/3471] Generating drivers/rte_common_cnxk.sym_chk with a custom command (wrapped by meson to capture output)
[2324/3471] Compiling C object drivers/libtmp_rte_net_mlx5.a.p/net_mlx5_mlx5_flow_dv.c.o
../drivers/net/mlx5/mlx5_flow_dv.c: In function ‘validate_integrity_bits.isra.0’:
../drivers/net/mlx5/mlx5_flow_dv.c:6621:1: note: parameter passing for argument of type ‘const struct <anonymous>’ changed in GCC 9.1
6621 | validate_integrity_bits(const struct rte_flow_item_integrity *mask,
| ^~~~~~~~~~~~~~~~~~~~~~~
../drivers/net/mlx5/mlx5_flow_dv.c: In function ‘flow_dv_translate_integrity_l3.isra.0’:
../drivers/net/mlx5/mlx5_flow_dv.c:12185:1: note: parameter passing for argument of type ‘const struct <anonymous>’ changed in GCC 9.1
12185 | flow_dv_translate_integrity_l3(const struct rte_flow_item_integrity *mask,
| ^~~~~~~~~~~~~~~~~~~~~~~~~~~~~~
[2325/3471] Compiling C object drivers/libtmp_rte_net_mlx5.a.p/net_mlx5_mlx5_tx_nompw.c.o
[2326/3471] Compiling C object drivers/libtmp_rte_net_mlx5.a.p/net_mlx5_mlx5_tx_empw.c.o
[2327/3471] Compiling C object drivers/libtmp_rte_net_mlx5.a.p/net_mlx5_mlx5_tx_txpp.c.o
ninja: build stopped: subcommand failed.
==== End log output ====
Ubuntu 20.04 ARM GCC Native
Kernel: 5.4.0-53-generic
Compiler: gcc 9.3
Ubuntu 20.04 ARM Clang Native
Kernel: 5.4.0-53-generic
Compiler: clang 10.0.0-4ubuntu1
Ubuntu 20.04 ARM SVE
Kernel: 5.4.0-80-generic
Compiler: gcc 10.3.0 (Ubuntu 10.3.0-1ubuntu1~20.04)
To view detailed results, visit:
https://lab.dpdk.org/results/dashboard/patchsets/21053/
UNH-IOL DPDK Community Lab
To manage your email subscriptions, visit:
https://lab.dpdk.org/results/dashboard/preferences/subscriptions/
^ permalink raw reply [flat|nested] 2+ messages in thread
end of thread, other threads:[~2022-02-16 14:17 UTC | newest]
Thread overview: 2+ messages (download: mbox.gz / follow: Atom feed)
-- links below jump to the message on this page --
2022-02-16 14:17 |FAILURE| pw107414-107417 [PATCH] [4/4] doc: update send scheduling mlx5 feature description dpdklab
-- strict thread matches above, loose matches on Subject: below --
2022-02-14 12:38 dpdklab
This is a public inbox, see mirroring instructions
for how to clone and mirror all data and code used for this inbox;
as well as URLs for NNTP newsgroup(s).