* |WARNING| pw108667 [PATCH v1] bbdev: add new operation for FFT processing
[not found] <1646956157-245769-2-git-send-email-nicolas.chautru@intel.com>
@ 2022-03-11 0:09 ` checkpatch
2022-03-11 1:58 ` |FAILURE| " 0-day Robot
1 sibling, 0 replies; 3+ messages in thread
From: checkpatch @ 2022-03-11 0:09 UTC (permalink / raw)
To: test-report; +Cc: Nicolas Chautru
Test-Label: checkpatch
Test-Status: WARNING
http://dpdk.org/patch/108667
_coding style issues_
WARNING:TYPO_SPELLING: 'stucture' may be misspelled - perhaps 'structure'?
#210: FILE: doc/guides/prog_guide/bbdev.rst:1245:
+stucture is used to pass iova address.
WARNING:REPEATED_WORD: Possible repeated word: 'the'
#398: FILE: lib/bbdev/rte_bbdev_op.h:230:
+ /** Set if the the input data used FP16 format */
WARNING:REPEATED_WORD: Possible repeated word: 'the'
#400: FILE: lib/bbdev/rte_bbdev_op.h:232:
+ /** Set if the the output data uses FP16 format */
total: 0 errors, 3 warnings, 484 lines checked
^ permalink raw reply [flat|nested] 3+ messages in thread
* |FAILURE| pw108667 [PATCH v1] bbdev: add new operation for FFT processing
[not found] <1646956157-245769-2-git-send-email-nicolas.chautru@intel.com>
2022-03-11 0:09 ` |WARNING| pw108667 [PATCH v1] bbdev: add new operation for FFT processing checkpatch
@ 2022-03-11 1:58 ` 0-day Robot
1 sibling, 0 replies; 3+ messages in thread
From: 0-day Robot @ 2022-03-11 1:58 UTC (permalink / raw)
To: test-report; +Cc: nicolas.chautru, robot
From: robot@bytheb.org
Test-Label: github-robot: build
Test-Status: FAILURE
http://patchwork.dpdk.org/patch/108667/
_github build: failed_
Build URL: https://github.com/ovsrobot/dpdk/actions/runs/1966231047
Build Logs:
-----------------------Summary of failed steps-----------------------
"ubuntu-18.04-gcc-shared-abi+doc+tests" failed at step Build and test
"ubuntu-18.04-clang-shared-doc+tests" failed at step Build and test
----------------------End summary of failed steps--------------------
-------------------------------BEGIN LOGS----------------------------
####################################################################################
#### [Begin job log] "ubuntu-18.04-gcc-shared-abi+doc+tests" at step Build and test
####################################################################################
+----------------------+--------------------------------------------------------------+
|cs_bitmap |bitmap of the cyclic shift output requested (LSB for index 0) |
+----------------------+--------------------------------------------------------------+
|num_antennas_log2 |number of antennas as a log2 (10 maps to 1024...) |
+----------------------+--------------------------------------------------------------+
|idft_log2 |iDFT size as a log2 |
+----------------------+--------------------------------------------------------------+
|dft_log2 |DFT size as a log2 |
+----------------------+--------------------------------------------------------------+
|cs_time_adjustment |adjustment of time position of all the cyclic shift output |
+----------------------+--------------------------------------------------------------+
|idft_shift |shift down of signal level post iDFT |
+----------------------+--------------------------------------------------------------+
|dft_shift |shift down of signal level post DFT |
+----------------------+--------------------------------------------------------------+
|ncs_reciprocal |inverse of max number of CS normalized to 15b (ie. 231 for 12)|
+----------------------+--------------------------------------------------------------+
|power_shift |shift down of level of power measurement when enabled |
+----------------------+--------------------------------------------------------------+
|fp16_exp_adjust |value added to FP16 exponent at conversion from INT16 |
+----------------------+--------------------------------------------------------------+
[3525/4597] Compiling C object 'examples/c590b3c@@dpdk-l3fwd@exe/l3fwd_l3fwd_fib.c.o'.
[3526/4597] Compiling C object 'examples/c590b3c@@dpdk-l3fwd@exe/l3fwd_main.c.o'.
ninja: build stopped: subcommand failed.
##[error]Process completed with exit code 1.
####################################################################################
#### [End job log] "ubuntu-18.04-gcc-shared-abi+doc+tests" at step Build and test
####################################################################################
####################################################################################
#### [Begin job log] "ubuntu-18.04-clang-shared-doc+tests" at step Build and test
####################################################################################
+----------------------+--------------------------------------------------------------+
|cs_bitmap |bitmap of the cyclic shift output requested (LSB for index 0) |
+----------------------+--------------------------------------------------------------+
|num_antennas_log2 |number of antennas as a log2 (10 maps to 1024...) |
+----------------------+--------------------------------------------------------------+
|idft_log2 |iDFT size as a log2 |
+----------------------+--------------------------------------------------------------+
|dft_log2 |DFT size as a log2 |
+----------------------+--------------------------------------------------------------+
|cs_time_adjustment |adjustment of time position of all the cyclic shift output |
+----------------------+--------------------------------------------------------------+
|idft_shift |shift down of signal level post iDFT |
+----------------------+--------------------------------------------------------------+
|dft_shift |shift down of signal level post DFT |
+----------------------+--------------------------------------------------------------+
|ncs_reciprocal |inverse of max number of CS normalized to 15b (ie. 231 for 12)|
+----------------------+--------------------------------------------------------------+
|power_shift |shift down of level of power measurement when enabled |
+----------------------+--------------------------------------------------------------+
|fp16_exp_adjust |value added to FP16 exponent at conversion from INT16 |
+----------------------+--------------------------------------------------------------+
[3524/4599] Compiling C object 'examples/c590b3c@@dpdk-l3fwd@exe/l3fwd_l3fwd_lpm.c.o'.
[3525/4599] Compiling C object 'examples/c590b3c@@dpdk-l3fwd@exe/l3fwd_l3fwd_event_generic.c.o'.
ninja: build stopped: subcommand failed.
##[error]Process completed with exit code 1.
####################################################################################
#### [End job log] "ubuntu-18.04-clang-shared-doc+tests" at step Build and test
####################################################################################
--------------------------------END LOGS-----------------------------
^ permalink raw reply [flat|nested] 3+ messages in thread
* |WARNING| pw108667 [PATCH] [v1] bbdev: add new operation for FFT processing
@ 2022-03-11 17:27 dpdklab
0 siblings, 0 replies; 3+ messages in thread
From: dpdklab @ 2022-03-11 17:27 UTC (permalink / raw)
To: Test Report
Cc: dpdk-test-reports, David Marchand, Thomas Monjalon, Nicolas Chautru
[-- Attachment #1: Type: text/plain, Size: 4129 bytes --]
Test-Label: iol-abi-testing
Test-Status: WARNING
http://dpdk.org/patch/108667
_Testing issues_
Submitter: Nicolas Chautru <nicolas.chautru@intel.com>
Date: Thursday, March 10 2022 23:49:17
DPDK git baseline: Repo:dpdk
Branch: master
CommitID:ca12f5e8a7db9b08913f235ba8b8381248bf4970
108667 --> testing fail
Test environment and result as below:
+-----------------------------+----------+
| Environment | abi_test |
+=============================+==========+
| Ubuntu 20.04 ARM GCC Native | FAIL |
+-----------------------------+----------+
| RHEL 7 | FAIL |
+-----------------------------+----------+
| Ubuntu 18.04 | FAIL |
+-----------------------------+----------+
| Fedora 34 | FAIL |
+-----------------------------+----------+
| Fedora 33 | FAIL |
+-----------------------------+----------+
| Fedora 32 | FAIL |
+-----------------------------+----------+
| CentOS Stream 8 | FAIL |
+-----------------------------+----------+
| Fedora 31 | FAIL |
+-----------------------------+----------+
| CentOS 8 | FAIL |
+-----------------------------+----------+
| RHEL8 | FAIL |
+-----------------------------+----------+
| Arch Linux | FAIL |
+-----------------------------+----------+
| Ubuntu 20.04 | FAIL |
+-----------------------------+----------+
| Fedora 34 clang | FAIL |
+-----------------------------+----------+
| openSUSE Leap 15 | FAIL |
+-----------------------------+----------+
==== 20 line log output for openSUSE Leap 15 (abi_test): ====
Functions changes summary: 0 Removed, 0 Changed, 0 Added (1 filtered out) function
Variables changes summary: 0 Removed, 0 Changed, 0 Added variable
Functions changes summary: 0 Removed, 0 Changed (1 filtered out), 0 Added function
Variables changes summary: 0 Removed, 0 Changed, 0 Added variable
Skipped removed driver librte_regex_octeontx2.dump.
Functions changes summary: 0 Removed, 0 Changed (2 filtered out), 0 Added functions
Variables changes summary: 0 Removed, 0 Changed, 0 Added variable
Functions changes summary: 0 Removed, 0 Changed (2 filtered out), 0 Added functions
Variables changes summary: 0 Removed, 0 Changed, 0 Added variable
Functions changes summary: 0 Removed, 0 Changed (1 filtered out), 0 Added function
Variables changes summary: 0 Removed, 0 Changed, 0 Added variable
Functions changes summary: 0 Removed, 0 Changed (5 filtered out), 0 Added functions
Variables changes summary: 0 Removed, 0 Changed, 0 Added variable
==== End log output ====
Ubuntu 20.04 ARM GCC Native
Kernel: 5.4.0-53-generic
Compiler: gcc 9.3
RHEL 7
Kernel: 4.18.0-240.10.1.el8_3.x86_64
Compiler: gcc 4.8.5 20150623 (Red Hat 4.8.5-44)
Ubuntu 18.04
Kernel: 4.18.0-240.10.1.el8_3.x86_64
Compiler: gcc 7.5.0-3ubuntu1~18.04
Fedora 34
Kernel: 5.4.0-72-generic
Compiler: gcc 11.1.1 20210428 (Red Hat 11.1.1-1)
Fedora 33
Kernel: 5.4.0-72-generic
Compiler: gcc 10.3.1 20210422 (Red Hat 10.3.1-1)
Fedora 32
Kernel: 4.18.0-240.10.1.el8_3.x86_64
Compiler: gcc 10.2.1
CentOS Stream 8
Kernel: 4.18.0-240.10.1.el8_3.x86_64
Compiler: gcc 8.4.1 20200928
Fedora 31
Kernel: 4.18.0-240.10.1.el8_3.x86_64
Compiler: gcc 9.3.1
CentOS 8
Kernel: 4.18.0-240.10.1.el8_3.x86_64
Compiler: gcc 8.3.1 20191121 (Red Hat 8.3.1-5)
RHEL8
Kernel: 4.18.0-240.10.1.el8_3.x86_64
Compiler: gcc 8.3.1 20191121 (Red Hat 8.3.1-5)
Arch Linux
Kernel: 5.4.0-73-generic
Compiler: gcc 11.1.0
Ubuntu 20.04
Kernel: 4.18.0-240.10.1.el8_3.x86_64
Compiler: gcc 9.3.0-17ubuntu1~20.04
Fedora 34 clang
Kernel: 5.4.0-72-generic
Compiler: clang 12.0.0 (Fedora 12.0.0-0.3.rc1.fc34)
openSUSE Leap 15
Kernel: 4.18.0-240.10.1.el8_3.x86_64
Compiler: gcc 7.5.0
To view detailed results, visit:
https://lab.dpdk.org/results/dashboard/patchsets/21472/
UNH-IOL DPDK Community Lab
To manage your email subscriptions, visit:
https://lab.dpdk.org/results/dashboard/preferences/subscriptions/
^ permalink raw reply [flat|nested] 3+ messages in thread
end of thread, other threads:[~2022-03-11 17:27 UTC | newest]
Thread overview: 3+ messages (download: mbox.gz / follow: Atom feed)
-- links below jump to the message on this page --
[not found] <1646956157-245769-2-git-send-email-nicolas.chautru@intel.com>
2022-03-11 0:09 ` |WARNING| pw108667 [PATCH v1] bbdev: add new operation for FFT processing checkpatch
2022-03-11 1:58 ` |FAILURE| " 0-day Robot
2022-03-11 17:27 |WARNING| pw108667 [PATCH] [v1] " dpdklab
This is a public inbox, see mirroring instructions
for how to clone and mirror all data and code used for this inbox;
as well as URLs for NNTP newsgroup(s).