* |SUCCESS| pw108787 [PATCH] ethtool: added list command to list all available commands
[not found] <20220321142547.82966-1-huzaifa.rahman@emumba.com>
@ 2022-03-21 14:26 ` checkpatch
2022-03-21 16:18 ` |FAILURE| " 0-day Robot
1 sibling, 0 replies; 11+ messages in thread
From: checkpatch @ 2022-03-21 14:26 UTC (permalink / raw)
To: test-report
Test-Label: checkpatch
Test-Status: SUCCESS
http://dpdk.org/patch/108787
_coding style OK_
^ permalink raw reply [flat|nested] 11+ messages in thread
* |FAILURE| pw108787 [PATCH] ethtool: added list command to list all available commands
[not found] <20220321142547.82966-1-huzaifa.rahman@emumba.com>
2022-03-21 14:26 ` |SUCCESS| pw108787 [PATCH] ethtool: added list command to list all available commands checkpatch
@ 2022-03-21 16:18 ` 0-day Robot
1 sibling, 0 replies; 11+ messages in thread
From: 0-day Robot @ 2022-03-21 16:18 UTC (permalink / raw)
To: test-report; +Cc: huzaifa.rahman, robot
From: robot@bytheb.org
Test-Label: github-robot: build
Test-Status: FAILURE
http://patchwork.dpdk.org/patch/108787/
_github build: failed_
Build URL: https://github.com/ovsrobot/dpdk/actions/runs/2016786400
Build Logs:
-----------------------Summary of failed steps-----------------------
"ubuntu-18.04-gcc-shared-mini" failed at step Build and test
"ubuntu-18.04-gcc-shared-abi+doc+tests" failed at step Build and test
"ubuntu-18.04-clang-shared-doc+tests" failed at step Build and test
"ubuntu-18.04-gcc-shared-aarch64" failed at step Build and test
"ubuntu-18.04-gcc-shared-ppc64le" failed at step Build and test
----------------------End summary of failed steps--------------------
-------------------------------BEGIN LOGS----------------------------
####################################################################################
#### [Begin job log] "ubuntu-18.04-gcc-shared-mini" at step Build and test
####################################################################################
[672/1519] Compiling C object 'examples/c590b3c@@dpdk-fips_validation@exe/fips_validation_fips_validation_ccm.c.o'.
[673/1519] Compiling C object 'examples/c590b3c@@dpdk-fips_validation@exe/fips_validation_fips_validation_xts.c.o'.
[674/1519] Compiling C object 'examples/c590b3c@@dpdk-fips_validation@exe/fips_validation_fips_validation_sha.c.o'.
[675/1519] Compiling C object 'examples/c590b3c@@dpdk-fips_validation@exe/fips_validation_main.c.o'.
[676/1519] Compiling C object 'examples/c590b3c@@dpdk-fips_validation@exe/fips_validation_fips_dev_self_test.c.o'.
[677/1519] Compiling C object 'examples/c590b3c@@dpdk-flow_filtering@exe/flow_filtering_main.c.o'.
[678/1519] Compiling C object 'examples/c590b3c@@dpdk-ip_reassembly@exe/ip_reassembly_main.c.o'.
[679/1519] Compiling C object 'examples/c590b3c@@dpdk-ip_fragmentation@exe/ip_fragmentation_main.c.o'.
[680/1519] Compiling C object 'examples/c590b3c@@dpdk-helloworld@exe/helloworld_main.c.o'.
[681/1519] Linking target examples/dpdk-flow_filtering.
[682/1519] Compiling C object 'examples/c590b3c@@dpdk-ethtool@exe/ethtool_ethtool-app_ethapp.c.o'.
FAILED: examples/c590b3c@@dpdk-ethtool@exe/ethtool_ethtool-app_ethapp.c.o
ccache gcc -Iexamples/c590b3c@@dpdk-ethtool@exe -Iexamples -I../examples -I../examples/ethtool/lib -I../examples/ethtool/ethtool-app -I. -I../ -Iconfig -I../config -Ilib/eal/include -I../lib/eal/include -Ilib/eal/linux/include -I../lib/eal/linux/include -Ilib/eal/x86/include -I../lib/eal/x86/include -Ilib/eal/common -I../lib/eal/common -Ilib/eal -I../lib/eal -Ilib/kvargs -I../lib/kvargs -I../lib/telemetry/../metrics -Ilib/telemetry -I../lib/telemetry -Ilib/mempool -I../lib/mempool -Ilib/ring -I../lib/ring -Ilib/net -I../lib/net -Ilib/mbuf -I../lib/mbuf -Ilib/ethdev -I../lib/ethdev -Ilib/meter -I../lib/meter -Ilib/cmdline -I../lib/cmdline -Idrivers/bus/pci -I../drivers/bus/pci -I../drivers/bus/pci/linux -Ilib/pci -I../lib/pci -fdiagnostics-color=always -pipe -D_FILE_OFFSET_BITS=64 -Wall -Winvalid-pch -Wextra -Werror -O2 -g -include rte_config.h -Wcast-qual -Wdeprecated -Wformat -Wformat-nonliteral -Wformat-security -Wmissing-declarations -Wmissing-prototypes -Wnested-externs -Wold-style-definition -Wpointer-arith -Wsign-compare -Wstrict-prototypes -Wundef -Wwrite-strings -Wno-missing-field-initializers -D_GNU_SOURCE -march=corei7 -Wno-format-truncation -DALLOW_EXPERIMENTAL_API -MD -MQ 'examples/c590b3c@@dpdk-ethtool@exe/ethtool_ethtool-app_ethapp.c.o' -MF 'examples/c590b3c@@dpdk-ethtool@exe/ethtool_ethtool-app_ethapp.c.o.d' -o 'examples/c590b3c@@dpdk-ethtool@exe/ethtool_ethtool-app_ethapp.c.o' -c ../examples/ethtool/ethtool-app/ethapp.c
../examples/ethtool/ethtool-app/ethapp.c:139:1: error: no previous prototype for ‘list_cmd’ [-Werror=missing-prototypes]
list_cmd(unsigned int sr, const char *name, const char *format, const char *description)
^~~~~~~~
../examples/ethtool/ethtool-app/ethapp.c: In function ‘pcmd_list_callback’:
../examples/ethtool/ethtool-app/ethapp.c:154:18: error: unused parameter ‘ctx’ [-Werror=unused-parameter]
struct cmdline *ctx,
^~~
cc1: all warnings being treated as errors
[683/1519] Linking target examples/dpdk-fips_validation.
[684/1519] Linking target examples/dpdk-helloworld.
ninja: build stopped: subcommand failed.
##[error]Process completed with exit code 1.
####################################################################################
#### [End job log] "ubuntu-18.04-gcc-shared-mini" at step Build and test
####################################################################################
####################################################################################
#### [Begin job log] "ubuntu-18.04-gcc-shared-abi+doc+tests" at step Build and test
####################################################################################
[3430/4597] Compiling C object 'examples/c590b3c@@dpdk-ethtool@exe/ethtool_lib_rte_ethtool.c.o'.
[3431/4597] Generating examples.dox with a custom command.
[3432/4597] Compiling C object 'examples/c590b3c@@dpdk-dma@exe/dma_dmafwd.c.o'.
[3433/4597] Linking target examples/dpdk-dma.
[3434/4597] Compiling C object 'examples/c590b3c@@dpdk-distributor@exe/distributor_main.c.o'.
[3435/4597] Linking target examples/dpdk-distributor.
[3436/4597] Compiling C object 'examples/c590b3c@@dpdk-ethtool@exe/ethtool_ethtool-app_main.c.o'.
[3437/4597] Compiling C object 'examples/c590b3c@@dpdk-cmdline@exe/cmdline_main.c.o'.
[3438/4597] Linking target examples/dpdk-cmdline.
[3439/4597] Linking target app/test/dpdk-test.
[3440/4597] Compiling C object 'examples/c590b3c@@dpdk-ethtool@exe/ethtool_ethtool-app_ethapp.c.o'.
FAILED: examples/c590b3c@@dpdk-ethtool@exe/ethtool_ethtool-app_ethapp.c.o
ccache gcc -Iexamples/c590b3c@@dpdk-ethtool@exe -Iexamples -I../examples -I../examples/ethtool/lib -I../examples/ethtool/ethtool-app -I. -I../ -Iconfig -I../config -Ilib/eal/include -I../lib/eal/include -Ilib/eal/linux/include -I../lib/eal/linux/include -Ilib/eal/x86/include -I../lib/eal/x86/include -Ilib/eal/common -I../lib/eal/common -Ilib/eal -I../lib/eal -Ilib/kvargs -I../lib/kvargs -Ilib/telemetry/../metrics -I../lib/telemetry/../metrics -Ilib/telemetry -I../lib/telemetry -Ilib/mempool -I../lib/mempool -Ilib/ring -I../lib/ring -Ilib/net -I../lib/net -Ilib/mbuf -I../lib/mbuf -Ilib/ethdev -I../lib/ethdev -Ilib/meter -I../lib/meter -Ilib/cmdline -I../lib/cmdline -Idrivers/bus/pci -I../drivers/bus/pci -I../drivers/bus/pci/linux -Ilib/pci -I../lib/pci -Idrivers/net/ixgbe -I../drivers/net/ixgbe -Idrivers/net/ixgbe/base -I../drivers/net/ixgbe/base -Idrivers/bus/vdev -I../drivers/bus/vdev -Ilib/hash -I../lib/hash -Ilib/rcu -I../lib/rcu -Ilib/security -I../lib/security -Ilib/cryptodev -I../lib/cryptodev -fdiagnostics-color=always -pipe -D_FILE_OFFSET_BITS=64 -Wall -Winvalid-pch -Wextra -Werror -O2 -g -include rte_config.h -Wcast-qual -Wdeprecated -Wformat -Wformat-nonliteral -Wformat-security -Wmissing-declarations -Wmissing-prototypes -Wnested-externs -Wold-style-definition -Wpointer-arith -Wsign-compare -Wstrict-prototypes -Wundef -Wwrite-strings -Wno-missing-field-initializers -D_GNU_SOURCE -march=corei7 -Wno-format-truncation -DALLOW_EXPERIMENTAL_API -MD -MQ 'examples/c590b3c@@dpdk-ethtool@exe/ethtool_ethtool-app_ethapp.c.o' -MF 'examples/c590b3c@@dpdk-ethtool@exe/ethtool_ethtool-app_ethapp.c.o.d' -o 'examples/c590b3c@@dpdk-ethtool@exe/ethtool_ethtool-app_ethapp.c.o' -c ../examples/ethtool/ethtool-app/ethapp.c
../examples/ethtool/ethtool-app/ethapp.c:139:1: error: no previous prototype for ‘list_cmd’ [-Werror=missing-prototypes]
list_cmd(unsigned int sr, const char *name, const char *format, const char *description)
^~~~~~~~
../examples/ethtool/ethtool-app/ethapp.c: In function ‘pcmd_list_callback’:
../examples/ethtool/ethtool-app/ethapp.c:154:18: error: unused parameter ‘ctx’ [-Werror=unused-parameter]
struct cmdline *ctx,
^~~
cc1: all warnings being treated as errors
[3441/4597] Generating doxygen with a custom command.
[3442/4597] Generating html_guides with a custom command.
ninja: build stopped: subcommand failed.
##[error]Process completed with exit code 1.
####################################################################################
#### [End job log] "ubuntu-18.04-gcc-shared-abi+doc+tests" at step Build and test
####################################################################################
####################################################################################
#### [Begin job log] "ubuntu-18.04-clang-shared-doc+tests" at step Build and test
####################################################################################
[3424/4599] Compiling C object 'drivers/a715181@@rte_event_cnxk@sta/meson-generated_.._rte_event_cnxk.pmd.c.o'.
[3425/4599] Compiling C object 'examples/c590b3c@@dpdk-cmdline@exe/cmdline_commands.c.o'.
[3426/4599] Linking static target drivers/librte_event_cnxk.a.
[3427/4599] Linking target examples/dpdk-bond.
[3428/4599] Compiling C object 'examples/c590b3c@@dpdk-ethtool@exe/ethtool_lib_rte_ethtool.c.o'.
[3429/4599] Linking target drivers/librte_event_cnxk.so.22.1.
[3430/4599] Generating examples.dox with a custom command.
[3431/4599] Compiling C object 'examples/c590b3c@@dpdk-ethtool@exe/ethtool_ethtool-app_ethapp.c.o'.
FAILED: examples/c590b3c@@dpdk-ethtool@exe/ethtool_ethtool-app_ethapp.c.o
ccache clang -Iexamples/c590b3c@@dpdk-ethtool@exe -Iexamples -I../examples -I../examples/ethtool/lib -I../examples/ethtool/ethtool-app -I. -I../ -Iconfig -I../config -Ilib/eal/include -I../lib/eal/include -Ilib/eal/linux/include -I../lib/eal/linux/include -Ilib/eal/x86/include -I../lib/eal/x86/include -Ilib/eal/common -I../lib/eal/common -Ilib/eal -I../lib/eal -Ilib/kvargs -I../lib/kvargs -Ilib/telemetry/../metrics -I../lib/telemetry/../metrics -Ilib/telemetry -I../lib/telemetry -Ilib/mempool -I../lib/mempool -Ilib/ring -I../lib/ring -Ilib/net -I../lib/net -Ilib/mbuf -I../lib/mbuf -Ilib/ethdev -I../lib/ethdev -Ilib/meter -I../lib/meter -Ilib/cmdline -I../lib/cmdline -Idrivers/bus/pci -I../drivers/bus/pci -I../drivers/bus/pci/linux -Ilib/pci -I../lib/pci -Idrivers/net/ixgbe -I../drivers/net/ixgbe -Idrivers/net/ixgbe/base -I../drivers/net/ixgbe/base -Idrivers/bus/vdev -I../drivers/bus/vdev -Ilib/hash -I../lib/hash -Ilib/rcu -I../lib/rcu -Ilib/security -I../lib/security -Ilib/cryptodev -I../lib/cryptodev -Xclang -fcolor-diagnostics -pipe -D_FILE_OFFSET_BITS=64 -Wall -Winvalid-pch -Wextra -Werror -O2 -g -include rte_config.h -Wcast-qual -Wdeprecated -Wformat -Wformat-nonliteral -Wformat-security -Wmissing-declarations -Wmissing-prototypes -Wnested-externs -Wold-style-definition -Wpointer-arith -Wsign-compare -Wstrict-prototypes -Wundef -Wwrite-strings -Wno-address-of-packed-member -Wno-missing-field-initializers -D_GNU_SOURCE -march=corei7 -DALLOW_EXPERIMENTAL_API -MD -MQ 'examples/c590b3c@@dpdk-ethtool@exe/ethtool_ethtool-app_ethapp.c.o' -MF 'examples/c590b3c@@dpdk-ethtool@exe/ethtool_ethtool-app_ethapp.c.o.d' -o 'examples/c590b3c@@dpdk-ethtool@exe/ethtool_ethtool-app_ethapp.c.o' -c ../examples/ethtool/ethtool-app/ethapp.c
../examples/ethtool/ethtool-app/ethapp.c:139:1: error: no previous prototype for function 'list_cmd' [-Werror,-Wmissing-prototypes]
list_cmd(unsigned int sr, const char *name, const char *format, const char *description)
^
../examples/ethtool/ethtool-app/ethapp.c:138:1: note: declare 'static' if the function is not intended to be used outside of this translation unit
void
^
static
../examples/ethtool/ethtool-app/ethapp.c:154:18: error: unused parameter 'ctx' [-Werror,-Wunused-parameter]
struct cmdline *ctx,
^
2 errors generated.
[3432/4599] Compiling C object 'examples/c590b3c@@dpdk-bbdev_app@exe/bbdev_app_main.c.o'.
[3433/4599] Generating doxygen with a custom command.
ninja: build stopped: subcommand failed.
##[error]Process completed with exit code 1.
####################################################################################
#### [End job log] "ubuntu-18.04-clang-shared-doc+tests" at step Build and test
####################################################################################
####################################################################################
#### [Begin job log] "ubuntu-18.04-gcc-shared-aarch64" at step Build and test
####################################################################################
[2346/2992] Compiling C object 'app/test/3062f5d@@dpdk-test@exe/test_bitratestats.c.o'.
[2347/2992] Compiling C object 'app/test/3062f5d@@dpdk-test@exe/test_latencystats.c.o'.
[2348/2992] Compiling C object 'app/test/3062f5d@@dpdk-test@exe/test_pmd_ring_perf.c.o'.
[2349/2992] Compiling C object 'app/test/3062f5d@@dpdk-test@exe/test_pmd_ring.c.o'.
[2350/2992] Compiling C object 'examples/c590b3c@@dpdk-cmdline@exe/cmdline_main.c.o'.
[2351/2992] Compiling C object 'app/test/3062f5d@@dpdk-test@exe/test_pdump.c.o'.
[2352/2992] Compiling C object 'examples/c590b3c@@dpdk-bond@exe/bond_main.c.o'.
[2353/2992] Compiling C object 'app/test/3062f5d@@dpdk-test@exe/test_vdev.c.o'.
[2354/2992] Compiling C object 'examples/c590b3c@@dpdk-ethtool@exe/ethtool_lib_rte_ethtool.c.o'.
[2355/2992] Compiling C object 'examples/c590b3c@@dpdk-eventdev_pipeline@exe/eventdev_pipeline_main.c.o'.
[2356/2992] Compiling C object 'examples/c590b3c@@dpdk-ethtool@exe/ethtool_ethtool-app_ethapp.c.o'.
FAILED: examples/c590b3c@@dpdk-ethtool@exe/ethtool_ethtool-app_ethapp.c.o
aarch64-linux-gnu-gcc -Iexamples/c590b3c@@dpdk-ethtool@exe -Iexamples -I../examples -I../examples/ethtool/lib -I../examples/ethtool/ethtool-app -I. -I../ -Iconfig -I../config -Ilib/eal/include -I../lib/eal/include -Ilib/eal/linux/include -I../lib/eal/linux/include -Ilib/eal/arm/include -I../lib/eal/arm/include -Ilib/eal/common -I../lib/eal/common -Ilib/eal -I../lib/eal -Ilib/kvargs -I../lib/kvargs -Ilib/telemetry/../metrics -I../lib/telemetry/../metrics -Ilib/telemetry -I../lib/telemetry -Ilib/mempool -I../lib/mempool -Ilib/ring -I../lib/ring -Ilib/net -I../lib/net -Ilib/mbuf -I../lib/mbuf -Ilib/ethdev -I../lib/ethdev -Ilib/meter -I../lib/meter -Ilib/cmdline -I../lib/cmdline -Idrivers/bus/pci -I../drivers/bus/pci -I../drivers/bus/pci/linux -Ilib/pci -I../lib/pci -Idrivers/net/ixgbe -I../drivers/net/ixgbe -Idrivers/net/ixgbe/base -I../drivers/net/ixgbe/base -Idrivers/bus/vdev -I../drivers/bus/vdev -Ilib/hash -I../lib/hash -Ilib/rcu -I../lib/rcu -Ilib/security -I../lib/security -Ilib/cryptodev -I../lib/cryptodev -fdiagnostics-color=always -pipe -D_FILE_OFFSET_BITS=64 -Wall -Winvalid-pch -Wextra -Werror -O2 -g -include rte_config.h -Wcast-qual -Wdeprecated -Wformat -Wformat-nonliteral -Wformat-security -Wmissing-declarations -Wmissing-prototypes -Wnested-externs -Wold-style-definition -Wpointer-arith -Wsign-compare -Wstrict-prototypes -Wundef -Wwrite-strings -Wno-missing-field-initializers -D_GNU_SOURCE -march=armv8-a+crc -Wno-format-truncation -DALLOW_EXPERIMENTAL_API -MD -MQ 'examples/c590b3c@@dpdk-ethtool@exe/ethtool_ethtool-app_ethapp.c.o' -MF 'examples/c590b3c@@dpdk-ethtool@exe/ethtool_ethtool-app_ethapp.c.o.d' -o 'examples/c590b3c@@dpdk-ethtool@exe/ethtool_ethtool-app_ethapp.c.o' -c ../examples/ethtool/ethtool-app/ethapp.c
../examples/ethtool/ethtool-app/ethapp.c:139:1: error: no previous prototype for ‘list_cmd’ [-Werror=missing-prototypes]
list_cmd(unsigned int sr, const char *name, const char *format, const char *description)
^~~~~~~~
../examples/ethtool/ethtool-app/ethapp.c: In function ‘pcmd_list_callback’:
../examples/ethtool/ethtool-app/ethapp.c:154:18: error: unused parameter ‘ctx’ [-Werror=unused-parameter]
struct cmdline *ctx,
^~~
cc1: all warnings being treated as errors
[2357/2992] Compiling C object 'examples/c590b3c@@dpdk-bbdev_app@exe/bbdev_app_main.c.o'.
[2358/2992] Compiling C object 'examples/c590b3c@@dpdk-dma@exe/dma_dmafwd.c.o'.
ninja: build stopped: subcommand failed.
##[error]Process completed with exit code 1.
####################################################################################
#### [End job log] "ubuntu-18.04-gcc-shared-aarch64" at step Build and test
####################################################################################
####################################################################################
#### [Begin job log] "ubuntu-18.04-gcc-shared-ppc64le" at step Build and test
####################################################################################
[2969/3589] Compiling C object 'examples/c590b3c@@dpdk-bbdev_app@exe/bbdev_app_main.c.o'.
[2970/3589] Compiling C object 'examples/c590b3c@@dpdk-eventdev_pipeline@exe/eventdev_pipeline_pipeline_worker_generic.c.o'.
[2971/3589] Linking target examples/dpdk-bbdev_app.
[2972/3589] Compiling C object 'examples/c590b3c@@dpdk-distributor@exe/distributor_main.c.o'.
[2973/3589] Compiling C object 'examples/c590b3c@@dpdk-cmdline@exe/cmdline_main.c.o'.
[2974/3589] Linking target examples/dpdk-bond.
[2975/3589] Linking target examples/dpdk-distributor.
[2976/3589] Linking target examples/dpdk-cmdline.
[2977/3589] Compiling C object 'examples/c590b3c@@dpdk-eventdev_pipeline@exe/eventdev_pipeline_pipeline_worker_tx.c.o'.
[2978/3589] Compiling C object 'examples/c590b3c@@dpdk-ethtool@exe/ethtool_lib_rte_ethtool.c.o'.
[2979/3589] Compiling C object 'examples/c590b3c@@dpdk-ethtool@exe/ethtool_ethtool-app_ethapp.c.o'.
FAILED: examples/c590b3c@@dpdk-ethtool@exe/ethtool_ethtool-app_ethapp.c.o
powerpc64le-linux-gnu-gcc -Iexamples/c590b3c@@dpdk-ethtool@exe -Iexamples -I../examples -I../examples/ethtool/lib -I../examples/ethtool/ethtool-app -I. -I../ -Iconfig -I../config -Ilib/eal/include -I../lib/eal/include -Ilib/eal/linux/include -I../lib/eal/linux/include -Ilib/eal/ppc/include -I../lib/eal/ppc/include -Ilib/eal/common -I../lib/eal/common -Ilib/eal -I../lib/eal -Ilib/kvargs -I../lib/kvargs -Ilib/telemetry/../metrics -I../lib/telemetry/../metrics -Ilib/telemetry -I../lib/telemetry -Ilib/mempool -I../lib/mempool -Ilib/ring -I../lib/ring -Ilib/net -I../lib/net -Ilib/mbuf -I../lib/mbuf -Ilib/ethdev -I../lib/ethdev -Ilib/meter -I../lib/meter -Ilib/cmdline -I../lib/cmdline -Idrivers/bus/pci -I../drivers/bus/pci -I../drivers/bus/pci/linux -Ilib/pci -I../lib/pci -Idrivers/net/ixgbe -I../drivers/net/ixgbe -Idrivers/net/ixgbe/base -I../drivers/net/ixgbe/base -Idrivers/bus/vdev -I../drivers/bus/vdev -Ilib/hash -I../lib/hash -Ilib/rcu -I../lib/rcu -Ilib/security -I../lib/security -Ilib/cryptodev -I../lib/cryptodev -fdiagnostics-color=always -pipe -D_FILE_OFFSET_BITS=64 -Wall -Winvalid-pch -Wextra -Werror -O2 -g -include rte_config.h -Wcast-qual -Wdeprecated -Wformat -Wformat-nonliteral -Wformat-security -Wmissing-declarations -Wmissing-prototypes -Wnested-externs -Wold-style-definition -Wpointer-arith -Wsign-compare -Wstrict-prototypes -Wundef -Wwrite-strings -Wno-missing-field-initializers -D_GNU_SOURCE -mcpu=power8 -mtune=power8 -Wno-format-truncation -DALLOW_EXPERIMENTAL_API -MD -MQ 'examples/c590b3c@@dpdk-ethtool@exe/ethtool_ethtool-app_ethapp.c.o' -MF 'examples/c590b3c@@dpdk-ethtool@exe/ethtool_ethtool-app_ethapp.c.o.d' -o 'examples/c590b3c@@dpdk-ethtool@exe/ethtool_ethtool-app_ethapp.c.o' -c ../examples/ethtool/ethtool-app/ethapp.c
../examples/ethtool/ethtool-app/ethapp.c:139:1: error: no previous prototype for ‘list_cmd’ [-Werror=missing-prototypes]
list_cmd(unsigned int sr, const char *name, const char *format, const char *description)
^~~~~~~~
../examples/ethtool/ethtool-app/ethapp.c: In function ‘pcmd_list_callback’:
../examples/ethtool/ethtool-app/ethapp.c:154:18: error: unused parameter ‘ctx’ [-Werror=unused-parameter]
struct cmdline *ctx,
^~~
cc1: all warnings being treated as errors
[2980/3589] Linking target app/test/dpdk-test.
[2981/3589] Compiling C object 'examples/c590b3c@@dpdk-dma@exe/dma_dmafwd.c.o'.
ninja: build stopped: subcommand failed.
##[error]Process completed with exit code 1.
####################################################################################
#### [End job log] "ubuntu-18.04-gcc-shared-ppc64le" at step Build and test
####################################################################################
--------------------------------END LOGS-----------------------------
^ permalink raw reply [flat|nested] 11+ messages in thread
* |SUCCESS| pw108787 [PATCH] ethtool: added list command to list all available commands
@ 2022-03-21 15:14 dpdklab
0 siblings, 0 replies; 11+ messages in thread
From: dpdklab @ 2022-03-21 15:14 UTC (permalink / raw)
To: Test Report; +Cc: dpdk-test-reports, David Marchand, Thomas Monjalon
[-- Attachment #1: Type: text/plain, Size: 4286 bytes --]
Test-Label: iol-x86_64-compile-testing
Test-Status: SUCCESS
http://dpdk.org/patch/108787
_Testing PASS_
Submitter: huzaifa.rahman <huzaifa.rahman@emumba.com>
Date: Monday, March 21 2022 14:25:47
DPDK git baseline: Repo:dpdk
Branch: master
CommitID:80c5b4d6355d1dbece8dd1f812d374f3e24086bc
108787 --> testing pass
Test environment and result as below:
+---------------------+--------------------+----------------------+
| Environment | dpdk_meson_compile | dpdk_mingw64_compile |
+=====================+====================+======================+
| Ubuntu 20.04 | PASS | SKIPPED |
+---------------------+--------------------+----------------------+
| Ubuntu 18.04 | PASS | SKIPPED |
+---------------------+--------------------+----------------------+
| openSUSE Leap 15 | PASS | SKIPPED |
+---------------------+--------------------+----------------------+
| CentOS 8 | PASS | SKIPPED |
+---------------------+--------------------+----------------------+
| CentOS Stream 8 | PASS | SKIPPED |
+---------------------+--------------------+----------------------+
| Fedora 31 | PASS | SKIPPED |
+---------------------+--------------------+----------------------+
| Fedora 32 | PASS | SKIPPED |
+---------------------+--------------------+----------------------+
| Windows Server 2019 | PASS | PASS |
+---------------------+--------------------+----------------------+
| Arch Linux | PASS | SKIPPED |
+---------------------+--------------------+----------------------+
| Fedora 33 | PASS | SKIPPED |
+---------------------+--------------------+----------------------+
| RHEL 7 | PASS | SKIPPED |
+---------------------+--------------------+----------------------+
| RHEL8 | PASS | SKIPPED |
+---------------------+--------------------+----------------------+
| Fedora 34 | PASS | SKIPPED |
+---------------------+--------------------+----------------------+
| Alpine | PASS | SKIPPED |
+---------------------+--------------------+----------------------+
| FreeBSD 13 | PASS | SKIPPED |
+---------------------+--------------------+----------------------+
| Fedora 34 clang | PASS | SKIPPED |
+---------------------+--------------------+----------------------+
Ubuntu 20.04
Kernel: 4.18.0-240.10.1.el8_3.x86_64
Compiler: gcc 9.3.0-17ubuntu1~20.04
Ubuntu 18.04
Kernel: 4.18.0-240.10.1.el8_3.x86_64
Compiler: gcc 7.5.0-3ubuntu1~18.04
openSUSE Leap 15
Kernel: 4.18.0-240.10.1.el8_3.x86_64
Compiler: gcc 7.5.0
CentOS 8
Kernel: 4.18.0-240.10.1.el8_3.x86_64
Compiler: gcc 8.3.1 20191121 (Red Hat 8.3.1-5)
CentOS Stream 8
Kernel: 4.18.0-240.10.1.el8_3.x86_64
Compiler: gcc 8.4.1 20200928
Fedora 31
Kernel: 4.18.0-240.10.1.el8_3.x86_64
Compiler: gcc 9.3.1
Fedora 32
Kernel: 4.18.0-240.10.1.el8_3.x86_64
Compiler: gcc 10.2.1
Windows Server 2019
Kernel: 10.0
Compiler: clang 9.0 and gcc 8.1.0 (MinGW)
Arch Linux
Kernel: 5.4.0-73-generic
Compiler: gcc 11.1.0
Fedora 33
Kernel: 5.4.0-72-generic
Compiler: gcc 10.3.1 20210422 (Red Hat 10.3.1-1)
RHEL 7
Kernel: 4.18.0-240.10.1.el8_3.x86_64
Compiler: gcc 4.8.5 20150623 (Red Hat 4.8.5-44)
RHEL8
Kernel: 4.18.0-240.10.1.el8_3.x86_64
Compiler: gcc 8.3.1 20191121 (Red Hat 8.3.1-5)
Fedora 34
Kernel: 5.4.0-72-generic
Compiler: gcc 11.1.1 20210428 (Red Hat 11.1.1-1)
Alpine
Kernel: 5.4.0-73-generic
Compiler: gcc (Alpine 10.3.1_git20210424) 10.3.1 20210424
FreeBSD 13
Kernel: 13.0
Compiler: clang 11.0.1
Fedora 34 clang
Kernel: 5.4.0-72-generic
Compiler: clang 12.0.0 (Fedora 12.0.0-0.3.rc1.fc34)
To view detailed results, visit:
https://lab.dpdk.org/results/dashboard/patchsets/21531/
UNH-IOL DPDK Community Lab
To manage your email subscriptions, visit:
https://lab.dpdk.org/results/dashboard/preferences/subscriptions/
^ permalink raw reply [flat|nested] 11+ messages in thread
* |SUCCESS| pw108787 [PATCH] ethtool: added list command to list all available commands
@ 2022-03-21 15:11 dpdklab
0 siblings, 0 replies; 11+ messages in thread
From: dpdklab @ 2022-03-21 15:11 UTC (permalink / raw)
To: Test Report; +Cc: dpdklab, David Marchand, Thomas Monjalon
[-- Attachment #1: Type: text/plain, Size: 2784 bytes --]
Test-Label: iol-x86_64-unit-testing
Test-Status: SUCCESS
http://dpdk.org/patch/108787
_Testing PASS_
Submitter: huzaifa.rahman <huzaifa.rahman@emumba.com>
Date: Monday, March 21 2022 14:25:47
DPDK git baseline: Repo:dpdk
Branch: master
CommitID:80c5b4d6355d1dbece8dd1f812d374f3e24086bc
108787 --> testing pass
Test environment and result as below:
+------------------+----------------+
| Environment | dpdk_unit_test |
+==================+================+
| CentOS 8 | PASS |
+------------------+----------------+
| Fedora 32 | PASS |
+------------------+----------------+
| Ubuntu 18.04 | PASS |
+------------------+----------------+
| Fedora 31 | PASS |
+------------------+----------------+
| Arch Linux | PASS |
+------------------+----------------+
| Fedora 34 | PASS |
+------------------+----------------+
| RHEL8 | PASS |
+------------------+----------------+
| openSUSE Leap 15 | PASS |
+------------------+----------------+
| Ubuntu 20.04 | PASS |
+------------------+----------------+
| Fedora 33 | PASS |
+------------------+----------------+
| CentOS Stream 8 | PASS |
+------------------+----------------+
| RHEL 7 | PASS |
+------------------+----------------+
| Fedora 34 clang | PASS |
+------------------+----------------+
CentOS 8
Kernel: 4.18.0-240.10.1.el8_3.x86_64
Compiler: gcc 8.3.1 20191121 (Red Hat 8.3.1-5)
Fedora 32
Kernel: 4.18.0-240.10.1.el8_3.x86_64
Compiler: gcc 10.2.1
Ubuntu 18.04
Kernel: 4.18.0-240.10.1.el8_3.x86_64
Compiler: gcc 7.5.0-3ubuntu1~18.04
Fedora 31
Kernel: 4.18.0-240.10.1.el8_3.x86_64
Compiler: gcc 9.3.1
Arch Linux
Kernel: 5.4.0-73-generic
Compiler: gcc 11.1.0
Fedora 34
Kernel: 5.4.0-72-generic
Compiler: gcc 11.1.1 20210428 (Red Hat 11.1.1-1)
RHEL8
Kernel: 4.18.0-240.10.1.el8_3.x86_64
Compiler: gcc 8.3.1 20191121 (Red Hat 8.3.1-5)
openSUSE Leap 15
Kernel: 4.18.0-240.10.1.el8_3.x86_64
Compiler: gcc 7.5.0
Ubuntu 20.04
Kernel: 4.18.0-240.10.1.el8_3.x86_64
Compiler: gcc 9.3.0-17ubuntu1~20.04
Fedora 33
Kernel: 5.4.0-72-generic
Compiler: gcc 10.3.1 20210422 (Red Hat 10.3.1-1)
CentOS Stream 8
Kernel: 4.18.0-240.10.1.el8_3.x86_64
Compiler: gcc 8.4.1 20200928
RHEL 7
Kernel: 4.18.0-240.10.1.el8_3.x86_64
Compiler: gcc 4.8.5 20150623 (Red Hat 4.8.5-44)
Fedora 34 clang
Kernel: 5.4.0-72-generic
Compiler: clang 12.0.0 (Fedora 12.0.0-0.3.rc1.fc34)
To view detailed results, visit:
https://lab.dpdk.org/results/dashboard/patchsets/21531/
UNH-IOL DPDK Community Lab
To manage your email subscriptions, visit:
https://lab.dpdk.org/results/dashboard/preferences/subscriptions/
^ permalink raw reply [flat|nested] 11+ messages in thread
* |SUCCESS| pw108787 [PATCH] ethtool: added list command to list all available commands
@ 2022-03-21 15:09 dpdklab
0 siblings, 0 replies; 11+ messages in thread
From: dpdklab @ 2022-03-21 15:09 UTC (permalink / raw)
To: Test Report; +Cc: dpdk-test-reports, David Marchand, Thomas Monjalon
[-- Attachment #1: Type: text/plain, Size: 1175 bytes --]
Test-Label: iol-intel-Functional
Test-Status: SUCCESS
http://dpdk.org/patch/108787
_Functional Testing PASS_
Submitter: huzaifa.rahman <huzaifa.rahman@emumba.com>
Date: Monday, March 21 2022 14:25:47
DPDK git baseline: Repo:dpdk
Branch: master
CommitID:80c5b4d6355d1dbece8dd1f812d374f3e24086bc
108787 --> functional testing pass
Test environment and result as below:
Ubuntu 20.04
Kernel: 4.15.0-generic
Compiler: gcc 7.4
NIC: Intel Corporation Ethernet Converged Network Adapter XL710-QDA2 40000 Mbps
Target: x86_64-native-linuxapp-gcc
Fail/Total: 0/2
Ubuntu 20.04
Kernel: 4.15.0-generic
Compiler: gcc 7.4
NIC: Intel Corporation Ethernet Converged Network Adapter 82599ES 10000 Mbps
Target: x86_64-native-linuxapp-gcc
Fail/Total: 0/2
Ubuntu 20.04 ARM
Kernel: 4.15.0-132-generic
Compiler: gcc 7.5
NIC: Arm Intel Corporation Ethernet Converged Network Adapter XL710-QDA2 40000 Mbps
Target: x86_64-native-linuxapp-gcc
Fail/Total: 0/2
To view detailed results, visit:
https://lab.dpdk.org/results/dashboard/patchsets/21531/
UNH-IOL DPDK Community Lab
To manage your email subscriptions, visit:
https://lab.dpdk.org/results/dashboard/preferences/subscriptions/
^ permalink raw reply [flat|nested] 11+ messages in thread
* |SUCCESS| pw108787 [PATCH] ethtool: added list command to list all available commands
@ 2022-03-21 15:06 dpdklab
0 siblings, 0 replies; 11+ messages in thread
From: dpdklab @ 2022-03-21 15:06 UTC (permalink / raw)
To: Test Report; +Cc: dpdk-test-reports, David Marchand, Thomas Monjalon
[-- Attachment #1: Type: text/plain, Size: 3305 bytes --]
Test-Label: iol-intel-Performance
Test-Status: SUCCESS
http://dpdk.org/patch/108787
_Performance Testing PASS_
Submitter: huzaifa.rahman <huzaifa.rahman@emumba.com>
Date: Monday, March 21 2022 14:25:47
DPDK git baseline: Repo:dpdk
Branch: master
CommitID:80c5b4d6355d1dbece8dd1f812d374f3e24086bc
108787 --> performance testing pass
Test environment and result as below:
Ubuntu 20.04
Kernel: 4.15.0-generic
Compiler: gcc 7.4
NIC: Intel Corporation Ethernet Converged Network Adapter 82599ES 10000 Mbps
Target: x86_64-native-linuxapp-gcc
Fail/Total: 0/6
Detail performance results:
+----------+-------------+---------+------------+------------------------------+
| num_cpus | num_threads | txd/rxd | frame_size | throughput difference from |
| | | | | expected |
+==========+=============+=========+============+==============================+
| 1 | 2 | 128 | 64 | -0.1% |
+----------+-------------+---------+------------+------------------------------+
| 1 | 2 | 512 | 64 | 0.1% |
+----------+-------------+---------+------------+------------------------------+
| 1 | 2 | 2048 | 64 | -0.3% |
+----------+-------------+---------+------------+------------------------------+
| 1 | 1 | 128 | 64 | -0.0% |
+----------+-------------+---------+------------+------------------------------+
| 1 | 1 | 512 | 64 | -0.1% |
+----------+-------------+---------+------------+------------------------------+
| 1 | 1 | 2048 | 64 | 0.1% |
+----------+-------------+---------+------------+------------------------------+
Ubuntu 20.04
Kernel: 4.15.0-generic
Compiler: gcc 7.4
NIC: Intel Corporation Ethernet Converged Network Adapter XL710-QDA2 40000 Mbps
Target: x86_64-native-linuxapp-gcc
Fail/Total: 0/4
Detail performance results:
+----------+-------------+---------+------------+------------------------------+
| num_cpus | num_threads | txd/rxd | frame_size | throughput difference from |
| | | | | expected |
+==========+=============+=========+============+==============================+
| 1 | 2 | 512 | 64 | -1.9% |
+----------+-------------+---------+------------+------------------------------+
| 1 | 2 | 2048 | 64 | -3.3% |
+----------+-------------+---------+------------+------------------------------+
| 1 | 1 | 512 | 64 | 2.1% |
+----------+-------------+---------+------------+------------------------------+
| 1 | 1 | 2048 | 64 | -0.2% |
+----------+-------------+---------+------------+------------------------------+
To view detailed results, visit:
https://lab.dpdk.org/results/dashboard/patchsets/21531/
UNH-IOL DPDK Community Lab
To manage your email subscriptions, visit:
https://lab.dpdk.org/results/dashboard/preferences/subscriptions/
^ permalink raw reply [flat|nested] 11+ messages in thread
* |SUCCESS| pw108787 [PATCH] ethtool: added list command to list all available commands
@ 2022-03-21 15:03 dpdklab
0 siblings, 0 replies; 11+ messages in thread
From: dpdklab @ 2022-03-21 15:03 UTC (permalink / raw)
To: Test Report; +Cc: dpdk-test-reports, David Marchand, Thomas Monjalon
[-- Attachment #1: Type: text/plain, Size: 2117 bytes --]
Test-Label: iol-intel-Performance
Test-Status: SUCCESS
http://dpdk.org/patch/108787
_Performance Testing PASS_
Submitter: huzaifa.rahman <huzaifa.rahman@emumba.com>
Date: Monday, March 21 2022 14:25:47
DPDK git baseline: Repo:dpdk
Branch: master
CommitID:80c5b4d6355d1dbece8dd1f812d374f3e24086bc
108787 --> performance testing pass
Test environment and result as below:
Ubuntu 20.04
Kernel: 4.15.0-generic
Compiler: gcc 7.4
NIC: Intel Corporation Ethernet Converged Network Adapter 82599ES 10000 Mbps
Target: x86_64-native-linuxapp-gcc
Fail/Total: 0/6
Detail performance results:
+----------+-------------+---------+------------+------------------------------+
| num_cpus | num_threads | txd/rxd | frame_size | throughput difference from |
| | | | | expected |
+==========+=============+=========+============+==============================+
| 1 | 2 | 128 | 64 | -0.1% |
+----------+-------------+---------+------------+------------------------------+
| 1 | 2 | 512 | 64 | 0.1% |
+----------+-------------+---------+------------+------------------------------+
| 1 | 2 | 2048 | 64 | -0.3% |
+----------+-------------+---------+------------+------------------------------+
| 1 | 1 | 128 | 64 | -0.0% |
+----------+-------------+---------+------------+------------------------------+
| 1 | 1 | 512 | 64 | -0.1% |
+----------+-------------+---------+------------+------------------------------+
| 1 | 1 | 2048 | 64 | 0.1% |
+----------+-------------+---------+------------+------------------------------+
To view detailed results, visit:
https://lab.dpdk.org/results/dashboard/patchsets/21531/
UNH-IOL DPDK Community Lab
To manage your email subscriptions, visit:
https://lab.dpdk.org/results/dashboard/preferences/subscriptions/
^ permalink raw reply [flat|nested] 11+ messages in thread
* |SUCCESS| pw108787 [PATCH] ethtool: added list command to list all available commands
@ 2022-03-21 14:57 dpdklab
0 siblings, 0 replies; 11+ messages in thread
From: dpdklab @ 2022-03-21 14:57 UTC (permalink / raw)
To: Ali Alnubani, Test Report
Cc: dpdk-test-reports, David Marchand, Thomas Monjalon
[-- Attachment #1: Type: text/plain, Size: 2080 bytes --]
Test-Label: iol-mellanox-Performance
Test-Status: SUCCESS
http://dpdk.org/patch/108787
_Performance Testing PASS_
Submitter: huzaifa.rahman <huzaifa.rahman@emumba.com>
Date: Monday, March 21 2022 14:25:47
DPDK git baseline: Repo:dpdk
Branch: master
CommitID:80c5b4d6355d1dbece8dd1f812d374f3e24086bc
108787 --> performance testing pass
Test environment and result as below:
Ubuntu 20.04
Kernel: 4.15.0-generic
Compiler: gcc 7.4
NIC: Mellanox ConnectX-5 100000 Mbps
Target: x86_64-native-linuxapp-gcc
Fail/Total: 0/6
Detail performance results:
+------------+---------+----------+-------------+------------------------------+
| frame_size | txd/rxd | num_cpus | num_threads | throughput difference from |
| | | | | expected |
+============+=========+==========+=============+==============================+
| 64 | 256 | 1 | 1 | 0.1% |
+------------+---------+----------+-------------+------------------------------+
| 128 | 256 | 1 | 1 | 0.2% |
+------------+---------+----------+-------------+------------------------------+
| 1024 | 256 | 1 | 1 | -0.2% |
+------------+---------+----------+-------------+------------------------------+
| 256 | 256 | 1 | 1 | 0.1% |
+------------+---------+----------+-------------+------------------------------+
| 1518 | 256 | 1 | 1 | 0.2% |
+------------+---------+----------+-------------+------------------------------+
| 512 | 256 | 1 | 1 | -0.1% |
+------------+---------+----------+-------------+------------------------------+
To view detailed results, visit:
https://lab.dpdk.org/results/dashboard/patchsets/21531/
UNH-IOL DPDK Community Lab
To manage your email subscriptions, visit:
https://lab.dpdk.org/results/dashboard/preferences/subscriptions/
^ permalink raw reply [flat|nested] 11+ messages in thread
* |SUCCESS| pw108787 [PATCH] ethtool: added list command to list all available commands
@ 2022-03-21 14:56 dpdklab
0 siblings, 0 replies; 11+ messages in thread
From: dpdklab @ 2022-03-21 14:56 UTC (permalink / raw)
To: Test Report; +Cc: dpdklab, David Marchand, Thomas Monjalon
[-- Attachment #1: Type: text/plain, Size: 1448 bytes --]
Test-Label: iol-aarch64-unit-testing
Test-Status: SUCCESS
http://dpdk.org/patch/108787
_Testing PASS_
Submitter: huzaifa.rahman <huzaifa.rahman@emumba.com>
Date: Monday, March 21 2022 14:25:47
DPDK git baseline: Repo:dpdk
Branch: master
CommitID:80c5b4d6355d1dbece8dd1f812d374f3e24086bc
108787 --> testing pass
Test environment and result as below:
+-------------------------------+--------------+----------------+
| Environment | lpm_autotest | dpdk_unit_test |
+===============================+==============+================+
| Ubuntu 20.04 ARM SVE | PASS | SKIPPED |
+-------------------------------+--------------+----------------+
| Ubuntu 20.04 ARM GCC Native | SKIPPED | PASS |
+-------------------------------+--------------+----------------+
| Ubuntu 20.04 ARM Clang Native | SKIPPED | PASS |
+-------------------------------+--------------+----------------+
Ubuntu 20.04 ARM SVE
Kernel: 5.4.0-80-generic
Compiler: gcc 10.3.0 (Ubuntu 10.3.0-1ubuntu1~20.04)
Ubuntu 20.04 ARM GCC Native
Kernel: 5.4.0-53-generic
Compiler: gcc 9.3
Ubuntu 20.04 ARM Clang Native
Kernel: 5.4.0-53-generic
Compiler: clang 10.0.0-4ubuntu1
To view detailed results, visit:
https://lab.dpdk.org/results/dashboard/patchsets/21531/
UNH-IOL DPDK Community Lab
To manage your email subscriptions, visit:
https://lab.dpdk.org/results/dashboard/preferences/subscriptions/
^ permalink raw reply [flat|nested] 11+ messages in thread
* |SUCCESS| pw108787 [PATCH] ethtool: added list command to list all available commands
@ 2022-03-21 14:51 dpdklab
0 siblings, 0 replies; 11+ messages in thread
From: dpdklab @ 2022-03-21 14:51 UTC (permalink / raw)
To: Test Report; +Cc: dpdk-test-reports, David Marchand, Thomas Monjalon
[-- Attachment #1: Type: text/plain, Size: 991 bytes --]
Test-Label: iol-intel-Functional
Test-Status: SUCCESS
http://dpdk.org/patch/108787
_Functional Testing PASS_
Submitter: huzaifa.rahman <huzaifa.rahman@emumba.com>
Date: Monday, March 21 2022 14:25:47
DPDK git baseline: Repo:dpdk
Branch: master
CommitID:80c5b4d6355d1dbece8dd1f812d374f3e24086bc
108787 --> functional testing pass
Test environment and result as below:
Ubuntu 20.04
Kernel: 4.15.0-generic
Compiler: gcc 7.4
NIC: Intel Corporation Ethernet Converged Network Adapter XL710-QDA2 40000 Mbps
Target: x86_64-native-linuxapp-gcc
Fail/Total: 0/2
Ubuntu 20.04 ARM
Kernel: 4.15.0-132-generic
Compiler: gcc 7.5
NIC: Arm Intel Corporation Ethernet Converged Network Adapter XL710-QDA2 40000 Mbps
Target: x86_64-native-linuxapp-gcc
Fail/Total: 0/2
To view detailed results, visit:
https://lab.dpdk.org/results/dashboard/patchsets/21531/
UNH-IOL DPDK Community Lab
To manage your email subscriptions, visit:
https://lab.dpdk.org/results/dashboard/preferences/subscriptions/
^ permalink raw reply [flat|nested] 11+ messages in thread
* |SUCCESS| pw108787 [PATCH] ethtool: added list command to list all available commands
@ 2022-03-21 14:51 dpdklab
0 siblings, 0 replies; 11+ messages in thread
From: dpdklab @ 2022-03-21 14:51 UTC (permalink / raw)
To: Test Report; +Cc: dpdk-test-reports, David Marchand, Thomas Monjalon
[-- Attachment #1: Type: text/plain, Size: 792 bytes --]
Test-Label: iol-intel-Functional
Test-Status: SUCCESS
http://dpdk.org/patch/108787
_Functional Testing PASS_
Submitter: huzaifa.rahman <huzaifa.rahman@emumba.com>
Date: Monday, March 21 2022 14:25:47
DPDK git baseline: Repo:dpdk
Branch: master
CommitID:80c5b4d6355d1dbece8dd1f812d374f3e24086bc
108787 --> functional testing pass
Test environment and result as below:
Ubuntu 20.04
Kernel: 4.15.0-generic
Compiler: gcc 7.4
NIC: Intel Corporation Ethernet Converged Network Adapter XL710-QDA2 40000 Mbps
Target: x86_64-native-linuxapp-gcc
Fail/Total: 0/2
To view detailed results, visit:
https://lab.dpdk.org/results/dashboard/patchsets/21531/
UNH-IOL DPDK Community Lab
To manage your email subscriptions, visit:
https://lab.dpdk.org/results/dashboard/preferences/subscriptions/
^ permalink raw reply [flat|nested] 11+ messages in thread
end of thread, other threads:[~2022-03-21 15:19 UTC | newest]
Thread overview: 11+ messages (download: mbox.gz / follow: Atom feed)
-- links below jump to the message on this page --
[not found] <20220321142547.82966-1-huzaifa.rahman@emumba.com>
2022-03-21 14:26 ` |SUCCESS| pw108787 [PATCH] ethtool: added list command to list all available commands checkpatch
2022-03-21 16:18 ` |FAILURE| " 0-day Robot
2022-03-21 15:14 |SUCCESS| " dpdklab
-- strict thread matches above, loose matches on Subject: below --
2022-03-21 15:11 dpdklab
2022-03-21 15:09 dpdklab
2022-03-21 15:06 dpdklab
2022-03-21 15:03 dpdklab
2022-03-21 14:57 dpdklab
2022-03-21 14:56 dpdklab
2022-03-21 14:51 dpdklab
2022-03-21 14:51 dpdklab
This is a public inbox, see mirroring instructions
for how to clone and mirror all data and code used for this inbox;
as well as URLs for NNTP newsgroup(s).