From: dpdklab@iol.unh.edu
To: Test Report <test-report@dpdk.org>
Cc: dpdk-test-reports@iol.unh.edu, Xueming Li <xuemingl@nvidia.com>,
Christian Ehrhardt <christian.ehrhardt@canonical.com>,
Kevin Traynor <ktraynor@redhat.com>,
Luca Boccassi <bluca@debian.org>
Subject: |FAILURE| [GIT MASTER] fcd039e4663bf2b595d7af3a8175a3e0bc09b367
Date: Mon, 9 May 2022 21:10:04 +0000 (UTC) [thread overview]
Message-ID: <20220509211004.664D5600B3@dpdk-ubuntu.dpdklab.iol.unh.edu> (raw)
[-- Attachment #1: Type: text/plain, Size: 5115 bytes --]
_Testing issues_
Branch: tags/v21.11
fcd039e4663bf2b595d7af3a8175a3e0bc09b367 --> testing fail
Test environment and result as below:
+---------------------+--------------------+----------------------+
| Environment | dpdk_meson_compile | dpdk_mingw64_compile |
+=====================+====================+======================+
| FreeBSD 13 | PASS | SKIPPED |
+---------------------+--------------------+----------------------+
| Windows Server 2019 | PASS | PASS |
+---------------------+--------------------+----------------------+
| RHEL 7 | PASS | SKIPPED |
+---------------------+--------------------+----------------------+
| Fedora 31 | PASS | SKIPPED |
+---------------------+--------------------+----------------------+
| RHEL8 | PASS | SKIPPED |
+---------------------+--------------------+----------------------+
| Arch Linux | FAIL | SKIPPED |
+---------------------+--------------------+----------------------+
| Ubuntu 18.04 | PASS | SKIPPED |
+---------------------+--------------------+----------------------+
| openSUSE Leap 15 | PASS | SKIPPED |
+---------------------+--------------------+----------------------+
| Fedora 32 | PASS | SKIPPED |
+---------------------+--------------------+----------------------+
| CentOS Stream 8 | PASS | SKIPPED |
+---------------------+--------------------+----------------------+
| Fedora 34 | PASS | SKIPPED |
+---------------------+--------------------+----------------------+
| Fedora 33 | PASS | SKIPPED |
+---------------------+--------------------+----------------------+
| Ubuntu 20.04 | PASS | SKIPPED |
+---------------------+--------------------+----------------------+
| Fedora 34 clang | PASS | SKIPPED |
+---------------------+--------------------+----------------------+
| Alpine | PASS | SKIPPED |
+---------------------+--------------------+----------------------+
==== 20 line log output for Arch Linux (dpdk_meson_compile): ====
/usr/include/bpf/xsk.h:257:5: note: declared here
257 | int xsk_socket__fd(const struct xsk_socket *xsk);
| ^~~~~~~~~~~~~~
../drivers/net/af_xdp/rte_eth_af_xdp.c:1338:9: error: ‘xsk_socket__delete’ is deprecated: libbpf v0.7+: AF_XDP support deprecated and moved to libxdp [-Werror=deprecated-declarations]
1338 | xsk_socket__delete(rxq->xsk);
| ^~~~~~~~~~~~~~~~~~
In file included from ../drivers/net/af_xdp/rte_eth_af_xdp.c:19:
/usr/include/bpf/xsk.h:330:6: note: declared here
330 | void xsk_socket__delete(struct xsk_socket *xsk);
| ^~~~~~~~~~~~~~~~~~
../drivers/net/af_xdp/rte_eth_af_xdp.c: In function ‘eth_rx_queue_setup’:
../drivers/net/af_xdp/rte_eth_af_xdp.c:1390:9: error: ‘xsk_socket__fd’ is deprecated: libbpf v0.7+: AF_XDP support deprecated and moved to libxdp [-Werror=deprecated-declarations]
1390 | rxq->fds[0].fd = xsk_socket__fd(rxq->xsk);
| ^~~
In file included from ../drivers/net/af_xdp/rte_eth_af_xdp.c:19:
/usr/include/bpf/xsk.h:257:5: note: declared here
257 | int xsk_socket__fd(const struct xsk_socket *xsk);
| ^~~~~~~~~~~~~~
cc1: all warnings being treated as errors
ninja: build stopped: subcommand failed.
==== End log output ====
FreeBSD 13
Kernel: 13.0
Compiler: clang 11.0.1
Windows Server 2019
Kernel: 10.0
Compiler: clang 14.0 and gcc 8.1.0 (MinGW)
RHEL 7
Kernel: 4.18.0-240.10.1.el8_3.x86_64
Compiler: gcc 4.8.5 20150623 (Red Hat 4.8.5-44)
Fedora 31
Kernel: 4.18.0-240.10.1.el8_3.x86_64
Compiler: gcc 9.3.1
RHEL8
Kernel: 4.18.0-240.10.1.el8_3.x86_64
Compiler: gcc 8.3.1 20191121 (Red Hat 8.3.1-5)
Arch Linux
Kernel: 5.4.0-73-generic
Compiler: gcc 11.1.0
Ubuntu 18.04
Kernel: 4.18.0-240.10.1.el8_3.x86_64
Compiler: gcc 7.5.0-3ubuntu1~18.04
openSUSE Leap 15
Kernel: 4.18.0-240.10.1.el8_3.x86_64
Compiler: gcc 7.5.0
Fedora 32
Kernel: 4.18.0-240.10.1.el8_3.x86_64
Compiler: gcc 10.2.1
CentOS Stream 8
Kernel: 4.18.0-240.10.1.el8_3.x86_64
Compiler: gcc 8.4.1 20200928
Fedora 34
Kernel: 5.4.0-72-generic
Compiler: gcc 11.1.1 20210428 (Red Hat 11.1.1-1)
Fedora 33
Kernel: 5.4.0-72-generic
Compiler: gcc 10.3.1 20210422 (Red Hat 10.3.1-1)
Ubuntu 20.04
Kernel: 4.18.0-240.10.1.el8_3.x86_64
Compiler: gcc 9.3.0-17ubuntu1~20.04
Fedora 34 clang
Kernel: 5.4.0-72-generic
Compiler: clang 12.0.0 (Fedora 12.0.0-0.3.rc1.fc34)
Alpine
Kernel: 5.4.0-73-generic
Compiler: gcc (Alpine 10.3.1_git20210424) 10.3.1 20210424
To view detailed results, visit:
https://lab.dpdk.org/results/dashboard/tarballs/19728/
UNH-IOL DPDK Community Lab
To manage your email subscriptions, visit:
https://lab.dpdk.org/results/dashboard/preferences/subscriptions/
next reply other threads:[~2022-05-09 21:10 UTC|newest]
Thread overview: 16+ messages / expand[flat|nested] mbox.gz Atom feed top
2022-05-09 21:10 dpdklab [this message]
-- strict thread matches above, loose matches on Subject: below --
2022-05-10 10:22 dpdklab
2022-05-10 6:43 dpdklab
2022-05-10 3:27 dpdklab
2022-05-09 14:32 dpdklab
2022-05-09 3:58 dpdklab
2022-05-09 3:40 dpdklab
2022-05-08 10:41 dpdklab
2022-05-07 6:19 dpdklab
2022-05-06 19:30 dpdklab
2022-05-05 11:00 dpdklab
2022-05-05 8:46 dpdklab
2022-05-04 8:06 dpdklab
2022-05-04 7:49 dpdklab
2022-05-03 10:19 dpdklab
2022-05-03 9:49 dpdklab
Reply instructions:
You may reply publicly to this message via plain-text email
using any one of the following methods:
* Save the following mbox file, import it into your mail client,
and reply-to-all from there: mbox
Avoid top-posting and favor interleaved quoting:
https://en.wikipedia.org/wiki/Posting_style#Interleaved_style
* Reply using the --to, --cc, and --in-reply-to
switches of git-send-email(1):
git send-email \
--in-reply-to=20220509211004.664D5600B3@dpdk-ubuntu.dpdklab.iol.unh.edu \
--to=dpdklab@iol.unh.edu \
--cc=bluca@debian.org \
--cc=christian.ehrhardt@canonical.com \
--cc=dpdk-test-reports@iol.unh.edu \
--cc=ktraynor@redhat.com \
--cc=test-report@dpdk.org \
--cc=xuemingl@nvidia.com \
/path/to/YOUR_REPLY
https://kernel.org/pub/software/scm/git/docs/git-send-email.html
* If your mail client supports setting the In-Reply-To header
via mailto: links, try the mailto: link
Be sure your reply has a Subject: header at the top and a blank line
before the message body.
This is a public inbox, see mirroring instructions
for how to clone and mirror all data and code used for this inbox;
as well as URLs for NNTP newsgroup(s).