* |SUCCESS| pw111233 [PATCH v2] raw/afu_mf: introduce AFU MF device driver
[not found] <1652772850-10253-1-git-send-email-wei.huang@intel.com>
@ 2022-05-17 7:28 ` checkpatch
2022-05-17 8:39 ` |FAILURE| " 0-day Robot
1 sibling, 0 replies; 4+ messages in thread
From: checkpatch @ 2022-05-17 7:28 UTC (permalink / raw)
To: test-report
Test-Label: checkpatch
Test-Status: SUCCESS
http://dpdk.org/patch/111233
_coding style OK_
^ permalink raw reply [flat|nested] 4+ messages in thread
* |FAILURE| pw111233 [PATCH v2] raw/afu_mf: introduce AFU MF device driver
[not found] <1652772850-10253-1-git-send-email-wei.huang@intel.com>
2022-05-17 7:28 ` |SUCCESS| pw111233 [PATCH v2] raw/afu_mf: introduce AFU MF device driver checkpatch
@ 2022-05-17 8:39 ` 0-day Robot
1 sibling, 0 replies; 4+ messages in thread
From: 0-day Robot @ 2022-05-17 8:39 UTC (permalink / raw)
To: test-report; +Cc: wei.huang, robot
From: robot@bytheb.org
Test-Label: github-robot: build
Test-Status: FAILURE
http://patchwork.dpdk.org/patch/111233/
_github build: failed_
Build URL: https://github.com/ovsrobot/dpdk/actions/runs/2337063006
Build Logs:
-----------------------Summary of failed steps-----------------------
"ubuntu-20.04-gcc-static-i386" failed at step Build and test
----------------------End summary of failed steps--------------------
-------------------------------BEGIN LOGS----------------------------
####################################################################################
#### [Begin job log] "ubuntu-20.04-gcc-static-i386" at step Build and test
####################################################################################
1154 | AFU_MF_PMD_DEBUG("0x%"PRIx64" ---> 0x%"PRIx64" (0x%"PRIx64")", src, dst,
| ^~~~~~~~~~~~~~~~
In file included from ../drivers/raw/afu_mf/n3000_afu.c:9:
/usr/include/inttypes.h:121:34: note: format string is defined here
121 | # define PRIx64 __PRI64_PREFIX "x"
../drivers/raw/afu_mf/n3000_afu.c: In function ‘sweep_test’:
../drivers/raw/afu_mf/n3000_afu.c:1292:16: error: cast to pointer from integer of different size [-Werror=int-to-pointer-cast]
1292 | dma_buf_ptr = (uint64_t *)((uint64_t)ctx->data_buf + buf_offset);
| ^
../drivers/raw/afu_mf/n3000_afu.c: In function ‘n3000_afu_dump’:
../drivers/raw/afu_mf/n3000_afu.c:1940:33: error: cast to pointer from integer of different size [-Werror=int-to-pointer-cast]
1940 | fprintf(f, "dsm_iova:\t%p\n", (void *)ctx->dsm_iova);
| ^
../drivers/raw/afu_mf/n3000_afu.c:1942:33: error: cast to pointer from integer of different size [-Werror=int-to-pointer-cast]
1942 | fprintf(f, "src_iova:\t%p\n", (void *)ctx->src_iova);
| ^
../drivers/raw/afu_mf/n3000_afu.c:1944:34: error: cast to pointer from integer of different size [-Werror=int-to-pointer-cast]
1944 | fprintf(f, "dest_iova:\t%p\n", (void *)ctx->dest_iova);
| ^
../drivers/raw/afu_mf/n3000_afu.c:1956:35: error: cast to pointer from integer of different size [-Werror=int-to-pointer-cast]
1956 | fprintf(f, "magic_iova:\t%p\n", (void *)ctx->magic_iova);
| ^
cc1: all warnings being treated as errors
ninja: build stopped: subcommand failed.
##[error]Process completed with exit code 1.
####################################################################################
#### [End job log] "ubuntu-20.04-gcc-static-i386" at step Build and test
####################################################################################
--------------------------------END LOGS-----------------------------
^ permalink raw reply [flat|nested] 4+ messages in thread
* |FAILURE| pw111233 [PATCH] [v2] raw/afu_mf: introduce AFU MF device driver
@ 2022-05-17 15:29 dpdklab
0 siblings, 0 replies; 4+ messages in thread
From: dpdklab @ 2022-05-17 15:29 UTC (permalink / raw)
To: Test Report; +Cc: dpdk-test-reports, David Marchand, Thomas Monjalon, Wei Huang
[-- Attachment #1: Type: text/plain, Size: 6754 bytes --]
Test-Label: iol-x86_64-compile-testing
Test-Status: FAILURE
http://dpdk.org/patch/111233
_Testing issues_
Submitter: Wei Huang <wei.huang@intel.com>
Date: Tuesday, May 17 2022 07:34:10
DPDK git baseline: Repo:dpdk
Branch: master
CommitID:18ca4a4ec73a2e28df45a10543b7cdd45f2801dd
111233 --> testing fail
Test environment and result as below:
+---------------------+--------------------+----------------------+
| Environment | dpdk_meson_compile | dpdk_mingw64_compile |
+=====================+====================+======================+
| Windows Server 2019 | PASS | PASS |
+---------------------+--------------------+----------------------+
| FreeBSD 13 | FAIL | SKIPPED |
+---------------------+--------------------+----------------------+
| Fedora 31 | PASS | SKIPPED |
+---------------------+--------------------+----------------------+
| Arch Linux | PASS | SKIPPED |
+---------------------+--------------------+----------------------+
| Fedora 33 | PASS | SKIPPED |
+---------------------+--------------------+----------------------+
| Alpine | PASS | SKIPPED |
+---------------------+--------------------+----------------------+
| RHEL 7 | PASS | SKIPPED |
+---------------------+--------------------+----------------------+
| openSUSE Leap 15 | PASS | SKIPPED |
+---------------------+--------------------+----------------------+
| Ubuntu 18.04 | PASS | SKIPPED |
+---------------------+--------------------+----------------------+
| RHEL8 | PASS | SKIPPED |
+---------------------+--------------------+----------------------+
| Ubuntu 20.04 | PASS | SKIPPED |
+---------------------+--------------------+----------------------+
| Fedora 32 | PASS | SKIPPED |
+---------------------+--------------------+----------------------+
| CentOS Stream 8 | PASS | SKIPPED |
+---------------------+--------------------+----------------------+
| Fedora 34 | PASS | SKIPPED |
+---------------------+--------------------+----------------------+
| Fedora 34 clang | PASS | SKIPPED |
+---------------------+--------------------+----------------------+
==== 20 line log output for FreeBSD 13 (dpdk_meson_compile): ====
[1440/1949] Compiling C object drivers/librte_net_txgbe.a.p/meson-generated_.._rte_net_txgbe.pmd.c.o
[1441/1949] Generating rte_net_sfc.pmd.c with a custom command
[1442/1949] Linking static target drivers/librte_net_txgbe.a
[1443/1949] Compiling C object drivers/libtmp_rte_raw_afu_mf.a.p/raw_afu_mf_afu_mf_rawdev.c.o
FAILED: drivers/libtmp_rte_raw_afu_mf.a.p/raw_afu_mf_afu_mf_rawdev.c.o
ccache cc -Idrivers/libtmp_rte_raw_afu_mf.a.p -Idrivers -I../drivers -Idrivers/raw/afu_mf -I../drivers/raw/afu_mf -Ilib/rawdev -I../lib/rawdev -I. -I.. -Iconfig -I../config -Ilib/eal/include -I../lib/eal/include -Ilib/eal/freebsd/include -I../lib/eal/freebsd/include -Ilib/eal/x86/include -I../lib/eal/x86/include -Ilib/eal/common -I../lib/eal/common -Ilib/eal -I../lib/eal -Ilib/kvargs -I../lib/kvargs -Ilib/metrics -I../lib/metrics -Ilib/telemetry -I../lib/telemetry -Idrivers/bus/pci -I../drivers/bus/pci -I../drivers/bus/pci/bsd -Ilib/pci -I../lib/pci -Idrivers/bus/ifpga -I../drivers/bus/ifpga -fcolor-diagnostics -D_FILE_OFFSET_BITS=64 -Wall -Winvalid-pch -Wextra -Werror -O3 -include rte_config.h -Wcast-qual -Wdeprecated -Wformat -Wformat-nonliteral -Wformat-security -Wmissing-declarations -Wmissing-prototypes -Wnested-externs -Wold-style-definition -Wpointer-arith -Wsign-compare -Wstrict-prototypes -Wundef -Wwrite-strings -Wno-address-of-packed-member -Wno-missing-field-initializers -D_GNU_SOURCE -D__BSD_VISIBLE -fPIC -march=native -DALLOW_EXPERIMENTAL_API -DALLOW_INTERNAL_API -DRTE_LOG_DEFAULT_LOGTYPE=pmd.raw.afu_mf -MD -MQ drivers/libtmp_rte_raw_afu_mf.a.p/raw_afu_mf_afu_mf_rawdev.c.o -MF drivers/libtmp_rte_raw_afu_mf.a.p/raw_afu_mf_afu_mf_rawdev.c.o.d -o drivers/libtmp_rte_raw_afu_mf.a.p/raw_afu_mf_afu_mf_rawdev.c.o -c ../drivers/raw/afu_mf/afu_mf_rawdev.c
In file included from ../drivers/raw/afu_mf/afu_mf_rawdev.c:21:
../drivers/raw/afu_mf/afu_mf_rawdev.h:33:9: error: 'CACHE_LINE_SIZE' macro redefined [-Werror,-Wmacro-redefined]
#define CACHE_LINE_SIZE(n) ((n) << 6)
^
/usr/include/machine/param.h:93:9: note: previous definition is here
#define CACHE_LINE_SIZE (1 << CACHE_LINE_SHIFT)
^
1 error generated.
[1444/1949] Compiling C object drivers/librte_net_sfc.so.22.2.p/meson-generated_.._rte_net_sfc.pmd.c.o
[1445/1949] Compiling C object drivers/librte_net_sfc.a.p/meson-generated_.._rte_net_sfc.pmd.c.o
[1446/1949] Generating rte_net_vmxnet3.pmd.c with a custom command
[1447/1949] Generating rte_net_virtio.pmd.c with a custom command
[1448/1949] Generating rte_common_sfc_efx.sym_chk with a custom command (wrapped by meson to capture output)
ninja: build stopped: subcommand failed.
==== End log output ====
Windows Server 2019
Kernel: 10.0
Compiler: clang 14.0 and gcc 8.1.0 (MinGW)
FreeBSD 13
Kernel: 13.0
Compiler: clang 11.0.1
Fedora 31
Kernel: 4.18.0-240.10.1.el8_3.x86_64
Compiler: gcc 9.3.1
Arch Linux
Kernel: 5.4.0-73-generic
Compiler: gcc 11.1.0
Fedora 33
Kernel: 5.4.0-72-generic
Compiler: gcc 10.3.1 20210422 (Red Hat 10.3.1-1)
Alpine
Kernel: 5.4.0-73-generic
Compiler: gcc (Alpine 10.3.1_git20210424) 10.3.1 20210424
RHEL 7
Kernel: 4.18.0-240.10.1.el8_3.x86_64
Compiler: gcc 4.8.5 20150623 (Red Hat 4.8.5-44)
openSUSE Leap 15
Kernel: 4.18.0-240.10.1.el8_3.x86_64
Compiler: gcc 7.5.0
Ubuntu 18.04
Kernel: 4.18.0-240.10.1.el8_3.x86_64
Compiler: gcc 7.5.0-3ubuntu1~18.04
RHEL8
Kernel: 4.18.0-240.10.1.el8_3.x86_64
Compiler: gcc 8.3.1 20191121 (Red Hat 8.3.1-5)
Ubuntu 20.04
Kernel: 4.18.0-240.10.1.el8_3.x86_64
Compiler: gcc 9.3.0-17ubuntu1~20.04
Fedora 32
Kernel: 4.18.0-240.10.1.el8_3.x86_64
Compiler: gcc 10.2.1
CentOS Stream 8
Kernel: 4.18.0-240.10.1.el8_3.x86_64
Compiler: gcc 8.4.1 20200928
Fedora 34
Kernel: 5.4.0-72-generic
Compiler: gcc 11.1.1 20210428 (Red Hat 11.1.1-1)
Fedora 34 clang
Kernel: 5.4.0-72-generic
Compiler: clang 12.0.0 (Fedora 12.0.0-0.3.rc1.fc34)
To view detailed results, visit:
https://lab.dpdk.org/results/dashboard/patchsets/22145/
UNH-IOL DPDK Community Lab
To manage your email subscriptions, visit:
https://lab.dpdk.org/results/dashboard/preferences/subscriptions/
^ permalink raw reply [flat|nested] 4+ messages in thread
* |FAILURE| pw111233 [PATCH] [v2] raw/afu_mf: introduce AFU MF device driver
@ 2022-05-17 13:32 dpdklab
0 siblings, 0 replies; 4+ messages in thread
From: dpdklab @ 2022-05-17 13:32 UTC (permalink / raw)
To: Test Report; +Cc: dpdklab, David Marchand, Thomas Monjalon, Wei Huang
[-- Attachment #1: Type: text/plain, Size: 3634 bytes --]
Test-Label: iol-aarch64-compile-testing
Test-Status: FAILURE
http://dpdk.org/patch/111233
_Testing issues_
Submitter: Wei Huang <wei.huang@intel.com>
Date: Tuesday, May 17 2022 07:34:10
DPDK git baseline: Repo:dpdk
Branch: master
CommitID:18ca4a4ec73a2e28df45a10543b7cdd45f2801dd
111233 --> testing fail
Test environment and result as below:
+----------------------------------------+--------------------+
| Environment | dpdk_meson_compile |
+========================================+====================+
| Ubuntu 20.04 ARM Clang Native | PASS |
+----------------------------------------+--------------------+
| Ubuntu 20.04 ARM GCC Native | PASS |
+----------------------------------------+--------------------+
| Ubuntu 20.04 aarch32 GCC Cross Compile | FAIL |
+----------------------------------------+--------------------+
| Ubuntu 20.04 ARM GCC Cross Compile | PASS |
+----------------------------------------+--------------------+
| Ubuntu 20.04 ARM SVE | PASS |
+----------------------------------------+--------------------+
| Ubuntu 20.04 ARM Clang Cross Compile | PASS |
+----------------------------------------+--------------------+
==== 20 line log output for Ubuntu 20.04 aarch32 GCC Cross Compile (dpdk_meson_compile): ====
121 | # define PRIx64 __PRI64_PREFIX "x"
../drivers/raw/afu_mf/n3000_afu.c: In function 'sweep_test':
../drivers/raw/afu_mf/n3000_afu.c:1292:16: error: cast to pointer from integer of different size [-Werror=int-to-pointer-cast]
1292 | dma_buf_ptr = (uint64_t *)((uint64_t)ctx->data_buf + buf_offset);
| ^
../drivers/raw/afu_mf/n3000_afu.c: In function 'n3000_afu_dump':
../drivers/raw/afu_mf/n3000_afu.c:1940:33: error: cast to pointer from integer of different size [-Werror=int-to-pointer-cast]
1940 | fprintf(f, "dsm_iova:\t%p\n", (void *)ctx->dsm_iova);
| ^
../drivers/raw/afu_mf/n3000_afu.c:1942:33: error: cast to pointer from integer of different size [-Werror=int-to-pointer-cast]
1942 | fprintf(f, "src_iova:\t%p\n", (void *)ctx->src_iova);
| ^
../drivers/raw/afu_mf/n3000_afu.c:1944:34: error: cast to pointer from integer of different size [-Werror=int-to-pointer-cast]
1944 | fprintf(f, "dest_iova:\t%p\n", (void *)ctx->dest_iova);
| ^
../drivers/raw/afu_mf/n3000_afu.c:1956:35: error: cast to pointer from integer of different size [-Werror=int-to-pointer-cast]
1956 | fprintf(f, "magic_iova:\t%p\n", (void *)ctx->magic_iova);
| ^
cc1: all warnings being treated as errors
ninja: build stopped: subcommand failed.
==== End log output ====
Ubuntu 20.04 ARM Clang Native
Kernel: 5.4.0-53-generic
Compiler: clang 10.0.0-4ubuntu1
Ubuntu 20.04 ARM GCC Native
Kernel: 5.4.0-53-generic
Compiler: gcc 9.3
Ubuntu 20.04 aarch32 GCC Cross Compile
Kernel: 5.4.0-72-generic
Compiler: gcc 9.3.0
Ubuntu 20.04 ARM GCC Cross Compile
Kernel: 5.4.0-72-generic
Compiler: aarch64-linux-gnu-gcc (Ubuntu 9.3.0-17ubuntu1~20.04) 9.3.0
Ubuntu 20.04 ARM SVE
Kernel: 5.4.0-80-generic
Compiler: gcc 10.3.0 (Ubuntu 10.3.0-1ubuntu1~20.04)
Ubuntu 20.04 ARM Clang Cross Compile
Kernel: 5.4.0-72-generic
Compiler: clang version 10.0.0-4ubuntu1
To view detailed results, visit:
https://lab.dpdk.org/results/dashboard/patchsets/22145/
UNH-IOL DPDK Community Lab
To manage your email subscriptions, visit:
https://lab.dpdk.org/results/dashboard/preferences/subscriptions/
^ permalink raw reply [flat|nested] 4+ messages in thread
end of thread, other threads:[~2022-05-17 15:29 UTC | newest]
Thread overview: 4+ messages (download: mbox.gz / follow: Atom feed)
-- links below jump to the message on this page --
[not found] <1652772850-10253-1-git-send-email-wei.huang@intel.com>
2022-05-17 7:28 ` |SUCCESS| pw111233 [PATCH v2] raw/afu_mf: introduce AFU MF device driver checkpatch
2022-05-17 8:39 ` |FAILURE| " 0-day Robot
2022-05-17 13:32 |FAILURE| pw111233 [PATCH] [v2] " dpdklab
2022-05-17 15:29 dpdklab
This is a public inbox, see mirroring instructions
for how to clone and mirror all data and code used for this inbox;
as well as URLs for NNTP newsgroup(s).