* |FAILURE| pw111748-111749 [PATCH] [RFT, 2/2] rte_pie: fix incorrect floating point math
@ 2022-05-24 19:14 dpdklab
0 siblings, 0 replies; 4+ messages in thread
From: dpdklab @ 2022-05-24 19:14 UTC (permalink / raw)
To: Test Report; +Cc: dpdklab, David Marchand, Thomas Monjalon, Stephen Hemminger
[-- Attachment #1: Type: text/plain, Size: 3519 bytes --]
Test-Label: iol-aarch64-unit-testing
Test-Status: FAILURE
http://dpdk.org/patch/111749
_Testing issues_
Submitter: Stephen Hemminger <stephen@networkplumber.org>
Date: Tuesday, May 24 2022 18:46:22
DPDK git baseline: Repo:dpdk
Branch: master
CommitID:981a025741f80b4036f994ed30b04e757299ab19
111748-111749 --> testing fail
Test environment and result as below:
+-------------------------------+--------------+----------------+
| Environment | lpm_autotest | dpdk_unit_test |
+===============================+==============+================+
| Ubuntu 20.04 ARM SVE | PASS | SKIPPED |
+-------------------------------+--------------+----------------+
| Ubuntu 20.04 ARM GCC Native | SKIPPED | PASS |
+-------------------------------+--------------+----------------+
| Ubuntu 20.04 ARM Clang Native | SKIPPED | FAIL |
+-------------------------------+--------------+----------------+
==== 20 line log output for Ubuntu 20.04 ARM Clang Native (dpdk_unit_test): ====
[468/3487] Generating lib/bbdev.sym_chk with a custom command (wrapped by meson to capture output)
[469/3487] Generating lib/rawdev.sym_chk with a custom command (wrapped by meson to capture output)
[470/3487] Generating lib/mbuf.sym_chk with a custom command (wrapped by meson to capture output)
[471/3487] Generating lib/flow_classify.sym_chk with a custom command (wrapped by meson to capture output)
[472/3487] Generating lib/dmadev.sym_chk with a custom command (wrapped by meson to capture output)
[473/3487] Generating lib/power.sym_chk with a custom command (wrapped by meson to capture output)
[474/3487] Generating lib/hash.sym_chk with a custom command (wrapped by meson to capture output)
[475/3487] Generating lib/mempool.sym_chk with a custom command (wrapped by meson to capture output)
[476/3487] Generating lib/regexdev.sym_chk with a custom command (wrapped by meson to capture output)
[477/3487] Generating lib/gpudev.sym_chk with a custom command (wrapped by meson to capture output)
[478/3487] Generating lib/table.sym_chk with a custom command (wrapped by meson to capture output)
[479/3487] Generating lib/cmdline.sym_chk with a custom command (wrapped by meson to capture output)
[480/3487] Generating lib/compressdev.sym_chk with a custom command (wrapped by meson to capture output)
[481/3487] Generating lib/vhost.sym_chk with a custom command (wrapped by meson to capture output)
[482/3487] Generating lib/cryptodev.sym_chk with a custom command (wrapped by meson to capture output)
[483/3487] Generating lib/eventdev.sym_chk with a custom command (wrapped by meson to capture output)
[484/3487] Generating lib/pipeline.sym_chk with a custom command (wrapped by meson to capture output)
[485/3487] Generating lib/ethdev.sym_chk with a custom command (wrapped by meson to capture output)
[486/3487] Generating lib/eal.sym_chk with a custom command (wrapped by meson to capture output)
ninja: build stopped: subcommand failed.
==== End log output ====
Ubuntu 20.04 ARM SVE
Kernel: 5.4.0-80-generic
Compiler: gcc 10.3.0 (Ubuntu 10.3.0-1ubuntu1~20.04)
Ubuntu 20.04 ARM GCC Native
Kernel: 5.4.0-53-generic
Compiler: gcc 9.3
Ubuntu 20.04 ARM Clang Native
Kernel: 5.4.0-53-generic
Compiler: clang 10.0.0-4ubuntu1
To view detailed results, visit:
https://lab.dpdk.org/results/dashboard/patchsets/22272/
UNH-IOL DPDK Community Lab
To manage your email subscriptions, visit:
https://lab.dpdk.org/results/dashboard/preferences/subscriptions/
^ permalink raw reply [flat|nested] 4+ messages in thread
* |FAILURE| pw111748-111749 [PATCH] [RFT, 2/2] rte_pie: fix incorrect floating point math
@ 2022-05-25 11:04 dpdklab
0 siblings, 0 replies; 4+ messages in thread
From: dpdklab @ 2022-05-25 11:04 UTC (permalink / raw)
To: Test Report
Cc: dpdk-test-reports, David Marchand, Thomas Monjalon, Stephen Hemminger
[-- Attachment #1: Type: text/plain, Size: 6462 bytes --]
Test-Label: iol-x86_64-compile-testing
Test-Status: FAILURE
http://dpdk.org/patch/111749
_Testing issues_
Submitter: Stephen Hemminger <stephen@networkplumber.org>
Date: Tuesday, May 24 2022 18:46:22
DPDK git baseline: Repo:dpdk
Branch: master
CommitID:981a025741f80b4036f994ed30b04e757299ab19
111748-111749 --> testing fail
Test environment and result as below:
+---------------------+--------------------+----------------------+
| Environment | dpdk_meson_compile | dpdk_mingw64_compile |
+=====================+====================+======================+
| Windows Server 2019 | PASS | PASS |
+---------------------+--------------------+----------------------+
| FreeBSD 13 | FAIL | SKIPPED |
+---------------------+--------------------+----------------------+
| Fedora 31 | PASS | SKIPPED |
+---------------------+--------------------+----------------------+
| Ubuntu 18.04 | PASS | SKIPPED |
+---------------------+--------------------+----------------------+
| openSUSE Leap 15 | PASS | SKIPPED |
+---------------------+--------------------+----------------------+
| CentOS Stream 8 | PASS | SKIPPED |
+---------------------+--------------------+----------------------+
| RHEL8 | PASS | SKIPPED |
+---------------------+--------------------+----------------------+
| Fedora 34 clang | FAIL | SKIPPED |
+---------------------+--------------------+----------------------+
| RHEL 7 | PASS | SKIPPED |
+---------------------+--------------------+----------------------+
| Ubuntu 20.04 | PASS | SKIPPED |
+---------------------+--------------------+----------------------+
| Fedora 32 | PASS | SKIPPED |
+---------------------+--------------------+----------------------+
| Arch Linux | PASS | SKIPPED |
+---------------------+--------------------+----------------------+
| Fedora 33 | PASS | SKIPPED |
+---------------------+--------------------+----------------------+
| Fedora 34 | PASS | SKIPPED |
+---------------------+--------------------+----------------------+
==== 20 line log output for Fedora 34 clang (dpdk_meson_compile): ====
[398/3372] Generating rte_rib_def with a custom command.
[399/3372] Generating rte_rib_mingw with a custom command.
[400/3372] Linking target lib/librte_rib.so.22.2.
[401/3372] Generating symbol file 'lib/76b5a35@@rte_rib@sha/librte_rib.so.22.2.symbols'.
[402/3372] Compiling C object 'lib/76b5a35@@rte_reorder@sta/reorder_rte_reorder.c.o'.
[403/3372] Linking static target lib/librte_reorder.a.
[404/3372] Generating rte_reorder_def with a custom command.
[405/3372] Generating rte_reorder_mingw with a custom command.
[406/3372] Linking target lib/librte_reorder.so.22.2.
[407/3372] Generating symbol file 'lib/76b5a35@@rte_reorder@sha/librte_reorder.so.22.2.symbols'.
[408/3372] Compiling C object 'lib/76b5a35@@rte_sched@sta/sched_rte_sched.c.o'.
FAILED: lib/76b5a35@@rte_sched@sta/sched_rte_sched.c.o
clang -Ilib/76b5a35@@rte_sched@sta -Ilib -I../lib -Ilib/sched -I../lib/sched -I. -I../ -Iconfig -I../config -Ilib/eal/include -I../lib/eal/include -Ilib/eal/linux/include -I../lib/eal/linux/include -Ilib/eal/x86/include -I../lib/eal/x86/include -Ilib/eal/common -I../lib/eal/common -Ilib/eal -I../lib/eal -Ilib/kvargs -I../lib/kvargs -Ilib/telemetry/../metrics -I../lib/telemetry/../metrics -Ilib/telemetry -I../lib/telemetry -Ilib/mbuf -I../lib/mbuf -Ilib/mempool -I../lib/mempool -Ilib/ring -I../lib/ring -Ilib/meter -I../lib/meter -Xclang -fcolor-diagnostics -pipe -D_FILE_OFFSET_BITS=64 -Wall -Winvalid-pch -Wextra -Werror -O3 -include rte_config.h -Wcast-qual -Wdeprecated -Wformat -Wformat-nonliteral -Wformat-security -Wmissing-declarations -Wmissing-prototypes -Wnested-externs -Wold-style-definition -Wpointer-arith -Wsign-compare -Wstrict-prototypes -Wundef -Wwrite-strings -Wno-address-of-packed-member -Wno-missing-field-initializers -D_GNU_SOURCE -fPIC -march=native -DALLOW_EXPERIMENTAL_API -DALLOW_INTERNAL_API -DRTE_LOG_DEFAULT_LOGTYPE=lib.sched -MD -MQ 'lib/76b5a35@@rte_sched@sta/sched_rte_sched.c.o' -MF 'lib/76b5a35@@rte_sched@sta/sched_rte_sched.c.o.d' -o 'lib/76b5a35@@rte_sched@sta/sched_rte_sched.c.o' -c ../lib/sched/rte_sched.c
In file included from ../lib/sched/rte_sched.c:18:
In file included from ../lib/sched/rte_sched.h:65:
../lib/sched/rte_pie.h:242:19: error: implicit conversion from 'uint64_t' (aka 'unsigned long') to 'double' changes value from 18446744073709551615 to 18446744073709551616 [-Werror,-Wimplicit-const-int-float-conversion]
if (rte_rand() < (uint64_t)RTE_RAND_MAX * pie->drop_prob) {
^~~~~~~~~~~~~~~~~~~~~~ ~
1 error generated.
ninja: build stopped: subcommand failed.
==== End log output ====
Windows Server 2019
Kernel: 10.0
Compiler: clang 14.0 and gcc 8.1.0 (MinGW)
FreeBSD 13
Kernel: 13.0
Compiler: clang 11.0.1
Fedora 31
Kernel: 4.18.0-240.10.1.el8_3.x86_64
Compiler: gcc 9.3.1
Ubuntu 18.04
Kernel: 4.18.0-240.10.1.el8_3.x86_64
Compiler: gcc 7.5.0-3ubuntu1~18.04
openSUSE Leap 15
Kernel: 4.18.0-240.10.1.el8_3.x86_64
Compiler: gcc 7.5.0
CentOS Stream 8
Kernel: 4.18.0-240.10.1.el8_3.x86_64
Compiler: gcc 8.4.1 20200928
RHEL8
Kernel: 4.18.0-240.10.1.el8_3.x86_64
Compiler: gcc 8.3.1 20191121 (Red Hat 8.3.1-5)
Fedora 34 clang
Kernel: 5.4.0-72-generic
Compiler: clang 12.0.0 (Fedora 12.0.0-0.3.rc1.fc34)
RHEL 7
Kernel: 4.18.0-240.10.1.el8_3.x86_64
Compiler: gcc 4.8.5 20150623 (Red Hat 4.8.5-44)
Ubuntu 20.04
Kernel: 4.18.0-240.10.1.el8_3.x86_64
Compiler: gcc 9.3.0-17ubuntu1~20.04
Fedora 32
Kernel: 4.18.0-240.10.1.el8_3.x86_64
Compiler: gcc 10.2.1
Arch Linux
Kernel: 5.4.0-73-generic
Compiler: gcc 11.1.0
Fedora 33
Kernel: 5.4.0-72-generic
Compiler: gcc 10.3.1 20210422 (Red Hat 10.3.1-1)
Fedora 34
Kernel: 5.4.0-72-generic
Compiler: gcc 11.1.1 20210428 (Red Hat 11.1.1-1)
To view detailed results, visit:
https://lab.dpdk.org/results/dashboard/patchsets/22272/
UNH-IOL DPDK Community Lab
To manage your email subscriptions, visit:
https://lab.dpdk.org/results/dashboard/preferences/subscriptions/
^ permalink raw reply [flat|nested] 4+ messages in thread
* |FAILURE| pw111748-111749 [PATCH] [RFT, 2/2] rte_pie: fix incorrect floating point math
@ 2022-05-24 21:25 dpdklab
0 siblings, 0 replies; 4+ messages in thread
From: dpdklab @ 2022-05-24 21:25 UTC (permalink / raw)
To: Test Report; +Cc: dpdklab, David Marchand, Thomas Monjalon, Stephen Hemminger
[-- Attachment #1: Type: text/plain, Size: 6466 bytes --]
Test-Label: iol-x86_64-unit-testing
Test-Status: FAILURE
http://dpdk.org/patch/111749
_Testing issues_
Submitter: Stephen Hemminger <stephen@networkplumber.org>
Date: Tuesday, May 24 2022 18:46:22
DPDK git baseline: Repo:dpdk
Branch: master
CommitID:981a025741f80b4036f994ed30b04e757299ab19
111748-111749 --> testing fail
Test environment and result as below:
+------------------+----------------+
| Environment | dpdk_unit_test |
+==================+================+
| openSUSE Leap 15 | PASS |
+------------------+----------------+
| Fedora 31 | PASS |
+------------------+----------------+
| Fedora 34 clang | FAIL |
+------------------+----------------+
| Fedora 32 | PASS |
+------------------+----------------+
| Fedora 33 | PASS |
+------------------+----------------+
| Ubuntu 18.04 | PASS |
+------------------+----------------+
| RHEL 7 | PASS |
+------------------+----------------+
| CentOS Stream 8 | PASS |
+------------------+----------------+
| Fedora 34 | PASS |
+------------------+----------------+
| Arch Linux | PASS |
+------------------+----------------+
| Ubuntu 20.04 | PASS |
+------------------+----------------+
| RHEL8 | PASS |
+------------------+----------------+
==== 20 line log output for Fedora 34 clang (dpdk_unit_test): ====
[396/3344] Compiling C object 'lib/76b5a35@@rte_sched@sta/sched_rte_sched.c.o'.
FAILED: lib/76b5a35@@rte_sched@sta/sched_rte_sched.c.o
clang -Ilib/76b5a35@@rte_sched@sta -Ilib -I../lib -Ilib/sched -I../lib/sched -I. -I../ -Iconfig -I../config -Ilib/eal/include -I../lib/eal/include -Ilib/eal/linux/include -I../lib/eal/linux/include -Ilib/eal/x86/include -I../lib/eal/x86/include -Ilib/eal/common -I../lib/eal/common -Ilib/eal -I../lib/eal -Ilib/kvargs -I../lib/kvargs -Ilib/telemetry/../metrics -I../lib/telemetry/../metrics -Ilib/telemetry -I../lib/telemetry -Ilib/mbuf -I../lib/mbuf -Ilib/mempool -I../lib/mempool -Ilib/ring -I../lib/ring -Ilib/meter -I../lib/meter -Xclang -fcolor-diagnostics -pipe -D_FILE_OFFSET_BITS=64 -Wall -Winvalid-pch -Wextra -Werror -O3 -include rte_config.h -Wcast-qual -Wdeprecated -Wformat -Wformat-nonliteral -Wformat-security -Wmissing-declarations -Wmissing-prototypes -Wnested-externs -Wold-style-definition -Wpointer-arith -Wsign-compare -Wstrict-prototypes -Wundef -Wwrite-strings -Wno-address-of-packed-member -Wno-missing-field-initializers -D_GNU_SOURCE -fPIC -march=native -DALLOW_EXPERIMENTAL_API -DALLOW_INTERNAL_API -DRTE_LOG_DEFAULT_LOGTYPE=lib.sched -MD -MQ 'lib/76b5a35@@rte_sched@sta/sched_rte_sched.c.o' -MF 'lib/76b5a35@@rte_sched@sta/sched_rte_sched.c.o.d' -o 'lib/76b5a35@@rte_sched@sta/sched_rte_sched.c.o' -c ../lib/sched/rte_sched.c
In file included from ../lib/sched/rte_sched.c:18:
In file included from ../lib/sched/rte_sched.h:65:
../lib/sched/rte_pie.h:242:19: error: implicit conversion from 'uint64_t' (aka 'unsigned long') to 'double' changes value from 18446744073709551615 to 18446744073709551616 [-Werror,-Wimplicit-const-int-float-conversion]
if (rte_rand() < (uint64_t)RTE_RAND_MAX * pie->drop_prob) {
^~~~~~~~~~~~~~~~~~~~~~ ~
1 error generated.
[397/3344] Linking target lib/librte_reorder.so.22.2.
[398/3344] Compiling C object 'lib/76b5a35@@rte_sched@sta/sched_rte_pie.c.o'.
FAILED: lib/76b5a35@@rte_sched@sta/sched_rte_pie.c.o
clang -Ilib/76b5a35@@rte_sched@sta -Ilib -I../lib -Ilib/sched -I../lib/sched -I. -I../ -Iconfig -I../config -Ilib/eal/include -I../lib/eal/include -Ilib/eal/linux/include -I../lib/eal/linux/include -Ilib/eal/x86/include -I../lib/eal/x86/include -Ilib/eal/common -I../lib/eal/common -Ilib/eal -I../lib/eal -Ilib/kvargs -I../lib/kvargs -Ilib/telemetry/../metrics -I../lib/telemetry/../metrics -Ilib/telemetry -I../lib/telemetry -Ilib/mbuf -I../lib/mbuf -Ilib/mempool -I../lib/mempool -Ilib/ring -I../lib/ring -Ilib/meter -I../lib/meter -Xclang -fcolor-diagnostics -pipe -D_FILE_OFFSET_BITS=64 -Wall -Winvalid-pch -Wextra -Werror -O3 -include rte_config.h -Wcast-qual -Wdeprecated -Wformat -Wformat-nonliteral -Wformat-security -Wmissing-declarations -Wmissing-prototypes -Wnested-externs -Wold-style-definition -Wpointer-arith -Wsign-compare -Wstrict-prototypes -Wundef -Wwrite-strings -Wno-address-of-packed-member -Wno-missing-field-initializers -D_GNU_SOURCE -fPIC -march=native -DALLOW_EXPERIMENTAL_API -DALLOW_INTERNAL_API -DRTE_LOG_DEFAULT_LOGTYPE=lib.sched -MD -MQ 'lib/76b5a35@@rte_sched@sta/sched_rte_pie.c.o' -MF 'lib/76b5a35@@rte_sched@sta/sched_rte_pie.c.o.d' -o 'lib/76b5a35@@rte_sched@sta/sched_rte_pie.c.o' -c ../lib/sched/rte_pie.c
In file included from ../lib/sched/rte_pie.c:8:
../lib/sched/rte_pie.h:242:19: error: implicit conversion from 'uint64_t' (aka 'unsigned long') to 'double' changes value from 18446744073709551615 to 18446744073709551616 [-Werror,-Wimplicit-const-int-float-conversion]
if (rte_rand() < (uint64_t)RTE_RAND_MAX * pie->drop_prob) {
^~~~~~~~~~~~~~~~~~~~~~ ~
1 error generated.
[399/3344] Generating symbol file 'lib/76b5a35@@rte_rib@sha/librte_rib.so.22.2.symbols'.
ninja: build stopped: subcommand failed.
==== End log output ====
openSUSE Leap 15
Kernel: 4.18.0-240.10.1.el8_3.x86_64
Compiler: gcc 7.5.0
Fedora 31
Kernel: 4.18.0-240.10.1.el8_3.x86_64
Compiler: gcc 9.3.1
Fedora 34 clang
Kernel: 5.4.0-72-generic
Compiler: clang 12.0.0 (Fedora 12.0.0-0.3.rc1.fc34)
Fedora 32
Kernel: 4.18.0-240.10.1.el8_3.x86_64
Compiler: gcc 10.2.1
Fedora 33
Kernel: 5.4.0-72-generic
Compiler: gcc 10.3.1 20210422 (Red Hat 10.3.1-1)
Ubuntu 18.04
Kernel: 4.18.0-240.10.1.el8_3.x86_64
Compiler: gcc 7.5.0-3ubuntu1~18.04
RHEL 7
Kernel: 4.18.0-240.10.1.el8_3.x86_64
Compiler: gcc 4.8.5 20150623 (Red Hat 4.8.5-44)
CentOS Stream 8
Kernel: 4.18.0-240.10.1.el8_3.x86_64
Compiler: gcc 8.4.1 20200928
Fedora 34
Kernel: 5.4.0-72-generic
Compiler: gcc 11.1.1 20210428 (Red Hat 11.1.1-1)
Arch Linux
Kernel: 5.4.0-73-generic
Compiler: gcc 11.1.0
Ubuntu 20.04
Kernel: 4.18.0-240.10.1.el8_3.x86_64
Compiler: gcc 9.3.0-17ubuntu1~20.04
RHEL8
Kernel: 4.18.0-240.10.1.el8_3.x86_64
Compiler: gcc 8.3.1 20191121 (Red Hat 8.3.1-5)
To view detailed results, visit:
https://lab.dpdk.org/results/dashboard/patchsets/22272/
UNH-IOL DPDK Community Lab
To manage your email subscriptions, visit:
https://lab.dpdk.org/results/dashboard/preferences/subscriptions/
^ permalink raw reply [flat|nested] 4+ messages in thread
* |FAILURE| pw111748-111749 [PATCH] [RFT, 2/2] rte_pie: fix incorrect floating point math
@ 2022-05-24 20:05 dpdklab
0 siblings, 0 replies; 4+ messages in thread
From: dpdklab @ 2022-05-24 20:05 UTC (permalink / raw)
To: Test Report; +Cc: dpdklab, David Marchand, Thomas Monjalon, Stephen Hemminger
[-- Attachment #1: Type: text/plain, Size: 4830 bytes --]
Test-Label: iol-aarch64-compile-testing
Test-Status: FAILURE
http://dpdk.org/patch/111749
_Testing issues_
Submitter: Stephen Hemminger <stephen@networkplumber.org>
Date: Tuesday, May 24 2022 18:46:22
DPDK git baseline: Repo:dpdk
Branch: master
CommitID:981a025741f80b4036f994ed30b04e757299ab19
111748-111749 --> testing fail
Test environment and result as below:
+----------------------------------------+--------------------+
| Environment | dpdk_meson_compile |
+========================================+====================+
| Ubuntu 20.04 ARM Clang Native | FAIL |
+----------------------------------------+--------------------+
| Ubuntu 20.04 ARM Clang Cross Compile | FAIL |
+----------------------------------------+--------------------+
| Ubuntu 20.04 aarch32 GCC Cross Compile | PASS |
+----------------------------------------+--------------------+
| Ubuntu 20.04 ARM GCC Native | PASS |
+----------------------------------------+--------------------+
| Ubuntu 20.04 ARM GCC Cross Compile | PASS |
+----------------------------------------+--------------------+
| Ubuntu 20.04 ARM SVE | PASS |
+----------------------------------------+--------------------+
==== 20 line log output for Ubuntu 20.04 ARM Clang Cross Compile (dpdk_meson_compile): ====
[392/3283] Compiling C object 'lib/76b5a35@@rte_rib@sta/rib_rte_rib6.c.o'.
[393/3283] Linking static target lib/librte_rib.a.
[394/3283] Generating rte_rib_def with a custom command.
[395/3283] Generating rte_rib_mingw with a custom command.
[396/3283] Compiling C object 'lib/76b5a35@@rte_reorder@sta/reorder_rte_reorder.c.o'.
[397/3283] Linking target lib/librte_rib.so.22.2.
[398/3283] Generating symbol file 'lib/76b5a35@@rte_rib@sha/librte_rib.so.22.2.symbols'.
[399/3283] Linking static target lib/librte_reorder.a.
[400/3283] Generating rte_reorder_def with a custom command.
[401/3283] Generating rte_reorder_mingw with a custom command.
[402/3283] Compiling C object 'lib/76b5a35@@rte_sched@sta/sched_rte_sched.c.o'.
FAILED: lib/76b5a35@@rte_sched@sta/sched_rte_sched.c.o
clang -Ilib/76b5a35@@rte_sched@sta -Ilib -I../lib -Ilib/sched -I../lib/sched -I. -I../ -Iconfig -I../config -Ilib/eal/include -I../lib/eal/include -Ilib/eal/linux/include -I../lib/eal/linux/include -Ilib/eal/arm/include -I../lib/eal/arm/include -Ilib/eal/common -I../lib/eal/common -Ilib/eal -I../lib/eal -Ilib/kvargs -I../lib/kvargs -Ilib/telemetry/../metrics -I../lib/telemetry/../metrics -Ilib/telemetry -I../lib/telemetry -Ilib/mbuf -I../lib/mbuf -Ilib/mempool -I../lib/mempool -Ilib/ring -I../lib/ring -Ilib/meter -I../lib/meter -Xclang -fcolor-diagnostics -pipe -D_FILE_OFFSET_BITS=64 -Wall -Winvalid-pch -Wextra -Werror -O3 -include rte_config.h -Wcast-qual -Wdeprecated -Wformat -Wformat-nonliteral -Wformat-security -Wmissing-declarations -Wmissing-prototypes -Wnested-externs -Wold-style-definition -Wpointer-arith -Wsign-compare -Wstrict-prototypes -Wundef -Wwrite-strings -Wno-address-of-packed-member -Wno-missing-field-initializers -D_GNU_SOURCE -fPIC -march=armv8-a+crc -DALLOW_EXPERIMENTAL_API -DALLOW_INTERNAL_API -DRTE_LOG_DEFAULT_LOGTYPE=lib.sched -target aarch64-linux-gnu --sysroot /usr/aarch64-linux-gnu -MD -MQ 'lib/76b5a35@@rte_sched@sta/sched_rte_sched.c.o' -MF 'lib/76b5a35@@rte_sched@sta/sched_rte_sched.c.o.d' -o 'lib/76b5a35@@rte_sched@sta/sched_rte_sched.c.o' -c ../lib/sched/rte_sched.c
In file included from ../lib/sched/rte_sched.c:18:
In file included from ../lib/sched/rte_sched.h:65:
../lib/sched/rte_pie.h:242:19: error: implicit conversion from 'uint64_t' (aka 'unsigned long') to 'double' changes value from 18446744073709551615 to 18446744073709551616 [-Werror,-Wimplicit-int-float-conversion]
if (rte_rand() < (uint64_t)RTE_RAND_MAX * pie->drop_prob) {
^~~~~~~~~~~~~~~~~~~~~~ ~
1 error generated.
ninja: build stopped: subcommand failed.
==== End log output ====
Ubuntu 20.04 ARM Clang Native
Kernel: 5.4.0-53-generic
Compiler: clang 10.0.0-4ubuntu1
Ubuntu 20.04 ARM Clang Cross Compile
Kernel: 5.4.0-72-generic
Compiler: clang version 10.0.0-4ubuntu1
Ubuntu 20.04 aarch32 GCC Cross Compile
Kernel: 5.4.0-72-generic
Compiler: gcc 9.3.0
Ubuntu 20.04 ARM GCC Native
Kernel: 5.4.0-53-generic
Compiler: gcc 9.3
Ubuntu 20.04 ARM GCC Cross Compile
Kernel: 5.4.0-72-generic
Compiler: aarch64-linux-gnu-gcc (Ubuntu 9.3.0-17ubuntu1~20.04) 9.3.0
Ubuntu 20.04 ARM SVE
Kernel: 5.4.0-80-generic
Compiler: gcc 10.3.0 (Ubuntu 10.3.0-1ubuntu1~20.04)
To view detailed results, visit:
https://lab.dpdk.org/results/dashboard/patchsets/22272/
UNH-IOL DPDK Community Lab
To manage your email subscriptions, visit:
https://lab.dpdk.org/results/dashboard/preferences/subscriptions/
^ permalink raw reply [flat|nested] 4+ messages in thread
end of thread, other threads:[~2022-05-25 11:04 UTC | newest]
Thread overview: 4+ messages (download: mbox.gz / follow: Atom feed)
-- links below jump to the message on this page --
2022-05-24 19:14 |FAILURE| pw111748-111749 [PATCH] [RFT, 2/2] rte_pie: fix incorrect floating point math dpdklab
2022-05-24 20:05 dpdklab
2022-05-24 21:25 dpdklab
2022-05-25 11:04 dpdklab
This is a public inbox, see mirroring instructions
for how to clone and mirror all data and code used for this inbox;
as well as URLs for NNTP newsgroup(s).