* |FAILURE| pw111626-111628 [PATCH] [v2, 2/2] test/threads: add unit test for get set priority
@ 2022-05-25 18:21 dpdklab
0 siblings, 0 replies; 6+ messages in thread
From: dpdklab @ 2022-05-25 18:21 UTC (permalink / raw)
To: Test Report; +Cc: dpdklab, David Marchand, Thomas Monjalon, Tyler Retzlaff
[-- Attachment #1: Type: text/plain, Size: 2636 bytes --]
Test-Label: iol-aarch64-unit-testing
Test-Status: FAILURE
http://dpdk.org/patch/111628
_Testing issues_
Submitter: Tyler Retzlaff <roretzla@linux.microsoft.com>
Date: Monday, May 23 2022 13:07:14
DPDK git baseline: Repo:dpdk
Branch: master
CommitID:0354e8e860389cf412dd051626af39b9a01e6c9c
111626-111628 --> testing fail
Test environment and result as below:
+-------------------------------+----------------+--------------+
| Environment | dpdk_unit_test | lpm_autotest |
+===============================+================+==============+
| Ubuntu 20.04 ARM Clang Native | FAIL | SKIPPED |
+-------------------------------+----------------+--------------+
| Ubuntu 20.04 ARM GCC Native | FAIL | SKIPPED |
+-------------------------------+----------------+--------------+
| Ubuntu 20.04 ARM SVE | SKIPPED | PASS |
+-------------------------------+----------------+--------------+
==== 20 line log output for Ubuntu 20.04 ARM GCC Native (dpdk_unit_test): ====
91/100 DPDK:fast-tests / telemetry_json_autotest OK 0.23s
92/100 DPDK:fast-tests / telemetry_data_autotest OK 0.23s
93/100 DPDK:fast-tests / table_autotest OK 4.84s
94/100 DPDK:fast-tests / ring_pmd_autotest OK 0.14s
95/100 DPDK:fast-tests / event_eth_tx_adapter_autotest OK 0.90s
96/100 DPDK:fast-tests / bitratestats_autotest OK 0.14s
97/100 DPDK:fast-tests / latencystats_autotest OK 0.14s
98/100 DPDK:fast-tests / pdump_autotest OK 5.22s
99/100 DPDK:fast-tests / vdev_autotest OK 0.14s
100/100 DPDK:fast-tests / compressdev_autotest SKIP 0.23s exit status 77
Ok: 94
Expected Fail: 0
Fail: 1
Unexpected Pass: 0
Skipped: 5
Timeout: 0
Full log written to /home-local/jenkins-local/jenkins-agent/workspace/Generic-VM-Unit-Test-DPDK/dpdk/build/meson-logs/testlog.txt
==== End log output ====
Ubuntu 20.04 ARM Clang Native
Kernel: 5.4.0-53-generic
Compiler: clang 10.0.0-4ubuntu1
Ubuntu 20.04 ARM GCC Native
Kernel: 5.4.0-53-generic
Compiler: gcc 9.3
Ubuntu 20.04 ARM SVE
Kernel: 5.4.0-80-generic
Compiler: gcc 10.3.0 (Ubuntu 10.3.0-1ubuntu1~20.04)
To view detailed results, visit:
https://lab.dpdk.org/results/dashboard/patchsets/22244/
UNH-IOL DPDK Community Lab
To manage your email subscriptions, visit:
https://lab.dpdk.org/results/dashboard/preferences/subscriptions/
^ permalink raw reply [flat|nested] 6+ messages in thread
* |FAILURE| pw111626-111628 [PATCH] [v2, 2/2] test/threads: add unit test for get set priority
@ 2022-05-26 3:20 dpdklab
0 siblings, 0 replies; 6+ messages in thread
From: dpdklab @ 2022-05-26 3:20 UTC (permalink / raw)
To: Test Report; +Cc: dpdklab, David Marchand, Thomas Monjalon, Tyler Retzlaff
[-- Attachment #1: Type: text/plain, Size: 3948 bytes --]
Test-Label: iol-x86_64-unit-testing
Test-Status: FAILURE
http://dpdk.org/patch/111628
_Testing issues_
Submitter: Tyler Retzlaff <roretzla@linux.microsoft.com>
Date: Monday, May 23 2022 13:07:14
DPDK git baseline: Repo:dpdk
Branch: master
CommitID:0354e8e860389cf412dd051626af39b9a01e6c9c
111626-111628 --> testing fail
Test environment and result as below:
+---------------------+----------------+
| Environment | dpdk_unit_test |
+=====================+================+
| Windows Server 2019 | PASS |
+---------------------+----------------+
| Fedora 31 | FAIL |
+---------------------+----------------+
| RHEL 7 | FAIL |
+---------------------+----------------+
| openSUSE Leap 15 | FAIL |
+---------------------+----------------+
| Arch Linux | FAIL |
+---------------------+----------------+
| Ubuntu 18.04 | FAIL |
+---------------------+----------------+
| Ubuntu 20.04 | FAIL |
+---------------------+----------------+
| CentOS Stream 8 | FAIL |
+---------------------+----------------+
| RHEL8 | FAIL |
+---------------------+----------------+
| Fedora 33 | FAIL |
+---------------------+----------------+
| Fedora 32 | FAIL |
+---------------------+----------------+
| Fedora 34 | FAIL |
+---------------------+----------------+
| Fedora 34 clang | FAIL |
+---------------------+----------------+
==== 20 line log output for Fedora 34 clang (dpdk_unit_test): ====
90/100 DPDK:fast-tests / metrics_autotest OK 0.17 s
91/100 DPDK:fast-tests / telemetry_json_autotest OK 0.17 s
92/100 DPDK:fast-tests / telemetry_data_autotest OK 0.17 s
93/100 DPDK:fast-tests / table_autotest OK 5.98 s
94/100 DPDK:fast-tests / ring_pmd_autotest OK 0.17 s
95/100 DPDK:fast-tests / event_eth_tx_adapter_autotest OK 0.47 s
96/100 DPDK:fast-tests / bitratestats_autotest OK 0.17 s
97/100 DPDK:fast-tests / latencystats_autotest OK 0.17 s
98/100 DPDK:fast-tests / pdump_autotest OK 5.22 s
99/100 DPDK:fast-tests / vdev_autotest OK 0.17 s
100/100 DPDK:fast-tests / compressdev_autotest SKIP 0.17 s
Ok: 93
Expected Fail: 0
Fail: 1
Unexpected Pass: 0
Skipped: 6
Timeout: 0
Full log written to /home-local/jenkins-local/jenkins-agent/workspace/Generic-Unit-Test-DPDK@3/dpdk/build/meson-logs/testlog.txt
==== End log output ====
Windows Server 2019
Kernel: 10.0
Compiler: clang 14.0 and gcc 8.1.0 (MinGW)
Fedora 31
Kernel: 4.18.0-240.10.1.el8_3.x86_64
Compiler: gcc 9.3.1
RHEL 7
Kernel: 4.18.0-240.10.1.el8_3.x86_64
Compiler: gcc 4.8.5 20150623 (Red Hat 4.8.5-44)
openSUSE Leap 15
Kernel: 4.18.0-240.10.1.el8_3.x86_64
Compiler: gcc 7.5.0
Arch Linux
Kernel: 5.4.0-73-generic
Compiler: gcc 11.1.0
Ubuntu 18.04
Kernel: 4.18.0-240.10.1.el8_3.x86_64
Compiler: gcc 7.5.0-3ubuntu1~18.04
Ubuntu 20.04
Kernel: 4.18.0-240.10.1.el8_3.x86_64
Compiler: gcc 9.3.0-17ubuntu1~20.04
CentOS Stream 8
Kernel: 4.18.0-240.10.1.el8_3.x86_64
Compiler: gcc 8.4.1 20200928
RHEL8
Kernel: 4.18.0-240.10.1.el8_3.x86_64
Compiler: gcc 8.3.1 20191121 (Red Hat 8.3.1-5)
Fedora 33
Kernel: 5.4.0-72-generic
Compiler: gcc 10.3.1 20210422 (Red Hat 10.3.1-1)
Fedora 32
Kernel: 4.18.0-240.10.1.el8_3.x86_64
Compiler: gcc 10.2.1
Fedora 34
Kernel: 5.4.0-72-generic
Compiler: gcc 11.1.1 20210428 (Red Hat 11.1.1-1)
Fedora 34 clang
Kernel: 5.4.0-72-generic
Compiler: clang 12.0.0 (Fedora 12.0.0-0.3.rc1.fc34)
To view detailed results, visit:
https://lab.dpdk.org/results/dashboard/patchsets/22244/
UNH-IOL DPDK Community Lab
To manage your email subscriptions, visit:
https://lab.dpdk.org/results/dashboard/preferences/subscriptions/
^ permalink raw reply [flat|nested] 6+ messages in thread
* |FAILURE| pw111626-111628 [PATCH] [v2, 2/2] test/threads: add unit test for get set priority
@ 2022-05-25 21:43 dpdklab
0 siblings, 0 replies; 6+ messages in thread
From: dpdklab @ 2022-05-25 21:43 UTC (permalink / raw)
To: Test Report; +Cc: dpdklab, David Marchand, Thomas Monjalon, Tyler Retzlaff
[-- Attachment #1: Type: text/plain, Size: 2636 bytes --]
Test-Label: iol-aarch64-unit-testing
Test-Status: FAILURE
http://dpdk.org/patch/111628
_Testing issues_
Submitter: Tyler Retzlaff <roretzla@linux.microsoft.com>
Date: Monday, May 23 2022 13:07:14
DPDK git baseline: Repo:dpdk
Branch: master
CommitID:0354e8e860389cf412dd051626af39b9a01e6c9c
111626-111628 --> testing fail
Test environment and result as below:
+-------------------------------+----------------+--------------+
| Environment | dpdk_unit_test | lpm_autotest |
+===============================+================+==============+
| Ubuntu 20.04 ARM Clang Native | FAIL | SKIPPED |
+-------------------------------+----------------+--------------+
| Ubuntu 20.04 ARM GCC Native | FAIL | SKIPPED |
+-------------------------------+----------------+--------------+
| Ubuntu 20.04 ARM SVE | SKIPPED | PASS |
+-------------------------------+----------------+--------------+
==== 20 line log output for Ubuntu 20.04 ARM GCC Native (dpdk_unit_test): ====
91/100 DPDK:fast-tests / telemetry_json_autotest OK 0.23s
92/100 DPDK:fast-tests / telemetry_data_autotest OK 0.23s
93/100 DPDK:fast-tests / table_autotest OK 4.83s
94/100 DPDK:fast-tests / ring_pmd_autotest OK 0.14s
95/100 DPDK:fast-tests / event_eth_tx_adapter_autotest OK 0.90s
96/100 DPDK:fast-tests / bitratestats_autotest OK 0.14s
97/100 DPDK:fast-tests / latencystats_autotest OK 0.14s
98/100 DPDK:fast-tests / pdump_autotest OK 5.21s
99/100 DPDK:fast-tests / vdev_autotest OK 0.14s
100/100 DPDK:fast-tests / compressdev_autotest SKIP 0.23s exit status 77
Ok: 94
Expected Fail: 0
Fail: 1
Unexpected Pass: 0
Skipped: 5
Timeout: 0
Full log written to /home-local/jenkins-local/jenkins-agent/workspace/Generic-VM-Unit-Test-DPDK/dpdk/build/meson-logs/testlog.txt
==== End log output ====
Ubuntu 20.04 ARM Clang Native
Kernel: 5.4.0-53-generic
Compiler: clang 10.0.0-4ubuntu1
Ubuntu 20.04 ARM GCC Native
Kernel: 5.4.0-53-generic
Compiler: gcc 9.3
Ubuntu 20.04 ARM SVE
Kernel: 5.4.0-80-generic
Compiler: gcc 10.3.0 (Ubuntu 10.3.0-1ubuntu1~20.04)
To view detailed results, visit:
https://lab.dpdk.org/results/dashboard/patchsets/22244/
UNH-IOL DPDK Community Lab
To manage your email subscriptions, visit:
https://lab.dpdk.org/results/dashboard/preferences/subscriptions/
^ permalink raw reply [flat|nested] 6+ messages in thread
* |FAILURE| pw111626-111628 [PATCH] [v2, 2/2] test/threads: add unit test for get set priority
@ 2022-05-25 20:23 dpdklab
0 siblings, 0 replies; 6+ messages in thread
From: dpdklab @ 2022-05-25 20:23 UTC (permalink / raw)
To: Test Report; +Cc: dpdklab, David Marchand, Thomas Monjalon, Tyler Retzlaff
[-- Attachment #1: Type: text/plain, Size: 3706 bytes --]
Test-Label: iol-x86_64-unit-testing
Test-Status: FAILURE
http://dpdk.org/patch/111628
_Testing issues_
Submitter: Tyler Retzlaff <roretzla@linux.microsoft.com>
Date: Monday, May 23 2022 13:07:14
DPDK git baseline: Repo:dpdk
Branch: master
CommitID:0354e8e860389cf412dd051626af39b9a01e6c9c
111626-111628 --> testing fail
Test environment and result as below:
+------------------+----------------+
| Environment | dpdk_unit_test |
+==================+================+
| CentOS Stream 8 | FAIL |
+------------------+----------------+
| Fedora 31 | FAIL |
+------------------+----------------+
| Ubuntu 18.04 | FAIL |
+------------------+----------------+
| RHEL 7 | FAIL |
+------------------+----------------+
| Arch Linux | FAIL |
+------------------+----------------+
| Fedora 32 | FAIL |
+------------------+----------------+
| Ubuntu 20.04 | FAIL |
+------------------+----------------+
| openSUSE Leap 15 | FAIL |
+------------------+----------------+
| Fedora 34 | FAIL |
+------------------+----------------+
| RHEL8 | FAIL |
+------------------+----------------+
| Fedora 33 | FAIL |
+------------------+----------------+
| Fedora 34 clang | FAIL |
+------------------+----------------+
==== 20 line log output for Fedora 34 clang (dpdk_unit_test): ====
90/100 DPDK:fast-tests / metrics_autotest OK 0.17 s
91/100 DPDK:fast-tests / telemetry_json_autotest OK 0.17 s
92/100 DPDK:fast-tests / telemetry_data_autotest OK 0.17 s
93/100 DPDK:fast-tests / table_autotest OK 5.93 s
94/100 DPDK:fast-tests / ring_pmd_autotest OK 0.17 s
95/100 DPDK:fast-tests / event_eth_tx_adapter_autotest OK 0.47 s
96/100 DPDK:fast-tests / bitratestats_autotest OK 0.17 s
97/100 DPDK:fast-tests / latencystats_autotest OK 0.17 s
98/100 DPDK:fast-tests / pdump_autotest OK 5.23 s
99/100 DPDK:fast-tests / vdev_autotest OK 0.17 s
100/100 DPDK:fast-tests / compressdev_autotest SKIP 0.17 s
Ok: 93
Expected Fail: 0
Fail: 1
Unexpected Pass: 0
Skipped: 6
Timeout: 0
Full log written to /home-local/jenkins-local/jenkins-agent/workspace/Generic-Unit-Test-DPDK@2/dpdk/build/meson-logs/testlog.txt
==== End log output ====
CentOS Stream 8
Kernel: 4.18.0-240.10.1.el8_3.x86_64
Compiler: gcc 8.4.1 20200928
Fedora 31
Kernel: 4.18.0-240.10.1.el8_3.x86_64
Compiler: gcc 9.3.1
Ubuntu 18.04
Kernel: 4.18.0-240.10.1.el8_3.x86_64
Compiler: gcc 7.5.0-3ubuntu1~18.04
RHEL 7
Kernel: 4.18.0-240.10.1.el8_3.x86_64
Compiler: gcc 4.8.5 20150623 (Red Hat 4.8.5-44)
Arch Linux
Kernel: 5.4.0-73-generic
Compiler: gcc 11.1.0
Fedora 32
Kernel: 4.18.0-240.10.1.el8_3.x86_64
Compiler: gcc 10.2.1
Ubuntu 20.04
Kernel: 4.18.0-240.10.1.el8_3.x86_64
Compiler: gcc 9.3.0-17ubuntu1~20.04
openSUSE Leap 15
Kernel: 4.18.0-240.10.1.el8_3.x86_64
Compiler: gcc 7.5.0
Fedora 34
Kernel: 5.4.0-72-generic
Compiler: gcc 11.1.1 20210428 (Red Hat 11.1.1-1)
RHEL8
Kernel: 4.18.0-240.10.1.el8_3.x86_64
Compiler: gcc 8.3.1 20191121 (Red Hat 8.3.1-5)
Fedora 33
Kernel: 5.4.0-72-generic
Compiler: gcc 10.3.1 20210422 (Red Hat 10.3.1-1)
Fedora 34 clang
Kernel: 5.4.0-72-generic
Compiler: clang 12.0.0 (Fedora 12.0.0-0.3.rc1.fc34)
To view detailed results, visit:
https://lab.dpdk.org/results/dashboard/patchsets/22244/
UNH-IOL DPDK Community Lab
To manage your email subscriptions, visit:
https://lab.dpdk.org/results/dashboard/preferences/subscriptions/
^ permalink raw reply [flat|nested] 6+ messages in thread
* |FAILURE| pw111626-111628 [PATCH] [v2, 2/2] test/threads: add unit test for get set priority
@ 2022-05-23 18:30 dpdklab
0 siblings, 0 replies; 6+ messages in thread
From: dpdklab @ 2022-05-23 18:30 UTC (permalink / raw)
To: Test Report; +Cc: dpdklab, David Marchand, Thomas Monjalon, Tyler Retzlaff
[-- Attachment #1: Type: text/plain, Size: 3703 bytes --]
Test-Label: iol-x86_64-unit-testing
Test-Status: FAILURE
http://dpdk.org/patch/111628
_Testing issues_
Submitter: Tyler Retzlaff <roretzla@linux.microsoft.com>
Date: Monday, May 23 2022 13:07:14
DPDK git baseline: Repo:dpdk
Branch: master
CommitID:26d734b5d280b96f91f00f5e0c6c7eff99facef2
111626-111628 --> testing fail
Test environment and result as below:
+------------------+----------------+
| Environment | dpdk_unit_test |
+==================+================+
| Arch Linux | FAIL |
+------------------+----------------+
| RHEL 7 | FAIL |
+------------------+----------------+
| Ubuntu 18.04 | FAIL |
+------------------+----------------+
| CentOS Stream 8 | FAIL |
+------------------+----------------+
| Fedora 32 | FAIL |
+------------------+----------------+
| Fedora 33 | FAIL |
+------------------+----------------+
| RHEL8 | FAIL |
+------------------+----------------+
| openSUSE Leap 15 | FAIL |
+------------------+----------------+
| Fedora 34 | FAIL |
+------------------+----------------+
| Fedora 34 clang | FAIL |
+------------------+----------------+
| Fedora 31 | FAIL |
+------------------+----------------+
| Ubuntu 20.04 | FAIL |
+------------------+----------------+
==== 20 line log output for Ubuntu 20.04 (dpdk_unit_test): ====
90/100 DPDK:fast-tests / metrics_autotest OK 0.17 s
91/100 DPDK:fast-tests / telemetry_json_autotest OK 0.17 s
92/100 DPDK:fast-tests / telemetry_data_autotest OK 0.17 s
93/100 DPDK:fast-tests / table_autotest OK 5.88 s
94/100 DPDK:fast-tests / ring_pmd_autotest OK 0.17 s
95/100 DPDK:fast-tests / event_eth_tx_adapter_autotest OK 0.47 s
96/100 DPDK:fast-tests / bitratestats_autotest OK 0.17 s
97/100 DPDK:fast-tests / latencystats_autotest OK 0.17 s
98/100 DPDK:fast-tests / pdump_autotest OK 5.22 s
99/100 DPDK:fast-tests / vdev_autotest OK 0.17 s
100/100 DPDK:fast-tests / compressdev_autotest SKIP 0.17 s
Ok: 93
Expected Fail: 0
Fail: 1
Unexpected Pass: 0
Skipped: 6
Timeout: 0
Full log written to /home-local/jenkins-local/jenkins-agent/workspace/Generic-Unit-Test-DPDK@3/dpdk/build/meson-logs/testlog.txt
==== End log output ====
Arch Linux
Kernel: 5.4.0-73-generic
Compiler: gcc 11.1.0
RHEL 7
Kernel: 4.18.0-240.10.1.el8_3.x86_64
Compiler: gcc 4.8.5 20150623 (Red Hat 4.8.5-44)
Ubuntu 18.04
Kernel: 4.18.0-240.10.1.el8_3.x86_64
Compiler: gcc 7.5.0-3ubuntu1~18.04
CentOS Stream 8
Kernel: 4.18.0-240.10.1.el8_3.x86_64
Compiler: gcc 8.4.1 20200928
Fedora 32
Kernel: 4.18.0-240.10.1.el8_3.x86_64
Compiler: gcc 10.2.1
Fedora 33
Kernel: 5.4.0-72-generic
Compiler: gcc 10.3.1 20210422 (Red Hat 10.3.1-1)
RHEL8
Kernel: 4.18.0-240.10.1.el8_3.x86_64
Compiler: gcc 8.3.1 20191121 (Red Hat 8.3.1-5)
openSUSE Leap 15
Kernel: 4.18.0-240.10.1.el8_3.x86_64
Compiler: gcc 7.5.0
Fedora 34
Kernel: 5.4.0-72-generic
Compiler: gcc 11.1.1 20210428 (Red Hat 11.1.1-1)
Fedora 34 clang
Kernel: 5.4.0-72-generic
Compiler: clang 12.0.0 (Fedora 12.0.0-0.3.rc1.fc34)
Fedora 31
Kernel: 4.18.0-240.10.1.el8_3.x86_64
Compiler: gcc 9.3.1
Ubuntu 20.04
Kernel: 4.18.0-240.10.1.el8_3.x86_64
Compiler: gcc 9.3.0-17ubuntu1~20.04
To view detailed results, visit:
https://lab.dpdk.org/results/dashboard/patchsets/22244/
UNH-IOL DPDK Community Lab
To manage your email subscriptions, visit:
https://lab.dpdk.org/results/dashboard/preferences/subscriptions/
^ permalink raw reply [flat|nested] 6+ messages in thread
* |FAILURE| pw111626-111628 [PATCH] [v2, 2/2] test/threads: add unit test for get set priority
@ 2022-05-23 15:24 dpdklab
0 siblings, 0 replies; 6+ messages in thread
From: dpdklab @ 2022-05-23 15:24 UTC (permalink / raw)
To: Test Report; +Cc: dpdklab, David Marchand, Thomas Monjalon, Tyler Retzlaff
[-- Attachment #1: Type: text/plain, Size: 2636 bytes --]
Test-Label: iol-aarch64-unit-testing
Test-Status: FAILURE
http://dpdk.org/patch/111628
_Testing issues_
Submitter: Tyler Retzlaff <roretzla@linux.microsoft.com>
Date: Monday, May 23 2022 13:07:14
DPDK git baseline: Repo:dpdk
Branch: master
CommitID:26d734b5d280b96f91f00f5e0c6c7eff99facef2
111626-111628 --> testing fail
Test environment and result as below:
+-------------------------------+----------------+--------------+
| Environment | dpdk_unit_test | lpm_autotest |
+===============================+================+==============+
| Ubuntu 20.04 ARM Clang Native | FAIL | SKIPPED |
+-------------------------------+----------------+--------------+
| Ubuntu 20.04 ARM GCC Native | FAIL | SKIPPED |
+-------------------------------+----------------+--------------+
| Ubuntu 20.04 ARM SVE | SKIPPED | PASS |
+-------------------------------+----------------+--------------+
==== 20 line log output for Ubuntu 20.04 ARM GCC Native (dpdk_unit_test): ====
91/100 DPDK:fast-tests / telemetry_json_autotest OK 0.23s
92/100 DPDK:fast-tests / telemetry_data_autotest OK 0.23s
93/100 DPDK:fast-tests / table_autotest OK 4.83s
94/100 DPDK:fast-tests / ring_pmd_autotest OK 0.14s
95/100 DPDK:fast-tests / event_eth_tx_adapter_autotest OK 0.96s
96/100 DPDK:fast-tests / bitratestats_autotest OK 0.14s
97/100 DPDK:fast-tests / latencystats_autotest OK 0.14s
98/100 DPDK:fast-tests / pdump_autotest OK 5.21s
99/100 DPDK:fast-tests / vdev_autotest OK 0.14s
100/100 DPDK:fast-tests / compressdev_autotest SKIP 0.23s exit status 77
Ok: 94
Expected Fail: 0
Fail: 1
Unexpected Pass: 0
Skipped: 5
Timeout: 0
Full log written to /home-local/jenkins-local/jenkins-agent/workspace/Generic-VM-Unit-Test-DPDK/dpdk/build/meson-logs/testlog.txt
==== End log output ====
Ubuntu 20.04 ARM Clang Native
Kernel: 5.4.0-53-generic
Compiler: clang 10.0.0-4ubuntu1
Ubuntu 20.04 ARM GCC Native
Kernel: 5.4.0-53-generic
Compiler: gcc 9.3
Ubuntu 20.04 ARM SVE
Kernel: 5.4.0-80-generic
Compiler: gcc 10.3.0 (Ubuntu 10.3.0-1ubuntu1~20.04)
To view detailed results, visit:
https://lab.dpdk.org/results/dashboard/patchsets/22244/
UNH-IOL DPDK Community Lab
To manage your email subscriptions, visit:
https://lab.dpdk.org/results/dashboard/preferences/subscriptions/
^ permalink raw reply [flat|nested] 6+ messages in thread
end of thread, other threads:[~2022-05-26 3:20 UTC | newest]
Thread overview: 6+ messages (download: mbox.gz / follow: Atom feed)
-- links below jump to the message on this page --
2022-05-25 18:21 |FAILURE| pw111626-111628 [PATCH] [v2, 2/2] test/threads: add unit test for get set priority dpdklab
-- strict thread matches above, loose matches on Subject: below --
2022-05-26 3:20 dpdklab
2022-05-25 21:43 dpdklab
2022-05-25 20:23 dpdklab
2022-05-23 18:30 dpdklab
2022-05-23 15:24 dpdklab
This is a public inbox, see mirroring instructions
for how to clone and mirror all data and code used for this inbox;
as well as URLs for NNTP newsgroup(s).