* |FAILURE| pw112879-112880 [PATCH] [2/2] app/testpmd: fix GTP PSC raw processing
@ 2022-06-16 13:21 dpdklab
0 siblings, 0 replies; 3+ messages in thread
From: dpdklab @ 2022-06-16 13:21 UTC (permalink / raw)
To: Test Report; +Cc: dpdklab, David Marchand, Thomas Monjalon, Gregory Etelson
[-- Attachment #1: Type: text/plain, Size: 6516 bytes --]
Test-Label: iol-aarch64-compile-testing
Test-Status: FAILURE
http://dpdk.org/patch/112880
_Testing issues_
Submitter: Gregory Etelson <getelson@nvidia.com>
Date: Thursday, June 16 2022 09:34:17
DPDK git baseline: Repo:dpdk
Branch: master
CommitID:7342e612052ae3ec875ae018548324d29abfa9c2
112879-112880 --> testing fail
Test environment and result as below:
+----------------------------------------+--------------------+
| Environment | dpdk_meson_compile |
+========================================+====================+
| Ubuntu 20.04 ARM GCC Native | FAIL |
+----------------------------------------+--------------------+
| Ubuntu 20.04 ARM Clang Native | PASS |
+----------------------------------------+--------------------+
| Ubuntu 20.04 aarch32 GCC Cross Compile | FAIL |
+----------------------------------------+--------------------+
| Ubuntu 20.04 ARM SVE | FAIL |
+----------------------------------------+--------------------+
| Ubuntu 20.04 ARM Clang Cross Compile | PASS |
+----------------------------------------+--------------------+
| Ubuntu 20.04 ARM GCC Cross Compile | FAIL |
+----------------------------------------+--------------------+
==== 20 line log output for Ubuntu 20.04 ARM GCC Cross Compile (dpdk_meson_compile): ====
[2939/3290] Compiling C object 'app/a172ced@@dpdk-test-pipeline@exe/test-pipeline_runtime.c.o'.
[2940/3290] Linking target app/dpdk-test-pipeline.
[2941/3290] Compiling C object 'app/a172ced@@dpdk-testpmd@exe/test-pmd_5tswap.c.o'.
[2942/3290] Compiling C object 'app/a172ced@@dpdk-testpmd@exe/test-pmd_cmdline_flow.c.o'.
FAILED: app/a172ced@@dpdk-testpmd@exe/test-pmd_cmdline_flow.c.o
ccache aarch64-linux-gnu-gcc -Iapp/a172ced@@dpdk-testpmd@exe -Iapp -I../app -Iapp/test-pmd -I../app/test-pmd -Ilib/ethdev -I../lib/ethdev -I. -I../ -Iconfig -I../config -Ilib/eal/include -I../lib/eal/include -Ilib/eal/linux/include -I../lib/eal/linux/include -Ilib/eal/arm/include -I../lib/eal/arm/include -Ilib/eal/common -I../lib/eal/common -Ilib/eal -I../lib/eal -Ilib/kvargs -I../lib/kvargs -Ilib/telemetry/../metrics -I../lib/telemetry/../metrics -Ilib/telemetry -I../lib/telemetry -Ilib/net -I../lib/net -Ilib/mbuf -I../lib/mbuf -Ilib/mempool -I../lib/mempool -Ilib/ring -I../lib/ring -Ilib/meter -I../lib/meter -Ilib/cmdline -I../lib/cmdline -Idrivers/bus/pci -I../drivers/bus/pci -I../drivers/bus/pci/linux -Ilib/pci -I../lib/pci -Idrivers/crypto/scheduler -I../drivers/crypto/scheduler -Ilib/cryptodev -I../lib/cryptodev -Ilib/rcu -I../lib/rcu -Idrivers/bus/vdev -I../drivers/bus/vdev -Ilib/reorder -I../lib/reorder -Ilib/bitratestats -I../lib/bitratestats -Ilib/metrics -I../lib/metrics -Ilib/bpf -I../lib/bpf -Ilib/gro -I../lib/gro -Ilib/gso -I../lib/gso -Ilib/latencystats -I../lib/latencystats -Ilib/pdump -I../lib/pdump -Ilib/pcapng -I../lib/pcapng -Idrivers/net/bonding -I../drivers/net/bonding -Ilib/sched -I../lib/sched -Ilib/ip_frag -I../lib/ip_frag -Ilib/hash -I../lib/hash -Idrivers/net/bnxt -I../drivers/net/bnxt -Idrivers/net/bnxt/tf_ulp -I../drivers/net/bnxt/tf_ulp -Idrivers/net/bnxt/tf_ulp/generic_templates -I../drivers/net/bnxt/tf_ulp/generic_templates -Idrivers/net/bnxt/tf_core -I../drivers/net/bnxt/tf_core -Idrivers/net/bnxt/hcapi/cfa -I../drivers/net/bnxt/hcapi/cfa -Idrivers/net/i40e -I../drivers/net/i40e -Idrivers/net/i40e/base -I../drivers/net/i40e/base -Idrivers/net/ixgbe -I../drivers/net/ixgbe -Idrivers/net/ixgbe/base -I../drivers/net/ixgbe/base -Ilib/security -I../lib/security -Idrivers/bus/dpaa -I../drivers/bus/dpaa -I../drivers/bus/dpaa/include -I../drivers/bus/dpaa/base/qbman -Idrivers/common/dpaax -I../drivers/common/dpaax -I../drivers/common/dpaax/caamflib -Ilib/eventdev -I../lib/eventdev -Ilib/timer -I../lib/timer -Idrivers/mempool/dpaa -I../drivers/mempool/dpaa -Idrivers/net/dpaa -I../drivers/net/dpaa -fdiagnostics-color=always -pipe -D_FILE_OFFSET_BITS=64 -Wall -Winvalid-pch -Wextra -Werror -O3 -include rte_config.h -Wcast-qual -Wdeprecated -Wformat -Wformat-nonliteral -Wformat-security -Wmissing-declarations -Wmissing-prototypes -Wnested-externs -Wold-style-definition -Wpointer-arith -Wsign-compare -Wstrict-prototypes -Wundef -Wwrite-strings -Wno-address-of-packed-member -Wno-packed-not-aligned -Wno-missing-field-initializers -D_GNU_SOURCE -march=armv8-a+crc -moutline-atomics -DALLOW_EXPERIMENTAL_API -Wno-deprecated-declarations -MD -MQ 'app/a172ced@@dpdk-testpmd@exe/test-pmd_cmdline_flow.c.o' -MF 'app/a172ced@@dpdk-testpmd@exe/test-pmd_cmdline_flow.c.o.d' -o 'app/a172ced@@dpdk-testpmd@exe/test-pmd_cmdline_flow.c.o' -c ../app/test-pmd/cmdline_flow.c
In file included from /usr/aarch64-linux-gnu/include/string.h:495,
from ../app/test-pmd/cmdline_flow.c:12:
In function 'memcpy',
inlined from 'cmd_set_raw_parsed' at ../app/test-pmd/cmdline_flow.c:11039:5,
inlined from 'cmd_set_raw_cb' at ../app/test-pmd/cmdline_flow.c:11172:3:
/usr/aarch64-linux-gnu/include/bits/string_fortified.h:34:10: error: '__builtin_memcpy' forming offset 4 is out of the bounds [0, 3] of object 'hdr' with type 'struct rte_gtp_psc_generic_hdr' [-Werror=array-bounds]
34 | return __builtin___memcpy_chk (__dest, __src, __len, __bos0 (__dest));
| ^~~~~~~~~~~~~~~~~~~~~~~~~~~~~~~~~~~~~~~~~~~~~~~~~~~~~~~~~~~~~~
../app/test-pmd/cmdline_flow.c: In function 'cmd_set_raw_cb':
../app/test-pmd/cmdline_flow.c:11032:36: note: 'hdr' declared here
11032 | struct rte_gtp_psc_generic_hdr hdr;
| ^~~
cc1: all warnings being treated as errors
ninja: build stopped: subcommand failed.
==== End log output ====
Ubuntu 20.04 ARM GCC Native
Kernel: 5.4.0-53-generic
Compiler: gcc 9.3
Ubuntu 20.04 ARM Clang Native
Kernel: 5.4.0-53-generic
Compiler: clang 10.0.0-4ubuntu1
Ubuntu 20.04 aarch32 GCC Cross Compile
Kernel: 5.4.0-72-generic
Compiler: gcc 9.3.0
Ubuntu 20.04 ARM SVE
Kernel: 5.4.0-80-generic
Compiler: gcc 10.3.0 (Ubuntu 10.3.0-1ubuntu1~20.04)
Ubuntu 20.04 ARM Clang Cross Compile
Kernel: 5.4.0-72-generic
Compiler: clang version 10.0.0-4ubuntu1
Ubuntu 20.04 ARM GCC Cross Compile
Kernel: 5.4.0-72-generic
Compiler: aarch64-linux-gnu-gcc (Ubuntu 9.3.0-17ubuntu1~20.04) 9.3.0
To view detailed results, visit:
https://lab.dpdk.org/results/dashboard/patchsets/22640/
UNH-IOL DPDK Community Lab
To manage your email subscriptions, visit:
https://lab.dpdk.org/results/dashboard/preferences/subscriptions/
^ permalink raw reply [flat|nested] 3+ messages in thread
* |FAILURE| pw112879-112880 [PATCH] [2/2] app/testpmd: fix GTP PSC raw processing
@ 2022-06-16 13:19 dpdklab
0 siblings, 0 replies; 3+ messages in thread
From: dpdklab @ 2022-06-16 13:19 UTC (permalink / raw)
To: Test Report
Cc: dpdk-test-reports, David Marchand, Thomas Monjalon, Gregory Etelson
[-- Attachment #1: Type: text/plain, Size: 5398 bytes --]
Test-Label: iol-x86_64-compile-testing
Test-Status: FAILURE
http://dpdk.org/patch/112880
_Testing issues_
Submitter: Gregory Etelson <getelson@nvidia.com>
Date: Thursday, June 16 2022 09:34:17
DPDK git baseline: Repo:dpdk
Branch: master
CommitID:7342e612052ae3ec875ae018548324d29abfa9c2
112879-112880 --> testing fail
Test environment and result as below:
+---------------------+--------------------+----------------------+
| Environment | dpdk_meson_compile | dpdk_mingw64_compile |
+=====================+====================+======================+
| Windows Server 2019 | PASS | PASS |
+---------------------+--------------------+----------------------+
| FreeBSD 13 | PASS | SKIPPED |
+---------------------+--------------------+----------------------+
| RHEL 7 | PASS | SKIPPED |
+---------------------+--------------------+----------------------+
| openSUSE Leap 15 | PASS | SKIPPED |
+---------------------+--------------------+----------------------+
| Ubuntu 18.04 | PASS | SKIPPED |
+---------------------+--------------------+----------------------+
| CentOS Stream 8 | PASS | SKIPPED |
+---------------------+--------------------+----------------------+
| Fedora 31 | PASS | SKIPPED |
+---------------------+--------------------+----------------------+
| Fedora 32 | PASS | SKIPPED |
+---------------------+--------------------+----------------------+
| Ubuntu 20.04 | PASS | SKIPPED |
+---------------------+--------------------+----------------------+
| Arch Linux | FAIL | SKIPPED |
+---------------------+--------------------+----------------------+
| RHEL8 | PASS | SKIPPED |
+---------------------+--------------------+----------------------+
| Fedora 34 | FAIL | SKIPPED |
+---------------------+--------------------+----------------------+
| Fedora 33 | PASS | SKIPPED |
+---------------------+--------------------+----------------------+
| Fedora 34 clang | PASS | SKIPPED |
+---------------------+--------------------+----------------------+
==== 20 line log output for Fedora 34 (dpdk_meson_compile): ====
../app/test-pmd/cmdline_flow.c: In function ‘cmd_set_raw_cb’:
../lib/eal/x86/include/rte_memcpy.h:79:63: error: array subscript ‘const struct rte_uint32_alias[0]’ is partly outside array bounds of ‘struct rte_gtp_psc_generic_hdr[1]’ [-Werror=array-bounds]
79 | ((const struct rte_uint32_alias *)src)->val;
| ~~~~~~~~~~~~~~~~~~~~~~~~~~~~~~~~~~~~~~^~~~~
../app/test-pmd/cmdline_flow.c:11032:64: note: while referencing ‘hdr’
11032 | struct rte_gtp_psc_generic_hdr hdr;
| ^~~
In file included from ../lib/mempool/rte_mempool.h:46,
from ../lib/mbuf/rte_mbuf.h:38,
from ../lib/net/rte_ether.h:22,
from ../lib/ethdev/rte_ethdev.h:172,
from ../app/test-pmd/cmdline_flow.c:16:
../lib/eal/x86/include/rte_memcpy.h:79:63: error: array subscript ‘const struct rte_uint32_alias[0]’ is partly outside array bounds of ‘struct rte_gtp_psc_generic_hdr[1]’ [-Werror=array-bounds]
79 | ((const struct rte_uint32_alias *)src)->val;
| ~~~~~~~~~~~~~~~~~~~~~~~~~~~~~~~~~~~~~~^~~~~
../app/test-pmd/cmdline_flow.c:11032:64: note: while referencing ‘hdr’
11032 | struct rte_gtp_psc_generic_hdr hdr;
| ^~~
cc1: all warnings being treated as errors
ninja: build stopped: subcommand failed.
==== End log output ====
Windows Server 2019
Kernel: 10.0
Compiler: clang 14.0 and gcc 8.1.0 (MinGW)
FreeBSD 13
Kernel: 13.0
Compiler: clang 11.0.1
RHEL 7
Kernel: 4.18.0-240.10.1.el8_3.x86_64
Compiler: gcc 4.8.5 20150623 (Red Hat 4.8.5-44)
openSUSE Leap 15
Kernel: 4.18.0-240.10.1.el8_3.x86_64
Compiler: gcc 7.5.0
Ubuntu 18.04
Kernel: 4.18.0-240.10.1.el8_3.x86_64
Compiler: gcc 7.5.0-3ubuntu1~18.04
CentOS Stream 8
Kernel: 4.18.0-240.10.1.el8_3.x86_64
Compiler: gcc 8.4.1 20200928
Fedora 31
Kernel: 4.18.0-240.10.1.el8_3.x86_64
Compiler: gcc 9.3.1
Fedora 32
Kernel: 4.18.0-240.10.1.el8_3.x86_64
Compiler: gcc 10.2.1
Ubuntu 20.04
Kernel: 4.18.0-240.10.1.el8_3.x86_64
Compiler: gcc 9.3.0-17ubuntu1~20.04
Arch Linux
Kernel: 5.4.0-73-generic
Compiler: gcc 11.1.0
RHEL8
Kernel: 4.18.0-240.10.1.el8_3.x86_64
Compiler: gcc 8.3.1 20191121 (Red Hat 8.3.1-5)
Fedora 34
Kernel: 5.4.0-72-generic
Compiler: gcc 11.1.1 20210428 (Red Hat 11.1.1-1)
Fedora 33
Kernel: 5.4.0-72-generic
Compiler: gcc 10.3.1 20210422 (Red Hat 10.3.1-1)
Fedora 34 clang
Kernel: 5.4.0-72-generic
Compiler: clang 12.0.0 (Fedora 12.0.0-0.3.rc1.fc34)
To view detailed results, visit:
https://lab.dpdk.org/results/dashboard/patchsets/22640/
UNH-IOL DPDK Community Lab
To manage your email subscriptions, visit:
https://lab.dpdk.org/results/dashboard/preferences/subscriptions/
^ permalink raw reply [flat|nested] 3+ messages in thread
* |FAILURE| pw112879-112880 [PATCH] [2/2] app/testpmd: fix GTP PSC raw processing
@ 2022-06-16 11:36 dpdklab
0 siblings, 0 replies; 3+ messages in thread
From: dpdklab @ 2022-06-16 11:36 UTC (permalink / raw)
To: Test Report; +Cc: dpdklab, David Marchand, Thomas Monjalon, Gregory Etelson
[-- Attachment #1: Type: text/plain, Size: 3587 bytes --]
Test-Label: iol-aarch64-unit-testing
Test-Status: FAILURE
http://dpdk.org/patch/112880
_Testing issues_
Submitter: Gregory Etelson <getelson@nvidia.com>
Date: Thursday, June 16 2022 09:34:17
DPDK git baseline: Repo:dpdk
Branch: master
CommitID:7342e612052ae3ec875ae018548324d29abfa9c2
112879-112880 --> testing fail
Test environment and result as below:
+-------------------------------+--------------+----------------+
| Environment | lpm_autotest | dpdk_unit_test |
+===============================+==============+================+
| Ubuntu 20.04 ARM SVE | FAIL | SKIPPED |
+-------------------------------+--------------+----------------+
| Ubuntu 20.04 ARM GCC Native | SKIPPED | FAIL |
+-------------------------------+--------------+----------------+
| Ubuntu 20.04 ARM Clang Native | SKIPPED | PASS |
+-------------------------------+--------------+----------------+
==== 20 line log output for Ubuntu 20.04 ARM GCC Native (dpdk_unit_test): ====
[3452/3495] Compiling C object drivers/libtmp_rte_event_cnxk.a.p/event_cnxk_deq_cn10k_deq_96_111_ca_tmo.c.o
[3453/3495] Compiling C object drivers/libtmp_rte_event_cnxk.a.p/event_cnxk_deq_cn10k_deq_80_95_ca_tmo.c.o
[3454/3495] Compiling C object drivers/libtmp_rte_event_cnxk.a.p/event_cnxk_deq_cn10k_deq_112_127_ca_tmo.c.o
[3455/3495] Compiling C object drivers/libtmp_rte_event_cnxk.a.p/event_cnxk_deq_cn10k_deq_64_79_tmo_seg.c.o
[3456/3495] Compiling C object drivers/libtmp_rte_event_cnxk.a.p/event_cnxk_tx_cn10k_tx_48_63.c.o
[3457/3495] Compiling C object drivers/libtmp_rte_event_cnxk.a.p/event_cnxk_deq_cn10k_deq_96_111_tmo_seg.c.o
[3458/3495] Compiling C object drivers/libtmp_rte_event_cnxk.a.p/event_cnxk_deq_cn10k_deq_80_95_tmo_seg.c.o
[3459/3495] Compiling C object drivers/libtmp_rte_event_cnxk.a.p/event_cnxk_tx_cn10k_tx_64_79.c.o
[3460/3495] Compiling C object drivers/libtmp_rte_event_cnxk.a.p/event_cnxk_deq_cn10k_deq_64_79_ca_tmo_seg.c.o
[3461/3495] Compiling C object drivers/libtmp_rte_event_cnxk.a.p/event_cnxk_tx_cn10k_tx_96_111.c.o
[3462/3495] Compiling C object drivers/libtmp_rte_event_cnxk.a.p/event_cnxk_deq_cn10k_deq_112_127_tmo_seg.c.o
[3463/3495] Compiling C object drivers/libtmp_rte_event_cnxk.a.p/event_cnxk_tx_cn10k_tx_32_47_seg.c.o
[3464/3495] Compiling C object drivers/libtmp_rte_event_cnxk.a.p/event_cnxk_tx_cn10k_tx_80_95_seg.c.o
[3465/3495] Compiling C object drivers/libtmp_rte_event_cnxk.a.p/event_cnxk_deq_cn10k_deq_80_95_ca_tmo_seg.c.o
[3466/3495] Compiling C object drivers/libtmp_rte_event_cnxk.a.p/event_cnxk_tx_cn10k_tx_0_15_seg.c.o
[3467/3495] Compiling C object drivers/libtmp_rte_event_cnxk.a.p/event_cnxk_tx_cn10k_tx_112_127.c.o
[3468/3495] Compiling C object drivers/libtmp_rte_event_cnxk.a.p/event_cnxk_tx_cn10k_tx_48_63_seg.c.o
[3469/3495] Compiling C object drivers/libtmp_rte_event_cnxk.a.p/event_cnxk_tx_cn10k_tx_64_79_seg.c.o
[3470/3495] Compiling C object drivers/libtmp_rte_event_cnxk.a.p/event_cnxk_tx_cn10k_tx_112_127_seg.c.o
ninja: build stopped: subcommand failed.
==== End log output ====
Ubuntu 20.04 ARM SVE
Kernel: 5.4.0-80-generic
Compiler: gcc 10.3.0 (Ubuntu 10.3.0-1ubuntu1~20.04)
Ubuntu 20.04 ARM GCC Native
Kernel: 5.4.0-53-generic
Compiler: gcc 9.3
Ubuntu 20.04 ARM Clang Native
Kernel: 5.4.0-53-generic
Compiler: clang 10.0.0-4ubuntu1
To view detailed results, visit:
https://lab.dpdk.org/results/dashboard/patchsets/22640/
UNH-IOL DPDK Community Lab
To manage your email subscriptions, visit:
https://lab.dpdk.org/results/dashboard/preferences/subscriptions/
^ permalink raw reply [flat|nested] 3+ messages in thread
end of thread, other threads:[~2022-06-16 13:21 UTC | newest]
Thread overview: 3+ messages (download: mbox.gz / follow: Atom feed)
-- links below jump to the message on this page --
2022-06-16 13:21 |FAILURE| pw112879-112880 [PATCH] [2/2] app/testpmd: fix GTP PSC raw processing dpdklab
-- strict thread matches above, loose matches on Subject: below --
2022-06-16 13:19 dpdklab
2022-06-16 11:36 dpdklab
This is a public inbox, see mirroring instructions
for how to clone and mirror all data and code used for this inbox;
as well as URLs for NNTP newsgroup(s).