* |WARNING| pw113280 [PATCH] vhost: fix unchecked return value
@ 2022-06-23 2:06 dpdklab
0 siblings, 0 replies; 2+ messages in thread
From: dpdklab @ 2022-06-23 2:06 UTC (permalink / raw)
To: Test Report; +Cc: dpdk-test-reports, David Marchand, Thomas Monjalon, Jiayu Hu
[-- Attachment #1: Type: text/plain, Size: 5063 bytes --]
Test-Label: iol-x86_64-compile-testing
Test-Status: WARNING
http://dpdk.org/patch/113280
_Testing issues_
Submitter: Jiayu Hu <jiayu.hu@intel.com>
Date: Thursday, June 23 2022 01:08:58
DPDK git baseline: Repo:dpdk
Branch: master
CommitID:69033e3b843c81c74bcdd5e678c896c1fe1535ef
113280 --> testing fail
Test environment and result as below:
+---------------------+--------------------+----------------------+
| Environment | dpdk_meson_compile | dpdk_mingw64_compile |
+=====================+====================+======================+
| openSUSE Leap 15 | PASS | SKIPPED |
+---------------------+--------------------+----------------------+
| Fedora 31 | PASS | SKIPPED |
+---------------------+--------------------+----------------------+
| Fedora 32 | PASS | SKIPPED |
+---------------------+--------------------+----------------------+
| Windows Server 2019 | PASS | FAIL |
+---------------------+--------------------+----------------------+
| RHEL 7 | PASS | SKIPPED |
+---------------------+--------------------+----------------------+
| Ubuntu 20.04 | PASS | SKIPPED |
+---------------------+--------------------+----------------------+
| Arch Linux | PASS | SKIPPED |
+---------------------+--------------------+----------------------+
| RHEL8 | PASS | SKIPPED |
+---------------------+--------------------+----------------------+
| Fedora 34 | PASS | SKIPPED |
+---------------------+--------------------+----------------------+
| FreeBSD 13 | PASS | SKIPPED |
+---------------------+--------------------+----------------------+
| Ubuntu 18.04 | PASS | SKIPPED |
+---------------------+--------------------+----------------------+
| CentOS Stream 8 | PASS | SKIPPED |
+---------------------+--------------------+----------------------+
| Fedora 33 | PASS | SKIPPED |
+---------------------+--------------------+----------------------+
| Fedora 34 clang | PASS | SKIPPED |
+---------------------+--------------------+----------------------+
==== 20 line log output for Windows Server 2019 (dpdk_mingw64_compile): ====
Source dir: C:\Users\builder\jenkins\workspace\Windows-Compile-DPDK-Mingw64\dpdk
Build dir: C:\Users\builder\jenkins\workspace\Windows-Compile-DPDK-Mingw64\dpdk\build
Build type: native build
Program more found: YES (C:\Windows\system32\more.COM)
Project name: DPDK
Project version: 22.07.0-rc1
C compiler for the host machine: gcc (gcc 8.1.0 "gcc (x86_64-posix-seh-rev0, Built by MinGW-W64 project) 8.1.0")
C linker for the host machine: gcc ld.bfd 2.30
Host machine cpu family: x86_64
Host machine cpu: x86_64
Message: ## Building in Developer Mode ##
Program pkg-config pkgconf found: NO
Program check-symbols.sh found: YES (sh C:\Users\builder\jenkins\workspace\Windows-Compile-DPDK-Mingw64\dpdk\buildtools\check-symbols.sh)
Program options-ibverbs-static.sh found: YES (sh C:\Users\builder\jenkins\workspace\Windows-Compile-DPDK-Mingw64\dpdk\buildtools\options-ibverbs-static.sh)
Program objdump found: YES (C:\mingw64\mingw64\bin\objdump.EXE)
Program python3 found: YES (c:\python38\python.exe)
Program more found: YES (C:\Windows\system32\more.COM)
Checking for size of "void *" : 8
Checking for size of "void *" : 8
Library m found: YES
==== End log output ====
openSUSE Leap 15
Kernel: 4.18.0-240.10.1.el8_3.x86_64
Compiler: gcc 7.5.0
Fedora 31
Kernel: 4.18.0-240.10.1.el8_3.x86_64
Compiler: gcc 9.3.1
Fedora 32
Kernel: 4.18.0-240.10.1.el8_3.x86_64
Compiler: gcc 10.2.1
Windows Server 2019
Kernel: 10.0
Compiler: clang 14.0 and gcc 8.1.0 (MinGW)
RHEL 7
Kernel: 4.18.0-240.10.1.el8_3.x86_64
Compiler: gcc 4.8.5 20150623 (Red Hat 4.8.5-44)
Ubuntu 20.04
Kernel: 4.18.0-240.10.1.el8_3.x86_64
Compiler: gcc 9.3.0-17ubuntu1~20.04
Arch Linux
Kernel: 5.4.0-73-generic
Compiler: gcc 11.1.0
RHEL8
Kernel: 4.18.0-240.10.1.el8_3.x86_64
Compiler: gcc 8.3.1 20191121 (Red Hat 8.3.1-5)
Fedora 34
Kernel: 5.4.0-72-generic
Compiler: gcc 11.1.1 20210428 (Red Hat 11.1.1-1)
FreeBSD 13
Kernel: 13.0
Compiler: clang 11.0.1
Ubuntu 18.04
Kernel: 4.18.0-240.10.1.el8_3.x86_64
Compiler: gcc 7.5.0-3ubuntu1~18.04
CentOS Stream 8
Kernel: 4.18.0-240.10.1.el8_3.x86_64
Compiler: gcc 8.4.1 20200928
Fedora 33
Kernel: 5.4.0-72-generic
Compiler: gcc 10.3.1 20210422 (Red Hat 10.3.1-1)
Fedora 34 clang
Kernel: 5.4.0-72-generic
Compiler: clang 12.0.0 (Fedora 12.0.0-0.3.rc1.fc34)
To view detailed results, visit:
https://lab.dpdk.org/results/dashboard/patchsets/22761/
UNH-IOL DPDK Community Lab
To manage your email subscriptions, visit:
https://lab.dpdk.org/results/dashboard/preferences/subscriptions/
^ permalink raw reply [flat|nested] 2+ messages in thread
* |WARNING| pw113280 [PATCH] vhost: fix unchecked return value
@ 2022-06-29 17:37 dpdklab
0 siblings, 0 replies; 2+ messages in thread
From: dpdklab @ 2022-06-29 17:37 UTC (permalink / raw)
To: Test Report; +Cc: dpdklab, David Marchand, Thomas Monjalon, Jiayu Hu
[-- Attachment #1: Type: text/plain, Size: 7552 bytes --]
Test-Label: iol-abi-testing
Test-Status: WARNING
http://dpdk.org/patch/113280
_Testing issues_
Submitter: Jiayu Hu <jiayu.hu@intel.com>
Date: Thursday, June 23 2022 01:08:58
DPDK git baseline: Repo:dpdk
Branch: master
CommitID:69033e3b843c81c74bcdd5e678c896c1fe1535ef
113280 --> testing fail
Test environment and result as below:
+-----------------------------+----------+
| Environment | abi_test |
+=============================+==========+
| RHEL 7 | FAIL |
+-----------------------------+----------+
| Ubuntu 18.04 | FAIL |
+-----------------------------+----------+
| openSUSE Leap 15 | PASS |
+-----------------------------+----------+
| Fedora 32 | FAIL |
+-----------------------------+----------+
| RHEL8 | FAIL |
+-----------------------------+----------+
| Ubuntu 20.04 | PASS |
+-----------------------------+----------+
| Fedora 31 | FAIL |
+-----------------------------+----------+
| Arch Linux | PASS |
+-----------------------------+----------+
| CentOS Stream 8 | FAIL |
+-----------------------------+----------+
| Fedora 34 | PASS |
+-----------------------------+----------+
| Fedora 33 | FAIL |
+-----------------------------+----------+
| Fedora 34 clang | PASS |
+-----------------------------+----------+
| Ubuntu 20.04 ARM GCC Native | PASS |
+-----------------------------+----------+
| Alpine | PASS |
+-----------------------------+----------+
==== 20 line log output for Fedora 33 (abi_test): ====
Installing /home-local/jenkins-local/jenkins-agent/workspace/Generic-DPDK-Compile-ABI@4/dpdk/drivers/net/vhost/rte_eth_vhost.h to /home-local/jenkins-local/jenkins-agent/workspace/Generic-DPDK-Compile-ABI@4/build_install/usr/local/include
Installing /home-local/jenkins-local/jenkins-agent/workspace/Generic-DPDK-Compile-ABI@4/dpdk/drivers/raw/cnxk_bphy/rte_pmd_bphy.h to /home-local/jenkins-local/jenkins-agent/workspace/Generic-DPDK-Compile-ABI@4/build_install/usr/local/include
Installing /home-local/jenkins-local/jenkins-agent/workspace/Generic-DPDK-Compile-ABI@4/dpdk/drivers/raw/cnxk_gpio/rte_pmd_cnxk_gpio.h to /home-local/jenkins-local/jenkins-agent/workspace/Generic-DPDK-Compile-ABI@4/build_install/usr/local/include
Installing /home-local/jenkins-local/jenkins-agent/workspace/Generic-DPDK-Compile-ABI@4/dpdk/drivers/raw/dpaa2_cmdif/rte_pmd_dpaa2_cmdif.h to /home-local/jenkins-local/jenkins-agent/workspace/Generic-DPDK-Compile-ABI@4/build_install/usr/local/include
Installing /home-local/jenkins-local/jenkins-agent/workspace/Generic-DPDK-Compile-ABI@4/dpdk/drivers/raw/ntb/rte_pmd_ntb.h to /home-local/jenkins-local/jenkins-agent/workspace/Generic-DPDK-Compile-ABI@4/build_install/usr/local/include
Installing /home-local/jenkins-local/jenkins-agent/workspace/Generic-DPDK-Compile-ABI@4/dpdk/drivers/crypto/scheduler/rte_cryptodev_scheduler.h to /home-local/jenkins-local/jenkins-agent/workspace/Generic-DPDK-Compile-ABI@4/build_install/usr/local/include
Installing /home-local/jenkins-local/jenkins-agent/workspace/Generic-DPDK-Compile-ABI@4/dpdk/drivers/crypto/scheduler/rte_cryptodev_scheduler_operations.h to /home-local/jenkins-local/jenkins-agent/workspace/Generic-DPDK-Compile-ABI@4/build_install/usr/local/include
Installing /home-local/jenkins-local/jenkins-agent/workspace/Generic-DPDK-Compile-ABI@4/dpdk/drivers/event/dlb2/rte_pmd_dlb2.h to /home-local/jenkins-local/jenkins-agent/workspace/Generic-DPDK-Compile-ABI@4/build_install/usr/local/include
Installing /home-local/jenkins-local/jenkins-agent/workspace/Generic-DPDK-Compile-ABI@4/dpdk/drivers/baseband/acc100/rte_acc100_cfg.h to /home-local/jenkins-local/jenkins-agent/workspace/Generic-DPDK-Compile-ABI@4/build_install/usr/local/include
Installing /home-local/jenkins-local/jenkins-agent/workspace/Generic-DPDK-Compile-ABI@4/dpdk/drivers/baseband/fpga_5gnr_fec/rte_pmd_fpga_5gnr_fec.h to /home-local/jenkins-local/jenkins-agent/workspace/Generic-DPDK-Compile-ABI@4/build_install/usr/local/include
Installing /home-local/jenkins-local/jenkins-agent/workspace/Generic-DPDK-Compile-ABI@4/dpdk/usertools/dpdk-devbind.py to /home-local/jenkins-local/jenkins-agent/workspace/Generic-DPDK-Compile-ABI@4/build_install/usr/local/bin
Installing /home-local/jenkins-local/jenkins-agent/workspace/Generic-DPDK-Compile-ABI@4/dpdk/usertools/dpdk-pmdinfo.py to /home-local/jenkins-local/jenkins-agent/workspace/Generic-DPDK-Compile-ABI@4/build_install/usr/local/bin
Installing /home-local/jenkins-local/jenkins-agent/workspace/Generic-DPDK-Compile-ABI@4/dpdk/usertools/dpdk-telemetry.py to /home-local/jenkins-local/jenkins-agent/workspace/Generic-DPDK-Compile-ABI@4/build_install/usr/local/bin
Installing /home-local/jenkins-local/jenkins-agent/workspace/Generic-DPDK-Compile-ABI@4/dpdk/usertools/dpdk-hugepages.py to /home-local/jenkins-local/jenkins-agent/workspace/Generic-DPDK-Compile-ABI@4/build_install/usr/local/bin
Installing /home-local/jenkins-local/jenkins-agent/workspace/Generic-DPDK-Compile-ABI@4/dpdk/build/rte_build_config.h to /home-local/jenkins-local/jenkins-agent/workspace/Generic-DPDK-Compile-ABI@4/build_install/usr/local/include
Installing /home-local/jenkins-local/jenkins-agent/workspace/Generic-DPDK-Compile-ABI@4/dpdk/build/meson-private/libdpdk-libs.pc to /home-local/jenkins-local/jenkins-agent/workspace/Generic-DPDK-Compile-ABI@4/build_install/usr/local/lib64/pkgconfig
Installing /home-local/jenkins-local/jenkins-agent/workspace/Generic-DPDK-Compile-ABI@4/dpdk/build/meson-private/libdpdk.pc to /home-local/jenkins-local/jenkins-agent/workspace/Generic-DPDK-Compile-ABI@4/build_install/usr/local/lib64/pkgconfig
Running custom install script '/bin/sh /home-local/jenkins-local/jenkins-agent/workspace/Generic-DPDK-Compile-ABI@4/dpdk/config/../buildtools/symlink-drivers-solibs.sh lib64 dpdk/pmds-22.2'
==== Compiled DPDK with debugoptimized
bash: /scripts/generate_abi.sh: No such file or directory
==== End log output ====
RHEL 7
Kernel: 4.18.0-240.10.1.el8_3.x86_64
Compiler: gcc 4.8.5 20150623 (Red Hat 4.8.5-44)
Ubuntu 18.04
Kernel: 4.18.0-240.10.1.el8_3.x86_64
Compiler: gcc 7.5.0-3ubuntu1~18.04
openSUSE Leap 15
Kernel: 4.18.0-240.10.1.el8_3.x86_64
Compiler: gcc 7.5.0
Fedora 32
Kernel: 4.18.0-240.10.1.el8_3.x86_64
Compiler: gcc 10.2.1
RHEL8
Kernel: 4.18.0-240.10.1.el8_3.x86_64
Compiler: gcc 8.3.1 20191121 (Red Hat 8.3.1-5)
Ubuntu 20.04
Kernel: 4.18.0-240.10.1.el8_3.x86_64
Compiler: gcc 9.3.0-17ubuntu1~20.04
Fedora 31
Kernel: 4.18.0-240.10.1.el8_3.x86_64
Compiler: gcc 9.3.1
Arch Linux
Kernel: 5.4.0-73-generic
Compiler: gcc 11.1.0
CentOS Stream 8
Kernel: 4.18.0-240.10.1.el8_3.x86_64
Compiler: gcc 8.4.1 20200928
Fedora 34
Kernel: 5.4.0-72-generic
Compiler: gcc 11.1.1 20210428 (Red Hat 11.1.1-1)
Fedora 33
Kernel: 5.4.0-72-generic
Compiler: gcc 10.3.1 20210422 (Red Hat 10.3.1-1)
Fedora 34 clang
Kernel: 5.4.0-72-generic
Compiler: clang 12.0.0 (Fedora 12.0.0-0.3.rc1.fc34)
Ubuntu 20.04 ARM GCC Native
Kernel: 5.4.0-53-generic
Compiler: gcc 9.3
Alpine
Kernel: 5.4.0-73-generic
Compiler: gcc (Alpine 10.3.1_git20210424) 10.3.1 20210424
To view detailed results, visit:
https://lab.dpdk.org/results/dashboard/patchsets/22761/
UNH-IOL DPDK Community Lab
To manage your email subscriptions, visit:
https://lab.dpdk.org/results/dashboard/preferences/subscriptions/
^ permalink raw reply [flat|nested] 2+ messages in thread
end of thread, other threads:[~2022-06-29 17:37 UTC | newest]
Thread overview: 2+ messages (download: mbox.gz / follow: Atom feed)
-- links below jump to the message on this page --
2022-06-23 2:06 |WARNING| pw113280 [PATCH] vhost: fix unchecked return value dpdklab
2022-06-29 17:37 dpdklab
This is a public inbox, see mirroring instructions
for how to clone and mirror all data and code used for this inbox;
as well as URLs for NNTP newsgroup(s).