* |SUCCESS| pw113453 [PATCH v1] baseband/turbo_sw: remove Flexran SDK meson option
[not found] <1656114853-215147-2-git-send-email-nicolas.chautru@intel.com>
@ 2022-06-25 0:08 ` checkpatch
2022-06-25 1:38 ` |FAILURE| " 0-day Robot
1 sibling, 0 replies; 16+ messages in thread
From: checkpatch @ 2022-06-25 0:08 UTC (permalink / raw)
To: test-report
Test-Label: checkpatch
Test-Status: SUCCESS
http://dpdk.org/patch/113453
_coding style OK_
^ permalink raw reply [flat|nested] 16+ messages in thread
* |FAILURE| pw113453 [PATCH v1] baseband/turbo_sw: remove Flexran SDK meson option
[not found] <1656114853-215147-2-git-send-email-nicolas.chautru@intel.com>
2022-06-25 0:08 ` |SUCCESS| pw113453 [PATCH v1] baseband/turbo_sw: remove Flexran SDK meson option checkpatch
@ 2022-06-25 1:38 ` 0-day Robot
1 sibling, 0 replies; 16+ messages in thread
From: 0-day Robot @ 2022-06-25 1:38 UTC (permalink / raw)
To: test-report; +Cc: nicolas.chautru, robot
From: robot@bytheb.org
Test-Label: github-robot: build
Test-Status: FAILURE
http://patchwork.dpdk.org/patch/113453/
_github build: failed_
Build URL: https://github.com/ovsrobot/dpdk/actions/runs/2558844870
Build Logs:
-----------------------Summary of failed steps-----------------------
"ubuntu-20.04-gcc-shared-abi+doc+tests" failed at step Build and test
"ubuntu-20.04-clang-shared-asan+doc+tests" failed at step Build and test
----------------------End summary of failed steps--------------------
-------------------------------BEGIN LOGS----------------------------
####################################################################################
#### [Begin job log] "ubuntu-20.04-gcc-shared-abi+doc+tests" at step Build and test
####################################################################################
[3480/4631] Compiling C object 'examples/c590b3c@@dpdk-fips_validation@exe/fips_validation_fips_validation_cmac.c.o'.
[3481/4631] Compiling C object 'examples/c590b3c@@dpdk-fips_validation@exe/fips_validation_fips_validation_ccm.c.o'.
[3482/4631] Compiling C object 'examples/c590b3c@@dpdk-fips_validation@exe/fips_validation_fips_validation_sha.c.o'.
[3483/4631] Compiling C object 'examples/c590b3c@@dpdk-fips_validation@exe/fips_validation_fips_validation_xts.c.o'.
[3484/4631] Compiling C object 'examples/c590b3c@@dpdk-fips_validation@exe/fips_validation_fips_dev_self_test.c.o'.
[3485/4631] Compiling C object 'examples/c590b3c@@dpdk-fips_validation@exe/fips_validation_main.c.o'.
[3486/4631] Compiling C object 'examples/c590b3c@@dpdk-flow_classify@exe/flow_classify_flow_classify.c.o'.
[3487/4631] Linking target examples/dpdk-fips_validation.
[3488/4631] Compiling C object 'examples/c590b3c@@dpdk-ipsec-secgw@exe/ipsec-secgw_esp.c.o'.
[3489/4631] Linking target examples/dpdk-helloworld.
[3490/4631] Compiling C object 'examples/c590b3c@@dpdk-flow_filtering@exe/flow_filtering_main.c.o'.
[3491/4631] Linking target examples/dpdk-flow_filtering.
[3492/4631] Linking target examples/dpdk-flow_classify.
[3493/4631] Compiling C object 'examples/c590b3c@@dpdk-ip_pipeline@exe/ip_pipeline_action.c.o'.
[3494/4631] Compiling C object 'examples/c590b3c@@dpdk-ip_fragmentation@exe/ip_fragmentation_main.c.o'.
[3495/4631] Generating html_guides with a custom command.
FAILED: doc/guides/html
/usr/bin/python3 ../buildtools/call-sphinx-build.py /usr/bin/sphinx-build 22.07.0-rc1 /home/runner/work/dpdk/dpdk/doc/guides /home/runner/work/dpdk/dpdk/build/doc/guides -W
Warning, treated as error:
/home/runner/work/dpdk/dpdk/doc/guides/bbdevs/turbo_sw.rst:140:Bullet list ends without a blank line; unexpected unindent.
[3496/4631] Compiling C object 'examples/c590b3c@@dpdk-ip_pipeline@exe/ip_pipeline_conn.c.o'.
[3497/4631] Compiling C object 'examples/c590b3c@@dpdk-ip_pipeline@exe/ip_pipeline_cli.c.o'.
ninja: build stopped: subcommand failed.
##[error]Process completed with exit code 1.
####################################################################################
#### [End job log] "ubuntu-20.04-gcc-shared-abi+doc+tests" at step Build and test
####################################################################################
####################################################################################
#### [Begin job log] "ubuntu-20.04-clang-shared-asan+doc+tests" at step Build and test
####################################################################################
[3461/4631] Compiling C object 'examples/c590b3c@@dpdk-bond@exe/bond_main.c.o'.
[3462/4631] Linking target examples/dpdk-bond.
[3463/4631] Compiling C object 'examples/c590b3c@@dpdk-cmdline@exe/cmdline_commands.c.o'.
[3464/4631] Linking target examples/dpdk-cmdline.
[3465/4631] Linking target app/test/dpdk-test.
[3466/4631] Compiling C object 'examples/c590b3c@@dpdk-eventdev_pipeline@exe/eventdev_pipeline_pipeline_worker_generic.c.o'.
[3467/4631] Compiling C object 'examples/c590b3c@@dpdk-bbdev_app@exe/bbdev_app_main.c.o'.
[3468/4631] Linking target examples/dpdk-bbdev_app.
[3469/4631] Compiling C object 'examples/c590b3c@@dpdk-eventdev_pipeline@exe/eventdev_pipeline_pipeline_worker_tx.c.o'.
[3470/4631] Compiling C object 'examples/c590b3c@@dpdk-ethtool@exe/ethtool_ethtool-app_main.c.o'.
[3471/4631] Linking target examples/dpdk-ethtool.
[3472/4631] Compiling C object 'examples/c590b3c@@dpdk-fips_validation@exe/fips_validation_fips_validation.c.o'.
[3473/4631] Compiling C object 'examples/c590b3c@@dpdk-eventdev_pipeline@exe/eventdev_pipeline_main.c.o'.
[3474/4631] Compiling C object 'examples/c590b3c@@dpdk-fips_validation@exe/fips_validation_fips_validation_aes.c.o'.
[3475/4631] Compiling C object 'examples/c590b3c@@dpdk-fips_validation@exe/fips_validation_fips_validation_hmac.c.o'.
[3476/4631] Generating html_guides with a custom command.
FAILED: doc/guides/html
/usr/bin/python3 ../buildtools/call-sphinx-build.py /usr/bin/sphinx-build 22.07.0-rc1 /home/runner/work/dpdk/dpdk/doc/guides /home/runner/work/dpdk/dpdk/build/doc/guides -W
Warning, treated as error:
/home/runner/work/dpdk/dpdk/doc/guides/bbdevs/turbo_sw.rst:140:Bullet list ends without a blank line; unexpected unindent.
[3477/4631] Linking target examples/dpdk-eventdev_pipeline.
[3478/4631] Compiling C object 'examples/c590b3c@@dpdk-fips_validation@exe/fips_validation_fips_validation_tdes.c.o'.
ninja: build stopped: subcommand failed.
##[error]Process completed with exit code 1.
####################################################################################
#### [End job log] "ubuntu-20.04-clang-shared-asan+doc+tests" at step Build and test
####################################################################################
--------------------------------END LOGS-----------------------------
^ permalink raw reply [flat|nested] 16+ messages in thread
* |SUCCESS| pw113453 [PATCH] [v1] baseband/turbo_sw: remove Flexran SDK meson option
@ 2022-07-01 5:26 dpdklab
0 siblings, 0 replies; 16+ messages in thread
From: dpdklab @ 2022-07-01 5:26 UTC (permalink / raw)
To: Test Report; +Cc: dpdklab, David Marchand, Thomas Monjalon
[-- Attachment #1: Type: text/plain, Size: 3079 bytes --]
Test-Label: iol-abi-testing
Test-Status: SUCCESS
http://dpdk.org/patch/113453
_Testing PASS_
Submitter: Chautru, Nicolas <nicolas.chautru@intel.com>
Date: Friday, June 24 2022 23:54:13
DPDK git baseline: Repo:dpdk
Branch: master
CommitID:64e14b8b072ae694ef35a3392639223ecf862820
113453 --> testing pass
Test environment and result as below:
+-----------------------------+----------+
| Environment | abi_test |
+=============================+==========+
| RHEL 7 | PASS |
+-----------------------------+----------+
| Ubuntu 20.04 ARM GCC Native | PASS |
+-----------------------------+----------+
| openSUSE Leap 15 | PASS |
+-----------------------------+----------+
| Ubuntu 18.04 | PASS |
+-----------------------------+----------+
| Fedora 34 | PASS |
+-----------------------------+----------+
| Fedora 33 | PASS |
+-----------------------------+----------+
| CentOS Stream 8 | PASS |
+-----------------------------+----------+
| RHEL8 | PASS |
+-----------------------------+----------+
| Fedora 32 | PASS |
+-----------------------------+----------+
| Fedora 31 | PASS |
+-----------------------------+----------+
| Arch Linux | PASS |
+-----------------------------+----------+
| Ubuntu 20.04 | PASS |
+-----------------------------+----------+
| Fedora 34 clang | PASS |
+-----------------------------+----------+
| Alpine | PASS |
+-----------------------------+----------+
RHEL 7
Kernel: 4.18.0-240.10.1.el8_3.x86_64
Compiler: gcc 4.8.5 20150623 (Red Hat 4.8.5-44)
Ubuntu 20.04 ARM GCC Native
Kernel: 5.4.0-53-generic
Compiler: gcc 9.3
openSUSE Leap 15
Kernel: 4.18.0-240.10.1.el8_3.x86_64
Compiler: gcc 7.5.0
Ubuntu 18.04
Kernel: 4.18.0-240.10.1.el8_3.x86_64
Compiler: gcc 7.5.0-3ubuntu1~18.04
Fedora 34
Kernel: 5.4.0-72-generic
Compiler: gcc 11.1.1 20210428 (Red Hat 11.1.1-1)
Fedora 33
Kernel: 5.4.0-72-generic
Compiler: gcc 10.3.1 20210422 (Red Hat 10.3.1-1)
CentOS Stream 8
Kernel: 4.18.0-240.10.1.el8_3.x86_64
Compiler: gcc 8.4.1 20200928
RHEL8
Kernel: 4.18.0-240.10.1.el8_3.x86_64
Compiler: gcc 8.3.1 20191121 (Red Hat 8.3.1-5)
Fedora 32
Kernel: 4.18.0-240.10.1.el8_3.x86_64
Compiler: gcc 10.2.1
Fedora 31
Kernel: 4.18.0-240.10.1.el8_3.x86_64
Compiler: gcc 9.3.1
Arch Linux
Kernel: 5.4.0-73-generic
Compiler: gcc 11.1.0
Ubuntu 20.04
Kernel: 4.18.0-240.10.1.el8_3.x86_64
Compiler: gcc 9.3.0-17ubuntu1~20.04
Fedora 34 clang
Kernel: 5.4.0-72-generic
Compiler: clang 12.0.0 (Fedora 12.0.0-0.3.rc1.fc34)
Alpine
Kernel: 5.4.0-73-generic
Compiler: gcc (Alpine 10.3.1_git20210424) 10.3.1 20210424
To view detailed results, visit:
https://lab.dpdk.org/results/dashboard/patchsets/22802/
UNH-IOL DPDK Community Lab
To manage your email subscriptions, visit:
https://lab.dpdk.org/results/dashboard/preferences/subscriptions/
^ permalink raw reply [flat|nested] 16+ messages in thread
* |SUCCESS| pw113453 [PATCH] [v1] baseband/turbo_sw: remove Flexran SDK meson option
@ 2022-06-25 2:07 dpdklab
0 siblings, 0 replies; 16+ messages in thread
From: dpdklab @ 2022-06-25 2:07 UTC (permalink / raw)
To: Test Report; +Cc: dpdk-test-reports, David Marchand, Thomas Monjalon
[-- Attachment #1: Type: text/plain, Size: 3826 bytes --]
Test-Label: iol-x86_64-compile-testing
Test-Status: SUCCESS
http://dpdk.org/patch/113453
_Testing PASS_
Submitter: Nicolas Chautru <nicolas.chautru@intel.com>
Date: Friday, June 24 2022 23:54:13
DPDK git baseline: Repo:dpdk
Branch: master
CommitID:64e14b8b072ae694ef35a3392639223ecf862820
113453 --> testing pass
Test environment and result as below:
+---------------------+--------------------+----------------------+
| Environment | dpdk_meson_compile | dpdk_mingw64_compile |
+=====================+====================+======================+
| Windows Server 2019 | PASS | PASS |
+---------------------+--------------------+----------------------+
| FreeBSD 13 | PASS | SKIPPED |
+---------------------+--------------------+----------------------+
| Fedora 32 | PASS | SKIPPED |
+---------------------+--------------------+----------------------+
| Arch Linux | PASS | SKIPPED |
+---------------------+--------------------+----------------------+
| RHEL8 | PASS | SKIPPED |
+---------------------+--------------------+----------------------+
| Fedora 33 | PASS | SKIPPED |
+---------------------+--------------------+----------------------+
| Ubuntu 18.04 | PASS | SKIPPED |
+---------------------+--------------------+----------------------+
| Fedora 34 | PASS | SKIPPED |
+---------------------+--------------------+----------------------+
| CentOS Stream 8 | PASS | SKIPPED |
+---------------------+--------------------+----------------------+
| RHEL 7 | PASS | SKIPPED |
+---------------------+--------------------+----------------------+
| openSUSE Leap 15 | PASS | SKIPPED |
+---------------------+--------------------+----------------------+
| Fedora 31 | PASS | SKIPPED |
+---------------------+--------------------+----------------------+
| Ubuntu 20.04 | PASS | SKIPPED |
+---------------------+--------------------+----------------------+
| Fedora 34 clang | PASS | SKIPPED |
+---------------------+--------------------+----------------------+
Windows Server 2019
Kernel: 10.0
Compiler: clang 14.0 and gcc 8.1.0 (MinGW)
FreeBSD 13
Kernel: 13.0
Compiler: clang 11.0.1
Fedora 32
Kernel: 4.18.0-240.10.1.el8_3.x86_64
Compiler: gcc 10.2.1
Arch Linux
Kernel: 5.4.0-73-generic
Compiler: gcc 11.1.0
RHEL8
Kernel: 4.18.0-240.10.1.el8_3.x86_64
Compiler: gcc 8.3.1 20191121 (Red Hat 8.3.1-5)
Fedora 33
Kernel: 5.4.0-72-generic
Compiler: gcc 10.3.1 20210422 (Red Hat 10.3.1-1)
Ubuntu 18.04
Kernel: 4.18.0-240.10.1.el8_3.x86_64
Compiler: gcc 7.5.0-3ubuntu1~18.04
Fedora 34
Kernel: 5.4.0-72-generic
Compiler: gcc 11.1.1 20210428 (Red Hat 11.1.1-1)
CentOS Stream 8
Kernel: 4.18.0-240.10.1.el8_3.x86_64
Compiler: gcc 8.4.1 20200928
RHEL 7
Kernel: 4.18.0-240.10.1.el8_3.x86_64
Compiler: gcc 4.8.5 20150623 (Red Hat 4.8.5-44)
openSUSE Leap 15
Kernel: 4.18.0-240.10.1.el8_3.x86_64
Compiler: gcc 7.5.0
Fedora 31
Kernel: 4.18.0-240.10.1.el8_3.x86_64
Compiler: gcc 9.3.1
Ubuntu 20.04
Kernel: 4.18.0-240.10.1.el8_3.x86_64
Compiler: gcc 9.3.0-17ubuntu1~20.04
Fedora 34 clang
Kernel: 5.4.0-72-generic
Compiler: clang 12.0.0 (Fedora 12.0.0-0.3.rc1.fc34)
To view detailed results, visit:
https://lab.dpdk.org/results/dashboard/patchsets/22802/
UNH-IOL DPDK Community Lab
To manage your email subscriptions, visit:
https://lab.dpdk.org/results/dashboard/preferences/subscriptions/
^ permalink raw reply [flat|nested] 16+ messages in thread
* |SUCCESS| pw113453 [PATCH] [v1] baseband/turbo_sw: remove Flexran SDK meson option
@ 2022-06-25 1:54 dpdklab
0 siblings, 0 replies; 16+ messages in thread
From: dpdklab @ 2022-06-25 1:54 UTC (permalink / raw)
To: Test Report; +Cc: dpdklab, David Marchand, Thomas Monjalon
[-- Attachment #1: Type: text/plain, Size: 1448 bytes --]
Test-Label: iol-aarch64-unit-testing
Test-Status: SUCCESS
http://dpdk.org/patch/113453
_Testing PASS_
Submitter: Nicolas Chautru <nicolas.chautru@intel.com>
Date: Friday, June 24 2022 23:54:13
DPDK git baseline: Repo:dpdk
Branch: master
CommitID:64e14b8b072ae694ef35a3392639223ecf862820
113453 --> testing pass
Test environment and result as below:
+-------------------------------+----------------+--------------+
| Environment | dpdk_unit_test | lpm_autotest |
+===============================+================+==============+
| Ubuntu 20.04 ARM Clang Native | PASS | SKIPPED |
+-------------------------------+----------------+--------------+
| Ubuntu 20.04 ARM GCC Native | PASS | SKIPPED |
+-------------------------------+----------------+--------------+
| Ubuntu 20.04 ARM SVE | SKIPPED | PASS |
+-------------------------------+----------------+--------------+
Ubuntu 20.04 ARM Clang Native
Kernel: 5.4.0-53-generic
Compiler: clang 10.0.0-4ubuntu1
Ubuntu 20.04 ARM GCC Native
Kernel: 5.4.0-53-generic
Compiler: gcc 9.3
Ubuntu 20.04 ARM SVE
Kernel: 5.4.0-80-generic
Compiler: gcc 10.3.0 (Ubuntu 10.3.0-1ubuntu1~20.04)
To view detailed results, visit:
https://lab.dpdk.org/results/dashboard/patchsets/22802/
UNH-IOL DPDK Community Lab
To manage your email subscriptions, visit:
https://lab.dpdk.org/results/dashboard/preferences/subscriptions/
^ permalink raw reply [flat|nested] 16+ messages in thread
* |SUCCESS| pw113453 [PATCH] [v1] baseband/turbo_sw: remove Flexran SDK meson option
@ 2022-06-25 1:47 dpdklab
0 siblings, 0 replies; 16+ messages in thread
From: dpdklab @ 2022-06-25 1:47 UTC (permalink / raw)
To: Test Report; +Cc: dpdklab, David Marchand, Thomas Monjalon
[-- Attachment #1: Type: text/plain, Size: 2141 bytes --]
Test-Label: iol-aarch64-compile-testing
Test-Status: SUCCESS
http://dpdk.org/patch/113453
_Testing PASS_
Submitter: Nicolas Chautru <nicolas.chautru@intel.com>
Date: Friday, June 24 2022 23:54:13
DPDK git baseline: Repo:dpdk
Branch: master
CommitID:64e14b8b072ae694ef35a3392639223ecf862820
113453 --> testing pass
Test environment and result as below:
+----------------------------------------+--------------------+
| Environment | dpdk_meson_compile |
+========================================+====================+
| Ubuntu 20.04 ARM GCC Native | PASS |
+----------------------------------------+--------------------+
| Ubuntu 20.04 ARM Clang Native | PASS |
+----------------------------------------+--------------------+
| Ubuntu 20.04 ARM SVE | PASS |
+----------------------------------------+--------------------+
| Ubuntu 20.04 aarch32 GCC Cross Compile | PASS |
+----------------------------------------+--------------------+
| Ubuntu 20.04 ARM Clang Cross Compile | PASS |
+----------------------------------------+--------------------+
| Ubuntu 20.04 ARM GCC Cross Compile | PASS |
+----------------------------------------+--------------------+
Ubuntu 20.04 ARM GCC Native
Kernel: 5.4.0-53-generic
Compiler: gcc 9.3
Ubuntu 20.04 ARM Clang Native
Kernel: 5.4.0-53-generic
Compiler: clang 10.0.0-4ubuntu1
Ubuntu 20.04 ARM SVE
Kernel: 5.4.0-80-generic
Compiler: gcc 10.3.0 (Ubuntu 10.3.0-1ubuntu1~20.04)
Ubuntu 20.04 aarch32 GCC Cross Compile
Kernel: 5.4.0-72-generic
Compiler: gcc 9.3.0
Ubuntu 20.04 ARM Clang Cross Compile
Kernel: 5.4.0-72-generic
Compiler: clang version 10.0.0-4ubuntu1
Ubuntu 20.04 ARM GCC Cross Compile
Kernel: 5.4.0-72-generic
Compiler: aarch64-linux-gnu-gcc (Ubuntu 9.3.0-17ubuntu1~20.04) 9.3.0
To view detailed results, visit:
https://lab.dpdk.org/results/dashboard/patchsets/22802/
UNH-IOL DPDK Community Lab
To manage your email subscriptions, visit:
https://lab.dpdk.org/results/dashboard/preferences/subscriptions/
^ permalink raw reply [flat|nested] 16+ messages in thread
* |SUCCESS| pw113453 [PATCH] [v1] baseband/turbo_sw: remove Flexran SDK meson option
@ 2022-06-25 1:32 dpdklab
0 siblings, 0 replies; 16+ messages in thread
From: dpdklab @ 2022-06-25 1:32 UTC (permalink / raw)
To: Test Report; +Cc: dpdk-test-reports, David Marchand, Thomas Monjalon
[-- Attachment #1: Type: text/plain, Size: 1175 bytes --]
Test-Label: iol-intel-Functional
Test-Status: SUCCESS
http://dpdk.org/patch/113453
_Functional Testing PASS_
Submitter: Nicolas Chautru <nicolas.chautru@intel.com>
Date: Friday, June 24 2022 23:54:13
DPDK git baseline: Repo:dpdk
Branch: master
CommitID:64e14b8b072ae694ef35a3392639223ecf862820
113453 --> functional testing pass
Test environment and result as below:
Ubuntu 20.04 ARM
Kernel: 4.15.0-132-generic
Compiler: gcc 7.5
NIC: Arm Intel Corporation Ethernet Converged Network Adapter XL710-QDA2 40000 Mbps
Target: x86_64-native-linuxapp-gcc
Fail/Total: 0/2
Ubuntu 20.04
Kernel: 4.15.0-generic
Compiler: gcc 7.4
NIC: Intel Corporation Ethernet Converged Network Adapter XL710-QDA2 40000 Mbps
Target: x86_64-native-linuxapp-gcc
Fail/Total: 0/2
Ubuntu 20.04
Kernel: 4.15.0-generic
Compiler: gcc 7.4
NIC: Intel Corporation Ethernet Converged Network Adapter 82599ES 10000 Mbps
Target: x86_64-native-linuxapp-gcc
Fail/Total: 0/2
To view detailed results, visit:
https://lab.dpdk.org/results/dashboard/patchsets/22802/
UNH-IOL DPDK Community Lab
To manage your email subscriptions, visit:
https://lab.dpdk.org/results/dashboard/preferences/subscriptions/
^ permalink raw reply [flat|nested] 16+ messages in thread
* |SUCCESS| pw113453 [PATCH] [v1] baseband/turbo_sw: remove Flexran SDK meson option
@ 2022-06-25 1:25 dpdklab
0 siblings, 0 replies; 16+ messages in thread
From: dpdklab @ 2022-06-25 1:25 UTC (permalink / raw)
To: Test Report; +Cc: dpdk-test-reports, David Marchand, Thomas Monjalon
[-- Attachment #1: Type: text/plain, Size: 3305 bytes --]
Test-Label: iol-intel-Performance
Test-Status: SUCCESS
http://dpdk.org/patch/113453
_Performance Testing PASS_
Submitter: Nicolas Chautru <nicolas.chautru@intel.com>
Date: Friday, June 24 2022 23:54:13
DPDK git baseline: Repo:dpdk
Branch: master
CommitID:64e14b8b072ae694ef35a3392639223ecf862820
113453 --> performance testing pass
Test environment and result as below:
Ubuntu 20.04
Kernel: 4.15.0-generic
Compiler: gcc 7.4
NIC: Intel Corporation Ethernet Converged Network Adapter XL710-QDA2 40000 Mbps
Target: x86_64-native-linuxapp-gcc
Fail/Total: 0/4
Detail performance results:
+----------+-------------+---------+------------+------------------------------+
| num_cpus | num_threads | txd/rxd | frame_size | throughput difference from |
| | | | | expected |
+==========+=============+=========+============+==============================+
| 1 | 2 | 512 | 64 | -0.3% |
+----------+-------------+---------+------------+------------------------------+
| 1 | 2 | 2048 | 64 | 1.6% |
+----------+-------------+---------+------------+------------------------------+
| 1 | 1 | 512 | 64 | -2.1% |
+----------+-------------+---------+------------+------------------------------+
| 1 | 1 | 2048 | 64 | -0.9% |
+----------+-------------+---------+------------+------------------------------+
Ubuntu 20.04
Kernel: 4.15.0-generic
Compiler: gcc 7.4
NIC: Intel Corporation Ethernet Converged Network Adapter 82599ES 10000 Mbps
Target: x86_64-native-linuxapp-gcc
Fail/Total: 0/6
Detail performance results:
+----------+-------------+---------+------------+------------------------------+
| num_cpus | num_threads | txd/rxd | frame_size | throughput difference from |
| | | | | expected |
+==========+=============+=========+============+==============================+
| 1 | 2 | 128 | 64 | -0.0% |
+----------+-------------+---------+------------+------------------------------+
| 1 | 2 | 512 | 64 | -0.0% |
+----------+-------------+---------+------------+------------------------------+
| 1 | 2 | 2048 | 64 | -0.4% |
+----------+-------------+---------+------------+------------------------------+
| 1 | 1 | 128 | 64 | 0.1% |
+----------+-------------+---------+------------+------------------------------+
| 1 | 1 | 512 | 64 | 0.1% |
+----------+-------------+---------+------------+------------------------------+
| 1 | 1 | 2048 | 64 | -0.2% |
+----------+-------------+---------+------------+------------------------------+
To view detailed results, visit:
https://lab.dpdk.org/results/dashboard/patchsets/22802/
UNH-IOL DPDK Community Lab
To manage your email subscriptions, visit:
https://lab.dpdk.org/results/dashboard/preferences/subscriptions/
^ permalink raw reply [flat|nested] 16+ messages in thread
* |SUCCESS| pw113453 [PATCH] [v1] baseband/turbo_sw: remove Flexran SDK meson option
@ 2022-06-25 1:17 dpdklab
0 siblings, 0 replies; 16+ messages in thread
From: dpdklab @ 2022-06-25 1:17 UTC (permalink / raw)
To: Test Report; +Cc: dpdk-test-reports, David Marchand, Thomas Monjalon
[-- Attachment #1: Type: text/plain, Size: 1175 bytes --]
Test-Label: iol-intel-Functional
Test-Status: SUCCESS
http://dpdk.org/patch/113453
_Functional Testing PASS_
Submitter: Nicolas Chautru <nicolas.chautru@intel.com>
Date: Friday, June 24 2022 23:54:13
DPDK git baseline: Repo:dpdk
Branch: master
CommitID:64e14b8b072ae694ef35a3392639223ecf862820
113453 --> functional testing pass
Test environment and result as below:
Ubuntu 20.04 ARM
Kernel: 4.15.0-132-generic
Compiler: gcc 7.5
NIC: Arm Intel Corporation Ethernet Converged Network Adapter XL710-QDA2 40000 Mbps
Target: x86_64-native-linuxapp-gcc
Fail/Total: 0/2
Ubuntu 20.04
Kernel: 4.15.0-generic
Compiler: gcc 7.4
NIC: Intel Corporation Ethernet Converged Network Adapter XL710-QDA2 40000 Mbps
Target: x86_64-native-linuxapp-gcc
Fail/Total: 0/2
Ubuntu 20.04
Kernel: 4.15.0-generic
Compiler: gcc 7.4
NIC: Intel Corporation Ethernet Converged Network Adapter 82599ES 10000 Mbps
Target: x86_64-native-linuxapp-gcc
Fail/Total: 0/2
To view detailed results, visit:
https://lab.dpdk.org/results/dashboard/patchsets/22802/
UNH-IOL DPDK Community Lab
To manage your email subscriptions, visit:
https://lab.dpdk.org/results/dashboard/preferences/subscriptions/
^ permalink raw reply [flat|nested] 16+ messages in thread
* |SUCCESS| pw113453 [PATCH] [v1] baseband/turbo_sw: remove Flexran SDK meson option
@ 2022-06-25 1:10 dpdklab
0 siblings, 0 replies; 16+ messages in thread
From: dpdklab @ 2022-06-25 1:10 UTC (permalink / raw)
To: Test Report; +Cc: dpdk-test-reports, David Marchand, Thomas Monjalon
[-- Attachment #1: Type: text/plain, Size: 3305 bytes --]
Test-Label: iol-intel-Performance
Test-Status: SUCCESS
http://dpdk.org/patch/113453
_Performance Testing PASS_
Submitter: Nicolas Chautru <nicolas.chautru@intel.com>
Date: Friday, June 24 2022 23:54:13
DPDK git baseline: Repo:dpdk
Branch: master
CommitID:64e14b8b072ae694ef35a3392639223ecf862820
113453 --> performance testing pass
Test environment and result as below:
Ubuntu 20.04
Kernel: 4.15.0-generic
Compiler: gcc 7.4
NIC: Intel Corporation Ethernet Converged Network Adapter XL710-QDA2 40000 Mbps
Target: x86_64-native-linuxapp-gcc
Fail/Total: 0/4
Detail performance results:
+----------+-------------+---------+------------+------------------------------+
| num_cpus | num_threads | txd/rxd | frame_size | throughput difference from |
| | | | | expected |
+==========+=============+=========+============+==============================+
| 1 | 2 | 512 | 64 | -0.3% |
+----------+-------------+---------+------------+------------------------------+
| 1 | 2 | 2048 | 64 | 1.6% |
+----------+-------------+---------+------------+------------------------------+
| 1 | 1 | 512 | 64 | -2.1% |
+----------+-------------+---------+------------+------------------------------+
| 1 | 1 | 2048 | 64 | -0.9% |
+----------+-------------+---------+------------+------------------------------+
Ubuntu 20.04
Kernel: 4.15.0-generic
Compiler: gcc 7.4
NIC: Intel Corporation Ethernet Converged Network Adapter 82599ES 10000 Mbps
Target: x86_64-native-linuxapp-gcc
Fail/Total: 0/6
Detail performance results:
+----------+-------------+---------+------------+------------------------------+
| num_cpus | num_threads | txd/rxd | frame_size | throughput difference from |
| | | | | expected |
+==========+=============+=========+============+==============================+
| 1 | 2 | 128 | 64 | -0.1% |
+----------+-------------+---------+------------+------------------------------+
| 1 | 2 | 512 | 64 | 0.1% |
+----------+-------------+---------+------------+------------------------------+
| 1 | 2 | 2048 | 64 | -0.1% |
+----------+-------------+---------+------------+------------------------------+
| 1 | 1 | 128 | 64 | 0.1% |
+----------+-------------+---------+------------+------------------------------+
| 1 | 1 | 512 | 64 | -0.1% |
+----------+-------------+---------+------------+------------------------------+
| 1 | 1 | 2048 | 64 | 0.1% |
+----------+-------------+---------+------------+------------------------------+
To view detailed results, visit:
https://lab.dpdk.org/results/dashboard/patchsets/22802/
UNH-IOL DPDK Community Lab
To manage your email subscriptions, visit:
https://lab.dpdk.org/results/dashboard/preferences/subscriptions/
^ permalink raw reply [flat|nested] 16+ messages in thread
* |SUCCESS| pw113453 [PATCH] [v1] baseband/turbo_sw: remove Flexran SDK meson option
@ 2022-06-25 1:05 dpdklab
0 siblings, 0 replies; 16+ messages in thread
From: dpdklab @ 2022-06-25 1:05 UTC (permalink / raw)
To: Test Report; +Cc: dpdk-test-reports, David Marchand, Thomas Monjalon
[-- Attachment #1: Type: text/plain, Size: 1175 bytes --]
Test-Label: iol-intel-Functional
Test-Status: SUCCESS
http://dpdk.org/patch/113453
_Functional Testing PASS_
Submitter: Nicolas Chautru <nicolas.chautru@intel.com>
Date: Friday, June 24 2022 23:54:13
DPDK git baseline: Repo:dpdk
Branch: master
CommitID:64e14b8b072ae694ef35a3392639223ecf862820
113453 --> functional testing pass
Test environment and result as below:
Ubuntu 20.04 ARM
Kernel: 4.15.0-132-generic
Compiler: gcc 7.5
NIC: Arm Intel Corporation Ethernet Converged Network Adapter XL710-QDA2 40000 Mbps
Target: x86_64-native-linuxapp-gcc
Fail/Total: 0/2
Ubuntu 20.04
Kernel: 4.15.0-generic
Compiler: gcc 7.4
NIC: Intel Corporation Ethernet Converged Network Adapter XL710-QDA2 40000 Mbps
Target: x86_64-native-linuxapp-gcc
Fail/Total: 0/2
Ubuntu 20.04
Kernel: 4.15.0-generic
Compiler: gcc 7.4
NIC: Intel Corporation Ethernet Converged Network Adapter 82599ES 10000 Mbps
Target: x86_64-native-linuxapp-gcc
Fail/Total: 0/2
To view detailed results, visit:
https://lab.dpdk.org/results/dashboard/patchsets/22802/
UNH-IOL DPDK Community Lab
To manage your email subscriptions, visit:
https://lab.dpdk.org/results/dashboard/preferences/subscriptions/
^ permalink raw reply [flat|nested] 16+ messages in thread
* |SUCCESS| pw113453 [PATCH] [v1] baseband/turbo_sw: remove Flexran SDK meson option
@ 2022-06-25 0:58 dpdklab
0 siblings, 0 replies; 16+ messages in thread
From: dpdklab @ 2022-06-25 0:58 UTC (permalink / raw)
To: Test Report; +Cc: dpdk-test-reports, David Marchand, Thomas Monjalon
[-- Attachment #1: Type: text/plain, Size: 3305 bytes --]
Test-Label: iol-intel-Performance
Test-Status: SUCCESS
http://dpdk.org/patch/113453
_Performance Testing PASS_
Submitter: Nicolas Chautru <nicolas.chautru@intel.com>
Date: Friday, June 24 2022 23:54:13
DPDK git baseline: Repo:dpdk
Branch: master
CommitID:64e14b8b072ae694ef35a3392639223ecf862820
113453 --> performance testing pass
Test environment and result as below:
Ubuntu 20.04
Kernel: 4.15.0-generic
Compiler: gcc 7.4
NIC: Intel Corporation Ethernet Converged Network Adapter XL710-QDA2 40000 Mbps
Target: x86_64-native-linuxapp-gcc
Fail/Total: 0/4
Detail performance results:
+----------+-------------+---------+------------+------------------------------+
| num_cpus | num_threads | txd/rxd | frame_size | throughput difference from |
| | | | | expected |
+==========+=============+=========+============+==============================+
| 1 | 2 | 512 | 64 | 1.1% |
+----------+-------------+---------+------------+------------------------------+
| 1 | 2 | 2048 | 64 | 0.1% |
+----------+-------------+---------+------------+------------------------------+
| 1 | 1 | 512 | 64 | -2.0% |
+----------+-------------+---------+------------+------------------------------+
| 1 | 1 | 2048 | 64 | -0.4% |
+----------+-------------+---------+------------+------------------------------+
Ubuntu 20.04
Kernel: 4.15.0-generic
Compiler: gcc 7.4
NIC: Intel Corporation Ethernet Converged Network Adapter 82599ES 10000 Mbps
Target: x86_64-native-linuxapp-gcc
Fail/Total: 0/6
Detail performance results:
+----------+-------------+---------+------------+------------------------------+
| num_cpus | num_threads | txd/rxd | frame_size | throughput difference from |
| | | | | expected |
+==========+=============+=========+============+==============================+
| 1 | 2 | 128 | 64 | -0.1% |
+----------+-------------+---------+------------+------------------------------+
| 1 | 2 | 512 | 64 | 0.1% |
+----------+-------------+---------+------------+------------------------------+
| 1 | 2 | 2048 | 64 | -0.1% |
+----------+-------------+---------+------------+------------------------------+
| 1 | 1 | 128 | 64 | 0.1% |
+----------+-------------+---------+------------+------------------------------+
| 1 | 1 | 512 | 64 | -0.1% |
+----------+-------------+---------+------------+------------------------------+
| 1 | 1 | 2048 | 64 | 0.1% |
+----------+-------------+---------+------------+------------------------------+
To view detailed results, visit:
https://lab.dpdk.org/results/dashboard/patchsets/22802/
UNH-IOL DPDK Community Lab
To manage your email subscriptions, visit:
https://lab.dpdk.org/results/dashboard/preferences/subscriptions/
^ permalink raw reply [flat|nested] 16+ messages in thread
* |SUCCESS| pw113453 [PATCH] [v1] baseband/turbo_sw: remove Flexran SDK meson option
@ 2022-06-25 0:55 dpdklab
0 siblings, 0 replies; 16+ messages in thread
From: dpdklab @ 2022-06-25 0:55 UTC (permalink / raw)
To: Test Report; +Cc: dpdk-test-reports, David Marchand, Thomas Monjalon
[-- Attachment #1: Type: text/plain, Size: 1796 bytes --]
Test-Label: iol-intel-Performance
Test-Status: SUCCESS
http://dpdk.org/patch/113453
_Performance Testing PASS_
Submitter: Nicolas Chautru <nicolas.chautru@intel.com>
Date: Friday, June 24 2022 23:54:13
DPDK git baseline: Repo:dpdk
Branch: master
CommitID:64e14b8b072ae694ef35a3392639223ecf862820
113453 --> performance testing pass
Test environment and result as below:
Ubuntu 20.04
Kernel: 4.15.0-generic
Compiler: gcc 7.4
NIC: Intel Corporation Ethernet Converged Network Adapter XL710-QDA2 40000 Mbps
Target: x86_64-native-linuxapp-gcc
Fail/Total: 0/4
Detail performance results:
+----------+-------------+---------+------------+------------------------------+
| num_cpus | num_threads | txd/rxd | frame_size | throughput difference from |
| | | | | expected |
+==========+=============+=========+============+==============================+
| 1 | 2 | 512 | 64 | 1.1% |
+----------+-------------+---------+------------+------------------------------+
| 1 | 2 | 2048 | 64 | 0.1% |
+----------+-------------+---------+------------+------------------------------+
| 1 | 1 | 512 | 64 | -2.0% |
+----------+-------------+---------+------------+------------------------------+
| 1 | 1 | 2048 | 64 | -0.4% |
+----------+-------------+---------+------------+------------------------------+
To view detailed results, visit:
https://lab.dpdk.org/results/dashboard/patchsets/22802/
UNH-IOL DPDK Community Lab
To manage your email subscriptions, visit:
https://lab.dpdk.org/results/dashboard/preferences/subscriptions/
^ permalink raw reply [flat|nested] 16+ messages in thread
* |SUCCESS| pw113453 [PATCH] [v1] baseband/turbo_sw: remove Flexran SDK meson option
@ 2022-06-25 0:41 dpdklab
0 siblings, 0 replies; 16+ messages in thread
From: dpdklab @ 2022-06-25 0:41 UTC (permalink / raw)
To: Test Report; +Cc: dpdk-test-reports, David Marchand, Thomas Monjalon
[-- Attachment #1: Type: text/plain, Size: 991 bytes --]
Test-Label: iol-intel-Functional
Test-Status: SUCCESS
http://dpdk.org/patch/113453
_Functional Testing PASS_
Submitter: Nicolas Chautru <nicolas.chautru@intel.com>
Date: Friday, June 24 2022 23:54:13
DPDK git baseline: Repo:dpdk
Branch: master
CommitID:64e14b8b072ae694ef35a3392639223ecf862820
113453 --> functional testing pass
Test environment and result as below:
Ubuntu 20.04 ARM
Kernel: 4.15.0-132-generic
Compiler: gcc 7.5
NIC: Arm Intel Corporation Ethernet Converged Network Adapter XL710-QDA2 40000 Mbps
Target: x86_64-native-linuxapp-gcc
Fail/Total: 0/2
Ubuntu 20.04
Kernel: 4.15.0-generic
Compiler: gcc 7.4
NIC: Intel Corporation Ethernet Converged Network Adapter XL710-QDA2 40000 Mbps
Target: x86_64-native-linuxapp-gcc
Fail/Total: 0/2
To view detailed results, visit:
https://lab.dpdk.org/results/dashboard/patchsets/22802/
UNH-IOL DPDK Community Lab
To manage your email subscriptions, visit:
https://lab.dpdk.org/results/dashboard/preferences/subscriptions/
^ permalink raw reply [flat|nested] 16+ messages in thread
* |SUCCESS| pw113453 [PATCH] [v1] baseband/turbo_sw: remove Flexran SDK meson option
@ 2022-06-25 0:39 dpdklab
0 siblings, 0 replies; 16+ messages in thread
From: dpdklab @ 2022-06-25 0:39 UTC (permalink / raw)
To: Test Report; +Cc: dpdk-test-reports, David Marchand, Thomas Monjalon
[-- Attachment #1: Type: text/plain, Size: 991 bytes --]
Test-Label: iol-intel-Functional
Test-Status: SUCCESS
http://dpdk.org/patch/113453
_Functional Testing PASS_
Submitter: Nicolas Chautru <nicolas.chautru@intel.com>
Date: Friday, June 24 2022 23:54:13
DPDK git baseline: Repo:dpdk
Branch: master
CommitID:64e14b8b072ae694ef35a3392639223ecf862820
113453 --> functional testing pass
Test environment and result as below:
Ubuntu 20.04 ARM
Kernel: 4.15.0-132-generic
Compiler: gcc 7.5
NIC: Arm Intel Corporation Ethernet Converged Network Adapter XL710-QDA2 40000 Mbps
Target: x86_64-native-linuxapp-gcc
Fail/Total: 0/2
Ubuntu 20.04
Kernel: 4.15.0-generic
Compiler: gcc 7.4
NIC: Intel Corporation Ethernet Converged Network Adapter XL710-QDA2 40000 Mbps
Target: x86_64-native-linuxapp-gcc
Fail/Total: 0/2
To view detailed results, visit:
https://lab.dpdk.org/results/dashboard/patchsets/22802/
UNH-IOL DPDK Community Lab
To manage your email subscriptions, visit:
https://lab.dpdk.org/results/dashboard/preferences/subscriptions/
^ permalink raw reply [flat|nested] 16+ messages in thread
* |SUCCESS| pw113453 [PATCH] [v1] baseband/turbo_sw: remove Flexran SDK meson option
@ 2022-06-25 0:35 dpdklab
0 siblings, 0 replies; 16+ messages in thread
From: dpdklab @ 2022-06-25 0:35 UTC (permalink / raw)
To: Test Report; +Cc: dpdk-test-reports, David Marchand, Thomas Monjalon
[-- Attachment #1: Type: text/plain, Size: 804 bytes --]
Test-Label: iol-intel-Functional
Test-Status: SUCCESS
http://dpdk.org/patch/113453
_Functional Testing PASS_
Submitter: Nicolas Chautru <nicolas.chautru@intel.com>
Date: Friday, June 24 2022 23:54:13
DPDK git baseline: Repo:dpdk
Branch: master
CommitID:64e14b8b072ae694ef35a3392639223ecf862820
113453 --> functional testing pass
Test environment and result as below:
Ubuntu 20.04 ARM
Kernel: 4.15.0-132-generic
Compiler: gcc 7.5
NIC: Arm Intel Corporation Ethernet Converged Network Adapter XL710-QDA2 40000 Mbps
Target: x86_64-native-linuxapp-gcc
Fail/Total: 0/2
To view detailed results, visit:
https://lab.dpdk.org/results/dashboard/patchsets/22802/
UNH-IOL DPDK Community Lab
To manage your email subscriptions, visit:
https://lab.dpdk.org/results/dashboard/preferences/subscriptions/
^ permalink raw reply [flat|nested] 16+ messages in thread
end of thread, other threads:[~2022-07-01 5:26 UTC | newest]
Thread overview: 16+ messages (download: mbox.gz / follow: Atom feed)
-- links below jump to the message on this page --
[not found] <1656114853-215147-2-git-send-email-nicolas.chautru@intel.com>
2022-06-25 0:08 ` |SUCCESS| pw113453 [PATCH v1] baseband/turbo_sw: remove Flexran SDK meson option checkpatch
2022-06-25 1:38 ` |FAILURE| " 0-day Robot
2022-06-25 0:35 |SUCCESS| pw113453 [PATCH] [v1] " dpdklab
2022-06-25 0:39 dpdklab
2022-06-25 0:41 dpdklab
2022-06-25 0:55 dpdklab
2022-06-25 0:58 dpdklab
2022-06-25 1:05 dpdklab
2022-06-25 1:10 dpdklab
2022-06-25 1:17 dpdklab
2022-06-25 1:25 dpdklab
2022-06-25 1:32 dpdklab
2022-06-25 1:47 dpdklab
2022-06-25 1:54 dpdklab
2022-06-25 2:07 dpdklab
2022-07-01 5:26 dpdklab
This is a public inbox, see mirroring instructions
for how to clone and mirror all data and code used for this inbox;
as well as URLs for NNTP newsgroup(s).