* |WARNING| pw112904-112922 [PATCH] [v2, 19/19] vhost: remove unneeded header includes
@ 2022-06-25 12:05 dpdklab
0 siblings, 0 replies; only message in thread
From: dpdklab @ 2022-06-25 12:05 UTC (permalink / raw)
To: Test Report
Cc: dpdk-test-reports, David Marchand, Thomas Monjalon, Sean Morrissey
[-- Attachment #1: Type: text/plain, Size: 4842 bytes --]
Test-Label: iol-abi-testing
Test-Status: WARNING
http://dpdk.org/patch/112922
_Testing issues_
Submitter: Sean Morrissey <sean.morrissey@intel.com>
Date: Thursday, June 16 2022 15:17:27
DPDK git baseline: Repo:dpdk
Branch: master
CommitID:7342e612052ae3ec875ae018548324d29abfa9c2
112904-112922 --> testing fail
Test environment and result as below:
+-----------------------------+----------+
| Environment | abi_test |
+=============================+==========+
| Ubuntu 20.04 ARM GCC Native | FAIL |
+-----------------------------+----------+
| RHEL 7 | PASS |
+-----------------------------+----------+
| Ubuntu 18.04 | PASS |
+-----------------------------+----------+
| Fedora 33 | PASS |
+-----------------------------+----------+
| Fedora 32 | PASS |
+-----------------------------+----------+
| Fedora 31 | PASS |
+-----------------------------+----------+
| Arch Linux | PASS |
+-----------------------------+----------+
| CentOS Stream 8 | PASS |
+-----------------------------+----------+
| Fedora 34 | PASS |
+-----------------------------+----------+
| Ubuntu 20.04 | PASS |
+-----------------------------+----------+
| RHEL8 | PASS |
+-----------------------------+----------+
| Fedora 34 clang | PASS |
+-----------------------------+----------+
| Alpine | PASS |
+-----------------------------+----------+
| openSUSE Leap 15 | PASS |
+-----------------------------+----------+
==== 20 line log output for Ubuntu 20.04 ARM GCC Native (abi_test): ====
../lib/eal/linux/eal_vfio.c: In function ‘rte_vfio_setup_device’:
../lib/eal/linux/eal_vfio.c:872:4: warning: implicit declaration of function ‘rte_spinlock_recursive_lock’ [-Wimplicit-function-declaration]
872 | rte_spinlock_recursive_lock(&user_mem_maps->lock);
| ^~~~~~~~~~~~~~~~~~~~~~~~~~~
../lib/eal/linux/eal_vfio.c:872:4: warning: nested extern declaration of ‘rte_spinlock_recursive_lock’ [-Wnested-externs]
../lib/eal/linux/eal_vfio.c:894:6: warning: implicit declaration of function ‘rte_spinlock_recursive_unlock’; did you mean ‘rte_rwlock_write_unlock’? [-Wimplicit-function-declaration]
894 | rte_spinlock_recursive_unlock(
| ^~~~~~~~~~~~~~~~~~~~~~~~~~~~~
| rte_rwlock_write_unlock
../lib/eal/linux/eal_vfio.c:894:6: warning: nested extern declaration of ‘rte_spinlock_recursive_unlock’ [-Wnested-externs]
../lib/eal/linux/eal_vfio.c: In function ‘rte_vfio_enable’:
../lib/eal/linux/eal_vfio.c:1088:2: error: unknown type name ‘rte_spinlock_recursive_t’
1088 | rte_spinlock_recursive_t lock = RTE_SPINLOCK_RECURSIVE_INITIALIZER;
| ^~~~~~~~~~~~~~~~~~~~~~~~
../lib/eal/linux/eal_vfio.c:1088:34: error: ‘RTE_SPINLOCK_RECURSIVE_INITIALIZER’ undeclared (first use in this function)
1088 | rte_spinlock_recursive_t lock = RTE_SPINLOCK_RECURSIVE_INITIALIZER;
| ^~~~~~~~~~~~~~~~~~~~~~~~~~~~~~~~~~
../lib/eal/linux/eal_vfio.c:1088:34: note: each undeclared identifier is reported only once for each function it appears in
[91/3680] Generating lib/ring.sym_chk with a custom command (wrapped by meson to capture output)
ninja: build stopped: subcommand failed.
==== End log output ====
Ubuntu 20.04 ARM GCC Native
Kernel: 5.4.0-53-generic
Compiler: gcc 9.3
RHEL 7
Kernel: 4.18.0-240.10.1.el8_3.x86_64
Compiler: gcc 4.8.5 20150623 (Red Hat 4.8.5-44)
Ubuntu 18.04
Kernel: 4.18.0-240.10.1.el8_3.x86_64
Compiler: gcc 7.5.0-3ubuntu1~18.04
Fedora 33
Kernel: 5.4.0-72-generic
Compiler: gcc 10.3.1 20210422 (Red Hat 10.3.1-1)
Fedora 32
Kernel: 4.18.0-240.10.1.el8_3.x86_64
Compiler: gcc 10.2.1
Fedora 31
Kernel: 4.18.0-240.10.1.el8_3.x86_64
Compiler: gcc 9.3.1
Arch Linux
Kernel: 5.4.0-73-generic
Compiler: gcc 11.1.0
CentOS Stream 8
Kernel: 4.18.0-240.10.1.el8_3.x86_64
Compiler: gcc 8.4.1 20200928
Fedora 34
Kernel: 5.4.0-72-generic
Compiler: gcc 11.1.1 20210428 (Red Hat 11.1.1-1)
Ubuntu 20.04
Kernel: 4.18.0-240.10.1.el8_3.x86_64
Compiler: gcc 9.3.0-17ubuntu1~20.04
RHEL8
Kernel: 4.18.0-240.10.1.el8_3.x86_64
Compiler: gcc 8.3.1 20191121 (Red Hat 8.3.1-5)
Fedora 34 clang
Kernel: 5.4.0-72-generic
Compiler: clang 12.0.0 (Fedora 12.0.0-0.3.rc1.fc34)
Alpine
Kernel: 5.4.0-73-generic
Compiler: gcc (Alpine 10.3.1_git20210424) 10.3.1 20210424
openSUSE Leap 15
Kernel: 4.18.0-240.10.1.el8_3.x86_64
Compiler: gcc 7.5.0
To view detailed results, visit:
https://lab.dpdk.org/results/dashboard/patchsets/22653/
UNH-IOL DPDK Community Lab
To manage your email subscriptions, visit:
https://lab.dpdk.org/results/dashboard/preferences/subscriptions/
^ permalink raw reply [flat|nested] only message in thread
only message in thread, other threads:[~2022-06-25 12:05 UTC | newest]
Thread overview: (only message) (download: mbox.gz / follow: Atom feed)
-- links below jump to the message on this page --
2022-06-25 12:05 |WARNING| pw112904-112922 [PATCH] [v2, 19/19] vhost: remove unneeded header includes dpdklab
This is a public inbox, see mirroring instructions
for how to clone and mirror all data and code used for this inbox;
as well as URLs for NNTP newsgroup(s).