* |SUCCESS| pw113718 [PATCH] examples/eventdev: Check for the NULL pointer after calling rte_zmalloc
[not found] <tencent_E049786768575AD04105555B3D3730A17B0A@qq.com>
@ 2022-07-06 7:25 ` checkpatch
2022-07-06 8:18 ` |FAILURE| " 0-day Robot
1 sibling, 0 replies; 10+ messages in thread
From: checkpatch @ 2022-07-06 7:25 UTC (permalink / raw)
To: test-report
Test-Label: checkpatch
Test-Status: SUCCESS
http://dpdk.org/patch/113718
_coding style OK_
^ permalink raw reply [flat|nested] 10+ messages in thread
* |FAILURE| pw113718 [PATCH] examples/eventdev: Check for the NULL pointer after calling rte_zmalloc
[not found] <tencent_E049786768575AD04105555B3D3730A17B0A@qq.com>
2022-07-06 7:25 ` |SUCCESS| pw113718 [PATCH] examples/eventdev: Check for the NULL pointer after calling rte_zmalloc checkpatch
@ 2022-07-06 8:18 ` 0-day Robot
1 sibling, 0 replies; 10+ messages in thread
From: 0-day Robot @ 2022-07-06 8:18 UTC (permalink / raw)
To: test-report; +Cc: 835703180, robot
From: robot@bytheb.org
Test-Label: github-robot: build
Test-Status: FAILURE
http://patchwork.dpdk.org/patch/113718/
_github build: failed_
Build URL: https://github.com/ovsrobot/dpdk/actions/runs/2621197341
Build Logs:
-----------------------Summary of failed steps-----------------------
"ubuntu-20.04-gcc-shared-mini" failed at step Build and test
"ubuntu-20.04-gcc-shared-abi+doc+tests" failed at step Build and test
"ubuntu-20.04-clang-shared-asan+doc+tests" failed at step Build and test
"ubuntu-20.04-gcc-shared-aarch64" failed at step Build and test
"ubuntu-20.04-gcc-shared-ppc64le" failed at step Build and test
"ubuntu-20.04-gcc-shared-riscv64" failed at step Build and test
"fedora:35-gcc-shared" failed at step Build
"fedora:35-clang-shared" failed at step Build
----------------------End summary of failed steps--------------------
-------------------------------BEGIN LOGS----------------------------
####################################################################################
#### [Begin job log] "ubuntu-20.04-gcc-shared-mini" at step Build and test
####################################################################################
[666/1537] Linking target examples/dpdk-cmdline.
[667/1537] Compiling C object 'examples/c590b3c@@dpdk-ethtool@exe/ethtool_ethtool-app_main.c.o'.
[668/1537] Compiling C object 'examples/c590b3c@@dpdk-ethtool@exe/ethtool_lib_rte_ethtool.c.o'.
[669/1537] Compiling C object 'app/test/3062f5d@@dpdk-test@exe/test_security_inline_proto.c.o'.
[670/1537] Compiling C object 'examples/c590b3c@@dpdk-ethtool@exe/ethtool_ethtool-app_ethapp.c.o'.
[671/1537] Linking target examples/dpdk-dma.
[672/1537] Linking target examples/dpdk-ethtool.
[673/1537] Compiling C object 'examples/c590b3c@@dpdk-eventdev_pipeline@exe/eventdev_pipeline_main.c.o'.
[674/1537] Compiling C object 'examples/c590b3c@@dpdk-eventdev_pipeline@exe/eventdev_pipeline_pipeline_worker_generic.c.o'.
[675/1537] Compiling C object 'examples/c590b3c@@dpdk-fips_validation@exe/fips_validation_fips_validation_hmac.c.o'.
[676/1537] Compiling C object 'examples/c590b3c@@dpdk-eventdev_pipeline@exe/eventdev_pipeline_pipeline_worker_tx.c.o'.
FAILED: examples/c590b3c@@dpdk-eventdev_pipeline@exe/eventdev_pipeline_pipeline_worker_tx.c.o
ccache gcc -Iexamples/c590b3c@@dpdk-eventdev_pipeline@exe -Iexamples -I../examples -Iexamples/eventdev_pipeline -I../examples/eventdev_pipeline -I../examples/common -I. -I../ -Iconfig -I../config -Ilib/eal/include -I../lib/eal/include -Ilib/eal/linux/include -I../lib/eal/linux/include -Ilib/eal/x86/include -I../lib/eal/x86/include -Ilib/eal/common -I../lib/eal/common -Ilib/eal -I../lib/eal -Ilib/kvargs -I../lib/kvargs -I../lib/telemetry/../metrics -Ilib/telemetry -I../lib/telemetry -Ilib/mempool -I../lib/mempool -Ilib/ring -I../lib/ring -Ilib/net -I../lib/net -Ilib/mbuf -I../lib/mbuf -Ilib/ethdev -I../lib/ethdev -Ilib/meter -I../lib/meter -Ilib/cmdline -I../lib/cmdline -Ilib/eventdev -I../lib/eventdev -Ilib/hash -I../lib/hash -Ilib/rcu -I../lib/rcu -Ilib/timer -I../lib/timer -Ilib/cryptodev -I../lib/cryptodev -fdiagnostics-color=always -pipe -D_FILE_OFFSET_BITS=64 -Wall -Winvalid-pch -Wextra -Werror -O2 -g -include rte_config.h -Wcast-qual -Wdeprecated -Wformat -Wformat-nonliteral -Wformat-security -Wmissing-declarations -Wmissing-prototypes -Wnested-externs -Wold-style-definition -Wpointer-arith -Wsign-compare -Wstrict-prototypes -Wundef -Wwrite-strings -Wno-address-of-packed-member -Wno-packed-not-aligned -Wno-missing-field-initializers -D_GNU_SOURCE -march=corei7 -Wno-format-truncation -DALLOW_EXPERIMENTAL_API -MD -MQ 'examples/c590b3c@@dpdk-eventdev_pipeline@exe/eventdev_pipeline_pipeline_worker_tx.c.o' -MF 'examples/c590b3c@@dpdk-eventdev_pipeline@exe/eventdev_pipeline_pipeline_worker_tx.c.o.d' -o 'examples/c590b3c@@dpdk-eventdev_pipeline@exe/eventdev_pipeline_pipeline_worker_tx.c.o' -c ../examples/eventdev_pipeline/pipeline_worker_tx.c
../examples/eventdev_pipeline/pipeline_worker_tx.c: In function ‘init_adapters’:
../examples/eventdev_pipeline/pipeline_worker_tx.c:768:10: error: ‘return’ with a value, in function returning void [-Werror=return-type]
768 | return -ENOMEM;
| ^
../examples/eventdev_pipeline/pipeline_worker_tx.c:757:1: note: declared here
757 | init_adapters(uint16_t nb_ports)
| ^~~~~~~~~~~~~
cc1: all warnings being treated as errors
[677/1537] Compiling C object 'examples/c590b3c@@dpdk-fips_validation@exe/fips_validation_fips_validation.c.o'.
[678/1537] Compiling C object 'app/test/3062f5d@@dpdk-test@exe/test_cryptodev.c.o'.
ninja: build stopped: subcommand failed.
##[error]Process completed with exit code 1.
####################################################################################
#### [End job log] "ubuntu-20.04-gcc-shared-mini" at step Build and test
####################################################################################
####################################################################################
#### [Begin job log] "ubuntu-20.04-gcc-shared-abi+doc+tests" at step Build and test
####################################################################################
[3457/4631] Linking target examples/dpdk-distributor.
[3458/4631] Compiling C object 'examples/c590b3c@@dpdk-cmdline@exe/cmdline_commands.c.o'.
[3459/4631] Linking target examples/dpdk-cmdline.
[3460/4631] Compiling C object 'examples/c590b3c@@dpdk-bond@exe/bond_main.c.o'.
[3461/4631] Linking target examples/dpdk-bond.
[3462/4631] Linking target examples/dpdk-dma.
[3463/4631] Compiling C object 'examples/c590b3c@@dpdk-bbdev_app@exe/bbdev_app_main.c.o'.
[3464/4631] Linking target examples/dpdk-bbdev_app.
[3465/4631] Linking target app/test/dpdk-test.
[3466/4631] Compiling C object 'examples/c590b3c@@dpdk-ethtool@exe/ethtool_ethtool-app_ethapp.c.o'.
[3467/4631] Compiling C object 'examples/c590b3c@@dpdk-eventdev_pipeline@exe/eventdev_pipeline_pipeline_worker_tx.c.o'.
FAILED: examples/c590b3c@@dpdk-eventdev_pipeline@exe/eventdev_pipeline_pipeline_worker_tx.c.o
ccache gcc -Iexamples/c590b3c@@dpdk-eventdev_pipeline@exe -Iexamples -I../examples -Iexamples/eventdev_pipeline -I../examples/eventdev_pipeline -I../examples/common -I. -I../ -Iconfig -I../config -Ilib/eal/include -I../lib/eal/include -Ilib/eal/linux/include -I../lib/eal/linux/include -Ilib/eal/x86/include -I../lib/eal/x86/include -Ilib/eal/common -I../lib/eal/common -Ilib/eal -I../lib/eal -Ilib/kvargs -I../lib/kvargs -Ilib/telemetry/../metrics -I../lib/telemetry/../metrics -Ilib/telemetry -I../lib/telemetry -Ilib/mempool -I../lib/mempool -Ilib/ring -I../lib/ring -Ilib/net -I../lib/net -Ilib/mbuf -I../lib/mbuf -Ilib/ethdev -I../lib/ethdev -Ilib/meter -I../lib/meter -Ilib/cmdline -I../lib/cmdline -Ilib/eventdev -I../lib/eventdev -Ilib/hash -I../lib/hash -Ilib/rcu -I../lib/rcu -Ilib/timer -I../lib/timer -Ilib/cryptodev -I../lib/cryptodev -fdiagnostics-color=always -pipe -D_FILE_OFFSET_BITS=64 -Wall -Winvalid-pch -Wextra -Werror -O2 -g -include rte_config.h -Wcast-qual -Wdeprecated -Wformat -Wformat-nonliteral -Wformat-security -Wmissing-declarations -Wmissing-prototypes -Wnested-externs -Wold-style-definition -Wpointer-arith -Wsign-compare -Wstrict-prototypes -Wundef -Wwrite-strings -Wno-address-of-packed-member -Wno-packed-not-aligned -Wno-missing-field-initializers -D_GNU_SOURCE -march=corei7 -Wno-format-truncation -DALLOW_EXPERIMENTAL_API -MD -MQ 'examples/c590b3c@@dpdk-eventdev_pipeline@exe/eventdev_pipeline_pipeline_worker_tx.c.o' -MF 'examples/c590b3c@@dpdk-eventdev_pipeline@exe/eventdev_pipeline_pipeline_worker_tx.c.o.d' -o 'examples/c590b3c@@dpdk-eventdev_pipeline@exe/eventdev_pipeline_pipeline_worker_tx.c.o' -c ../examples/eventdev_pipeline/pipeline_worker_tx.c
../examples/eventdev_pipeline/pipeline_worker_tx.c: In function ‘init_adapters’:
../examples/eventdev_pipeline/pipeline_worker_tx.c:768:10: error: ‘return’ with a value, in function returning void [-Werror=return-type]
768 | return -ENOMEM;
| ^
../examples/eventdev_pipeline/pipeline_worker_tx.c:757:1: note: declared here
757 | init_adapters(uint16_t nb_ports)
| ^~~~~~~~~~~~~
cc1: all warnings being treated as errors
[3468/4631] Generating doxygen with a custom command.
[3469/4631] Generating html_guides with a custom command.
ninja: build stopped: subcommand failed.
##[error]Process completed with exit code 1.
####################################################################################
#### [End job log] "ubuntu-20.04-gcc-shared-abi+doc+tests" at step Build and test
####################################################################################
####################################################################################
#### [Begin job log] "ubuntu-20.04-clang-shared-asan+doc+tests" at step Build and test
####################################################################################
[3458/4631] Compiling C object 'examples/c590b3c@@dpdk-dma@exe/dma_dmafwd.c.o'.
[3459/4631] Compiling C object 'examples/c590b3c@@dpdk-cmdline@exe/cmdline_commands.c.o'.
[3460/4631] Compiling C object 'examples/c590b3c@@dpdk-cmdline@exe/cmdline_main.c.o'.
[3461/4631] Linking target examples/dpdk-cmdline.
[3462/4631] Compiling C object 'examples/c590b3c@@dpdk-bond@exe/bond_main.c.o'.
[3463/4631] Linking target examples/dpdk-bond.
[3464/4631] Linking target app/test/dpdk-test.
[3465/4631] Linking target examples/dpdk-dma.
[3466/4631] Compiling C object 'examples/c590b3c@@dpdk-ethtool@exe/ethtool_ethtool-app_main.c.o'.
[3467/4631] Compiling C object 'examples/c590b3c@@dpdk-eventdev_pipeline@exe/eventdev_pipeline_pipeline_worker_generic.c.o'.
[3468/4631] Compiling C object 'examples/c590b3c@@dpdk-eventdev_pipeline@exe/eventdev_pipeline_main.c.o'.
[3469/4631] Compiling C object 'examples/c590b3c@@dpdk-fips_validation@exe/fips_validation_fips_validation_hmac.c.o'.
[3470/4631] Compiling C object 'examples/c590b3c@@dpdk-fips_validation@exe/fips_validation_fips_validation.c.o'.
[3471/4631] Linking target examples/dpdk-ethtool.
[3472/4631] Compiling C object 'examples/c590b3c@@dpdk-eventdev_pipeline@exe/eventdev_pipeline_pipeline_worker_tx.c.o'.
FAILED: examples/c590b3c@@dpdk-eventdev_pipeline@exe/eventdev_pipeline_pipeline_worker_tx.c.o
ccache clang -Iexamples/c590b3c@@dpdk-eventdev_pipeline@exe -Iexamples -I../examples -Iexamples/eventdev_pipeline -I../examples/eventdev_pipeline -I../examples/common -I. -I../ -Iconfig -I../config -Ilib/eal/include -I../lib/eal/include -Ilib/eal/linux/include -I../lib/eal/linux/include -Ilib/eal/x86/include -I../lib/eal/x86/include -Ilib/eal/common -I../lib/eal/common -Ilib/eal -I../lib/eal -Ilib/kvargs -I../lib/kvargs -Ilib/telemetry/../metrics -I../lib/telemetry/../metrics -Ilib/telemetry -I../lib/telemetry -Ilib/mempool -I../lib/mempool -Ilib/ring -I../lib/ring -Ilib/net -I../lib/net -Ilib/mbuf -I../lib/mbuf -Ilib/ethdev -I../lib/ethdev -Ilib/meter -I../lib/meter -Ilib/cmdline -I../lib/cmdline -Ilib/eventdev -I../lib/eventdev -Ilib/hash -I../lib/hash -Ilib/rcu -I../lib/rcu -Ilib/timer -I../lib/timer -Ilib/cryptodev -I../lib/cryptodev -Xclang -fcolor-diagnostics -fsanitize=address -fno-omit-frame-pointer -pipe -D_FILE_OFFSET_BITS=64 -Wall -Winvalid-pch -Wextra -Werror -O2 -g -include rte_config.h -Wcast-qual -Wdeprecated -Wformat -Wformat-nonliteral -Wformat-security -Wmissing-declarations -Wmissing-prototypes -Wnested-externs -Wold-style-definition -Wpointer-arith -Wsign-compare -Wstrict-prototypes -Wundef -Wwrite-strings -Wno-address-of-packed-member -Wno-missing-field-initializers -D_GNU_SOURCE -march=corei7 -DALLOW_EXPERIMENTAL_API -MD -MQ 'examples/c590b3c@@dpdk-eventdev_pipeline@exe/eventdev_pipeline_pipeline_worker_tx.c.o' -MF 'examples/c590b3c@@dpdk-eventdev_pipeline@exe/eventdev_pipeline_pipeline_worker_tx.c.o.d' -o 'examples/c590b3c@@dpdk-eventdev_pipeline@exe/eventdev_pipeline_pipeline_worker_tx.c.o' -c ../examples/eventdev_pipeline/pipeline_worker_tx.c
../examples/eventdev_pipeline/pipeline_worker_tx.c:768:3: error: void function 'init_adapters' should not return a value [-Wreturn-type]
return -ENOMEM;
^ ~~~~~~~
1 error generated.
[3473/4631] Compiling C object 'examples/c590b3c@@dpdk-bbdev_app@exe/bbdev_app_main.c.o'.
[3474/4631] Generating html_guides with a custom command.
ninja: build stopped: subcommand failed.
##[error]Process completed with exit code 1.
####################################################################################
#### [End job log] "ubuntu-20.04-clang-shared-asan+doc+tests" at step Build and test
####################################################################################
####################################################################################
#### [Begin job log] "ubuntu-20.04-gcc-shared-aarch64" at step Build and test
####################################################################################
[3134/4248] Compiling C object 'examples/c590b3c@@dpdk-ethtool@exe/ethtool_ethtool-app_main.c.o'.
[3135/4248] Compiling C object 'examples/c590b3c@@dpdk-ethtool@exe/ethtool_lib_rte_ethtool.c.o'.
[3136/4248] Linking target examples/dpdk-dma.
[3137/4248] Compiling C object 'examples/c590b3c@@dpdk-ethtool@exe/ethtool_ethtool-app_ethapp.c.o'.
[3138/4248] Linking target examples/dpdk-ethtool.
[3139/4248] Compiling C object 'examples/c590b3c@@dpdk-eventdev_pipeline@exe/eventdev_pipeline_main.c.o'.
[3140/4248] Compiling C object 'examples/c590b3c@@dpdk-fips_validation@exe/fips_validation_fips_validation.c.o'.
[3141/4248] Compiling C object 'examples/c590b3c@@dpdk-fips_validation@exe/fips_validation_fips_validation_aes.c.o'.
[3142/4248] Compiling C object 'app/test/3062f5d@@dpdk-test@exe/test_cryptodev.c.o'.
[3143/4248] Compiling C object 'examples/c590b3c@@dpdk-fips_validation@exe/fips_validation_fips_validation_hmac.c.o'.
[3144/4248] Compiling C object 'examples/c590b3c@@dpdk-eventdev_pipeline@exe/eventdev_pipeline_pipeline_worker_tx.c.o'.
FAILED: examples/c590b3c@@dpdk-eventdev_pipeline@exe/eventdev_pipeline_pipeline_worker_tx.c.o
ccache aarch64-linux-gnu-gcc -Iexamples/c590b3c@@dpdk-eventdev_pipeline@exe -Iexamples -I../examples -Iexamples/eventdev_pipeline -I../examples/eventdev_pipeline -I../examples/common -I. -I../ -Iconfig -I../config -Ilib/eal/include -I../lib/eal/include -Ilib/eal/linux/include -I../lib/eal/linux/include -Ilib/eal/arm/include -I../lib/eal/arm/include -Ilib/eal/common -I../lib/eal/common -Ilib/eal -I../lib/eal -Ilib/kvargs -I../lib/kvargs -Ilib/telemetry/../metrics -I../lib/telemetry/../metrics -Ilib/telemetry -I../lib/telemetry -Ilib/mempool -I../lib/mempool -Ilib/ring -I../lib/ring -Ilib/net -I../lib/net -Ilib/mbuf -I../lib/mbuf -Ilib/ethdev -I../lib/ethdev -Ilib/meter -I../lib/meter -Ilib/cmdline -I../lib/cmdline -Ilib/eventdev -I../lib/eventdev -Ilib/hash -I../lib/hash -Ilib/rcu -I../lib/rcu -Ilib/timer -I../lib/timer -Ilib/cryptodev -I../lib/cryptodev -fdiagnostics-color=always -pipe -D_FILE_OFFSET_BITS=64 -Wall -Winvalid-pch -Wextra -Werror -O2 -g -include rte_config.h -Wcast-qual -Wdeprecated -Wformat -Wformat-nonliteral -Wformat-security -Wmissing-declarations -Wmissing-prototypes -Wnested-externs -Wold-style-definition -Wpointer-arith -Wsign-compare -Wstrict-prototypes -Wundef -Wwrite-strings -Wno-address-of-packed-member -Wno-packed-not-aligned -Wno-missing-field-initializers -D_GNU_SOURCE -march=armv8-a+crc -moutline-atomics -Wno-format-truncation -DALLOW_EXPERIMENTAL_API -MD -MQ 'examples/c590b3c@@dpdk-eventdev_pipeline@exe/eventdev_pipeline_pipeline_worker_tx.c.o' -MF 'examples/c590b3c@@dpdk-eventdev_pipeline@exe/eventdev_pipeline_pipeline_worker_tx.c.o.d' -o 'examples/c590b3c@@dpdk-eventdev_pipeline@exe/eventdev_pipeline_pipeline_worker_tx.c.o' -c ../examples/eventdev_pipeline/pipeline_worker_tx.c
../examples/eventdev_pipeline/pipeline_worker_tx.c: In function ‘init_adapters’:
../examples/eventdev_pipeline/pipeline_worker_tx.c:768:10: error: ‘return’ with a value, in function returning void [-Werror=return-type]
768 | return -ENOMEM;
| ^
../examples/eventdev_pipeline/pipeline_worker_tx.c:757:1: note: declared here
757 | init_adapters(uint16_t nb_ports)
| ^~~~~~~~~~~~~
cc1: all warnings being treated as errors
[3145/4248] Compiling C object 'examples/c590b3c@@dpdk-fips_validation@exe/fips_validation_fips_validation_tdes.c.o'.
[3146/4248] Linking target app/test/dpdk-test.
ninja: build stopped: subcommand failed.
##[error]Process completed with exit code 1.
####################################################################################
#### [End job log] "ubuntu-20.04-gcc-shared-aarch64" at step Build and test
####################################################################################
####################################################################################
#### [Begin job log] "ubuntu-20.04-gcc-shared-ppc64le" at step Build and test
####################################################################################
[2987/4089] Compiling C object 'examples/c590b3c@@dpdk-eventdev_pipeline@exe/eventdev_pipeline_pipeline_worker_generic.c.o'.
[2988/4089] Compiling C object 'examples/c590b3c@@dpdk-ethtool@exe/ethtool_ethtool-app_main.c.o'.
[2989/4089] Compiling C object 'examples/c590b3c@@dpdk-cmdline@exe/cmdline_parse_obj_list.c.o'.
[2990/4089] Compiling C object 'examples/c590b3c@@dpdk-cmdline@exe/cmdline_commands.c.o'.
[2991/4089] Linking target examples/dpdk-cmdline.
[2992/4089] Linking target app/test/dpdk-test.
[2993/4089] Compiling C object 'examples/c590b3c@@dpdk-bbdev_app@exe/bbdev_app_main.c.o'.
[2994/4089] Linking target examples/dpdk-bbdev_app.
[2995/4089] Linking target examples/dpdk-ethtool.
[2996/4089] Compiling C object 'examples/c590b3c@@dpdk-distributor@exe/distributor_main.c.o'.
[2997/4089] Compiling C object 'examples/c590b3c@@dpdk-eventdev_pipeline@exe/eventdev_pipeline_pipeline_worker_tx.c.o'.
FAILED: examples/c590b3c@@dpdk-eventdev_pipeline@exe/eventdev_pipeline_pipeline_worker_tx.c.o
ccache powerpc64le-linux-gnu-gcc -Iexamples/c590b3c@@dpdk-eventdev_pipeline@exe -Iexamples -I../examples -Iexamples/eventdev_pipeline -I../examples/eventdev_pipeline -I../examples/common -I. -I../ -Iconfig -I../config -Ilib/eal/include -I../lib/eal/include -Ilib/eal/linux/include -I../lib/eal/linux/include -Ilib/eal/ppc/include -I../lib/eal/ppc/include -Ilib/eal/common -I../lib/eal/common -Ilib/eal -I../lib/eal -Ilib/kvargs -I../lib/kvargs -Ilib/telemetry/../metrics -I../lib/telemetry/../metrics -Ilib/telemetry -I../lib/telemetry -Ilib/mempool -I../lib/mempool -Ilib/ring -I../lib/ring -Ilib/net -I../lib/net -Ilib/mbuf -I../lib/mbuf -Ilib/ethdev -I../lib/ethdev -Ilib/meter -I../lib/meter -Ilib/cmdline -I../lib/cmdline -Ilib/eventdev -I../lib/eventdev -Ilib/hash -I../lib/hash -Ilib/rcu -I../lib/rcu -Ilib/timer -I../lib/timer -Ilib/cryptodev -I../lib/cryptodev -fdiagnostics-color=always -pipe -D_FILE_OFFSET_BITS=64 -Wall -Winvalid-pch -Wextra -Werror -O2 -g -include rte_config.h -Wcast-qual -Wdeprecated -Wformat -Wformat-nonliteral -Wformat-security -Wmissing-declarations -Wmissing-prototypes -Wnested-externs -Wold-style-definition -Wpointer-arith -Wsign-compare -Wstrict-prototypes -Wundef -Wwrite-strings -Wno-address-of-packed-member -Wno-packed-not-aligned -Wno-missing-field-initializers -D_GNU_SOURCE -mcpu=power8 -mtune=power8 -Wno-format-truncation -DALLOW_EXPERIMENTAL_API -MD -MQ 'examples/c590b3c@@dpdk-eventdev_pipeline@exe/eventdev_pipeline_pipeline_worker_tx.c.o' -MF 'examples/c590b3c@@dpdk-eventdev_pipeline@exe/eventdev_pipeline_pipeline_worker_tx.c.o.d' -o 'examples/c590b3c@@dpdk-eventdev_pipeline@exe/eventdev_pipeline_pipeline_worker_tx.c.o' -c ../examples/eventdev_pipeline/pipeline_worker_tx.c
../examples/eventdev_pipeline/pipeline_worker_tx.c: In function ‘init_adapters’:
../examples/eventdev_pipeline/pipeline_worker_tx.c:768:10: error: ‘return’ with a value, in function returning void [-Werror=return-type]
768 | return -ENOMEM;
| ^
../examples/eventdev_pipeline/pipeline_worker_tx.c:757:1: note: declared here
757 | init_adapters(uint16_t nb_ports)
| ^~~~~~~~~~~~~
cc1: all warnings being treated as errors
[2998/4089] Linking target examples/dpdk-distributor.
[2999/4089] Compiling C object 'examples/c590b3c@@dpdk-fips_validation@exe/fips_validation_fips_validation_aes.c.o'.
ninja: build stopped: subcommand failed.
##[error]Process completed with exit code 1.
####################################################################################
#### [End job log] "ubuntu-20.04-gcc-shared-ppc64le" at step Build and test
####################################################################################
####################################################################################
#### [Begin job log] "ubuntu-20.04-gcc-shared-riscv64" at step Build and test
####################################################################################
[2952/4059] Compiling C object 'examples/c590b3c@@dpdk-ethtool@exe/ethtool_ethtool-app_ethapp.c.o'.
[2953/4059] Compiling C object 'examples/c590b3c@@dpdk-cmdline@exe/cmdline_commands.c.o'.
[2954/4059] Compiling C object 'examples/c590b3c@@dpdk-dma@exe/dma_dmafwd.c.o'.
[2955/4059] Linking target examples/dpdk-cmdline.
[2956/4059] Linking target examples/dpdk-dma.
[2957/4059] Compiling C object 'examples/c590b3c@@dpdk-distributor@exe/distributor_main.c.o'.
[2958/4059] Compiling C object 'examples/c590b3c@@dpdk-ethtool@exe/ethtool_lib_rte_ethtool.c.o'.
[2959/4059] Linking target examples/dpdk-distributor.
[2960/4059] Compiling C object 'examples/c590b3c@@dpdk-ethtool@exe/ethtool_ethtool-app_main.c.o'.
[2961/4059] Linking target examples/dpdk-ethtool.
[2962/4059] Compiling C object 'examples/c590b3c@@dpdk-eventdev_pipeline@exe/eventdev_pipeline_pipeline_worker_tx.c.o'.
FAILED: examples/c590b3c@@dpdk-eventdev_pipeline@exe/eventdev_pipeline_pipeline_worker_tx.c.o
ccache riscv64-linux-gnu-gcc -Iexamples/c590b3c@@dpdk-eventdev_pipeline@exe -Iexamples -I../examples -Iexamples/eventdev_pipeline -I../examples/eventdev_pipeline -I../examples/common -I. -I../ -Iconfig -I../config -Ilib/eal/include -I../lib/eal/include -Ilib/eal/linux/include -I../lib/eal/linux/include -Ilib/eal/riscv/include -I../lib/eal/riscv/include -Ilib/eal/common -I../lib/eal/common -Ilib/eal -I../lib/eal -Ilib/kvargs -I../lib/kvargs -Ilib/telemetry/../metrics -I../lib/telemetry/../metrics -Ilib/telemetry -I../lib/telemetry -Ilib/mempool -I../lib/mempool -Ilib/ring -I../lib/ring -Ilib/net -I../lib/net -Ilib/mbuf -I../lib/mbuf -Ilib/ethdev -I../lib/ethdev -Ilib/meter -I../lib/meter -Ilib/cmdline -I../lib/cmdline -Ilib/eventdev -I../lib/eventdev -Ilib/hash -I../lib/hash -Ilib/rcu -I../lib/rcu -Ilib/timer -I../lib/timer -Ilib/cryptodev -I../lib/cryptodev -fdiagnostics-color=always -pipe -D_FILE_OFFSET_BITS=64 -Wall -Winvalid-pch -Wextra -Werror -O2 -g -include rte_config.h -Wcast-qual -Wdeprecated -Wformat -Wformat-nonliteral -Wformat-security -Wmissing-declarations -Wmissing-prototypes -Wnested-externs -Wold-style-definition -Wpointer-arith -Wsign-compare -Wstrict-prototypes -Wundef -Wwrite-strings -Wno-address-of-packed-member -Wno-packed-not-aligned -Wno-missing-field-initializers -D_GNU_SOURCE -march=rv64gc -Wno-format-truncation -DALLOW_EXPERIMENTAL_API -MD -MQ 'examples/c590b3c@@dpdk-eventdev_pipeline@exe/eventdev_pipeline_pipeline_worker_tx.c.o' -MF 'examples/c590b3c@@dpdk-eventdev_pipeline@exe/eventdev_pipeline_pipeline_worker_tx.c.o.d' -o 'examples/c590b3c@@dpdk-eventdev_pipeline@exe/eventdev_pipeline_pipeline_worker_tx.c.o' -c ../examples/eventdev_pipeline/pipeline_worker_tx.c
../examples/eventdev_pipeline/pipeline_worker_tx.c: In function ‘init_adapters’:
../examples/eventdev_pipeline/pipeline_worker_tx.c:768:10: error: ‘return’ with a value, in function returning void [-Werror=return-type]
768 | return -ENOMEM;
| ^
../examples/eventdev_pipeline/pipeline_worker_tx.c:757:1: note: declared here
757 | init_adapters(uint16_t nb_ports)
| ^~~~~~~~~~~~~
cc1: all warnings being treated as errors
[2963/4059] Linking target app/test/dpdk-test.
[2964/4059] Generating rte_event_cnxk.pmd.c with a custom command.
ninja: build stopped: subcommand failed.
##[error]Process completed with exit code 1.
####################################################################################
#### [End job log] "ubuntu-20.04-gcc-shared-riscv64" at step Build and test
####################################################################################
####################################################################################
#### [Begin job log] "fedora:35-gcc-shared" at step Build
####################################################################################
####################################################################################
#### [End job log] "fedora:35-gcc-shared" at step Build
####################################################################################
####################################################################################
#### [Begin job log] "fedora:35-clang-shared" at step Build
####################################################################################
####################################################################################
#### [End job log] "fedora:35-clang-shared" at step Build
####################################################################################
--------------------------------END LOGS-----------------------------
^ permalink raw reply [flat|nested] 10+ messages in thread
* |SUCCESS| pw113718 [PATCH] examples/eventdev: Check for the NULL pointer after calling rte_zmalloc
@ 2022-07-06 17:21 dpdklab
0 siblings, 0 replies; 10+ messages in thread
From: dpdklab @ 2022-07-06 17:21 UTC (permalink / raw)
To: Test Report; +Cc: dpdk-test-reports, David Marchand, Thomas Monjalon
[-- Attachment #1: Type: text/plain, Size: 798 bytes --]
Test-Label: iol-intel-Functional
Test-Status: SUCCESS
http://dpdk.org/patch/113718
_Functional Testing PASS_
Submitter: biggest dreamer <835703180@qq.com>
Date: Wednesday, July 06 2022 07:23:15
DPDK git baseline: Repo:dpdk
Branch: master
CommitID:204638154ea1ce7682ca4124b78520247ed0c0a8
113718 --> functional testing pass
Test environment and result as below:
Ubuntu 20.04 ARM
Kernel: 4.15.0-132-generic
Compiler: gcc 7.5
NIC: Arm Intel Corporation Ethernet Converged Network Adapter XL710-QDA2 40000 Mbps
Target: x86_64-native-linuxapp-gcc
Fail/Total: 0/2
To view detailed results, visit:
https://lab.dpdk.org/results/dashboard/patchsets/22923/
UNH-IOL DPDK Community Lab
To manage your email subscriptions, visit:
https://lab.dpdk.org/results/dashboard/preferences/subscriptions/
^ permalink raw reply [flat|nested] 10+ messages in thread
* |SUCCESS| pw113718 [PATCH] examples/eventdev: Check for the NULL pointer after calling rte_zmalloc
@ 2022-07-06 18:02 dpdklab
0 siblings, 0 replies; 10+ messages in thread
From: dpdklab @ 2022-07-06 18:02 UTC (permalink / raw)
To: Test Report; +Cc: dpdk-test-reports, David Marchand, Thomas Monjalon
[-- Attachment #1: Type: text/plain, Size: 1790 bytes --]
Test-Label: iol-intel-Performance
Test-Status: SUCCESS
http://dpdk.org/patch/113718
_Performance Testing PASS_
Submitter: biggest dreamer <835703180@qq.com>
Date: Wednesday, July 06 2022 07:23:15
DPDK git baseline: Repo:dpdk
Branch: master
CommitID:204638154ea1ce7682ca4124b78520247ed0c0a8
113718 --> performance testing pass
Test environment and result as below:
Ubuntu 20.04
Kernel: 4.15.0-generic
Compiler: gcc 7.4
NIC: Intel Corporation Ethernet Converged Network Adapter XL710-QDA2 40000 Mbps
Target: x86_64-native-linuxapp-gcc
Fail/Total: 0/4
Detail performance results:
+----------+-------------+---------+------------+------------------------------+
| num_cpus | num_threads | txd/rxd | frame_size | throughput difference from |
| | | | | expected |
+==========+=============+=========+============+==============================+
| 1 | 2 | 512 | 64 | -0.5% |
+----------+-------------+---------+------------+------------------------------+
| 1 | 2 | 2048 | 64 | -1.3% |
+----------+-------------+---------+------------+------------------------------+
| 1 | 1 | 512 | 64 | 2.7% |
+----------+-------------+---------+------------+------------------------------+
| 1 | 1 | 2048 | 64 | 0.0% |
+----------+-------------+---------+------------+------------------------------+
To view detailed results, visit:
https://lab.dpdk.org/results/dashboard/patchsets/22923/
UNH-IOL DPDK Community Lab
To manage your email subscriptions, visit:
https://lab.dpdk.org/results/dashboard/preferences/subscriptions/
^ permalink raw reply [flat|nested] 10+ messages in thread
* |SUCCESS| pw113718 [PATCH] examples/eventdev: Check for the NULL pointer after calling rte_zmalloc
@ 2022-07-06 18:08 dpdklab
0 siblings, 0 replies; 10+ messages in thread
From: dpdklab @ 2022-07-06 18:08 UTC (permalink / raw)
To: Test Report; +Cc: dpdk-test-reports, David Marchand, Thomas Monjalon
[-- Attachment #1: Type: text/plain, Size: 1442 bytes --]
Test-Label: iol-aarch64-unit-testing
Test-Status: SUCCESS
http://dpdk.org/patch/113718
_Testing PASS_
Submitter: biggest dreamer <835703180@qq.com>
Date: Wednesday, July 06 2022 07:23:15
DPDK git baseline: Repo:dpdk
Branch: master
CommitID:204638154ea1ce7682ca4124b78520247ed0c0a8
113718 --> testing pass
Test environment and result as below:
+-------------------------------+--------------+----------------+
| Environment | lpm_autotest | dpdk_unit_test |
+===============================+==============+================+
| Ubuntu 20.04 ARM SVE | PASS | SKIPPED |
+-------------------------------+--------------+----------------+
| Ubuntu 20.04 ARM Clang Native | SKIPPED | PASS |
+-------------------------------+--------------+----------------+
| Ubuntu 20.04 ARM GCC Native | SKIPPED | PASS |
+-------------------------------+--------------+----------------+
Ubuntu 20.04 ARM SVE
Kernel: 5.4.0-80-generic
Compiler: gcc 10.3.0 (Ubuntu 10.3.0-1ubuntu1~20.04)
Ubuntu 20.04 ARM Clang Native
Kernel: 5.4.0-53-generic
Compiler: clang 10.0.0-4ubuntu1
Ubuntu 20.04 ARM GCC Native
Kernel: 5.4.0-53-generic
Compiler: gcc 9.3
To view detailed results, visit:
https://lab.dpdk.org/results/dashboard/patchsets/22923/
UNH-IOL DPDK Community Lab
To manage your email subscriptions, visit:
https://lab.dpdk.org/results/dashboard/preferences/subscriptions/
^ permalink raw reply [flat|nested] 10+ messages in thread
* |SUCCESS| pw113718 [PATCH] examples/eventdev: Check for the NULL pointer after calling rte_zmalloc
@ 2022-07-06 18:10 dpdklab
0 siblings, 0 replies; 10+ messages in thread
From: dpdklab @ 2022-07-06 18:10 UTC (permalink / raw)
To: Test Report; +Cc: dpdk-test-reports, David Marchand, Thomas Monjalon
[-- Attachment #1: Type: text/plain, Size: 1169 bytes --]
Test-Label: iol-intel-Functional
Test-Status: SUCCESS
http://dpdk.org/patch/113718
_Functional Testing PASS_
Submitter: biggest dreamer <835703180@qq.com>
Date: Wednesday, July 06 2022 07:23:15
DPDK git baseline: Repo:dpdk
Branch: master
CommitID:204638154ea1ce7682ca4124b78520247ed0c0a8
113718 --> functional testing pass
Test environment and result as below:
Ubuntu 20.04 ARM
Kernel: 4.15.0-132-generic
Compiler: gcc 7.5
NIC: Arm Intel Corporation Ethernet Converged Network Adapter XL710-QDA2 40000 Mbps
Target: x86_64-native-linuxapp-gcc
Fail/Total: 0/2
Ubuntu 20.04
Kernel: 4.15.0-generic
Compiler: gcc 7.4
NIC: Intel Corporation Ethernet Converged Network Adapter 82599ES 10000 Mbps
Target: x86_64-native-linuxapp-gcc
Fail/Total: 0/2
Ubuntu 20.04
Kernel: 4.15.0-generic
Compiler: gcc 7.4
NIC: Intel Corporation Ethernet Converged Network Adapter XL710-QDA2 40000 Mbps
Target: x86_64-native-linuxapp-gcc
Fail/Total: 0/2
To view detailed results, visit:
https://lab.dpdk.org/results/dashboard/patchsets/22923/
UNH-IOL DPDK Community Lab
To manage your email subscriptions, visit:
https://lab.dpdk.org/results/dashboard/preferences/subscriptions/
^ permalink raw reply [flat|nested] 10+ messages in thread
* |SUCCESS| pw113718 [PATCH] examples/eventdev: Check for the NULL pointer after calling rte_zmalloc
@ 2022-07-06 18:13 dpdklab
0 siblings, 0 replies; 10+ messages in thread
From: dpdklab @ 2022-07-06 18:13 UTC (permalink / raw)
To: Test Report; +Cc: dpdk-test-reports, David Marchand, Thomas Monjalon
[-- Attachment #1: Type: text/plain, Size: 1169 bytes --]
Test-Label: iol-intel-Functional
Test-Status: SUCCESS
http://dpdk.org/patch/113718
_Functional Testing PASS_
Submitter: biggest dreamer <835703180@qq.com>
Date: Wednesday, July 06 2022 07:23:15
DPDK git baseline: Repo:dpdk
Branch: master
CommitID:204638154ea1ce7682ca4124b78520247ed0c0a8
113718 --> functional testing pass
Test environment and result as below:
Ubuntu 20.04 ARM
Kernel: 4.15.0-132-generic
Compiler: gcc 7.5
NIC: Arm Intel Corporation Ethernet Converged Network Adapter XL710-QDA2 40000 Mbps
Target: x86_64-native-linuxapp-gcc
Fail/Total: 0/2
Ubuntu 20.04
Kernel: 4.15.0-generic
Compiler: gcc 7.4
NIC: Intel Corporation Ethernet Converged Network Adapter 82599ES 10000 Mbps
Target: x86_64-native-linuxapp-gcc
Fail/Total: 0/2
Ubuntu 20.04
Kernel: 4.15.0-generic
Compiler: gcc 7.4
NIC: Intel Corporation Ethernet Converged Network Adapter XL710-QDA2 40000 Mbps
Target: x86_64-native-linuxapp-gcc
Fail/Total: 0/2
To view detailed results, visit:
https://lab.dpdk.org/results/dashboard/patchsets/22923/
UNH-IOL DPDK Community Lab
To manage your email subscriptions, visit:
https://lab.dpdk.org/results/dashboard/preferences/subscriptions/
^ permalink raw reply [flat|nested] 10+ messages in thread
* |SUCCESS| pw113718 [PATCH] examples/eventdev: Check for the NULL pointer after calling rte_zmalloc
@ 2022-07-06 18:31 dpdklab
0 siblings, 0 replies; 10+ messages in thread
From: dpdklab @ 2022-07-06 18:31 UTC (permalink / raw)
To: Test Report; +Cc: dpdk-test-reports, David Marchand, Thomas Monjalon
[-- Attachment #1: Type: text/plain, Size: 3299 bytes --]
Test-Label: iol-intel-Performance
Test-Status: SUCCESS
http://dpdk.org/patch/113718
_Performance Testing PASS_
Submitter: biggest dreamer <835703180@qq.com>
Date: Wednesday, July 06 2022 07:23:15
DPDK git baseline: Repo:dpdk
Branch: master
CommitID:204638154ea1ce7682ca4124b78520247ed0c0a8
113718 --> performance testing pass
Test environment and result as below:
Ubuntu 20.04
Kernel: 4.15.0-generic
Compiler: gcc 7.4
NIC: Intel Corporation Ethernet Converged Network Adapter XL710-QDA2 40000 Mbps
Target: x86_64-native-linuxapp-gcc
Fail/Total: 0/4
Detail performance results:
+----------+-------------+---------+------------+------------------------------+
| num_cpus | num_threads | txd/rxd | frame_size | throughput difference from |
| | | | | expected |
+==========+=============+=========+============+==============================+
| 1 | 2 | 512 | 64 | -0.5% |
+----------+-------------+---------+------------+------------------------------+
| 1 | 2 | 2048 | 64 | -1.3% |
+----------+-------------+---------+------------+------------------------------+
| 1 | 1 | 512 | 64 | 2.7% |
+----------+-------------+---------+------------+------------------------------+
| 1 | 1 | 2048 | 64 | 0.0% |
+----------+-------------+---------+------------+------------------------------+
Ubuntu 20.04
Kernel: 4.15.0-generic
Compiler: gcc 7.4
NIC: Intel Corporation Ethernet Converged Network Adapter 82599ES 10000 Mbps
Target: x86_64-native-linuxapp-gcc
Fail/Total: 0/6
Detail performance results:
+----------+-------------+---------+------------+------------------------------+
| num_cpus | num_threads | txd/rxd | frame_size | throughput difference from |
| | | | | expected |
+==========+=============+=========+============+==============================+
| 1 | 2 | 128 | 64 | -0.0% |
+----------+-------------+---------+------------+------------------------------+
| 1 | 2 | 512 | 64 | 0.3% |
+----------+-------------+---------+------------+------------------------------+
| 1 | 2 | 2048 | 64 | -0.0% |
+----------+-------------+---------+------------+------------------------------+
| 1 | 1 | 128 | 64 | -0.0% |
+----------+-------------+---------+------------+------------------------------+
| 1 | 1 | 512 | 64 | 0.4% |
+----------+-------------+---------+------------+------------------------------+
| 1 | 1 | 2048 | 64 | 0.4% |
+----------+-------------+---------+------------+------------------------------+
To view detailed results, visit:
https://lab.dpdk.org/results/dashboard/patchsets/22923/
UNH-IOL DPDK Community Lab
To manage your email subscriptions, visit:
https://lab.dpdk.org/results/dashboard/preferences/subscriptions/
^ permalink raw reply [flat|nested] 10+ messages in thread
* |SUCCESS| pw113718 [PATCH] examples/eventdev: Check for the NULL pointer after calling rte_zmalloc
@ 2022-07-06 18:53 dpdklab
0 siblings, 0 replies; 10+ messages in thread
From: dpdklab @ 2022-07-06 18:53 UTC (permalink / raw)
To: Test Report; +Cc: dpdklab, David Marchand, Thomas Monjalon
[-- Attachment #1: Type: text/plain, Size: 2848 bytes --]
Test-Label: iol-x86_64-unit-testing
Test-Status: SUCCESS
http://dpdk.org/patch/113718
_Testing PASS_
Submitter: biggest dreamer <835703180@qq.com>
Date: Wednesday, July 06 2022 07:23:15
DPDK git baseline: Repo:dpdk
Branch: master
CommitID:204638154ea1ce7682ca4124b78520247ed0c0a8
113718 --> testing pass
Test environment and result as below:
+---------------------+----------------+
| Environment | dpdk_unit_test |
+=====================+================+
| Windows Server 2019 | PASS |
+---------------------+----------------+
| Arch Linux | PASS |
+---------------------+----------------+
| RHEL 7 | PASS |
+---------------------+----------------+
| Ubuntu 18.04 | PASS |
+---------------------+----------------+
| Fedora 34 | PASS |
+---------------------+----------------+
| Ubuntu 20.04 | PASS |
+---------------------+----------------+
| Fedora 31 | PASS |
+---------------------+----------------+
| Fedora 33 | PASS |
+---------------------+----------------+
| RHEL8 | PASS |
+---------------------+----------------+
| CentOS Stream 8 | PASS |
+---------------------+----------------+
| openSUSE Leap 15 | PASS |
+---------------------+----------------+
| Fedora 34 clang | PASS |
+---------------------+----------------+
| Fedora 32 | PASS |
+---------------------+----------------+
Windows Server 2019
Kernel: 10.0
Compiler: clang 14.0 and gcc 8.1.0 (MinGW)
Arch Linux
Kernel: 5.4.0-73-generic
Compiler: gcc 11.1.0
RHEL 7
Kernel: 4.18.0-240.10.1.el8_3.x86_64
Compiler: gcc 4.8.5 20150623 (Red Hat 4.8.5-44)
Ubuntu 18.04
Kernel: 4.18.0-240.10.1.el8_3.x86_64
Compiler: gcc 7.5.0-3ubuntu1~18.04
Fedora 34
Kernel: 5.4.0-72-generic
Compiler: gcc 11.1.1 20210428 (Red Hat 11.1.1-1)
Ubuntu 20.04
Kernel: 4.18.0-240.10.1.el8_3.x86_64
Compiler: gcc 9.3.0-17ubuntu1~20.04
Fedora 31
Kernel: 4.18.0-240.10.1.el8_3.x86_64
Compiler: gcc 9.3.1
Fedora 33
Kernel: 5.4.0-72-generic
Compiler: gcc 10.3.1 20210422 (Red Hat 10.3.1-1)
RHEL8
Kernel: 4.18.0-240.10.1.el8_3.x86_64
Compiler: gcc 8.3.1 20191121 (Red Hat 8.3.1-5)
CentOS Stream 8
Kernel: 4.18.0-240.10.1.el8_3.x86_64
Compiler: gcc 8.4.1 20200928
openSUSE Leap 15
Kernel: 4.18.0-240.10.1.el8_3.x86_64
Compiler: gcc 7.5.0
Fedora 34 clang
Kernel: 5.4.0-72-generic
Compiler: clang 12.0.0 (Fedora 12.0.0-0.3.rc1.fc34)
Fedora 32
Kernel: 4.18.0-240.10.1.el8_3.x86_64
Compiler: gcc 10.2.1
To view detailed results, visit:
https://lab.dpdk.org/results/dashboard/patchsets/22923/
UNH-IOL DPDK Community Lab
To manage your email subscriptions, visit:
https://lab.dpdk.org/results/dashboard/preferences/subscriptions/
^ permalink raw reply [flat|nested] 10+ messages in thread
* |SUCCESS| pw113718 [PATCH] examples/eventdev: Check for the NULL pointer after calling rte_zmalloc
@ 2022-07-06 19:02 dpdklab
0 siblings, 0 replies; 10+ messages in thread
From: dpdklab @ 2022-07-06 19:02 UTC (permalink / raw)
To: Test Report; +Cc: dpdk-test-reports, David Marchand, Thomas Monjalon
[-- Attachment #1: Type: text/plain, Size: 3820 bytes --]
Test-Label: iol-x86_64-compile-testing
Test-Status: SUCCESS
http://dpdk.org/patch/113718
_Testing PASS_
Submitter: biggest dreamer <835703180@qq.com>
Date: Wednesday, July 06 2022 07:23:15
DPDK git baseline: Repo:dpdk
Branch: master
CommitID:204638154ea1ce7682ca4124b78520247ed0c0a8
113718 --> testing pass
Test environment and result as below:
+---------------------+--------------------+----------------------+
| Environment | dpdk_meson_compile | dpdk_mingw64_compile |
+=====================+====================+======================+
| Windows Server 2019 | PASS | PASS |
+---------------------+--------------------+----------------------+
| FreeBSD 13 | PASS | SKIPPED |
+---------------------+--------------------+----------------------+
| RHEL8 | PASS | SKIPPED |
+---------------------+--------------------+----------------------+
| Fedora 32 | PASS | SKIPPED |
+---------------------+--------------------+----------------------+
| Arch Linux | PASS | SKIPPED |
+---------------------+--------------------+----------------------+
| openSUSE Leap 15 | PASS | SKIPPED |
+---------------------+--------------------+----------------------+
| Ubuntu 20.04 | PASS | SKIPPED |
+---------------------+--------------------+----------------------+
| CentOS Stream 8 | PASS | SKIPPED |
+---------------------+--------------------+----------------------+
| Fedora 33 | PASS | SKIPPED |
+---------------------+--------------------+----------------------+
| Fedora 34 | PASS | SKIPPED |
+---------------------+--------------------+----------------------+
| RHEL 7 | PASS | SKIPPED |
+---------------------+--------------------+----------------------+
| Ubuntu 18.04 | PASS | SKIPPED |
+---------------------+--------------------+----------------------+
| Fedora 31 | PASS | SKIPPED |
+---------------------+--------------------+----------------------+
| Fedora 34 clang | PASS | SKIPPED |
+---------------------+--------------------+----------------------+
Windows Server 2019
Kernel: 10.0
Compiler: clang 14.0 and gcc 8.1.0 (MinGW)
FreeBSD 13
Kernel: 13.0
Compiler: clang 11.0.1
RHEL8
Kernel: 4.18.0-240.10.1.el8_3.x86_64
Compiler: gcc 8.3.1 20191121 (Red Hat 8.3.1-5)
Fedora 32
Kernel: 4.18.0-240.10.1.el8_3.x86_64
Compiler: gcc 10.2.1
Arch Linux
Kernel: 5.4.0-73-generic
Compiler: gcc 11.1.0
openSUSE Leap 15
Kernel: 4.18.0-240.10.1.el8_3.x86_64
Compiler: gcc 7.5.0
Ubuntu 20.04
Kernel: 4.18.0-240.10.1.el8_3.x86_64
Compiler: gcc 9.3.0-17ubuntu1~20.04
CentOS Stream 8
Kernel: 4.18.0-240.10.1.el8_3.x86_64
Compiler: gcc 8.4.1 20200928
Fedora 33
Kernel: 5.4.0-72-generic
Compiler: gcc 10.3.1 20210422 (Red Hat 10.3.1-1)
Fedora 34
Kernel: 5.4.0-72-generic
Compiler: gcc 11.1.1 20210428 (Red Hat 11.1.1-1)
RHEL 7
Kernel: 4.18.0-240.10.1.el8_3.x86_64
Compiler: gcc 4.8.5 20150623 (Red Hat 4.8.5-44)
Ubuntu 18.04
Kernel: 4.18.0-240.10.1.el8_3.x86_64
Compiler: gcc 7.5.0-3ubuntu1~18.04
Fedora 31
Kernel: 4.18.0-240.10.1.el8_3.x86_64
Compiler: gcc 9.3.1
Fedora 34 clang
Kernel: 5.4.0-72-generic
Compiler: clang 12.0.0 (Fedora 12.0.0-0.3.rc1.fc34)
To view detailed results, visit:
https://lab.dpdk.org/results/dashboard/patchsets/22923/
UNH-IOL DPDK Community Lab
To manage your email subscriptions, visit:
https://lab.dpdk.org/results/dashboard/preferences/subscriptions/
^ permalink raw reply [flat|nested] 10+ messages in thread
end of thread, other threads:[~2022-07-06 19:02 UTC | newest]
Thread overview: 10+ messages (download: mbox.gz / follow: Atom feed)
-- links below jump to the message on this page --
[not found] <tencent_E049786768575AD04105555B3D3730A17B0A@qq.com>
2022-07-06 7:25 ` |SUCCESS| pw113718 [PATCH] examples/eventdev: Check for the NULL pointer after calling rte_zmalloc checkpatch
2022-07-06 8:18 ` |FAILURE| " 0-day Robot
2022-07-06 17:21 |SUCCESS| " dpdklab
2022-07-06 18:02 dpdklab
2022-07-06 18:08 dpdklab
2022-07-06 18:10 dpdklab
2022-07-06 18:13 dpdklab
2022-07-06 18:31 dpdklab
2022-07-06 18:53 dpdklab
2022-07-06 19:02 dpdklab
This is a public inbox, see mirroring instructions
for how to clone and mirror all data and code used for this inbox;
as well as URLs for NNTP newsgroup(s).