* |FAILURE| [GIT MASTER] f95b184d1e8b9a5f899cfdf3ee389e111289e315
@ 2022-07-12 6:23 dpdklab
0 siblings, 0 replies; only message in thread
From: dpdklab @ 2022-07-12 6:23 UTC (permalink / raw)
To: Test Report
Cc: dpdklab, Xueming Li, Christian Ehrhardt, Kevin Traynor, Luca Boccassi
[-- Attachment #1: Type: text/plain, Size: 3693 bytes --]
_Testing issues_
Branch: tags/v21.11
f95b184d1e8b9a5f899cfdf3ee389e111289e315 --> testing fail
Test environment and result as below:
+---------------------+----------------+
| Environment | dpdk_unit_test |
+=====================+================+
| Windows Server 2019 | PASS |
+---------------------+----------------+
| CentOS Stream 8 | PASS |
+---------------------+----------------+
| Ubuntu 18.04 | PASS |
+---------------------+----------------+
| RHEL 7 | FAIL |
+---------------------+----------------+
| Arch Linux | PASS |
+---------------------+----------------+
| openSUSE Leap 15 | PASS |
+---------------------+----------------+
| Ubuntu 20.04 | PASS |
+---------------------+----------------+
| RHEL8 | PASS |
+---------------------+----------------+
| Fedora 32 | PASS |
+---------------------+----------------+
| Fedora 34 | PASS |
+---------------------+----------------+
| Fedora 33 | PASS |
+---------------------+----------------+
| Fedora 31 | PASS |
+---------------------+----------------+
| Fedora 34 clang | PASS |
+---------------------+----------------+
==== 20 line log output for RHEL 7 (dpdk_unit_test): ====
89/99 DPDK:fast-tests / trace_autotest OK 0.20 s
90/99 DPDK:fast-tests / metrics_autotest OK 0.18 s
91/99 DPDK:fast-tests / telemetry_json_autotest OK 0.19 s
92/99 DPDK:fast-tests / telemetry_data_autotest OK 0.18 s
93/99 DPDK:fast-tests / ring_pmd_autotest OK 0.18 s
94/99 DPDK:fast-tests / event_eth_tx_adapter_autotest OK 1.07 s
95/99 DPDK:fast-tests / bitratestats_autotest OK 0.20 s
96/99 DPDK:fast-tests / latencystats_autotest OK 0.25 s
97/99 DPDK:fast-tests / pdump_autotest OK 5.23 s
98/99 DPDK:fast-tests / vdev_autotest OK 0.18 s
99/99 DPDK:fast-tests / compressdev_autotest SKIP 0.17 s
Ok: 92
Expected Fail: 0
Fail: 1
Unexpected Pass: 0
Skipped: 6
Timeout: 0
Full log written to /home-local/jenkins-local/jenkins-agent/workspace/Generic-Unit-Test-DPDK/dpdk/build/meson-logs/testlog.txt
==== End log output ====
Windows Server 2019
Kernel: 10.0
Compiler: clang 14.0 and gcc 8.1.0 (MinGW)
CentOS Stream 8
Kernel: 4.18.0-240.10.1.el8_3.x86_64
Compiler: gcc 8.4.1 20200928
Ubuntu 18.04
Kernel: 4.18.0-240.10.1.el8_3.x86_64
Compiler: gcc 7.5.0-3ubuntu1~18.04
RHEL 7
Kernel: 4.18.0-240.10.1.el8_3.x86_64
Compiler: gcc 4.8.5 20150623 (Red Hat 4.8.5-44)
Arch Linux
Kernel: 5.4.0-73-generic
Compiler: gcc 11.1.0
openSUSE Leap 15
Kernel: 4.18.0-240.10.1.el8_3.x86_64
Compiler: gcc 7.5.0
Ubuntu 20.04
Kernel: 4.18.0-240.10.1.el8_3.x86_64
Compiler: gcc 9.3.0-17ubuntu1~20.04
RHEL8
Kernel: 4.18.0-240.10.1.el8_3.x86_64
Compiler: gcc 8.3.1 20191121 (Red Hat 8.3.1-5)
Fedora 32
Kernel: 4.18.0-240.10.1.el8_3.x86_64
Compiler: gcc 10.2.1
Fedora 34
Kernel: 5.4.0-72-generic
Compiler: gcc 11.1.1 20210428 (Red Hat 11.1.1-1)
Fedora 33
Kernel: 5.4.0-72-generic
Compiler: gcc 10.3.1 20210422 (Red Hat 10.3.1-1)
Fedora 31
Kernel: 4.18.0-240.10.1.el8_3.x86_64
Compiler: gcc 9.3.1
Fedora 34 clang
Kernel: 5.4.0-72-generic
Compiler: clang 12.0.0 (Fedora 12.0.0-0.3.rc1.fc34)
To view detailed results, visit:
https://lab.dpdk.org/results/dashboard/tarballs/20729/
UNH-IOL DPDK Community Lab
To manage your email subscriptions, visit:
https://lab.dpdk.org/results/dashboard/preferences/subscriptions/
^ permalink raw reply [flat|nested] only message in thread
only message in thread, other threads:[~2022-07-12 6:23 UTC | newest]
Thread overview: (only message) (download: mbox.gz / follow: Atom feed)
-- links below jump to the message on this page --
2022-07-12 6:23 |FAILURE| [GIT MASTER] f95b184d1e8b9a5f899cfdf3ee389e111289e315 dpdklab
This is a public inbox, see mirroring instructions
for how to clone and mirror all data and code used for this inbox;
as well as URLs for NNTP newsgroup(s).