* |FAILURE| pw113945-113947 [PATCH] [v2, 3/3] l3fwd-power: add option to call uncore API
@ 2022-07-21 17:49 dpdklab
0 siblings, 0 replies; 5+ messages in thread
From: dpdklab @ 2022-07-21 17:49 UTC (permalink / raw)
To: Test Report; +Cc: dpdklab, David Marchand, Thomas Monjalon, Kearney, Tadhg
[-- Attachment #1: Type: text/plain, Size: 2272 bytes --]
Test-Label: iol-aarch64-unit-testing
Test-Status: FAILURE
http://dpdk.org/patch/113947
_Testing issues_
Submitter: Kearney, Tadhg <tadhg.kearney@intel.com>
Date: Wednesday, July 13 2022 14:07:06
DPDK git baseline: Repo:dpdk
Branch: master
CommitID:4fceceed5b5e9fbf04acffd66239c79d81e79260
113945-113947 --> testing fail
Test environment and result as below:
+-------------------------------+----------------+--------------+
| Environment | dpdk_unit_test | lpm_autotest |
+===============================+================+==============+
| Ubuntu 20.04 ARM Clang Native | FAIL | SKIPPED |
+-------------------------------+----------------+--------------+
| Ubuntu 20.04 ARM GCC Native | FAIL | SKIPPED |
+-------------------------------+----------------+--------------+
| Ubuntu 20.04 ARM SVE | SKIPPED | FAIL |
+-------------------------------+----------------+--------------+
==== 20 line log output for Ubuntu 20.04 ARM SVE (lpm_autotest): ====
Directory already configured.
Just run your build command (e.g. ninja) and Meson will regenerate as necessary.
If ninja fails, run "ninja reconfigure" or "meson --reconfigure"
to force Meson to regenerate.
If build failures persist, run "meson setup --wipe" to rebuild from scratch
using the same options as passed when configuring the build.
To change option values, run "meson configure" instead.
ninja: Entering directory `build'
[0/1] Regenerating build files.
FAILED: build.ninja
/usr/bin/meson --internal regenerate /home-local/jenkins-local/jenkins-agent/workspace/Apply-Custom-Patch-Set-Pipeline/dpdk /home-local/jenkins-local/jenkins-agent/workspace/Apply-Custom-Patch-Set-Pipeline/dpdk/build --backend ninja
==== End log output ====
Ubuntu 20.04 ARM Clang Native
Kernel: 5.4.0-53-generic
Compiler: clang 10.0.0-4ubuntu1
Ubuntu 20.04 ARM GCC Native
Kernel: 5.4.0-53-generic
Compiler: gcc 9.3
Ubuntu 20.04 ARM SVE
Kernel: 5.4.0-80-generic
Compiler: gcc 10.3.0 (Ubuntu 10.3.0-1ubuntu1~20.04)
To view detailed results, visit:
https://lab.dpdk.org/results/dashboard/patchsets/22998/
UNH-IOL DPDK Community Lab
To manage your email subscriptions, visit:
https://lab.dpdk.org/results/dashboard/preferences/subscriptions/
^ permalink raw reply [flat|nested] 5+ messages in thread
* |FAILURE| pw113945-113947 [PATCH] [v2, 3/3] l3fwd-power: add option to call uncore API
@ 2022-07-21 17:55 dpdklab
0 siblings, 0 replies; 5+ messages in thread
From: dpdklab @ 2022-07-21 17:55 UTC (permalink / raw)
To: Test Report; +Cc: dpdklab, David Marchand, Thomas Monjalon, Kearney, Tadhg
[-- Attachment #1: Type: text/plain, Size: 2987 bytes --]
Test-Label: iol-aarch64-compile-testing
Test-Status: FAILURE
http://dpdk.org/patch/113947
_Testing issues_
Submitter: Kearney, Tadhg <tadhg.kearney@intel.com>
Date: Wednesday, July 13 2022 14:07:06
DPDK git baseline: Repo:dpdk
Branch: master
CommitID:4fceceed5b5e9fbf04acffd66239c79d81e79260
113945-113947 --> testing fail
Test environment and result as below:
+----------------------------------------+--------------------+
| Environment | dpdk_meson_compile |
+========================================+====================+
| Ubuntu 20.04 ARM GCC Native | FAIL |
+----------------------------------------+--------------------+
| Ubuntu 20.04 ARM GCC Cross Compile | FAIL |
+----------------------------------------+--------------------+
| Ubuntu 20.04 ARM Clang Native | FAIL |
+----------------------------------------+--------------------+
| Ubuntu 20.04 ARM SVE | FAIL |
+----------------------------------------+--------------------+
| Ubuntu 20.04 aarch32 GCC Cross Compile | FAIL |
+----------------------------------------+--------------------+
| Ubuntu 20.04 ARM Clang Cross Compile | FAIL |
+----------------------------------------+--------------------+
==== 20 line log output for Ubuntu 20.04 ARM Clang Cross Compile (dpdk_meson_compile): ====
Directory already configured.
Just run your build command (e.g. ninja) and Meson will regenerate as necessary.
If ninja fails, run "ninja reconfigure" or "meson --reconfigure"
to force Meson to regenerate.
If build failures persist, run "meson setup --wipe" to rebuild from scratch
using the same options as passed when configuring the build.
To change option values, run "meson configure" instead.
ninja: Entering directory `build'
[0/1] Regenerating build files.
FAILED: build.ninja
/usr/bin/meson --internal regenerate /home-local/jenkins-local/jenkins-agent/workspace/Apply-Custom-Patch-Set-Pipeline/dpdk /home-local/jenkins-local/jenkins-agent/workspace/Apply-Custom-Patch-Set-Pipeline/dpdk/build --backend ninja
==== End log output ====
Ubuntu 20.04 ARM GCC Native
Kernel: 5.4.0-53-generic
Compiler: gcc 9.3
Ubuntu 20.04 ARM GCC Cross Compile
Kernel: 5.4.0-72-generic
Compiler: aarch64-linux-gnu-gcc (Ubuntu 9.3.0-17ubuntu1~20.04) 9.3.0
Ubuntu 20.04 ARM Clang Native
Kernel: 5.4.0-53-generic
Compiler: clang 10.0.0-4ubuntu1
Ubuntu 20.04 ARM SVE
Kernel: 5.4.0-80-generic
Compiler: gcc 10.3.0 (Ubuntu 10.3.0-1ubuntu1~20.04)
Ubuntu 20.04 aarch32 GCC Cross Compile
Kernel: 5.4.0-72-generic
Compiler: gcc 9.3.0
Ubuntu 20.04 ARM Clang Cross Compile
Kernel: 5.4.0-72-generic
Compiler: clang version 10.0.0-4ubuntu1
To view detailed results, visit:
https://lab.dpdk.org/results/dashboard/patchsets/22998/
UNH-IOL DPDK Community Lab
To manage your email subscriptions, visit:
https://lab.dpdk.org/results/dashboard/preferences/subscriptions/
^ permalink raw reply [flat|nested] 5+ messages in thread
* |FAILURE| pw113945-113947 [PATCH] [v2, 3/3] l3fwd-power: add option to call uncore API
@ 2022-07-13 16:04 dpdklab
0 siblings, 0 replies; 5+ messages in thread
From: dpdklab @ 2022-07-13 16:04 UTC (permalink / raw)
To: Test Report; +Cc: dpdklab, David Marchand, Thomas Monjalon, Tadhg Kearney
[-- Attachment #1: Type: text/plain, Size: 3949 bytes --]
Test-Label: iol-x86_64-unit-testing
Test-Status: FAILURE
http://dpdk.org/patch/113947
_Testing issues_
Submitter: Tadhg Kearney <tadhg.kearney@intel.com>
Date: Wednesday, July 13 2022 14:07:06
DPDK git baseline: Repo:dpdk
Branch: master
CommitID:0697bd8dd212d256759ef4890022d722027d83f1
113945-113947 --> testing fail
Test environment and result as below:
+---------------------+----------------+
| Environment | dpdk_unit_test |
+=====================+================+
| Windows Server 2019 | PASS |
+---------------------+----------------+
| Fedora 31 | FAIL |
+---------------------+----------------+
| RHEL 7 | FAIL |
+---------------------+----------------+
| Ubuntu 18.04 | FAIL |
+---------------------+----------------+
| CentOS Stream 8 | FAIL |
+---------------------+----------------+
| Ubuntu 20.04 | FAIL |
+---------------------+----------------+
| Arch Linux | FAIL |
+---------------------+----------------+
| openSUSE Leap 15 | FAIL |
+---------------------+----------------+
| Fedora 33 | FAIL |
+---------------------+----------------+
| Fedora 34 | FAIL |
+---------------------+----------------+
| RHEL8 | FAIL |
+---------------------+----------------+
| Fedora 32 | FAIL |
+---------------------+----------------+
| Fedora 34 clang | FAIL |
+---------------------+----------------+
==== 20 line log output for Fedora 34 clang (dpdk_unit_test): ====
93/103 DPDK:fast-tests / metrics_autotest OK 0.17 s
94/103 DPDK:fast-tests / telemetry_json_autotest OK 0.17 s
95/103 DPDK:fast-tests / telemetry_data_autotest OK 0.17 s
96/103 DPDK:fast-tests / table_autotest OK 5.93 s
97/103 DPDK:fast-tests / ring_pmd_autotest OK 0.17 s
98/103 DPDK:fast-tests / event_eth_tx_adapter_autotest OK 0.47 s
99/103 DPDK:fast-tests / bitratestats_autotest OK 0.17 s
100/103 DPDK:fast-tests / latencystats_autotest OK 0.17 s
101/103 DPDK:fast-tests / pdump_autotest OK 5.18 s
102/103 DPDK:fast-tests / vdev_autotest OK 0.17 s
103/103 DPDK:fast-tests / compressdev_autotest SKIP 0.17 s
Ok: 95
Expected Fail: 0
Fail: 1
Unexpected Pass: 0
Skipped: 7
Timeout: 0
Full log written to /home-local/jenkins-local/jenkins-agent/workspace/Generic-Unit-Test-DPDK@3/dpdk/build/meson-logs/testlog.txt
==== End log output ====
Windows Server 2019
Kernel: 10.0
Compiler: clang 14.0 and gcc 8.1.0 (MinGW)
Fedora 31
Kernel: 4.18.0-240.10.1.el8_3.x86_64
Compiler: gcc 9.3.1
RHEL 7
Kernel: 4.18.0-240.10.1.el8_3.x86_64
Compiler: gcc 4.8.5 20150623 (Red Hat 4.8.5-44)
Ubuntu 18.04
Kernel: 4.18.0-240.10.1.el8_3.x86_64
Compiler: gcc 7.5.0-3ubuntu1~18.04
CentOS Stream 8
Kernel: 4.18.0-240.10.1.el8_3.x86_64
Compiler: gcc 8.4.1 20200928
Ubuntu 20.04
Kernel: 4.18.0-240.10.1.el8_3.x86_64
Compiler: gcc 9.3.0-17ubuntu1~20.04
Arch Linux
Kernel: 5.4.0-73-generic
Compiler: gcc 11.1.0
openSUSE Leap 15
Kernel: 4.18.0-240.10.1.el8_3.x86_64
Compiler: gcc 7.5.0
Fedora 33
Kernel: 5.4.0-72-generic
Compiler: gcc 10.3.1 20210422 (Red Hat 10.3.1-1)
Fedora 34
Kernel: 5.4.0-72-generic
Compiler: gcc 11.1.1 20210428 (Red Hat 11.1.1-1)
RHEL8
Kernel: 4.18.0-240.10.1.el8_3.x86_64
Compiler: gcc 8.3.1 20191121 (Red Hat 8.3.1-5)
Fedora 32
Kernel: 4.18.0-240.10.1.el8_3.x86_64
Compiler: gcc 10.2.1
Fedora 34 clang
Kernel: 5.4.0-72-generic
Compiler: clang 12.0.0 (Fedora 12.0.0-0.3.rc1.fc34)
To view detailed results, visit:
https://lab.dpdk.org/results/dashboard/patchsets/22998/
UNH-IOL DPDK Community Lab
To manage your email subscriptions, visit:
https://lab.dpdk.org/results/dashboard/preferences/subscriptions/
^ permalink raw reply [flat|nested] 5+ messages in thread
* |FAILURE| pw113945-113947 [PATCH] [v2, 3/3] l3fwd-power: add option to call uncore API
@ 2022-07-13 15:00 dpdklab
0 siblings, 0 replies; 5+ messages in thread
From: dpdklab @ 2022-07-13 15:00 UTC (permalink / raw)
To: Test Report; +Cc: dpdklab, David Marchand, Thomas Monjalon, Tadhg Kearney
[-- Attachment #1: Type: text/plain, Size: 3094 bytes --]
Test-Label: iol-aarch64-compile-testing
Test-Status: FAILURE
http://dpdk.org/patch/113947
_Testing issues_
Submitter: Tadhg Kearney <tadhg.kearney@intel.com>
Date: Wednesday, July 13 2022 14:07:06
DPDK git baseline: Repo:dpdk
Branch: master
CommitID:0697bd8dd212d256759ef4890022d722027d83f1
113945-113947 --> testing fail
Test environment and result as below:
+----------------------------------------+--------------------+
| Environment | dpdk_meson_compile |
+========================================+====================+
| Ubuntu 20.04 ARM Clang Native | FAIL |
+----------------------------------------+--------------------+
| Ubuntu 20.04 ARM GCC Native | FAIL |
+----------------------------------------+--------------------+
| Ubuntu 20.04 ARM GCC Cross Compile | FAIL |
+----------------------------------------+--------------------+
| Ubuntu 20.04 aarch32 GCC Cross Compile | FAIL |
+----------------------------------------+--------------------+
| Ubuntu 20.04 ARM Clang Cross Compile | FAIL |
+----------------------------------------+--------------------+
| Ubuntu 20.04 ARM SVE | PASS |
+----------------------------------------+--------------------+
==== 20 line log output for Ubuntu 20.04 ARM Clang Cross Compile (dpdk_meson_compile): ====
../lib/power/rte_power_uncore.c:283:10: error: use of undeclared identifier 'RTE_MAX_NUMA_DIE'
die, RTE_MAX_NUMA_DIE - 1U);
^
../lib/power/rte_power_uncore.c:310:13: error: use of undeclared identifier 'RTE_MAX_NUMA_DIE'
if (die >= RTE_MAX_NUMA_DIE) {
^
../lib/power/rte_power_uncore.c:326:13: error: use of undeclared identifier 'RTE_MAX_NUMA_DIE'
if (die >= RTE_MAX_NUMA_DIE) {
^
../lib/power/rte_power_uncore.c:342:13: error: use of undeclared identifier 'RTE_MAX_NUMA_DIE'
if (die >= RTE_MAX_NUMA_DIE) {
^
../lib/power/rte_power_uncore.c:368:13: error: use of undeclared identifier 'RTE_MAX_NUMA_DIE'
if (die >= RTE_MAX_NUMA_DIE) {
^
../lib/power/rte_power_uncore.c:393:13: error: use of undeclared identifier 'RTE_MAX_NUMA_DIE'
if (die >= RTE_MAX_NUMA_DIE) {
^
13 errors generated.
ninja: build stopped: subcommand failed.
==== End log output ====
Ubuntu 20.04 ARM Clang Native
Kernel: 5.4.0-53-generic
Compiler: clang 10.0.0-4ubuntu1
Ubuntu 20.04 ARM GCC Native
Kernel: 5.4.0-53-generic
Compiler: gcc 9.3
Ubuntu 20.04 ARM GCC Cross Compile
Kernel: 5.4.0-72-generic
Compiler: aarch64-linux-gnu-gcc (Ubuntu 9.3.0-17ubuntu1~20.04) 9.3.0
Ubuntu 20.04 aarch32 GCC Cross Compile
Kernel: 5.4.0-72-generic
Compiler: gcc 9.3.0
Ubuntu 20.04 ARM Clang Cross Compile
Kernel: 5.4.0-72-generic
Compiler: clang version 10.0.0-4ubuntu1
Ubuntu 20.04 ARM SVE
Kernel: 5.4.0-80-generic
Compiler: gcc 10.3.0 (Ubuntu 10.3.0-1ubuntu1~20.04)
To view detailed results, visit:
https://lab.dpdk.org/results/dashboard/patchsets/22998/
UNH-IOL DPDK Community Lab
To manage your email subscriptions, visit:
https://lab.dpdk.org/results/dashboard/preferences/subscriptions/
^ permalink raw reply [flat|nested] 5+ messages in thread
* |FAILURE| pw113945-113947 [PATCH] [v2, 3/3] l3fwd-power: add option to call uncore API
@ 2022-07-13 14:45 dpdklab
0 siblings, 0 replies; 5+ messages in thread
From: dpdklab @ 2022-07-13 14:45 UTC (permalink / raw)
To: Test Report; +Cc: dpdklab, David Marchand, Thomas Monjalon, Tadhg Kearney
[-- Attachment #1: Type: text/plain, Size: 3498 bytes --]
Test-Label: iol-aarch64-unit-testing
Test-Status: FAILURE
http://dpdk.org/patch/113947
_Testing issues_
Submitter: Tadhg Kearney <tadhg.kearney@intel.com>
Date: Wednesday, July 13 2022 14:07:06
DPDK git baseline: Repo:dpdk
Branch: master
CommitID:0697bd8dd212d256759ef4890022d722027d83f1
113945-113947 --> testing fail
Test environment and result as below:
+-------------------------------+----------------+--------------+
| Environment | dpdk_unit_test | lpm_autotest |
+===============================+================+==============+
| Ubuntu 20.04 ARM Clang Native | FAIL | SKIPPED |
+-------------------------------+----------------+--------------+
| Ubuntu 20.04 ARM GCC Native | FAIL | SKIPPED |
+-------------------------------+----------------+--------------+
| Ubuntu 20.04 ARM SVE | SKIPPED | PASS |
+-------------------------------+----------------+--------------+
==== 20 line log output for Ubuntu 20.04 ARM GCC Native (dpdk_unit_test): ====
[445/3509] Generating lib/fib.sym_chk with a custom command (wrapped by meson to capture output)
[446/3509] Generating lib/bbdev.sym_chk with a custom command (wrapped by meson to capture output)
[447/3509] Generating lib/ipsec.sym_chk with a custom command (wrapped by meson to capture output)
[448/3509] Generating lib/mbuf.sym_chk with a custom command (wrapped by meson to capture output)
[449/3509] Generating lib/rib.sym_chk with a custom command (wrapped by meson to capture output)
[450/3509] Generating lib/rawdev.sym_chk with a custom command (wrapped by meson to capture output)
[451/3509] Generating lib/sched.sym_chk with a custom command (wrapped by meson to capture output)
[452/3509] Generating lib/dmadev.sym_chk with a custom command (wrapped by meson to capture output)
[453/3509] Generating lib/hash.sym_chk with a custom command (wrapped by meson to capture output)
[454/3509] Generating lib/mempool.sym_chk with a custom command (wrapped by meson to capture output)
[455/3509] Generating lib/regexdev.sym_chk with a custom command (wrapped by meson to capture output)
[456/3509] Generating lib/gpudev.sym_chk with a custom command (wrapped by meson to capture output)
[457/3509] Generating lib/compressdev.sym_chk with a custom command (wrapped by meson to capture output)
[458/3509] Generating lib/cmdline.sym_chk with a custom command (wrapped by meson to capture output)
[459/3509] Generating lib/vhost.sym_chk with a custom command (wrapped by meson to capture output)
[460/3509] Generating lib/cryptodev.sym_chk with a custom command (wrapped by meson to capture output)
[461/3509] Generating lib/eventdev.sym_chk with a custom command (wrapped by meson to capture output)
[462/3509] Generating lib/ethdev.sym_chk with a custom command (wrapped by meson to capture output)
[463/3509] Generating lib/eal.sym_chk with a custom command (wrapped by meson to capture output)
ninja: build stopped: subcommand failed.
==== End log output ====
Ubuntu 20.04 ARM Clang Native
Kernel: 5.4.0-53-generic
Compiler: clang 10.0.0-4ubuntu1
Ubuntu 20.04 ARM GCC Native
Kernel: 5.4.0-53-generic
Compiler: gcc 9.3
Ubuntu 20.04 ARM SVE
Kernel: 5.4.0-80-generic
Compiler: gcc 10.3.0 (Ubuntu 10.3.0-1ubuntu1~20.04)
To view detailed results, visit:
https://lab.dpdk.org/results/dashboard/patchsets/22998/
UNH-IOL DPDK Community Lab
To manage your email subscriptions, visit:
https://lab.dpdk.org/results/dashboard/preferences/subscriptions/
^ permalink raw reply [flat|nested] 5+ messages in thread
end of thread, other threads:[~2022-07-21 17:55 UTC | newest]
Thread overview: 5+ messages (download: mbox.gz / follow: Atom feed)
-- links below jump to the message on this page --
2022-07-21 17:49 |FAILURE| pw113945-113947 [PATCH] [v2, 3/3] l3fwd-power: add option to call uncore API dpdklab
-- strict thread matches above, loose matches on Subject: below --
2022-07-21 17:55 dpdklab
2022-07-13 16:04 dpdklab
2022-07-13 15:00 dpdklab
2022-07-13 14:45 dpdklab
This is a public inbox, see mirroring instructions
for how to clone and mirror all data and code used for this inbox;
as well as URLs for NNTP newsgroup(s).