* |FAILURE| pw114101-114102 [PATCH] [2/2] examples/ipsec-secgw: fix issue with IP hdr manipulation
@ 2022-07-21 20:25 dpdklab
0 siblings, 0 replies; 7+ messages in thread
From: dpdklab @ 2022-07-21 20:25 UTC (permalink / raw)
To: Test Report; +Cc: dpdklab, David Marchand, Thomas Monjalon, Nithin Dabilpuram
[-- Attachment #1: Type: text/plain, Size: 2274 bytes --]
Test-Label: iol-aarch64-unit-testing
Test-Status: FAILURE
http://dpdk.org/patch/114102
_Testing issues_
Submitter: Nithin Dabilpuram <ndabilpuram@marvell.com>
Date: Thursday, July 21 2022 15:31:32
DPDK git baseline: Repo:dpdk
Branch: master
CommitID:4fceceed5b5e9fbf04acffd66239c79d81e79260
114101-114102 --> testing fail
Test environment and result as below:
+-------------------------------+----------------+--------------+
| Environment | dpdk_unit_test | lpm_autotest |
+===============================+================+==============+
| Ubuntu 20.04 ARM GCC Native | FAIL | SKIPPED |
+-------------------------------+----------------+--------------+
| Ubuntu 20.04 ARM Clang Native | FAIL | SKIPPED |
+-------------------------------+----------------+--------------+
| Ubuntu 20.04 ARM SVE | SKIPPED | FAIL |
+-------------------------------+----------------+--------------+
==== 20 line log output for Ubuntu 20.04 ARM SVE (lpm_autotest): ====
Directory already configured.
Just run your build command (e.g. ninja) and Meson will regenerate as necessary.
If ninja fails, run "ninja reconfigure" or "meson --reconfigure"
to force Meson to regenerate.
If build failures persist, run "meson setup --wipe" to rebuild from scratch
using the same options as passed when configuring the build.
To change option values, run "meson configure" instead.
ninja: Entering directory `build'
[0/1] Regenerating build files.
FAILED: build.ninja
/usr/bin/meson --internal regenerate /home-local/jenkins-local/jenkins-agent/workspace/Apply-Custom-Patch-Set-Pipeline/dpdk /home-local/jenkins-local/jenkins-agent/workspace/Apply-Custom-Patch-Set-Pipeline/dpdk/build --backend ninja
==== End log output ====
Ubuntu 20.04 ARM GCC Native
Kernel: 5.4.0-53-generic
Compiler: gcc 9.3
Ubuntu 20.04 ARM Clang Native
Kernel: 5.4.0-53-generic
Compiler: clang 10.0.0-4ubuntu1
Ubuntu 20.04 ARM SVE
Kernel: 5.4.0-80-generic
Compiler: gcc 10.3.0 (Ubuntu 10.3.0-1ubuntu1~20.04)
To view detailed results, visit:
https://lab.dpdk.org/results/dashboard/patchsets/23042/
UNH-IOL DPDK Community Lab
To manage your email subscriptions, visit:
https://lab.dpdk.org/results/dashboard/preferences/subscriptions/
^ permalink raw reply [flat|nested] 7+ messages in thread
* |FAILURE| pw114101-114102 [PATCH] [2/2] examples/ipsec-secgw: fix issue with IP hdr manipulation
@ 2022-07-22 16:14 dpdklab
0 siblings, 0 replies; 7+ messages in thread
From: dpdklab @ 2022-07-22 16:14 UTC (permalink / raw)
To: Test Report; +Cc: dpdklab, David Marchand, Thomas Monjalon, Nithin Dabilpuram
[-- Attachment #1: Type: text/plain, Size: 3043 bytes --]
Test-Label: iol-aarch64-compile-testing
Test-Status: FAILURE
http://dpdk.org/patch/114102
_Testing issues_
Submitter: Nithin Dabilpuram <ndabilpuram@marvell.com>
Date: Thursday, July 21 2022 15:31:32
DPDK git baseline: Repo:dpdk
Branch: master
CommitID:72206323a5dd3182b13f61b25a64abdddfee595c
114101-114102 --> testing fail
Test environment and result as below:
+----------------------------------------+--------------------+
| Environment | dpdk_meson_compile |
+========================================+====================+
| Ubuntu 20.04 ARM GCC Native | FAIL |
+----------------------------------------+--------------------+
| Ubuntu 20.04 ARM SVE | FAIL |
+----------------------------------------+--------------------+
| Ubuntu 20.04 ARM GCC Cross Compile | FAIL |
+----------------------------------------+--------------------+
| Ubuntu 20.04 aarch32 GCC Cross Compile | FAIL |
+----------------------------------------+--------------------+
| Ubuntu 20.04 ARM Clang Cross Compile | FAIL |
+----------------------------------------+--------------------+
| Ubuntu 20.04 ARM Clang Native | FAIL |
+----------------------------------------+--------------------+
==== 20 line log output for Ubuntu 20.04 ARM Clang Native (dpdk_meson_compile): ====
Directory already configured.
Just run your build command (e.g. ninja) and Meson will regenerate as necessary.
If ninja fails, run "ninja reconfigure" or "meson --reconfigure"
to force Meson to regenerate.
If build failures persist, run "meson setup --wipe" to rebuild from scratch
using the same options as passed when configuring the build.
To change option values, run "meson configure" instead.
ninja: Entering directory `build'
[0/1] Regenerating build files.
ERROR: Neither directory contains a build file meson.build.
FAILED: build.ninja
/usr/bin/meson --internal regenerate /home-local/jenkins-local/jenkins-agent/workspace/Apply-Custom-Patch-Set-Pipeline/dpdk /home-local/jenkins-local/jenkins-agent/workspace/Apply-Custom-Patch-Set-Pipeline/dpdk/build --backend ninja
==== End log output ====
Ubuntu 20.04 ARM GCC Native
Kernel: 5.4.0-53-generic
Compiler: gcc 9.3
Ubuntu 20.04 ARM SVE
Kernel: 5.4.0-80-generic
Compiler: gcc 10.3.0 (Ubuntu 10.3.0-1ubuntu1~20.04)
Ubuntu 20.04 ARM GCC Cross Compile
Kernel: 5.4.0-72-generic
Compiler: aarch64-linux-gnu-gcc (Ubuntu 9.3.0-17ubuntu1~20.04) 9.3.0
Ubuntu 20.04 aarch32 GCC Cross Compile
Kernel: 5.4.0-72-generic
Compiler: gcc 9.3.0
Ubuntu 20.04 ARM Clang Cross Compile
Kernel: 5.4.0-72-generic
Compiler: clang version 10.0.0-4ubuntu1
Ubuntu 20.04 ARM Clang Native
Kernel: 5.4.0-53-generic
Compiler: clang 10.0.0-4ubuntu1
To view detailed results, visit:
https://lab.dpdk.org/results/dashboard/patchsets/23042/
UNH-IOL DPDK Community Lab
To manage your email subscriptions, visit:
https://lab.dpdk.org/results/dashboard/preferences/subscriptions/
^ permalink raw reply [flat|nested] 7+ messages in thread
* |FAILURE| pw114101-114102 [PATCH] [2/2] examples/ipsec-secgw: fix issue with IP hdr manipulation
@ 2022-07-22 16:08 dpdklab
0 siblings, 0 replies; 7+ messages in thread
From: dpdklab @ 2022-07-22 16:08 UTC (permalink / raw)
To: Test Report; +Cc: dpdklab, David Marchand, Thomas Monjalon, Nithin Dabilpuram
[-- Attachment #1: Type: text/plain, Size: 2274 bytes --]
Test-Label: iol-aarch64-unit-testing
Test-Status: FAILURE
http://dpdk.org/patch/114102
_Testing issues_
Submitter: Nithin Dabilpuram <ndabilpuram@marvell.com>
Date: Thursday, July 21 2022 15:31:32
DPDK git baseline: Repo:dpdk
Branch: master
CommitID:72206323a5dd3182b13f61b25a64abdddfee595c
114101-114102 --> testing fail
Test environment and result as below:
+-------------------------------+----------------+--------------+
| Environment | dpdk_unit_test | lpm_autotest |
+===============================+================+==============+
| Ubuntu 20.04 ARM Clang Native | FAIL | SKIPPED |
+-------------------------------+----------------+--------------+
| Ubuntu 20.04 ARM GCC Native | FAIL | SKIPPED |
+-------------------------------+----------------+--------------+
| Ubuntu 20.04 ARM SVE | SKIPPED | FAIL |
+-------------------------------+----------------+--------------+
==== 20 line log output for Ubuntu 20.04 ARM SVE (lpm_autotest): ====
Directory already configured.
Just run your build command (e.g. ninja) and Meson will regenerate as necessary.
If ninja fails, run "ninja reconfigure" or "meson --reconfigure"
to force Meson to regenerate.
If build failures persist, run "meson setup --wipe" to rebuild from scratch
using the same options as passed when configuring the build.
To change option values, run "meson configure" instead.
ninja: Entering directory `build'
[0/1] Regenerating build files.
FAILED: build.ninja
/usr/bin/meson --internal regenerate /home-local/jenkins-local/jenkins-agent/workspace/Apply-Custom-Patch-Set-Pipeline/dpdk /home-local/jenkins-local/jenkins-agent/workspace/Apply-Custom-Patch-Set-Pipeline/dpdk/build --backend ninja
==== End log output ====
Ubuntu 20.04 ARM Clang Native
Kernel: 5.4.0-53-generic
Compiler: clang 10.0.0-4ubuntu1
Ubuntu 20.04 ARM GCC Native
Kernel: 5.4.0-53-generic
Compiler: gcc 9.3
Ubuntu 20.04 ARM SVE
Kernel: 5.4.0-80-generic
Compiler: gcc 10.3.0 (Ubuntu 10.3.0-1ubuntu1~20.04)
To view detailed results, visit:
https://lab.dpdk.org/results/dashboard/patchsets/23042/
UNH-IOL DPDK Community Lab
To manage your email subscriptions, visit:
https://lab.dpdk.org/results/dashboard/preferences/subscriptions/
^ permalink raw reply [flat|nested] 7+ messages in thread
* |FAILURE| pw114101-114102 [PATCH] [2/2] examples/ipsec-secgw: fix issue with IP hdr manipulation
@ 2022-07-21 20:42 dpdklab
0 siblings, 0 replies; 7+ messages in thread
From: dpdklab @ 2022-07-21 20:42 UTC (permalink / raw)
To: Test Report; +Cc: dpdklab, David Marchand, Thomas Monjalon, Nithin Dabilpuram
[-- Attachment #1: Type: text/plain, Size: 3043 bytes --]
Test-Label: iol-aarch64-compile-testing
Test-Status: FAILURE
http://dpdk.org/patch/114102
_Testing issues_
Submitter: Nithin Dabilpuram <ndabilpuram@marvell.com>
Date: Thursday, July 21 2022 15:31:32
DPDK git baseline: Repo:dpdk
Branch: master
CommitID:4fceceed5b5e9fbf04acffd66239c79d81e79260
114101-114102 --> testing fail
Test environment and result as below:
+----------------------------------------+--------------------+
| Environment | dpdk_meson_compile |
+========================================+====================+
| Ubuntu 20.04 ARM Clang Cross Compile | FAIL |
+----------------------------------------+--------------------+
| Ubuntu 20.04 ARM SVE | FAIL |
+----------------------------------------+--------------------+
| Ubuntu 20.04 aarch32 GCC Cross Compile | FAIL |
+----------------------------------------+--------------------+
| Ubuntu 20.04 ARM GCC Cross Compile | FAIL |
+----------------------------------------+--------------------+
| Ubuntu 20.04 ARM GCC Native | FAIL |
+----------------------------------------+--------------------+
| Ubuntu 20.04 ARM Clang Native | FAIL |
+----------------------------------------+--------------------+
==== 20 line log output for Ubuntu 20.04 ARM Clang Native (dpdk_meson_compile): ====
Directory already configured.
Just run your build command (e.g. ninja) and Meson will regenerate as necessary.
If ninja fails, run "ninja reconfigure" or "meson --reconfigure"
to force Meson to regenerate.
If build failures persist, run "meson setup --wipe" to rebuild from scratch
using the same options as passed when configuring the build.
To change option values, run "meson configure" instead.
ninja: Entering directory `build'
[0/1] Regenerating build files.
ERROR: Neither directory contains a build file meson.build.
FAILED: build.ninja
/usr/bin/meson --internal regenerate /home-local/jenkins-local/jenkins-agent/workspace/Apply-Custom-Patch-Set-Pipeline/dpdk /home-local/jenkins-local/jenkins-agent/workspace/Apply-Custom-Patch-Set-Pipeline/dpdk/build --backend ninja
==== End log output ====
Ubuntu 20.04 ARM Clang Cross Compile
Kernel: 5.4.0-72-generic
Compiler: clang version 10.0.0-4ubuntu1
Ubuntu 20.04 ARM SVE
Kernel: 5.4.0-80-generic
Compiler: gcc 10.3.0 (Ubuntu 10.3.0-1ubuntu1~20.04)
Ubuntu 20.04 aarch32 GCC Cross Compile
Kernel: 5.4.0-72-generic
Compiler: gcc 9.3.0
Ubuntu 20.04 ARM GCC Cross Compile
Kernel: 5.4.0-72-generic
Compiler: aarch64-linux-gnu-gcc (Ubuntu 9.3.0-17ubuntu1~20.04) 9.3.0
Ubuntu 20.04 ARM GCC Native
Kernel: 5.4.0-53-generic
Compiler: gcc 9.3
Ubuntu 20.04 ARM Clang Native
Kernel: 5.4.0-53-generic
Compiler: clang 10.0.0-4ubuntu1
To view detailed results, visit:
https://lab.dpdk.org/results/dashboard/patchsets/23042/
UNH-IOL DPDK Community Lab
To manage your email subscriptions, visit:
https://lab.dpdk.org/results/dashboard/preferences/subscriptions/
^ permalink raw reply [flat|nested] 7+ messages in thread
* |FAILURE| pw114101-114102 [PATCH] [2/2] examples/ipsec-secgw: fix issue with IP hdr manipulation
@ 2022-07-21 20:41 dpdklab
0 siblings, 0 replies; 7+ messages in thread
From: dpdklab @ 2022-07-21 20:41 UTC (permalink / raw)
To: Test Report
Cc: dpdk-test-reports, David Marchand, Thomas Monjalon, Nithin Dabilpuram
[-- Attachment #1: Type: text/plain, Size: 2344 bytes --]
Test-Label: iol-aarch64-unit-testing
Test-Status: FAILURE
http://dpdk.org/patch/114102
_Testing issues_
Submitter: Nithin Dabilpuram <ndabilpuram@marvell.com>
Date: Thursday, July 21 2022 15:31:32
DPDK git baseline: Repo:dpdk
Branch: master
CommitID:4fceceed5b5e9fbf04acffd66239c79d81e79260
114101-114102 --> testing fail
Test environment and result as below:
+-------------------------------+--------------+----------------+
| Environment | lpm_autotest | dpdk_unit_test |
+===============================+==============+================+
| Ubuntu 20.04 ARM SVE | FAIL | SKIPPED |
+-------------------------------+--------------+----------------+
| Ubuntu 20.04 ARM Clang Native | SKIPPED | FAIL |
+-------------------------------+--------------+----------------+
| Ubuntu 20.04 ARM GCC Native | SKIPPED | FAIL |
+-------------------------------+--------------+----------------+
==== 20 line log output for Ubuntu 20.04 ARM GCC Native (dpdk_unit_test): ====
Directory already configured.
Just run your build command (e.g. ninja) and Meson will regenerate as necessary.
If ninja fails, run "ninja reconfigure" or "meson --reconfigure"
to force Meson to regenerate.
If build failures persist, run "meson setup --wipe" to rebuild from scratch
using the same options as passed when configuring the build.
To change option values, run "meson configure" instead.
ninja: Entering directory `build'
[0/1] Regenerating build files.
ERROR: Neither directory contains a build file meson.build.
FAILED: build.ninja
/usr/bin/meson --internal regenerate /home-local/jenkins-local/jenkins-agent/workspace/Apply-Custom-Patch-Set-Pipeline/dpdk /home-local/jenkins-local/jenkins-agent/workspace/Apply-Custom-Patch-Set-Pipeline/dpdk/build --backend ninja
==== End log output ====
Ubuntu 20.04 ARM SVE
Kernel: 5.4.0-80-generic
Compiler: gcc 10.3.0 (Ubuntu 10.3.0-1ubuntu1~20.04)
Ubuntu 20.04 ARM Clang Native
Kernel: 5.4.0-53-generic
Compiler: clang 10.0.0-4ubuntu1
Ubuntu 20.04 ARM GCC Native
Kernel: 5.4.0-53-generic
Compiler: gcc 9.3
To view detailed results, visit:
https://lab.dpdk.org/results/dashboard/patchsets/23042/
UNH-IOL DPDK Community Lab
To manage your email subscriptions, visit:
https://lab.dpdk.org/results/dashboard/preferences/subscriptions/
^ permalink raw reply [flat|nested] 7+ messages in thread
* |FAILURE| pw114101-114102 [PATCH] [2/2] examples/ipsec-secgw: fix issue with IP hdr manipulation
@ 2022-07-21 20:26 dpdklab
0 siblings, 0 replies; 7+ messages in thread
From: dpdklab @ 2022-07-21 20:26 UTC (permalink / raw)
To: Test Report; +Cc: dpdklab, David Marchand, Thomas Monjalon, Nithin Dabilpuram
[-- Attachment #1: Type: text/plain, Size: 2973 bytes --]
Test-Label: iol-aarch64-compile-testing
Test-Status: FAILURE
http://dpdk.org/patch/114102
_Testing issues_
Submitter: Nithin Dabilpuram <ndabilpuram@marvell.com>
Date: Thursday, July 21 2022 15:31:32
DPDK git baseline: Repo:dpdk
Branch: master
CommitID:4fceceed5b5e9fbf04acffd66239c79d81e79260
114101-114102 --> testing fail
Test environment and result as below:
+----------------------------------------+--------------------+
| Environment | dpdk_meson_compile |
+========================================+====================+
| Ubuntu 20.04 ARM GCC Cross Compile | FAIL |
+----------------------------------------+--------------------+
| Ubuntu 20.04 ARM GCC Native | FAIL |
+----------------------------------------+--------------------+
| Ubuntu 20.04 ARM Clang Native | FAIL |
+----------------------------------------+--------------------+
| Ubuntu 20.04 aarch32 GCC Cross Compile | FAIL |
+----------------------------------------+--------------------+
| Ubuntu 20.04 ARM Clang Cross Compile | FAIL |
+----------------------------------------+--------------------+
| Ubuntu 20.04 ARM SVE | FAIL |
+----------------------------------------+--------------------+
==== 20 line log output for Ubuntu 20.04 ARM SVE (dpdk_meson_compile): ====
Directory already configured.
Just run your build command (e.g. ninja) and Meson will regenerate as necessary.
If ninja fails, run "ninja reconfigure" or "meson --reconfigure"
to force Meson to regenerate.
If build failures persist, run "meson setup --wipe" to rebuild from scratch
using the same options as passed when configuring the build.
To change option values, run "meson configure" instead.
ninja: Entering directory `build'
[0/1] Regenerating build files.
FAILED: build.ninja
/usr/bin/meson --internal regenerate /home-local/jenkins-local/jenkins-agent/workspace/Apply-Custom-Patch-Set-Pipeline/dpdk /home-local/jenkins-local/jenkins-agent/workspace/Apply-Custom-Patch-Set-Pipeline/dpdk/build --backend ninja
==== End log output ====
Ubuntu 20.04 ARM GCC Cross Compile
Kernel: 5.4.0-72-generic
Compiler: aarch64-linux-gnu-gcc (Ubuntu 9.3.0-17ubuntu1~20.04) 9.3.0
Ubuntu 20.04 ARM GCC Native
Kernel: 5.4.0-53-generic
Compiler: gcc 9.3
Ubuntu 20.04 ARM Clang Native
Kernel: 5.4.0-53-generic
Compiler: clang 10.0.0-4ubuntu1
Ubuntu 20.04 aarch32 GCC Cross Compile
Kernel: 5.4.0-72-generic
Compiler: gcc 9.3.0
Ubuntu 20.04 ARM Clang Cross Compile
Kernel: 5.4.0-72-generic
Compiler: clang version 10.0.0-4ubuntu1
Ubuntu 20.04 ARM SVE
Kernel: 5.4.0-80-generic
Compiler: gcc 10.3.0 (Ubuntu 10.3.0-1ubuntu1~20.04)
To view detailed results, visit:
https://lab.dpdk.org/results/dashboard/patchsets/23042/
UNH-IOL DPDK Community Lab
To manage your email subscriptions, visit:
https://lab.dpdk.org/results/dashboard/preferences/subscriptions/
^ permalink raw reply [flat|nested] 7+ messages in thread
* |FAILURE| pw114101-114102 [PATCH] [2/2] examples/ipsec-secgw: fix issue with IP hdr manipulation
@ 2022-07-21 16:21 dpdklab
0 siblings, 0 replies; 7+ messages in thread
From: dpdklab @ 2022-07-21 16:21 UTC (permalink / raw)
To: Test Report; +Cc: dpdklab, David Marchand, Thomas Monjalon, Nithin Dabilpuram
[-- Attachment #1: Type: text/plain, Size: 3950 bytes --]
Test-Label: iol-x86_64-unit-testing
Test-Status: FAILURE
http://dpdk.org/patch/114102
_Testing issues_
Submitter: Nithin Dabilpuram <ndabilpuram@marvell.com>
Date: Thursday, July 21 2022 15:31:32
DPDK git baseline: Repo:dpdk
Branch: master
CommitID:4fceceed5b5e9fbf04acffd66239c79d81e79260
114101-114102 --> testing fail
Test environment and result as below:
+---------------------+----------------+
| Environment | dpdk_unit_test |
+=====================+================+
| Windows Server 2019 | PASS |
+---------------------+----------------+
| Ubuntu 18.04 | PASS |
+---------------------+----------------+
| openSUSE Leap 15 | FAIL |
+---------------------+----------------+
| Arch Linux | PASS |
+---------------------+----------------+
| Ubuntu 20.04 | PASS |
+---------------------+----------------+
| CentOS Stream 8 | PASS |
+---------------------+----------------+
| Fedora 32 | PASS |
+---------------------+----------------+
| RHEL 7 | PASS |
+---------------------+----------------+
| Fedora 31 | PASS |
+---------------------+----------------+
| Fedora 33 | PASS |
+---------------------+----------------+
| Fedora 34 | PASS |
+---------------------+----------------+
| RHEL8 | PASS |
+---------------------+----------------+
| Fedora 34 clang | PASS |
+---------------------+----------------+
==== 20 line log output for openSUSE Leap 15 (dpdk_unit_test): ====
92/102 DPDK:fast-tests / metrics_autotest OK 0.20 s
93/102 DPDK:fast-tests / telemetry_json_autotest OK 0.17 s
94/102 DPDK:fast-tests / telemetry_data_autotest OK 0.51 s
95/102 DPDK:fast-tests / table_autotest OK 6.60 s
96/102 DPDK:fast-tests / ring_pmd_autotest OK 0.17 s
97/102 DPDK:fast-tests / event_eth_tx_adapter_autotest OK 0.67 s
98/102 DPDK:fast-tests / bitratestats_autotest OK 0.17 s
99/102 DPDK:fast-tests / latencystats_autotest OK 0.17 s
100/102 DPDK:fast-tests / pdump_autotest OK 5.24 s
101/102 DPDK:fast-tests / vdev_autotest OK 0.17 s
102/102 DPDK:fast-tests / compressdev_autotest SKIP 0.17 s
Ok: 94
Expected Fail: 0
Fail: 1
Unexpected Pass: 0
Skipped: 7
Timeout: 0
Full log written to /home-local/jenkins-local/jenkins-agent/workspace/Generic-Unit-Test-DPDK/dpdk/build/meson-logs/testlog.txt
==== End log output ====
Windows Server 2019
Kernel: 10.0
Compiler: clang 14.0 and gcc 8.1.0 (MinGW)
Ubuntu 18.04
Kernel: 4.18.0-240.10.1.el8_3.x86_64
Compiler: gcc 7.5.0-3ubuntu1~18.04
openSUSE Leap 15
Kernel: 4.18.0-240.10.1.el8_3.x86_64
Compiler: gcc 7.5.0
Arch Linux
Kernel: 5.4.0-73-generic
Compiler: gcc 11.1.0
Ubuntu 20.04
Kernel: 4.18.0-240.10.1.el8_3.x86_64
Compiler: gcc 9.3.0-17ubuntu1~20.04
CentOS Stream 8
Kernel: 4.18.0-240.10.1.el8_3.x86_64
Compiler: gcc 8.4.1 20200928
Fedora 32
Kernel: 4.18.0-240.10.1.el8_3.x86_64
Compiler: gcc 10.2.1
RHEL 7
Kernel: 4.18.0-240.10.1.el8_3.x86_64
Compiler: gcc 4.8.5 20150623 (Red Hat 4.8.5-44)
Fedora 31
Kernel: 4.18.0-240.10.1.el8_3.x86_64
Compiler: gcc 9.3.1
Fedora 33
Kernel: 5.4.0-72-generic
Compiler: gcc 10.3.1 20210422 (Red Hat 10.3.1-1)
Fedora 34
Kernel: 5.4.0-72-generic
Compiler: gcc 11.1.1 20210428 (Red Hat 11.1.1-1)
RHEL8
Kernel: 4.18.0-240.10.1.el8_3.x86_64
Compiler: gcc 8.3.1 20191121 (Red Hat 8.3.1-5)
Fedora 34 clang
Kernel: 5.4.0-72-generic
Compiler: clang 12.0.0 (Fedora 12.0.0-0.3.rc1.fc34)
To view detailed results, visit:
https://lab.dpdk.org/results/dashboard/patchsets/23042/
UNH-IOL DPDK Community Lab
To manage your email subscriptions, visit:
https://lab.dpdk.org/results/dashboard/preferences/subscriptions/
^ permalink raw reply [flat|nested] 7+ messages in thread
end of thread, other threads:[~2022-07-22 16:14 UTC | newest]
Thread overview: 7+ messages (download: mbox.gz / follow: Atom feed)
-- links below jump to the message on this page --
2022-07-21 20:25 |FAILURE| pw114101-114102 [PATCH] [2/2] examples/ipsec-secgw: fix issue with IP hdr manipulation dpdklab
-- strict thread matches above, loose matches on Subject: below --
2022-07-22 16:14 dpdklab
2022-07-22 16:08 dpdklab
2022-07-21 20:42 dpdklab
2022-07-21 20:41 dpdklab
2022-07-21 20:26 dpdklab
2022-07-21 16:21 dpdklab
This is a public inbox, see mirroring instructions
for how to clone and mirror all data and code used for this inbox;
as well as URLs for NNTP newsgroup(s).