From: dpdklab@iol.unh.edu
To: Test Report <test-report@dpdk.org>
Cc: dpdklab@iol.unh.edu, Xueming Li <xuemingl@nvidia.com>,
Christian Ehrhardt <christian.ehrhardt@canonical.com>,
Kevin Traynor <ktraynor@redhat.com>,
Luca Boccassi <bluca@debian.org>
Subject: |FAILURE| [GIT MASTER] 73655c6414914c99a33010e9e7bdae9cafd24404
Date: Sun, 11 Sep 2022 05:15:41 +0000 (UTC) [thread overview]
Message-ID: <20220911051541.ABFFB601C4@dpdk-ubuntu.dpdklab.iol.unh.edu> (raw)
[-- Attachment #1: Type: text/plain, Size: 3154 bytes --]
_Testing issues_
Branch: tags/v20.11
73655c6414914c99a33010e9e7bdae9cafd24404 --> testing fail
Test environment and result as below:
+------------------+----------------+
| Environment | dpdk_unit_test |
+==================+================+
| Ubuntu 18.04 | PASS |
+------------------+----------------+
| RHEL8 | PASS |
+------------------+----------------+
| Fedora 33 | PASS |
+------------------+----------------+
| Ubuntu 20.04 | PASS |
+------------------+----------------+
| Fedora 32 | FAIL |
+------------------+----------------+
| openSUSE Leap 15 | PASS |
+------------------+----------------+
| RHEL 7 | FAIL |
+------------------+----------------+
| Fedora 31 | PASS |
+------------------+----------------+
| Fedora 34 clang | PASS |
+------------------+----------------+
| Fedora 34 | PASS |
+------------------+----------------+
==== 20 line log output for RHEL 7 (dpdk_unit_test): ====
84/94 DPDK:fast-tests / service_autotest OK 4.15 s
85/94 DPDK:fast-tests / thash_autotest OK 0.17 s
86/94 DPDK:fast-tests / trace_autotest OK 0.25 s
87/94 DPDK:fast-tests / telemetry_json_autotest OK 0.17 s
88/94 DPDK:fast-tests / telemetry_data_autotest OK 0.17 s
89/94 DPDK:fast-tests / ring_pmd_autotest OK 0.17 s
90/94 DPDK:fast-tests / event_eth_tx_adapter_autotest OK 0.55 s
91/94 DPDK:fast-tests / bitratestats_autotest OK 0.17 s
92/94 DPDK:fast-tests / latencystats_autotest OK 0.17 s
93/94 DPDK:fast-tests / pdump_autotest OK 5.21 s
94/94 DPDK:fast-tests / compressdev_autotest SKIP 0.26 s
Ok: 86
Expected Fail: 0
Fail: 3
Unexpected Pass: 0
Skipped: 5
Timeout: 1
Full log written to /home-local/jenkins-local/jenkins-agent/workspace/Generic-Unit-Test-DPDK/dpdk/build/meson-logs/testlog.txt
==== End log output ====
Ubuntu 18.04
Kernel: 4.18.0-240.10.1.el8_3.x86_64
Compiler: gcc 7.5.0-3ubuntu1~18.04
RHEL8
Kernel: 4.18.0-240.10.1.el8_3.x86_64
Compiler: gcc 8.3.1 20191121 (Red Hat 8.3.1-5)
Fedora 33
Kernel: 5.4.0-72-generic
Compiler: gcc 10.3.1 20210422 (Red Hat 10.3.1-1)
Ubuntu 20.04
Kernel: 4.18.0-240.10.1.el8_3.x86_64
Compiler: gcc 9.3.0-17ubuntu1~20.04
Fedora 32
Kernel: 4.18.0-240.10.1.el8_3.x86_64
Compiler: gcc 10.2.1
openSUSE Leap 15
Kernel: 4.18.0-240.10.1.el8_3.x86_64
Compiler: gcc 7.5.0
RHEL 7
Kernel: 4.18.0-240.10.1.el8_3.x86_64
Compiler: gcc 4.8.5 20150623 (Red Hat 4.8.5-44)
Fedora 31
Kernel: 4.18.0-240.10.1.el8_3.x86_64
Compiler: gcc 9.3.1
Fedora 34 clang
Kernel: 5.4.0-72-generic
Compiler: clang 12.0.0 (Fedora 12.0.0-0.3.rc1.fc34)
Fedora 34
Kernel: 5.4.0-72-generic
Compiler: gcc 11.1.1 20210428 (Red Hat 11.1.1-1)
To view detailed results, visit:
https://lab.dpdk.org/results/dashboard/tarballs/21297/
UNH-IOL DPDK Community Lab
To manage your email subscriptions, visit:
https://lab.dpdk.org/results/dashboard/preferences/subscriptions/
next reply other threads:[~2022-09-11 5:15 UTC|newest]
Thread overview: 22+ messages / expand[flat|nested] mbox.gz Atom feed top
2022-09-11 5:15 dpdklab [this message]
-- strict thread matches above, loose matches on Subject: below --
2022-09-20 5:09 dpdklab
2022-09-19 5:26 dpdklab
2022-09-18 5:25 dpdklab
2022-09-17 5:57 dpdklab
2022-09-16 5:32 dpdklab
2022-09-15 5:24 dpdklab
2022-09-14 5:45 dpdklab
2022-09-13 6:08 dpdklab
2022-09-12 5:03 dpdklab
2022-09-10 5:29 dpdklab
2022-09-09 5:06 dpdklab
2022-09-08 5:21 dpdklab
2022-09-07 5:53 dpdklab
2022-09-06 5:05 dpdklab
2022-09-05 5:20 dpdklab
2022-09-04 5:15 dpdklab
2022-09-03 5:13 dpdklab
2022-09-02 5:22 dpdklab
2022-09-01 5:37 dpdklab
2022-08-31 5:18 dpdklab
2022-08-30 5:53 dpdklab
Reply instructions:
You may reply publicly to this message via plain-text email
using any one of the following methods:
* Save the following mbox file, import it into your mail client,
and reply-to-all from there: mbox
Avoid top-posting and favor interleaved quoting:
https://en.wikipedia.org/wiki/Posting_style#Interleaved_style
* Reply using the --to, --cc, and --in-reply-to
switches of git-send-email(1):
git send-email \
--in-reply-to=20220911051541.ABFFB601C4@dpdk-ubuntu.dpdklab.iol.unh.edu \
--to=dpdklab@iol.unh.edu \
--cc=bluca@debian.org \
--cc=christian.ehrhardt@canonical.com \
--cc=ktraynor@redhat.com \
--cc=test-report@dpdk.org \
--cc=xuemingl@nvidia.com \
/path/to/YOUR_REPLY
https://kernel.org/pub/software/scm/git/docs/git-send-email.html
* If your mail client supports setting the In-Reply-To header
via mailto: links, try the mailto: link
Be sure your reply has a Subject: header at the top and a blank line
before the message body.
This is a public inbox, see mirroring instructions
for how to clone and mirror all data and code used for this inbox;
as well as URLs for NNTP newsgroup(s).