* |FAILURE| [GIT MASTER] 7ae6d61bb00c6f143e61e0e3b79d03f81d6b3064
@ 2022-10-21 16:09 dpdklab
0 siblings, 0 replies; 2+ messages in thread
From: dpdklab @ 2022-10-21 16:09 UTC (permalink / raw)
To: Test Report; +Cc: dpdk-test-reports, Akhil Goyal
[-- Attachment #1: Type: text/plain, Size: 7157 bytes --]
_Testing issues_
Branch: dpdk-next-crypto
7ae6d61bb00c6f143e61e0e3b79d03f81d6b3064 --> testing fail
Test environment and result as below:
+---------------------+--------------------+----------------------+
| Environment | dpdk_meson_compile | dpdk_mingw64_compile |
+=====================+====================+======================+
| FreeBSD 13 | PASS | SKIPPED |
+---------------------+--------------------+----------------------+
| Windows Server 2019 | PASS | PASS |
+---------------------+--------------------+----------------------+
| RHEL 7 | FAIL | SKIPPED |
+---------------------+--------------------+----------------------+
| RHEL8 | FAIL | SKIPPED |
+---------------------+--------------------+----------------------+
| Ubuntu 18.04 | PASS | SKIPPED |
+---------------------+--------------------+----------------------+
| openSUSE Leap 15 | PASS | SKIPPED |
+---------------------+--------------------+----------------------+
| Fedora 33 | PASS | SKIPPED |
+---------------------+--------------------+----------------------+
| Fedora 31 | PASS | SKIPPED |
+---------------------+--------------------+----------------------+
| Fedora 34 | PASS | SKIPPED |
+---------------------+--------------------+----------------------+
| Fedora 32 | PASS | SKIPPED |
+---------------------+--------------------+----------------------+
| Ubuntu 20.04 | PASS | SKIPPED |
+---------------------+--------------------+----------------------+
| Fedora 34 clang | PASS | SKIPPED |
+---------------------+--------------------+----------------------+
==== 20 line log output for RHEL8 (dpdk_meson_compile): ====
[2400/3522] Generating rte_crypto_caam_jr.pmd.c with a custom command.
[2401/3522] Compiling C object 'drivers/a715181@@rte_crypto_caam_jr@sta/meson-generated_.._rte_crypto_caam_jr.pmd.c.o'.
[2402/3522] Linking static target drivers/librte_crypto_caam_jr.a.
[2403/3522] Generating rte_crypto_caam_jr_def with a custom command.
[2404/3522] Generating rte_crypto_caam_jr_mingw with a custom command.
[2405/3522] Generating rte_crypto_caam_jr.sym_chk with a meson_exe.py custom command.
[2406/3522] Compiling C object 'drivers/a715181@@rte_crypto_caam_jr@sha/meson-generated_.._rte_crypto_caam_jr.pmd.c.o'.
[2407/3522] Compiling C object 'drivers/a715181@@tmp_rte_crypto_cnxk@sta/crypto_cnxk_cn9k_cryptodev_ops.c.o'.
FAILED: drivers/a715181@@tmp_rte_crypto_cnxk@sta/crypto_cnxk_cn9k_cryptodev_ops.c.o
ccache cc -Idrivers/a715181@@tmp_rte_crypto_cnxk@sta -Idrivers -I../drivers -Idrivers/crypto/cnxk -I../drivers/crypto/cnxk -Idrivers/crypto/cnxk/../../../lib/net -I../drivers/crypto/cnxk/../../../lib/net -Idrivers/crypto/cnxk/../../event/cnxk -I../drivers/crypto/cnxk/../../event/cnxk -Ilib/cryptodev -I../lib/cryptodev -I. -I../ -Iconfig -I../config -Ilib/eal/include -I../lib/eal/include -Ilib/eal/linux/include -I../lib/eal/linux/include -Ilib/eal/x86/include -I../lib/eal/x86/include -Ilib/eal/common -I../lib/eal/common -Ilib/eal -I../lib/eal -Ilib/kvargs -I../lib/kvargs -Ilib/telemetry/../metrics -I../lib/telemetry/../metrics -Ilib/telemetry -I../lib/telemetry -Ilib/mbuf -I../lib/mbuf -Ilib/mempool -I../lib/mempool -Ilib/ring -I../lib/ring -Ilib/rcu -I../lib/rcu -Idrivers/bus/pci -I../drivers/bus/pci -I../drivers/bus/pci/linux -Ilib/pci -I../lib/pci -Idrivers/common/cnxk -I../drivers/common/cnxk -Idrivers/common/cnxk/../../bus/pci -I../drivers/common/cnxk/../../bus/pci -Idrivers/common/cnxk/../../../lib/net -I../drivers/common/cnxk/../../../lib/net -Idrivers/common/cnxk/../../../lib/ethdev -I../drivers/common/cnxk/../../../lib/ethdev -Idrivers/common/cnxk/../../../lib/meter -I../drivers/common/cnxk/../../../lib/meter -Ilib/security -I../lib/security -Ilib/net -I../lib/net -Ilib/eventdev -I../lib/eventdev -Ilib/ethdev -I../lib/ethdev -Ilib/meter -I../lib/meter -Ilib/hash -I../lib/hash -Ilib/timer -I../lib/timer -fdiagnostics-color=always -pipe -D_FILE_OFFSET_BITS=64 -Wall -Winvalid-pch -Wextra -Werror -O3 -include rte_config.h -Wcast-qual -Wdeprecated -Wformat -Wformat-nonliteral -Wformat-security -Wmissing-declarations -Wmissing-prototypes -Wnested-externs -Wold-style-definition -Wpointer-arith -Wsign-compare -Wstrict-prototypes -Wundef -Wwrite-strings -Wno-packed-not-aligned -Wno-missing-field-initializers -D_GNU_SOURCE -fPIC -march=native -DALLOW_EXPERIMENTAL_API -DALLOW_INTERNAL_API -Wno-format-truncation -ULA_IPSEC_DEBUG -UCNXK_CRYPTODEV_DEBUG -DRTE_LOG_DEFAULT_LOGTYPE=pmd.crypto.cnxk -MD -MQ 'drivers/a715181@@tmp_rte_crypto_cnxk@sta/crypto_cnxk_cn9k_cryptodev_ops.c.o' -MF 'drivers/a715181@@tmp_rte_crypto_cnxk@sta/crypto_cnxk_cn9k_cryptodev_ops.c.o.d' -o 'drivers/a715181@@tmp_rte_crypto_cnxk@sta/crypto_cnxk_cn9k_cryptodev_ops.c.o' -c ../drivers/crypto/cnxk/cn9k_cryptodev_ops.c
In file included from ../drivers/crypto/cnxk/cn9k_cryptodev_ops.c:18:
../drivers/crypto/cnxk/cn9k_cryptodev_ops.c: In function 'cn9k_cpt_inst_prep.isra.11':
../drivers/crypto/cnxk/cnxk_se.h:1185:16: error: array subscript -8 is below array bounds of 'char[264]' [-Werror=array-bounds]
offset_vaddr = (uint8_t *)dm_vaddr - ROC_SE_OFF_CTRL_LEN - iv_len;
~~~~~~~~~~~~~^~~~~~~~~~~~~~~~~~~~~~~~~~~~~~~~~~~~~~~~~~~~~~~~~~~~
../drivers/crypto/cnxk/cnxk_se.h:1185:16: error: array subscript -8 is below array bounds of 'char[264]' [-Werror=array-bounds]
offset_vaddr = (uint8_t *)dm_vaddr - ROC_SE_OFF_CTRL_LEN - iv_len;
~~~~~~~~~~~~~^~~~~~~~~~~~~~~~~~~~~~~~~~~~~~~~~~~~~~~~~~~~~~~~~~~~
cc1: all warnings being treated as errors
ninja: build stopped: subcommand failed.
==== End log output ====
FreeBSD 13
Kernel: 13.0
Compiler: clang 11.0.1
Windows Server 2019
Kernel: 10.0
Compiler: clang 14.0 and gcc 8.1.0 (MinGW)
RHEL 7
Kernel: 4.18.0-240.10.1.el8_3.x86_64
Compiler: gcc 4.8.5 20150623 (Red Hat 4.8.5-44)
RHEL8
Kernel: 4.18.0-240.10.1.el8_3.x86_64
Compiler: gcc 8.3.1 20191121 (Red Hat 8.3.1-5)
Ubuntu 18.04
Kernel: 4.18.0-240.10.1.el8_3.x86_64
Compiler: gcc 7.5.0-3ubuntu1~18.04
openSUSE Leap 15
Kernel: 4.18.0-240.10.1.el8_3.x86_64
Compiler: gcc 7.5.0
Fedora 33
Kernel: 5.4.0-72-generic
Compiler: gcc 10.3.1 20210422 (Red Hat 10.3.1-1)
Fedora 31
Kernel: 4.18.0-240.10.1.el8_3.x86_64
Compiler: gcc 9.3.1
Fedora 34
Kernel: 5.4.0-72-generic
Compiler: gcc 11.1.1 20210428 (Red Hat 11.1.1-1)
Fedora 32
Kernel: 4.18.0-240.10.1.el8_3.x86_64
Compiler: gcc 10.2.1
Ubuntu 20.04
Kernel: 4.18.0-240.10.1.el8_3.x86_64
Compiler: gcc 9.3.0-17ubuntu1~20.04
Fedora 34 clang
Kernel: 5.4.0-72-generic
Compiler: clang 12.0.0 (Fedora 12.0.0-0.3.rc1.fc34)
To view detailed results, visit:
https://lab.dpdk.org/results/dashboard/tarballs/21939/
UNH-IOL DPDK Community Lab
To manage your email subscriptions, visit:
https://lab.dpdk.org/results/dashboard/preferences/subscriptions/
^ permalink raw reply [flat|nested] 2+ messages in thread
* |FAILURE| [GIT MASTER] 7ae6d61bb00c6f143e61e0e3b79d03f81d6b3064
@ 2022-10-21 16:18 dpdklab
0 siblings, 0 replies; 2+ messages in thread
From: dpdklab @ 2022-10-21 16:18 UTC (permalink / raw)
To: Test Report; +Cc: dpdklab, Akhil Goyal
[-- Attachment #1: Type: text/plain, Size: 6252 bytes --]
_Testing issues_
Branch: dpdk-next-crypto
7ae6d61bb00c6f143e61e0e3b79d03f81d6b3064 --> testing fail
Test environment and result as below:
+---------------------+----------------+
| Environment | dpdk_unit_test |
+=====================+================+
| Windows Server 2019 | PASS |
+---------------------+----------------+
| RHEL 7 | FAIL |
+---------------------+----------------+
| RHEL8 | FAIL |
+---------------------+----------------+
| Fedora 31 | PASS |
+---------------------+----------------+
| Ubuntu 20.04 | PASS |
+---------------------+----------------+
| Fedora 32 | PASS |
+---------------------+----------------+
| Ubuntu 18.04 | PASS |
+---------------------+----------------+
| openSUSE Leap 15 | PASS |
+---------------------+----------------+
| Fedora 33 | PASS |
+---------------------+----------------+
| Fedora 34 | PASS |
+---------------------+----------------+
| Fedora 34 clang | PASS |
+---------------------+----------------+
==== 20 line log output for RHEL8 (dpdk_unit_test): ====
~~~~~~~~~~~~~^~~~~~~~~~~~~~~~~~~~~~~~~~~~~~~~~~~~~~~~~~~~~~~~~~~~
../drivers/crypto/cnxk/cnxk_se.h:1185:16: error: array subscript -8 is below array bounds of 'char[264]' [-Werror=array-bounds]
offset_vaddr = (uint8_t *)dm_vaddr - ROC_SE_OFF_CTRL_LEN - iv_len;
~~~~~~~~~~~~~^~~~~~~~~~~~~~~~~~~~~~~~~~~~~~~~~~~~~~~~~~~~~~~~~~~~
cc1: all warnings being treated as errors
[2448/3492] Linking static target drivers/librte_crypto_nitrox.a.
[2449/3492] Compiling C object 'drivers/a715181@@rte_crypto_nitrox@sha/meson-generated_.._rte_crypto_nitrox.pmd.c.o'.
[2450/3492] Compiling C object 'drivers/a715181@@tmp_rte_crypto_cnxk@sta/crypto_cnxk_cn10k_cryptodev_ops.c.o'.
FAILED: drivers/a715181@@tmp_rte_crypto_cnxk@sta/crypto_cnxk_cn10k_cryptodev_ops.c.o
ccache cc -Idrivers/a715181@@tmp_rte_crypto_cnxk@sta -Idrivers -I../drivers -Idrivers/crypto/cnxk -I../drivers/crypto/cnxk -Idrivers/crypto/cnxk/../../../lib/net -I../drivers/crypto/cnxk/../../../lib/net -Idrivers/crypto/cnxk/../../event/cnxk -I../drivers/crypto/cnxk/../../event/cnxk -Ilib/cryptodev -I../lib/cryptodev -I. -I../ -Iconfig -I../config -Ilib/eal/include -I../lib/eal/include -Ilib/eal/linux/include -I../lib/eal/linux/include -Ilib/eal/x86/include -I../lib/eal/x86/include -Ilib/eal/common -I../lib/eal/common -Ilib/eal -I../lib/eal -Ilib/kvargs -I../lib/kvargs -Ilib/telemetry/../metrics -I../lib/telemetry/../metrics -Ilib/telemetry -I../lib/telemetry -Ilib/mbuf -I../lib/mbuf -Ilib/mempool -I../lib/mempool -Ilib/ring -I../lib/ring -Ilib/rcu -I../lib/rcu -Idrivers/bus/pci -I../drivers/bus/pci -I../drivers/bus/pci/linux -Ilib/pci -I../lib/pci -Idrivers/common/cnxk -I../drivers/common/cnxk -Idrivers/common/cnxk/../../bus/pci -I../drivers/common/cnxk/../../bus/pci -Idrivers/common/cnxk/../../../lib/net -I../drivers/common/cnxk/../../../lib/net -Idrivers/common/cnxk/../../../lib/ethdev -I../drivers/common/cnxk/../../../lib/ethdev -Idrivers/common/cnxk/../../../lib/meter -I../drivers/common/cnxk/../../../lib/meter -Ilib/security -I../lib/security -Ilib/net -I../lib/net -Ilib/eventdev -I../lib/eventdev -Ilib/ethdev -I../lib/ethdev -Ilib/meter -I../lib/meter -Ilib/hash -I../lib/hash -Ilib/timer -I../lib/timer -fdiagnostics-color=always -pipe -D_FILE_OFFSET_BITS=64 -Wall -Winvalid-pch -Wextra -Werror -O3 -include rte_config.h -Wcast-qual -Wdeprecated -Wformat -Wformat-nonliteral -Wformat-security -Wmissing-declarations -Wmissing-prototypes -Wnested-externs -Wold-style-definition -Wpointer-arith -Wsign-compare -Wstrict-prototypes -Wundef -Wwrite-strings -Wno-packed-not-aligned -Wno-missing-field-initializers -D_GNU_SOURCE -fPIC -march=native -DALLOW_EXPERIMENTAL_API -DALLOW_INTERNAL_API -Wno-format-truncation -ULA_IPSEC_DEBUG -UCNXK_CRYPTODEV_DEBUG -DRTE_LOG_DEFAULT_LOGTYPE=pmd.crypto.cnxk -MD -MQ 'drivers/a715181@@tmp_rte_crypto_cnxk@sta/crypto_cnxk_cn10k_cryptodev_ops.c.o' -MF 'drivers/a715181@@tmp_rte_crypto_cnxk@sta/crypto_cnxk_cn10k_cryptodev_ops.c.o.d' -o 'drivers/a715181@@tmp_rte_crypto_cnxk@sta/crypto_cnxk_cn10k_cryptodev_ops.c.o' -c ../drivers/crypto/cnxk/cn10k_cryptodev_ops.c
In file included from ../drivers/crypto/cnxk/cn10k_cryptodev_ops.c:18:
../drivers/crypto/cnxk/cn10k_cryptodev_ops.c: In function 'cn10k_cpt_fill_inst.constprop':
../drivers/crypto/cnxk/cnxk_se.h:1185:16: error: array subscript -8 is below array bounds of 'char[264]' [-Werror=array-bounds]
offset_vaddr = (uint8_t *)dm_vaddr - ROC_SE_OFF_CTRL_LEN - iv_len;
~~~~~~~~~~~~~^~~~~~~~~~~~~~~~~~~~~~~~~~~~~~~~~~~~~~~~~~~~~~~~~~~~
../drivers/crypto/cnxk/cnxk_se.h:1185:16: error: array subscript -8 is below array bounds of 'char[264]' [-Werror=array-bounds]
offset_vaddr = (uint8_t *)dm_vaddr - ROC_SE_OFF_CTRL_LEN - iv_len;
~~~~~~~~~~~~~^~~~~~~~~~~~~~~~~~~~~~~~~~~~~~~~~~~~~~~~~~~~~~~~~~~~
cc1: all warnings being treated as errors
ninja: build stopped: subcommand failed.
==== End log output ====
Windows Server 2019
Kernel: 10.0
Compiler: clang 14.0 and gcc 8.1.0 (MinGW)
RHEL 7
Kernel: 4.18.0-240.10.1.el8_3.x86_64
Compiler: gcc 4.8.5 20150623 (Red Hat 4.8.5-44)
RHEL8
Kernel: 4.18.0-240.10.1.el8_3.x86_64
Compiler: gcc 8.3.1 20191121 (Red Hat 8.3.1-5)
Fedora 31
Kernel: 4.18.0-240.10.1.el8_3.x86_64
Compiler: gcc 9.3.1
Ubuntu 20.04
Kernel: 4.18.0-240.10.1.el8_3.x86_64
Compiler: gcc 9.3.0-17ubuntu1~20.04
Fedora 32
Kernel: 4.18.0-240.10.1.el8_3.x86_64
Compiler: gcc 10.2.1
Ubuntu 18.04
Kernel: 4.18.0-240.10.1.el8_3.x86_64
Compiler: gcc 7.5.0-3ubuntu1~18.04
openSUSE Leap 15
Kernel: 4.18.0-240.10.1.el8_3.x86_64
Compiler: gcc 7.5.0
Fedora 33
Kernel: 5.4.0-72-generic
Compiler: gcc 10.3.1 20210422 (Red Hat 10.3.1-1)
Fedora 34
Kernel: 5.4.0-72-generic
Compiler: gcc 11.1.1 20210428 (Red Hat 11.1.1-1)
Fedora 34 clang
Kernel: 5.4.0-72-generic
Compiler: clang 12.0.0 (Fedora 12.0.0-0.3.rc1.fc34)
To view detailed results, visit:
https://lab.dpdk.org/results/dashboard/tarballs/21939/
UNH-IOL DPDK Community Lab
To manage your email subscriptions, visit:
https://lab.dpdk.org/results/dashboard/preferences/subscriptions/
^ permalink raw reply [flat|nested] 2+ messages in thread
end of thread, other threads:[~2022-10-21 16:18 UTC | newest]
Thread overview: 2+ messages (download: mbox.gz / follow: Atom feed)
-- links below jump to the message on this page --
2022-10-21 16:09 |FAILURE| [GIT MASTER] 7ae6d61bb00c6f143e61e0e3b79d03f81d6b3064 dpdklab
2022-10-21 16:18 dpdklab
This is a public inbox, see mirroring instructions
for how to clone and mirror all data and code used for this inbox;
as well as URLs for NNTP newsgroup(s).