* |SUCCESS| pw119522 [PATCH v2] net/mlx5/hws: fix possible action setter segmenation fault
[not found] <20221107101824.16288-1-valex@nvidia.com>
@ 2022-11-07 10:20 ` checkpatch
2022-11-07 11:18 ` |FAILURE| " 0-day Robot
1 sibling, 0 replies; 12+ messages in thread
From: checkpatch @ 2022-11-07 10:20 UTC (permalink / raw)
To: test-report
Test-Label: checkpatch
Test-Status: SUCCESS
http://dpdk.org/patch/119522
_coding style OK_
^ permalink raw reply [flat|nested] 12+ messages in thread
* |FAILURE| pw119522 [PATCH v2] net/mlx5/hws: fix possible action setter segmenation fault
[not found] <20221107101824.16288-1-valex@nvidia.com>
2022-11-07 10:20 ` |SUCCESS| pw119522 [PATCH v2] net/mlx5/hws: fix possible action setter segmenation fault checkpatch
@ 2022-11-07 11:18 ` 0-day Robot
1 sibling, 0 replies; 12+ messages in thread
From: 0-day Robot @ 2022-11-07 11:18 UTC (permalink / raw)
To: test-report; +Cc: valex, robot
From: robot@bytheb.org
Test-Label: github-robot: build
Test-Status: FAILURE
http://patchwork.dpdk.org/patch/119522/
_github build: failed_
Build URL: https://github.com/ovsrobot/dpdk/actions/runs/3409601666
Build Logs:
-----------------------Summary of failed steps-----------------------
"ubuntu-20.04-gcc-mini" failed at step Run setup
----------------------End summary of failed steps--------------------
-------------------------------BEGIN LOGS----------------------------
####################################################################################
#### [Begin job log] "ubuntu-20.04-gcc-mini" at step Run setup
####################################################################################
BUILD_32BIT: false
BUILD_DOCS: false
CC: ccache gcc
DEF_LIB:
LIBABIGAIL_VERSION: libabigail-1.8
MINGW: false
MINI: true
PPC64LE: false
REF_GIT_TAG: none
RISCV64: false
RUN_TESTS: false
##[endgroup]
+ .ci/linux-setup.sh
+ id -u
+ [ 1001 != 0 ]
+ sudo python3 -m pip install --upgrade meson==0.53.2
Collecting meson==0.53.2
WARNING: Retrying (Retry(total=4, connect=None, read=None, redirect=None, status=None)) after connection broken by 'NewConnectionError('<urllib3.connection.VerifiedHTTPSConnection object at 0x7fd101ff97f0>: Failed to establish a new connection: [Errno 101] Network is unreachable')': /packages/49/d7/38a71de6adaa7a25a72587e69429ce78e137f4d545c7516341aa081f43e7/meson-0.53.2.tar.gz
WARNING: Retrying (Retry(total=3, connect=None, read=None, redirect=None, status=None)) after connection broken by 'NewConnectionError('<urllib3.connection.VerifiedHTTPSConnection object at 0x7fd101ff9940>: Failed to establish a new connection: [Errno 101] Network is unreachable')': /packages/49/d7/38a71de6adaa7a25a72587e69429ce78e137f4d545c7516341aa081f43e7/meson-0.53.2.tar.gz
WARNING: Retrying (Retry(total=2, connect=None, read=None, redirect=None, status=None)) after connection broken by 'NewConnectionError('<urllib3.connection.VerifiedHTTPSConnection object at 0x7fd101ff9ac0>: Failed to establish a new connection: [Errno 101] Network is unreachable')': /packages/49/d7/38a71de6adaa7a25a72587e69429ce78e137f4d545c7516341aa081f43e7/meson-0.53.2.tar.gz
WARNING: Retrying (Retry(total=1, connect=None, read=None, redirect=None, status=None)) after connection broken by 'NewConnectionError('<urllib3.connection.VerifiedHTTPSConnection object at 0x7fd101ff9ca0>: Failed to establish a new connection: [Errno 101] Network is unreachable')': /packages/49/d7/38a71de6adaa7a25a72587e69429ce78e137f4d545c7516341aa081f43e7/meson-0.53.2.tar.gz
WARNING: Retrying (Retry(total=0, connect=None, read=None, redirect=None, status=None)) after connection broken by 'NewConnectionError('<urllib3.connection.VerifiedHTTPSConnection object at 0x7fd101ff9df0>: Failed to establish a new connection: [Errno 101] Network is unreachable')': /packages/49/d7/38a71de6adaa7a25a72587e69429ce78e137f4d545c7516341aa081f43e7/meson-0.53.2.tar.gz
ERROR: Could not install packages due to an EnvironmentError: HTTPSConnectionPool(host='files.pythonhosted.org', port=443): Max retries exceeded with url: /packages/49/d7/38a71de6adaa7a25a72587e69429ce78e137f4d545c7516341aa081f43e7/meson-0.53.2.tar.gz (Caused by NewConnectionError('<urllib3.connection.VerifiedHTTPSConnection object at 0x7fd101ff9f40>: Failed to establish a new connection: [Errno 101] Network is unreachable'))
##[error]Process completed with exit code 1.
####################################################################################
#### [End job log] "ubuntu-20.04-gcc-mini" at step Run setup
####################################################################################
--------------------------------END LOGS-----------------------------
^ permalink raw reply [flat|nested] 12+ messages in thread
* |SUCCESS| pw119522 [PATCH] [v2] net/mlx5/hws: fix possible action setter segmenation fault
@ 2022-11-07 13:00 dpdklab
0 siblings, 0 replies; 12+ messages in thread
From: dpdklab @ 2022-11-07 13:00 UTC (permalink / raw)
To: Test Report; +Cc: dpdk-test-reports, David Marchand, Thomas Monjalon
[-- Attachment #1: Type: text/plain, Size: 3296 bytes --]
Test-Label: iol-intel-Performance
Test-Status: SUCCESS
http://dpdk.org/patch/119522
_Performance Testing PASS_
Submitter: Alex Vesker <valex@nvidia.com>
Date: Monday, November 07 2022 10:18:24
DPDK git baseline: Repo:dpdk
Branch: master
CommitID:a39f5e14560df310e7af3c135a11bb6f51eb92e6
119522 --> performance testing pass
Test environment and result as below:
Ubuntu 20.04
Kernel: 4.15.0-generic
Compiler: gcc 7.4
NIC: Intel Corporation Ethernet Converged Network Adapter XL710-QDA2 40000 Mbps
Target: x86_64-native-linuxapp-gcc
Fail/Total: 0/4
Detail performance results:
+----------+-------------+---------+------------+------------------------------+
| num_cpus | num_threads | txd/rxd | frame_size | throughput difference from |
| | | | | expected |
+==========+=============+=========+============+==============================+
| 1 | 2 | 512 | 64 | 0.7% |
+----------+-------------+---------+------------+------------------------------+
| 1 | 2 | 2048 | 64 | -1.3% |
+----------+-------------+---------+------------+------------------------------+
| 1 | 1 | 512 | 64 | 4.2% |
+----------+-------------+---------+------------+------------------------------+
| 1 | 1 | 2048 | 64 | -2.3% |
+----------+-------------+---------+------------+------------------------------+
Ubuntu 20.04
Kernel: 4.15.0-generic
Compiler: gcc 7.4
NIC: Intel Corporation Ethernet Converged Network Adapter 82599ES 10000 Mbps
Target: x86_64-native-linuxapp-gcc
Fail/Total: 0/6
Detail performance results:
+----------+-------------+---------+------------+------------------------------+
| num_cpus | num_threads | txd/rxd | frame_size | throughput difference from |
| | | | | expected |
+==========+=============+=========+============+==============================+
| 1 | 2 | 128 | 64 | 0.1% |
+----------+-------------+---------+------------+------------------------------+
| 1 | 2 | 512 | 64 | -0.2% |
+----------+-------------+---------+------------+------------------------------+
| 1 | 2 | 2048 | 64 | -0.0% |
+----------+-------------+---------+------------+------------------------------+
| 1 | 1 | 128 | 64 | -0.4% |
+----------+-------------+---------+------------+------------------------------+
| 1 | 1 | 512 | 64 | -0.1% |
+----------+-------------+---------+------------+------------------------------+
| 1 | 1 | 2048 | 64 | 0.1% |
+----------+-------------+---------+------------+------------------------------+
To view detailed results, visit:
https://lab.dpdk.org/results/dashboard/patchsets/24350/
UNH-IOL DPDK Community Lab
To manage your email subscriptions, visit:
https://lab.dpdk.org/results/dashboard/preferences/subscriptions/
^ permalink raw reply [flat|nested] 12+ messages in thread
* |SUCCESS| pw119522 [PATCH] [v2] net/mlx5/hws: fix possible action setter segmenation fault
@ 2022-11-07 12:40 dpdklab
0 siblings, 0 replies; 12+ messages in thread
From: dpdklab @ 2022-11-07 12:40 UTC (permalink / raw)
To: Test Report; +Cc: dpdk-test-reports, David Marchand, Thomas Monjalon
[-- Attachment #1: Type: text/plain, Size: 1166 bytes --]
Test-Label: iol-intel-Functional
Test-Status: SUCCESS
http://dpdk.org/patch/119522
_Functional Testing PASS_
Submitter: Alex Vesker <valex@nvidia.com>
Date: Monday, November 07 2022 10:18:24
DPDK git baseline: Repo:dpdk
Branch: master
CommitID:a39f5e14560df310e7af3c135a11bb6f51eb92e6
119522 --> functional testing pass
Test environment and result as below:
Ubuntu 20.04 ARM
Kernel: 4.15.0-132-generic
Compiler: gcc 7.5
NIC: Arm Intel Corporation Ethernet Converged Network Adapter XL710-QDA2 40000 Mbps
Target: x86_64-native-linuxapp-gcc
Fail/Total: 0/2
Ubuntu 20.04
Kernel: 4.15.0-generic
Compiler: gcc 7.4
NIC: Intel Corporation Ethernet Converged Network Adapter XL710-QDA2 40000 Mbps
Target: x86_64-native-linuxapp-gcc
Fail/Total: 0/2
Ubuntu 20.04
Kernel: 4.15.0-generic
Compiler: gcc 7.4
NIC: Intel Corporation Ethernet Converged Network Adapter 82599ES 10000 Mbps
Target: x86_64-native-linuxapp-gcc
Fail/Total: 0/2
To view detailed results, visit:
https://lab.dpdk.org/results/dashboard/patchsets/24350/
UNH-IOL DPDK Community Lab
To manage your email subscriptions, visit:
https://lab.dpdk.org/results/dashboard/preferences/subscriptions/
^ permalink raw reply [flat|nested] 12+ messages in thread
* |SUCCESS| pw119522 [PATCH] [v2] net/mlx5/hws: fix possible action setter segmenation fault
@ 2022-11-07 12:28 dpdklab
0 siblings, 0 replies; 12+ messages in thread
From: dpdklab @ 2022-11-07 12:28 UTC (permalink / raw)
To: Test Report; +Cc: dpdk-test-reports, David Marchand, Thomas Monjalon
[-- Attachment #1: Type: text/plain, Size: 982 bytes --]
Test-Label: iol-intel-Functional
Test-Status: SUCCESS
http://dpdk.org/patch/119522
_Functional Testing PASS_
Submitter: Alex Vesker <valex@nvidia.com>
Date: Monday, November 07 2022 10:18:24
DPDK git baseline: Repo:dpdk
Branch: master
CommitID:a39f5e14560df310e7af3c135a11bb6f51eb92e6
119522 --> functional testing pass
Test environment and result as below:
Ubuntu 20.04 ARM
Kernel: 4.15.0-132-generic
Compiler: gcc 7.5
NIC: Arm Intel Corporation Ethernet Converged Network Adapter XL710-QDA2 40000 Mbps
Target: x86_64-native-linuxapp-gcc
Fail/Total: 0/2
Ubuntu 20.04
Kernel: 4.15.0-generic
Compiler: gcc 7.4
NIC: Intel Corporation Ethernet Converged Network Adapter XL710-QDA2 40000 Mbps
Target: x86_64-native-linuxapp-gcc
Fail/Total: 0/2
To view detailed results, visit:
https://lab.dpdk.org/results/dashboard/patchsets/24350/
UNH-IOL DPDK Community Lab
To manage your email subscriptions, visit:
https://lab.dpdk.org/results/dashboard/preferences/subscriptions/
^ permalink raw reply [flat|nested] 12+ messages in thread
* |SUCCESS| pw119522 [PATCH] [v2] net/mlx5/hws: fix possible action setter segmenation fault
@ 2022-11-07 12:22 dpdklab
0 siblings, 0 replies; 12+ messages in thread
From: dpdklab @ 2022-11-07 12:22 UTC (permalink / raw)
To: Test Report; +Cc: dpdk-test-reports, David Marchand, Thomas Monjalon
[-- Attachment #1: Type: text/plain, Size: 1787 bytes --]
Test-Label: iol-intel-Performance
Test-Status: SUCCESS
http://dpdk.org/patch/119522
_Performance Testing PASS_
Submitter: Alex Vesker <valex@nvidia.com>
Date: Monday, November 07 2022 10:18:24
DPDK git baseline: Repo:dpdk
Branch: master
CommitID:a39f5e14560df310e7af3c135a11bb6f51eb92e6
119522 --> performance testing pass
Test environment and result as below:
Ubuntu 20.04
Kernel: 4.15.0-generic
Compiler: gcc 7.4
NIC: Intel Corporation Ethernet Converged Network Adapter XL710-QDA2 40000 Mbps
Target: x86_64-native-linuxapp-gcc
Fail/Total: 0/4
Detail performance results:
+----------+-------------+---------+------------+------------------------------+
| num_cpus | num_threads | txd/rxd | frame_size | throughput difference from |
| | | | | expected |
+==========+=============+=========+============+==============================+
| 1 | 2 | 512 | 64 | 0.7% |
+----------+-------------+---------+------------+------------------------------+
| 1 | 2 | 2048 | 64 | -1.3% |
+----------+-------------+---------+------------+------------------------------+
| 1 | 1 | 512 | 64 | 4.2% |
+----------+-------------+---------+------------+------------------------------+
| 1 | 1 | 2048 | 64 | -2.3% |
+----------+-------------+---------+------------+------------------------------+
To view detailed results, visit:
https://lab.dpdk.org/results/dashboard/patchsets/24350/
UNH-IOL DPDK Community Lab
To manage your email subscriptions, visit:
https://lab.dpdk.org/results/dashboard/preferences/subscriptions/
^ permalink raw reply [flat|nested] 12+ messages in thread
* |SUCCESS| pw119522 [PATCH] [v2] net/mlx5/hws: fix possible action setter segmenation fault
@ 2022-11-07 11:46 dpdklab
0 siblings, 0 replies; 12+ messages in thread
From: dpdklab @ 2022-11-07 11:46 UTC (permalink / raw)
To: Test Report; +Cc: dpdk-test-reports, David Marchand, Thomas Monjalon
[-- Attachment #1: Type: text/plain, Size: 3400 bytes --]
Test-Label: iol-x86_64-compile-testing
Test-Status: SUCCESS
http://dpdk.org/patch/119522
_Testing PASS_
Submitter: Alex Vesker <valex@nvidia.com>
Date: Monday, November 07 2022 10:18:24
DPDK git baseline: Repo:dpdk
Branch: master
CommitID:a39f5e14560df310e7af3c135a11bb6f51eb92e6
119522 --> testing pass
Test environment and result as below:
+---------------------+--------------------+----------------------+
| Environment | dpdk_meson_compile | dpdk_mingw64_compile |
+=====================+====================+======================+
| FreeBSD 13 | PASS | SKIPPED |
+---------------------+--------------------+----------------------+
| Windows Server 2019 | PASS | PASS |
+---------------------+--------------------+----------------------+
| openSUSE Leap 15 | PASS | SKIPPED |
+---------------------+--------------------+----------------------+
| Fedora 31 | PASS | SKIPPED |
+---------------------+--------------------+----------------------+
| RHEL8 | PASS | SKIPPED |
+---------------------+--------------------+----------------------+
| Fedora 32 | PASS | SKIPPED |
+---------------------+--------------------+----------------------+
| Fedora 34 | PASS | SKIPPED |
+---------------------+--------------------+----------------------+
| Fedora 33 | PASS | SKIPPED |
+---------------------+--------------------+----------------------+
| Ubuntu 20.04 | PASS | SKIPPED |
+---------------------+--------------------+----------------------+
| Ubuntu 18.04 | PASS | SKIPPED |
+---------------------+--------------------+----------------------+
| RHEL 7 | PASS | SKIPPED |
+---------------------+--------------------+----------------------+
| Fedora 34 clang | PASS | SKIPPED |
+---------------------+--------------------+----------------------+
FreeBSD 13
Kernel: 13.0
Compiler: clang 11.0.1
Windows Server 2019
Kernel: 10.0
Compiler: clang 14.0 and gcc 8.1.0 (MinGW)
openSUSE Leap 15
Kernel: 4.18.0-240.10.1.el8_3.x86_64
Compiler: gcc 7.5.0
Fedora 31
Kernel: 4.18.0-240.10.1.el8_3.x86_64
Compiler: gcc 9.3.1
RHEL8
Kernel: 4.18.0-240.10.1.el8_3.x86_64
Compiler: gcc 8.3.1 20191121 (Red Hat 8.3.1-5)
Fedora 32
Kernel: 4.18.0-240.10.1.el8_3.x86_64
Compiler: gcc 10.2.1
Fedora 34
Kernel: 5.4.0-72-generic
Compiler: gcc 11.1.1 20210428 (Red Hat 11.1.1-1)
Fedora 33
Kernel: 5.4.0-72-generic
Compiler: gcc 10.3.1 20210422 (Red Hat 10.3.1-1)
Ubuntu 20.04
Kernel: 4.18.0-240.10.1.el8_3.x86_64
Compiler: gcc 9.3.0-17ubuntu1~20.04
Ubuntu 18.04
Kernel: 4.18.0-240.10.1.el8_3.x86_64
Compiler: gcc 7.5.0-3ubuntu1~18.04
RHEL 7
Kernel: 4.18.0-240.10.1.el8_3.x86_64
Compiler: gcc 4.8.5 20150623 (Red Hat 4.8.5-44)
Fedora 34 clang
Kernel: 5.4.0-72-generic
Compiler: clang 12.0.0 (Fedora 12.0.0-0.3.rc1.fc34)
To view detailed results, visit:
https://lab.dpdk.org/results/dashboard/patchsets/24350/
UNH-IOL DPDK Community Lab
To manage your email subscriptions, visit:
https://lab.dpdk.org/results/dashboard/preferences/subscriptions/
^ permalink raw reply [flat|nested] 12+ messages in thread
* |SUCCESS| pw119522 [PATCH] [v2] net/mlx5/hws: fix possible action setter segmenation fault
@ 2022-11-07 11:39 dpdklab
0 siblings, 0 replies; 12+ messages in thread
From: dpdklab @ 2022-11-07 11:39 UTC (permalink / raw)
To: Test Report; +Cc: dpdklab, David Marchand, Thomas Monjalon
[-- Attachment #1: Type: text/plain, Size: 2132 bytes --]
Test-Label: iol-aarch64-compile-testing
Test-Status: SUCCESS
http://dpdk.org/patch/119522
_Testing PASS_
Submitter: Alex Vesker <valex@nvidia.com>
Date: Monday, November 07 2022 10:18:24
DPDK git baseline: Repo:dpdk
Branch: master
CommitID:a39f5e14560df310e7af3c135a11bb6f51eb92e6
119522 --> testing pass
Test environment and result as below:
+----------------------------------------+--------------------+
| Environment | dpdk_meson_compile |
+========================================+====================+
| Ubuntu 20.04 ARM Clang Cross Compile | PASS |
+----------------------------------------+--------------------+
| Ubuntu 20.04 ARM GCC Cross Compile | PASS |
+----------------------------------------+--------------------+
| Ubuntu 20.04 aarch32 GCC Cross Compile | PASS |
+----------------------------------------+--------------------+
| Ubuntu 20.04 ARM SVE | PASS |
+----------------------------------------+--------------------+
| Ubuntu 20.04 ARM GCC Native | PASS |
+----------------------------------------+--------------------+
| Ubuntu 20.04 ARM Clang Native | PASS |
+----------------------------------------+--------------------+
Ubuntu 20.04 ARM Clang Cross Compile
Kernel: 5.4.0-72-generic
Compiler: clang version 10.0.0-4ubuntu1
Ubuntu 20.04 ARM GCC Cross Compile
Kernel: 5.4.0-72-generic
Compiler: aarch64-linux-gnu-gcc (Ubuntu 9.3.0-17ubuntu1~20.04) 9.3.0
Ubuntu 20.04 aarch32 GCC Cross Compile
Kernel: 5.4.0-72-generic
Compiler: gcc 9.3.0
Ubuntu 20.04 ARM SVE
Kernel: 5.4.0-80-generic
Compiler: gcc 10.3.0 (Ubuntu 10.3.0-1ubuntu1~20.04)
Ubuntu 20.04 ARM GCC Native
Kernel: 5.4.0-53-generic
Compiler: gcc 9.3
Ubuntu 20.04 ARM Clang Native
Kernel: 5.4.0-53-generic
Compiler: clang 10.0.0-4ubuntu1
To view detailed results, visit:
https://lab.dpdk.org/results/dashboard/patchsets/24350/
UNH-IOL DPDK Community Lab
To manage your email subscriptions, visit:
https://lab.dpdk.org/results/dashboard/preferences/subscriptions/
^ permalink raw reply [flat|nested] 12+ messages in thread
* |SUCCESS| pw119522 [PATCH] [v2] net/mlx5/hws: fix possible action setter segmenation fault
@ 2022-11-07 11:39 dpdklab
0 siblings, 0 replies; 12+ messages in thread
From: dpdklab @ 2022-11-07 11:39 UTC (permalink / raw)
To: Test Report; +Cc: dpdklab, David Marchand, Thomas Monjalon
[-- Attachment #1: Type: text/plain, Size: 1439 bytes --]
Test-Label: iol-aarch64-unit-testing
Test-Status: SUCCESS
http://dpdk.org/patch/119522
_Testing PASS_
Submitter: Alex Vesker <valex@nvidia.com>
Date: Monday, November 07 2022 10:18:24
DPDK git baseline: Repo:dpdk
Branch: master
CommitID:a39f5e14560df310e7af3c135a11bb6f51eb92e6
119522 --> testing pass
Test environment and result as below:
+-------------------------------+--------------+----------------+
| Environment | lpm_autotest | dpdk_unit_test |
+===============================+==============+================+
| Ubuntu 20.04 ARM SVE | PASS | SKIPPED |
+-------------------------------+--------------+----------------+
| Ubuntu 20.04 ARM GCC Native | SKIPPED | PASS |
+-------------------------------+--------------+----------------+
| Ubuntu 20.04 ARM Clang Native | SKIPPED | PASS |
+-------------------------------+--------------+----------------+
Ubuntu 20.04 ARM SVE
Kernel: 5.4.0-80-generic
Compiler: gcc 10.3.0 (Ubuntu 10.3.0-1ubuntu1~20.04)
Ubuntu 20.04 ARM GCC Native
Kernel: 5.4.0-53-generic
Compiler: gcc 9.3
Ubuntu 20.04 ARM Clang Native
Kernel: 5.4.0-53-generic
Compiler: clang 10.0.0-4ubuntu1
To view detailed results, visit:
https://lab.dpdk.org/results/dashboard/patchsets/24350/
UNH-IOL DPDK Community Lab
To manage your email subscriptions, visit:
https://lab.dpdk.org/results/dashboard/preferences/subscriptions/
^ permalink raw reply [flat|nested] 12+ messages in thread
* |SUCCESS| pw119522 [PATCH] [v2] net/mlx5/hws: fix possible action setter segmenation fault
@ 2022-11-07 11:23 dpdklab
0 siblings, 0 replies; 12+ messages in thread
From: dpdklab @ 2022-11-07 11:23 UTC (permalink / raw)
To: Test Report; +Cc: dpdklab, David Marchand, Thomas Monjalon
[-- Attachment #1: Type: text/plain, Size: 2536 bytes --]
Test-Label: iol-x86_64-unit-testing
Test-Status: SUCCESS
http://dpdk.org/patch/119522
_Testing PASS_
Submitter: Alex Vesker <valex@nvidia.com>
Date: Monday, November 07 2022 10:18:24
DPDK git baseline: Repo:dpdk
Branch: master
CommitID:a39f5e14560df310e7af3c135a11bb6f51eb92e6
119522 --> testing pass
Test environment and result as below:
+---------------------+----------------+
| Environment | dpdk_unit_test |
+=====================+================+
| Windows Server 2019 | PASS |
+---------------------+----------------+
| Ubuntu 20.04 | PASS |
+---------------------+----------------+
| Fedora 34 | PASS |
+---------------------+----------------+
| Fedora 31 | PASS |
+---------------------+----------------+
| RHEL8 | PASS |
+---------------------+----------------+
| Fedora 33 | PASS |
+---------------------+----------------+
| Fedora 32 | PASS |
+---------------------+----------------+
| Ubuntu 18.04 | PASS |
+---------------------+----------------+
| openSUSE Leap 15 | PASS |
+---------------------+----------------+
| RHEL 7 | PASS |
+---------------------+----------------+
| Fedora 34 clang | PASS |
+---------------------+----------------+
Windows Server 2019
Kernel: 10.0
Compiler: clang 14.0 and gcc 8.1.0 (MinGW)
Ubuntu 20.04
Kernel: 4.18.0-240.10.1.el8_3.x86_64
Compiler: gcc 9.3.0-17ubuntu1~20.04
Fedora 34
Kernel: 5.4.0-72-generic
Compiler: gcc 11.1.1 20210428 (Red Hat 11.1.1-1)
Fedora 31
Kernel: 4.18.0-240.10.1.el8_3.x86_64
Compiler: gcc 9.3.1
RHEL8
Kernel: 4.18.0-240.10.1.el8_3.x86_64
Compiler: gcc 8.3.1 20191121 (Red Hat 8.3.1-5)
Fedora 33
Kernel: 5.4.0-72-generic
Compiler: gcc 10.3.1 20210422 (Red Hat 10.3.1-1)
Fedora 32
Kernel: 4.18.0-240.10.1.el8_3.x86_64
Compiler: gcc 10.2.1
Ubuntu 18.04
Kernel: 4.18.0-240.10.1.el8_3.x86_64
Compiler: gcc 7.5.0-3ubuntu1~18.04
openSUSE Leap 15
Kernel: 4.18.0-240.10.1.el8_3.x86_64
Compiler: gcc 7.5.0
RHEL 7
Kernel: 4.18.0-240.10.1.el8_3.x86_64
Compiler: gcc 4.8.5 20150623 (Red Hat 4.8.5-44)
Fedora 34 clang
Kernel: 5.4.0-72-generic
Compiler: clang 12.0.0 (Fedora 12.0.0-0.3.rc1.fc34)
To view detailed results, visit:
https://lab.dpdk.org/results/dashboard/patchsets/24350/
UNH-IOL DPDK Community Lab
To manage your email subscriptions, visit:
https://lab.dpdk.org/results/dashboard/preferences/subscriptions/
^ permalink raw reply [flat|nested] 12+ messages in thread
* |SUCCESS| pw119522 [PATCH] [v2] net/mlx5/hws: fix possible action setter segmenation fault
@ 2022-11-07 11:01 dpdklab
0 siblings, 0 replies; 12+ messages in thread
From: dpdklab @ 2022-11-07 11:01 UTC (permalink / raw)
To: Ali Alnubani, Test Report
Cc: dpdk-test-reports, David Marchand, Thomas Monjalon
[-- Attachment #1: Type: text/plain, Size: 2071 bytes --]
Test-Label: iol-mellanox-Performance
Test-Status: SUCCESS
http://dpdk.org/patch/119522
_Performance Testing PASS_
Submitter: Alex Vesker <valex@nvidia.com>
Date: Monday, November 07 2022 10:18:24
DPDK git baseline: Repo:dpdk
Branch: master
CommitID:a39f5e14560df310e7af3c135a11bb6f51eb92e6
119522 --> performance testing pass
Test environment and result as below:
Ubuntu 20.04
Kernel: 4.15.0-generic
Compiler: gcc 7.4
NIC: Mellanox ConnectX-5 100000 Mbps
Target: x86_64-native-linuxapp-gcc
Fail/Total: 0/6
Detail performance results:
+------------+---------+----------+-------------+------------------------------+
| frame_size | txd/rxd | num_cpus | num_threads | throughput difference from |
| | | | | expected |
+============+=========+==========+=============+==============================+
| 64 | 256 | 1 | 1 | -0.1% |
+------------+---------+----------+-------------+------------------------------+
| 128 | 256 | 1 | 1 | -0.0% |
+------------+---------+----------+-------------+------------------------------+
| 1024 | 256 | 1 | 1 | 0.0% |
+------------+---------+----------+-------------+------------------------------+
| 256 | 256 | 1 | 1 | 0.1% |
+------------+---------+----------+-------------+------------------------------+
| 1518 | 256 | 1 | 1 | 0.0% |
+------------+---------+----------+-------------+------------------------------+
| 512 | 256 | 1 | 1 | 0.0% |
+------------+---------+----------+-------------+------------------------------+
To view detailed results, visit:
https://lab.dpdk.org/results/dashboard/patchsets/24350/
UNH-IOL DPDK Community Lab
To manage your email subscriptions, visit:
https://lab.dpdk.org/results/dashboard/preferences/subscriptions/
^ permalink raw reply [flat|nested] 12+ messages in thread
* |SUCCESS| pw119522 [PATCH] [v2] net/mlx5/hws: fix possible action setter segmenation fault
@ 2022-11-07 10:52 dpdklab
0 siblings, 0 replies; 12+ messages in thread
From: dpdklab @ 2022-11-07 10:52 UTC (permalink / raw)
To: Test Report; +Cc: dpdk-test-reports, David Marchand, Thomas Monjalon
[-- Attachment #1: Type: text/plain, Size: 795 bytes --]
Test-Label: iol-intel-Functional
Test-Status: SUCCESS
http://dpdk.org/patch/119522
_Functional Testing PASS_
Submitter: Alex Vesker <valex@nvidia.com>
Date: Monday, November 07 2022 10:18:24
DPDK git baseline: Repo:dpdk
Branch: master
CommitID:a39f5e14560df310e7af3c135a11bb6f51eb92e6
119522 --> functional testing pass
Test environment and result as below:
Ubuntu 20.04 ARM
Kernel: 4.15.0-132-generic
Compiler: gcc 7.5
NIC: Arm Intel Corporation Ethernet Converged Network Adapter XL710-QDA2 40000 Mbps
Target: x86_64-native-linuxapp-gcc
Fail/Total: 0/2
To view detailed results, visit:
https://lab.dpdk.org/results/dashboard/patchsets/24350/
UNH-IOL DPDK Community Lab
To manage your email subscriptions, visit:
https://lab.dpdk.org/results/dashboard/preferences/subscriptions/
^ permalink raw reply [flat|nested] 12+ messages in thread
end of thread, other threads:[~2022-11-07 13:00 UTC | newest]
Thread overview: 12+ messages (download: mbox.gz / follow: Atom feed)
-- links below jump to the message on this page --
[not found] <20221107101824.16288-1-valex@nvidia.com>
2022-11-07 10:20 ` |SUCCESS| pw119522 [PATCH v2] net/mlx5/hws: fix possible action setter segmenation fault checkpatch
2022-11-07 11:18 ` |FAILURE| " 0-day Robot
2022-11-07 13:00 |SUCCESS| pw119522 [PATCH] [v2] " dpdklab
-- strict thread matches above, loose matches on Subject: below --
2022-11-07 12:40 dpdklab
2022-11-07 12:28 dpdklab
2022-11-07 12:22 dpdklab
2022-11-07 11:46 dpdklab
2022-11-07 11:39 dpdklab
2022-11-07 11:39 dpdklab
2022-11-07 11:23 dpdklab
2022-11-07 11:01 dpdklab
2022-11-07 10:52 dpdklab
This is a public inbox, see mirroring instructions
for how to clone and mirror all data and code used for this inbox;
as well as URLs for NNTP newsgroup(s).