* |FAILURE| pw119794-119797 [PATCH] [4/4] eal: add PMU support to tracing library
@ 2022-11-11 19:57 dpdklab
0 siblings, 0 replies; 3+ messages in thread
From: dpdklab @ 2022-11-11 19:57 UTC (permalink / raw)
To: Test Report; +Cc: dpdklab, David Marchand, Thomas Monjalon, Tomasz Duszynski
[-- Attachment #1: Type: text/plain, Size: 3637 bytes --]
Test-Label: iol-x86_64-unit-testing
Test-Status: FAILURE
http://dpdk.org/patch/119797
_Testing issues_
Submitter: Tomasz Duszynski <tduszynski@marvell.com>
Date: Friday, November 11 2022 09:43:38
DPDK git baseline: Repo:dpdk
Branch: master
CommitID:203dcc9cfe4151518bb5a5c59ee22a754e649e35
119794-119797 --> testing fail
Test environment and result as below:
+---------------------+----------------+
| Environment | dpdk_unit_test |
+=====================+================+
| Windows Server 2019 | PASS |
+---------------------+----------------+
| Fedora 34 | FAIL |
+---------------------+----------------+
| Ubuntu 18.04 | FAIL |
+---------------------+----------------+
| Fedora 32 | FAIL |
+---------------------+----------------+
| openSUSE Leap 15 | FAIL |
+---------------------+----------------+
| RHEL 7 | FAIL |
+---------------------+----------------+
| Fedora 31 | FAIL |
+---------------------+----------------+
| Ubuntu 20.04 | FAIL |
+---------------------+----------------+
| RHEL8 | FAIL |
+---------------------+----------------+
| Fedora 34 clang | FAIL |
+---------------------+----------------+
| Fedora 33 | FAIL |
+---------------------+----------------+
==== 20 line log output for Fedora 33 (dpdk_unit_test): ====
93/103 DPDK:fast-tests / telemetry_json_autotest OK 0.17 s
94/103 DPDK:fast-tests / telemetry_data_autotest OK 0.17 s
95/103 DPDK:fast-tests / table_autotest OK 8.61 s
96/103 DPDK:fast-tests / ring_pmd_autotest OK 0.17 s
97/103 DPDK:fast-tests / event_eth_tx_adapter_autotest OK 0.68 s
98/103 DPDK:fast-tests / bitratestats_autotest OK 0.17 s
99/103 DPDK:fast-tests / latencystats_autotest OK 0.17 s
100/103 DPDK:fast-tests / pdump_autotest OK 5.27 s
101/103 DPDK:fast-tests / vdev_autotest OK 0.17 s
102/103 DPDK:fast-tests / compressdev_autotest SKIP 0.17 s
103/103 DPDK:fast-tests / telemetry_all SKIP 0.02 s
Ok: 93
Expected Fail: 0
Fail: 1
Unexpected Pass: 0
Skipped: 9
Timeout: 0
Full log written to /home-local/jenkins-local/jenkins-agent/workspace/Generic-Unit-Test-DPDK@4/dpdk/build/meson-logs/testlog.txt
==== End log output ====
Windows Server 2019
Kernel: 10.0
Compiler: clang 14.0 and gcc 8.1.0 (MinGW)
Fedora 34
Kernel: 5.4.0-72-generic
Compiler: gcc 11.1.1 20210428 (Red Hat 11.1.1-1)
Ubuntu 18.04
Kernel: 4.18.0-240.10.1.el8_3.x86_64
Compiler: gcc 7.5.0-3ubuntu1~18.04
Fedora 32
Kernel: 4.18.0-240.10.1.el8_3.x86_64
Compiler: gcc 10.2.1
openSUSE Leap 15
Kernel: 4.18.0-240.10.1.el8_3.x86_64
Compiler: gcc 7.5.0
RHEL 7
Kernel: 4.18.0-240.10.1.el8_3.x86_64
Compiler: gcc 4.8.5 20150623 (Red Hat 4.8.5-44)
Fedora 31
Kernel: 4.18.0-240.10.1.el8_3.x86_64
Compiler: gcc 9.3.1
Ubuntu 20.04
Kernel: 4.18.0-240.10.1.el8_3.x86_64
Compiler: gcc 9.3.0-17ubuntu1~20.04
RHEL8
Kernel: 4.18.0-240.10.1.el8_3.x86_64
Compiler: gcc 8.3.1 20191121 (Red Hat 8.3.1-5)
Fedora 34 clang
Kernel: 5.4.0-72-generic
Compiler: clang 12.0.0 (Fedora 12.0.0-0.3.rc1.fc34)
Fedora 33
Kernel: 5.4.0-72-generic
Compiler: gcc 10.3.1 20210422 (Red Hat 10.3.1-1)
To view detailed results, visit:
https://lab.dpdk.org/results/dashboard/patchsets/24451/
UNH-IOL DPDK Community Lab
To manage your email subscriptions, visit:
https://lab.dpdk.org/results/dashboard/preferences/subscriptions/
^ permalink raw reply [flat|nested] 3+ messages in thread
* |FAILURE| pw119794-119797 [PATCH] [4/4] eal: add PMU support to tracing library
@ 2022-11-11 19:46 dpdklab
0 siblings, 0 replies; 3+ messages in thread
From: dpdklab @ 2022-11-11 19:46 UTC (permalink / raw)
To: Test Report; +Cc: dpdklab, David Marchand, Thomas Monjalon, Tomasz Duszynski
[-- Attachment #1: Type: text/plain, Size: 3421 bytes --]
Test-Label: iol-aarch64-compile-testing
Test-Status: FAILURE
http://dpdk.org/patch/119797
_Testing issues_
Submitter: Tomasz Duszynski <tduszynski@marvell.com>
Date: Friday, November 11 2022 09:43:38
DPDK git baseline: Repo:dpdk
Branch: master
CommitID:203dcc9cfe4151518bb5a5c59ee22a754e649e35
119794-119797 --> testing fail
Test environment and result as below:
+----------------------------------------+--------------------+
| Environment | dpdk_meson_compile |
+========================================+====================+
| Ubuntu 20.04 ARM Clang Native | FAIL |
+----------------------------------------+--------------------+
| Ubuntu 20.04 ARM GCC Native | FAIL |
+----------------------------------------+--------------------+
| Ubuntu 20.04 ARM GCC Cross Compile | FAIL |
+----------------------------------------+--------------------+
| Ubuntu 20.04 ARM Clang Cross Compile | FAIL |
+----------------------------------------+--------------------+
| Ubuntu 20.04 aarch32 GCC Cross Compile | FAIL |
+----------------------------------------+--------------------+
| Ubuntu 20.04 ARM SVE | FAIL |
+----------------------------------------+--------------------+
==== 20 line log output for Ubuntu 20.04 ARM SVE (dpdk_meson_compile): ====
../lib/eal/common/rte_pmu.c:425:2: error: incompatible implicit declaration of built-in function 'free' [-Werror]
425 | free(copy);
| ^~~~
../lib/eal/common/rte_pmu.c:425:2: note: include '<stdlib.h>' or provide a declaration of 'free'
../lib/eal/common/rte_pmu.c: In function 'eal_pmu_init':
../lib/eal/common/rte_pmu.c:496:2: error: incompatible implicit declaration of built-in function 'free' [-Werror]
496 | free(pmu->name);
| ^~~~
../lib/eal/common/rte_pmu.c:496:2: note: include '<stdlib.h>' or provide a declaration of 'free'
../lib/eal/common/rte_pmu.c: In function 'eal_pmu_fini':
../lib/eal/common/rte_pmu.c:508:3: error: incompatible implicit declaration of built-in function 'free' [-Werror]
508 | free(event->name);
| ^~~~
../lib/eal/common/rte_pmu.c:508:3: note: include '<stdlib.h>' or provide a declaration of 'free'
../lib/eal/common/rte_pmu.c:516:2: error: incompatible implicit declaration of built-in function 'free' [-Werror]
516 | free(pmu->name);
| ^~~~
../lib/eal/common/rte_pmu.c:516:2: note: include '<stdlib.h>' or provide a declaration of 'free'
cc1: all warnings being treated as errors
ninja: build stopped: subcommand failed.
==== End log output ====
Ubuntu 20.04 ARM Clang Native
Kernel: 5.4.0-53-generic
Compiler: clang 10.0.0-4ubuntu1
Ubuntu 20.04 ARM GCC Native
Kernel: 5.4.0-53-generic
Compiler: gcc 9.3
Ubuntu 20.04 ARM GCC Cross Compile
Kernel: 5.4.0-72-generic
Compiler: aarch64-linux-gnu-gcc (Ubuntu 9.3.0-17ubuntu1~20.04) 9.3.0
Ubuntu 20.04 ARM Clang Cross Compile
Kernel: 5.4.0-72-generic
Compiler: clang version 10.0.0-4ubuntu1
Ubuntu 20.04 aarch32 GCC Cross Compile
Kernel: 5.4.0-72-generic
Compiler: gcc 9.3.0
Ubuntu 20.04 ARM SVE
Kernel: 5.4.0-80-generic
Compiler: gcc 10.3.0 (Ubuntu 10.3.0-1ubuntu1~20.04)
To view detailed results, visit:
https://lab.dpdk.org/results/dashboard/patchsets/24451/
UNH-IOL DPDK Community Lab
To manage your email subscriptions, visit:
https://lab.dpdk.org/results/dashboard/preferences/subscriptions/
^ permalink raw reply [flat|nested] 3+ messages in thread
* |FAILURE| pw119794-119797 [PATCH] [4/4] eal: add PMU support to tracing library
@ 2022-11-11 16:08 dpdklab
0 siblings, 0 replies; 3+ messages in thread
From: dpdklab @ 2022-11-11 16:08 UTC (permalink / raw)
To: Test Report; +Cc: dpdklab, David Marchand, Thomas Monjalon, Tomasz Duszynski
[-- Attachment #1: Type: text/plain, Size: 2844 bytes --]
Test-Label: iol-aarch64-unit-testing
Test-Status: FAILURE
http://dpdk.org/patch/119797
_Testing issues_
Submitter: Tomasz Duszynski <tduszynski@marvell.com>
Date: Friday, November 11 2022 09:43:38
DPDK git baseline: Repo:dpdk
Branch: master
CommitID:203dcc9cfe4151518bb5a5c59ee22a754e649e35
119794-119797 --> testing fail
Test environment and result as below:
+-------------------------------+----------------+--------------+
| Environment | dpdk_unit_test | lpm_autotest |
+===============================+================+==============+
| Ubuntu 20.04 ARM GCC Native | FAIL | SKIPPED |
+-------------------------------+----------------+--------------+
| Ubuntu 20.04 ARM Clang Native | FAIL | SKIPPED |
+-------------------------------+----------------+--------------+
| Ubuntu 20.04 ARM SVE | SKIPPED | FAIL |
+-------------------------------+----------------+--------------+
==== 20 line log output for Ubuntu 20.04 ARM SVE (lpm_autotest): ====
../lib/eal/common/rte_pmu.c:425:2: note: include '<stdlib.h>' or provide a declaration of 'free'
../lib/eal/common/rte_pmu.c: In function 'eal_pmu_init':
../lib/eal/common/rte_pmu.c:496:2: error: incompatible implicit declaration of built-in function 'free' [-Werror]
496 | free(pmu->name);
| ^~~~
../lib/eal/common/rte_pmu.c:496:2: note: include '<stdlib.h>' or provide a declaration of 'free'
../lib/eal/common/rte_pmu.c: In function 'eal_pmu_fini':
../lib/eal/common/rte_pmu.c:508:3: error: incompatible implicit declaration of built-in function 'free' [-Werror]
508 | free(event->name);
| ^~~~
../lib/eal/common/rte_pmu.c:508:3: note: include '<stdlib.h>' or provide a declaration of 'free'
../lib/eal/common/rte_pmu.c:516:2: error: incompatible implicit declaration of built-in function 'free' [-Werror]
516 | free(pmu->name);
| ^~~~
../lib/eal/common/rte_pmu.c:516:2: note: include '<stdlib.h>' or provide a declaration of 'free'
cc1: all warnings being treated as errors
[48/714] Compiling C object 'lib/76b5a35@@rte_eal@sta/eal_common_eal_common_cpuflags.c.o'.
[49/714] Compiling C object 'lib/76b5a35@@rte_eal@sta/eal_common_eal_common_dynmem.c.o'.
[50/714] Compiling C object 'lib/76b5a35@@rte_eal@sta/eal_common_rte_service.c.o'.
ninja: build stopped: subcommand failed.
==== End log output ====
Ubuntu 20.04 ARM GCC Native
Kernel: 5.4.0-53-generic
Compiler: gcc 9.3
Ubuntu 20.04 ARM Clang Native
Kernel: 5.4.0-53-generic
Compiler: clang 10.0.0-4ubuntu1
Ubuntu 20.04 ARM SVE
Kernel: 5.4.0-80-generic
Compiler: gcc 10.3.0 (Ubuntu 10.3.0-1ubuntu1~20.04)
To view detailed results, visit:
https://lab.dpdk.org/results/dashboard/patchsets/24451/
UNH-IOL DPDK Community Lab
To manage your email subscriptions, visit:
https://lab.dpdk.org/results/dashboard/preferences/subscriptions/
^ permalink raw reply [flat|nested] 3+ messages in thread
end of thread, other threads:[~2022-11-11 19:57 UTC | newest]
Thread overview: 3+ messages (download: mbox.gz / follow: Atom feed)
-- links below jump to the message on this page --
2022-11-11 19:57 |FAILURE| pw119794-119797 [PATCH] [4/4] eal: add PMU support to tracing library dpdklab
-- strict thread matches above, loose matches on Subject: below --
2022-11-11 19:46 dpdklab
2022-11-11 16:08 dpdklab
This is a public inbox, see mirroring instructions
for how to clone and mirror all data and code used for this inbox;
as well as URLs for NNTP newsgroup(s).