From: dpdklab@iol.unh.edu
To: Test Report <test-report@dpdk.org>
Cc: Sunil Kumar Kori <skori@marvell.com>,
dpdklab@iol.unh.edu, David Marchand <david.marchand@redhat.com>,
Thomas Monjalon <thomas@monjalon.net>,
Sunil Kumar Kori <skori@marvell.com>
Subject: |FAILURE| pw120245 [PATCH] [v3, 1/1] app/testpmd: support congestion management CLIs
Date: Tue, 29 Nov 2022 09:11:19 +0000 (UTC) [thread overview]
Message-ID: <20221129091119.65011600AE@dpdk-ubuntu.dpdklab.iol.unh.edu> (raw)
[-- Attachment #1: Type: text/plain, Size: 7958 bytes --]
Test-Label: iol-testing
Test-Status: FAILURE
http://dpdk.org/patch/120245
_Testing issues_
Submitter: Sunil Kumar Kori <skori@marvell.com>
Date: Tuesday, November 29 2022 08:04:36
DPDK git baseline: Repo:dpdk
Branch: master
CommitID:f262f16087ea6a77357a915cf4c0d10ddc7b6562
120245 --> testing fail
Test environment and result as below:
+----------------------------------------+--------------------+----------------+
| Environment | dpdk_meson_compile | dpdk_unit_test |
+========================================+====================+================+
| Ubuntu 20.04 ARM GCC Native | PASS | PASS |
+----------------------------------------+--------------------+----------------+
| Ubuntu 20.04 ARM Clang Native | PASS | PASS |
+----------------------------------------+--------------------+----------------+
| Ubuntu 20.04 aarch32 GCC Cross Compile | FAIL | SKIPPED |
+----------------------------------------+--------------------+----------------+
| Ubuntu 20.04 ARM Clang Cross Compile | FAIL | SKIPPED |
+----------------------------------------+--------------------+----------------+
| Ubuntu 20.04 ARM GCC Cross Compile | FAIL | SKIPPED |
+----------------------------------------+--------------------+----------------+
| FreeBSD 13 | PASS | SKIPPED |
+----------------------------------------+--------------------+----------------+
| Windows Server 2019 | PASS | PASS |
+----------------------------------------+--------------------+----------------+
| CentOS Stream 8 | SKIPPED | PASS |
+----------------------------------------+--------------------+----------------+
| CentOS Stream 9 | SKIPPED | PASS |
+----------------------------------------+--------------------+----------------+
| Debian Buster | SKIPPED | PASS |
+----------------------------------------+--------------------+----------------+
==== 20 line log output for Ubuntu 20.04 ARM GCC Cross Compile (dpdk_meson_compile): ====
[2915/3274] Compiling C object 'app/a172ced@@dpdk-test-pipeline@exe/test-pipeline_pipeline_acl.c.o'.
[2916/3274] Compiling C object 'app/a172ced@@dpdk-test-pipeline@exe/test-pipeline_pipeline_hash.c.o'.
[2917/3274] Compiling C object 'app/a172ced@@dpdk-test-pipeline@exe/test-pipeline_pipeline_stub.c.o'.
[2918/3274] Compiling C object 'app/a172ced@@dpdk-test-pipeline@exe/test-pipeline_pipeline_lpm.c.o'.
[2919/3274] Compiling C object 'app/a172ced@@dpdk-testpmd@exe/test-pmd_cmdline_flow.c.o'.
[2920/3274] Compiling C object 'app/a172ced@@dpdk-testpmd@exe/test-pmd_cmdline_mtr.c.o'.
[2921/3274] Linking target app/dpdk-test-pipeline.
[2922/3274] Compiling C object 'app/a172ced@@dpdk-testpmd@exe/test-pmd_5tswap.c.o'.
[2923/3274] Compiling C object 'app/a172ced@@dpdk-testpmd@exe/test-pmd_cmdline.c.o'.
[2924/3274] Compiling C object 'app/a172ced@@dpdk-testpmd@exe/test-pmd_cmdline_cman.c.o'.
FAILED: app/a172ced@@dpdk-testpmd@exe/test-pmd_cmdline_cman.c.o
ccache aarch64-linux-gnu-gcc -Iapp/a172ced@@dpdk-testpmd@exe -Iapp -I../app -Iapp/test-pmd -I../app/test-pmd -Ilib/ethdev -I../lib/ethdev -I. -I../ -Iconfig -I../config -Ilib/eal/include -I../lib/eal/include -Ilib/eal/linux/include -I../lib/eal/linux/include -Ilib/eal/arm/include -I../lib/eal/arm/include -Ilib/eal/common -I../lib/eal/common -Ilib/eal -I../lib/eal -Ilib/kvargs -I../lib/kvargs -Ilib/telemetry/../metrics -I../lib/telemetry/../metrics -Ilib/telemetry -I../lib/telemetry -Ilib/net -I../lib/net -Ilib/mbuf -I../lib/mbuf -Ilib/mempool -I../lib/mempool -Ilib/ring -I../lib/ring -Ilib/meter -I../lib/meter -Ilib/cmdline -I../lib/cmdline -Idrivers/crypto/scheduler -I../drivers/crypto/scheduler -Ilib/cryptodev -I../lib/cryptodev -Ilib/rcu -I../lib/rcu -Idrivers/bus/vdev -I../drivers/bus/vdev -Ilib/reorder -I../lib/reorder -Ilib/bitratestats -I../lib/bitratestats -Ilib/metrics -I../lib/metrics -Ilib/bpf -I../lib/bpf -Ilib/gro -I../lib/gro -Ilib/gso -I../lib/gso -Ilib/latencystats -I../lib/latencystats -Ilib/pdump -I../lib/pdump -Ilib/pcapng -I../lib/pcapng -Idrivers/net/bnxt -I../drivers/net/bnxt -Idrivers/net/bnxt/tf_ulp -I../drivers/net/bnxt/tf_ulp -Idrivers/net/bnxt/tf_ulp/generic_templates -I../drivers/net/bnxt/tf_ulp/generic_templates -Idrivers/net/bnxt/tf_core -I../drivers/net/bnxt/tf_core -Idrivers/net/bnxt/hcapi/cfa -I../drivers/net/bnxt/hcapi/cfa -Idrivers/bus/pci -I../drivers/bus/pci -I../drivers/bus/pci/linux -Ilib/pci -I../lib/pci -Idrivers/net/i40e -I../drivers/net/i40e -Idrivers/net/i40e/base -I../drivers/net/i40e/base -Ilib/hash -I../lib/hash -Idrivers/net/ixgbe -I../drivers/net/ixgbe -Idrivers/net/ixgbe/base -I../drivers/net/ixgbe/base -Ilib/security -I../lib/security -Idrivers/bus/dpaa -I../drivers/bus/dpaa -I../drivers/bus/dpaa/include -I../drivers/bus/dpaa/base/qbman -Idrivers/common/dpaax -I../drivers/common/dpaax -I../drivers/common/dpaax/caamflib -Ilib/eventdev -I../lib/eventdev -Ilib/timer -I../lib/timer -Idrivers/mempool/dpaa -I../drivers/mempool/dpaa -Idrivers/net/dpaa -I../drivers/net/dpaa -Idrivers/net/bonding -I../drivers/net/bonding -Ilib/sched -I../lib/sched -Ilib/ip_frag -I../lib/ip_frag -Idrivers/net/ice -I../drivers/net/ice -Idrivers/net/ice/base -I../drivers/net/ice/base -Idrivers/net/ice/../../common/iavf -I../drivers/net/ice/../../common/iavf -Idrivers/common/iavf -I../drivers/common/iavf -fdiagnostics-color=always -pipe -D_FILE_OFFSET_BITS=64 -Wall -Winvalid-pch -Wextra -Werror -O3 -include rte_config.h -Wcast-qual -Wdeprecated -Wformat -Wformat-nonliteral -Wformat-security -Wmissing-declarations -Wmissing-prototypes -Wnested-externs -Wold-style-definition -Wpointer-arith -Wsign-compare -Wstrict-prototypes -Wundef -Wwrite-strings -Wno-address-of-packed-member -Wno-packed-not-aligned -Wno-missing-field-initializers -D_GNU_SOURCE -march=armv8-a+crc -moutline-atomics -DALLOW_EXPERIMENTAL_API -Wno-deprecated-declarations -MD -MQ 'app/a172ced@@dpdk-testpmd@exe/test-pmd_cmdline_cman.c.o' -MF 'app/a172ced@@dpdk-testpmd@exe/test-pmd_cmdline_cman.c.o.d' -o 'app/a172ced@@dpdk-testpmd@exe/test-pmd_cmdline_cman.c.o' -c ../app/test-pmd/cmdline_cman.c
../app/test-pmd/cmdline_cman.c: In function 'parse_uint':
../app/test-pmd/cmdline_cman.c:23:6: error: implicit declaration of function 'strtol'; did you mean 'strtok'? [-Werror=implicit-function-declaration]
23 | n = strtol(str, &next, 10);
| ^~~~~~
| strtok
../app/test-pmd/cmdline_cman.c:23:6: error: nested extern declaration of 'strtol' [-Werror=nested-externs]
cc1: all warnings being treated as errors
ninja: build stopped: subcommand failed.
==== End log output ====
Ubuntu 20.04 ARM GCC Native
Kernel: 5.4.0-53-generic
Compiler: gcc 9.3
Ubuntu 20.04 ARM Clang Native
Kernel: 5.4.0-53-generic
Compiler: clang 10.0.0-4ubuntu1
Ubuntu 20.04 aarch32 GCC Cross Compile
Kernel: 5.4.0-72-generic
Compiler: gcc 9.3.0
Ubuntu 20.04 ARM Clang Cross Compile
Kernel: 5.4.0-72-generic
Compiler: clang version 10.0.0-4ubuntu1
Ubuntu 20.04 ARM GCC Cross Compile
Kernel: 5.4.0-72-generic
Compiler: aarch64-linux-gnu-gcc (Ubuntu 9.3.0-17ubuntu1~20.04) 9.3.0
FreeBSD 13
Kernel: 13.0
Compiler: clang 11.0.1
Windows Server 2019
Kernel: 10.0
Compiler: clang 14.0 and gcc 8.1.0 (MinGW)
CentOS Stream 8
Kernel: 4.18.0-240.10.1.el8_3.x86_64
Compiler: gcc 8.4.1 20200928
CentOS Stream 9
Kernel: 4.18.0-240.10.1.el8_3.x86_64
Compiler: gcc 11.3.1 20220421
Debian Buster
Kernel: 5.4.0-122-generic
Compiler: gcc 8.3.0-6
To view detailed results, visit:
https://lab.dpdk.org/results/dashboard/patchsets/24584/
UNH-IOL DPDK Community Lab
To manage your email subscriptions, visit:
https://lab.dpdk.org/results/dashboard/preferences/subscriptions/
next reply other threads:[~2022-11-29 9:11 UTC|newest]
Thread overview: 23+ messages / expand[flat|nested] mbox.gz Atom feed top
2022-11-29 9:11 dpdklab [this message]
-- strict thread matches above, loose matches on Subject: below --
2022-11-30 19:11 dpdklab
2022-11-30 18:42 dpdklab
2022-11-30 18:08 dpdklab
2022-11-30 17:51 dpdklab
2022-11-30 17:30 dpdklab
2022-11-30 17:02 dpdklab
2022-11-30 16:33 dpdklab
2022-11-30 16:06 dpdklab
2022-11-30 15:34 dpdklab
2022-11-30 15:08 dpdklab
2022-11-30 14:44 dpdklab
2022-11-30 14:16 dpdklab
2022-11-29 11:24 dpdklab
2022-11-29 10:54 dpdklab
2022-11-29 10:29 dpdklab
2022-11-29 9:57 dpdklab
2022-11-29 9:41 dpdklab
2022-11-29 9:28 dpdklab
2022-11-29 9:26 dpdklab
[not found] <20221129080436.2318877-1-skori@marvell.com>
2022-11-29 8:58 ` |FAILURE| pw120245 [PATCH v3 " 0-day Robot
2022-11-29 8:57 |FAILURE| pw120245 [PATCH] [v3, " dpdklab
2022-11-29 8:41 dpdklab
Reply instructions:
You may reply publicly to this message via plain-text email
using any one of the following methods:
* Save the following mbox file, import it into your mail client,
and reply-to-all from there: mbox
Avoid top-posting and favor interleaved quoting:
https://en.wikipedia.org/wiki/Posting_style#Interleaved_style
* Reply using the --to, --cc, and --in-reply-to
switches of git-send-email(1):
git send-email \
--in-reply-to=20221129091119.65011600AE@dpdk-ubuntu.dpdklab.iol.unh.edu \
--to=dpdklab@iol.unh.edu \
--cc=david.marchand@redhat.com \
--cc=skori@marvell.com \
--cc=test-report@dpdk.org \
--cc=thomas@monjalon.net \
/path/to/YOUR_REPLY
https://kernel.org/pub/software/scm/git/docs/git-send-email.html
* If your mail client supports setting the In-Reply-To header
via mailto: links, try the mailto: link
Be sure your reply has a Subject: header at the top and a blank line
before the message body.
This is a public inbox, see mirroring instructions
for how to clone and mirror all data and code used for this inbox;
as well as URLs for NNTP newsgroup(s).