From: dpdklab@iol.unh.edu
To: Test Report <test-report@dpdk.org>
Cc: dpdk-test-reports@iol.unh.edu,
David Marchand <david.marchand@redhat.com>,
Thomas Monjalon <thomas@monjalon.net>,
Tomasz Duszynski <tduszynski@marvell.com>
Subject: |FAILURE| pw120259-120262 [PATCH] [v3, 4/4] eal: add PMU support to tracing library
Date: Wed, 30 Nov 2022 10:02:25 +0000 (UTC) [thread overview]
Message-ID: <20221130100225.80B67600AE@dpdk-ubuntu.dpdklab.iol.unh.edu> (raw)
[-- Attachment #1: Type: text/plain, Size: 6359 bytes --]
Test-Label: iol-testing
Test-Status: FAILURE
http://dpdk.org/patch/120262
_Testing issues_
Submitter: Tomasz Duszynski <tduszynski@marvell.com>
Date: Tuesday, November 29 2022 09:28:21
DPDK git baseline: Repo:dpdk
Branch: master
CommitID:f262f16087ea6a77357a915cf4c0d10ddc7b6562
120259-120262 --> testing fail
Test environment and result as below:
+----------------------------------------+--------------------+----------------+----------------------+
| Environment | dpdk_meson_compile | dpdk_unit_test | dpdk_mingw64_compile |
+========================================+====================+================+======================+
| Ubuntu 20.04 ARM Clang Native | PASS | FAIL | SKIPPED |
+----------------------------------------+--------------------+----------------+----------------------+
| Ubuntu 20.04 ARM GCC Native | PASS | FAIL | SKIPPED |
+----------------------------------------+--------------------+----------------+----------------------+
| Ubuntu 20.04 aarch32 GCC Cross Compile | PASS | SKIPPED | SKIPPED |
+----------------------------------------+--------------------+----------------+----------------------+
| FreeBSD 13 | PASS | SKIPPED | SKIPPED |
+----------------------------------------+--------------------+----------------+----------------------+
| Windows Server 2019 | FAIL | PASS | PASS |
+----------------------------------------+--------------------+----------------+----------------------+
| Ubuntu 20.04 ARM Clang Cross Compile | PASS | SKIPPED | SKIPPED |
+----------------------------------------+--------------------+----------------+----------------------+
| Ubuntu 20.04 ARM GCC Cross Compile | PASS | SKIPPED | SKIPPED |
+----------------------------------------+--------------------+----------------+----------------------+
| CentOS Stream 8 | PASS | FAIL | SKIPPED |
+----------------------------------------+--------------------+----------------+----------------------+
| Ubuntu 20.04 ARM SVE | PASS | SKIPPED | SKIPPED |
+----------------------------------------+--------------------+----------------+----------------------+
| CentOS Stream 9 | PASS | FAIL | SKIPPED |
+----------------------------------------+--------------------+----------------+----------------------+
| Debian Buster | PASS | FAIL | SKIPPED |
+----------------------------------------+--------------------+----------------+----------------------+
| Debian Bullseye | PASS | FAIL | SKIPPED |
+----------------------------------------+--------------------+----------------+----------------------+
| Ubuntu 22.04 | PASS | FAIL | SKIPPED |
+----------------------------------------+--------------------+----------------+----------------------+
| openSUSE Leap 15 | PASS | FAIL | SKIPPED |
+----------------------------------------+--------------------+----------------+----------------------+
| RHEL 7 | SKIPPED | FAIL | SKIPPED |
+----------------------------------------+--------------------+----------------+----------------------+
==== 20 line log output for RHEL 7 (dpdk_unit_test): ====
93/103 DPDK:fast-tests / telemetry_json_autotest OK 0.17 s
94/103 DPDK:fast-tests / telemetry_data_autotest OK 0.17 s
95/103 DPDK:fast-tests / table_autotest OK 6.09 s
96/103 DPDK:fast-tests / ring_pmd_autotest OK 0.17 s
97/103 DPDK:fast-tests / event_eth_tx_adapter_autotest OK 0.65 s
98/103 DPDK:fast-tests / bitratestats_autotest OK 0.17 s
99/103 DPDK:fast-tests / latencystats_autotest OK 0.17 s
100/103 DPDK:fast-tests / pdump_autotest OK 5.23 s
101/103 DPDK:fast-tests / vdev_autotest OK 0.17 s
102/103 DPDK:fast-tests / compressdev_autotest SKIP 0.17 s
103/103 DPDK:fast-tests / telemetry_all SKIP 0.01 s
Ok: 93
Expected Fail: 0
Fail: 1
Unexpected Pass: 0
Skipped: 9
Timeout: 0
Full log written to /home-local/jenkins-local/jenkins-agent/workspace/Generic-Unit-Test-DPDK/dpdk/build/meson-logs/testlog.txt
==== End log output ====
Ubuntu 20.04 ARM Clang Native
Kernel: 5.4.0-53-generic
Compiler: clang 10.0.0-4ubuntu1
Ubuntu 20.04 ARM GCC Native
Kernel: 5.4.0-53-generic
Compiler: gcc 9.3
Ubuntu 20.04 aarch32 GCC Cross Compile
Kernel: 5.4.0-72-generic
Compiler: gcc 9.3.0
FreeBSD 13
Kernel: 13.0
Compiler: clang 11.0.1
Windows Server 2019
Kernel: 10.0
Compiler: clang 14.0 and gcc 8.1.0 (MinGW)
Ubuntu 20.04 ARM Clang Cross Compile
Kernel: 5.4.0-72-generic
Compiler: clang version 10.0.0-4ubuntu1
Ubuntu 20.04 ARM GCC Cross Compile
Kernel: 5.4.0-72-generic
Compiler: aarch64-linux-gnu-gcc (Ubuntu 9.3.0-17ubuntu1~20.04) 9.3.0
CentOS Stream 8
Kernel: 4.18.0-240.10.1.el8_3.x86_64
Compiler: gcc 8.4.1 20200928
Ubuntu 20.04 ARM SVE
Kernel: 5.4.0-80-generic
Compiler: gcc 10.3.0 (Ubuntu 10.3.0-1ubuntu1~20.04)
CentOS Stream 9
Kernel: 4.18.0-240.10.1.el8_3.x86_64
Compiler: gcc 11.3.1 20220421
Debian Buster
Kernel: 5.4.0-122-generic
Compiler: gcc 8.3.0-6
Debian Bullseye
Kernel: 5.4.0-122-generic
Compiler: gcc 10.2.1-6
Ubuntu 22.04
Kernel: Container Host Kernel
Compiler: gcc 11.3.1-2
openSUSE Leap 15
Kernel: 4.18.0-240.10.1.el8_3.x86_64
Compiler: gcc 7.5.0
RHEL 7
Kernel: 4.18.0-240.10.1.el8_3.x86_64
Compiler: gcc 4.8.5 20150623 (Red Hat 4.8.5-44)
To view detailed results, visit:
https://lab.dpdk.org/results/dashboard/patchsets/24586/
UNH-IOL DPDK Community Lab
To manage your email subscriptions, visit:
https://lab.dpdk.org/results/dashboard/preferences/subscriptions/
next reply other threads:[~2022-11-30 10:02 UTC|newest]
Thread overview: 27+ messages / expand[flat|nested] mbox.gz Atom feed top
2022-11-30 10:02 dpdklab [this message]
-- strict thread matches above, loose matches on Subject: below --
2022-11-30 11:07 dpdklab
2022-11-30 11:07 dpdklab
2022-11-30 10:52 dpdklab
2022-11-30 10:32 dpdklab
2022-11-30 9:42 dpdklab
2022-11-30 9:17 dpdklab
2022-11-30 8:47 dpdklab
2022-11-30 8:23 dpdklab
2022-11-30 7:57 dpdklab
2022-11-30 7:30 dpdklab
2022-11-30 7:05 dpdklab
2022-11-30 6:42 dpdklab
2022-11-29 20:26 dpdklab
2022-11-29 20:15 dpdklab
2022-11-29 12:53 dpdklab
2022-11-29 12:53 dpdklab
2022-11-29 12:35 dpdklab
2022-11-29 12:03 dpdklab
2022-11-29 11:33 dpdklab
2022-11-29 11:14 dpdklab
2022-11-29 10:51 dpdklab
2022-11-29 10:21 dpdklab
2022-11-29 10:19 dpdklab
2022-11-29 10:12 dpdklab
2022-11-29 10:08 dpdklab
[not found] <20221129092821.1304853-5-tduszynski@marvell.com>
2022-11-29 9:26 ` |FAILURE| pw120259-120262 [PATCH v3 " qemudev
Reply instructions:
You may reply publicly to this message via plain-text email
using any one of the following methods:
* Save the following mbox file, import it into your mail client,
and reply-to-all from there: mbox
Avoid top-posting and favor interleaved quoting:
https://en.wikipedia.org/wiki/Posting_style#Interleaved_style
* Reply using the --to, --cc, and --in-reply-to
switches of git-send-email(1):
git send-email \
--in-reply-to=20221130100225.80B67600AE@dpdk-ubuntu.dpdklab.iol.unh.edu \
--to=dpdklab@iol.unh.edu \
--cc=david.marchand@redhat.com \
--cc=dpdk-test-reports@iol.unh.edu \
--cc=tduszynski@marvell.com \
--cc=test-report@dpdk.org \
--cc=thomas@monjalon.net \
/path/to/YOUR_REPLY
https://kernel.org/pub/software/scm/git/docs/git-send-email.html
* If your mail client supports setting the In-Reply-To header
via mailto: links, try the mailto: link
Be sure your reply has a Subject: header at the top and a blank line
before the message body.
This is a public inbox, see mirroring instructions
for how to clone and mirror all data and code used for this inbox;
as well as URLs for NNTP newsgroup(s).