* |FAILURE| pw121794-121797 [PATCH] [v5, 4/4] eal: add PMU support to tracing library
@ 2023-01-11 1:32 dpdklab
0 siblings, 0 replies; 15+ messages in thread
From: dpdklab @ 2023-01-11 1:32 UTC (permalink / raw)
To: Test Report
Cc: Tomasz Duszynski, dpdklab, David Marchand, Thomas Monjalon,
Tomasz Duszynski
[-- Attachment #1: Type: text/plain, Size: 8295 bytes --]
Test-Label: iol-testing
Test-Status: FAILURE
http://dpdk.org/patch/121797
_Testing issues_
Submitter: Tomasz Duszynski <tduszynski@marvell.com>
Date: Tuesday, January 10 2023 23:46:42
DPDK git baseline: Repo:dpdk
Branch: master
CommitID:fe2c18a0a8b22703dec3add385a371ad819d7872
121794-121797 --> testing fail
Test environment and result as below:
+----------------------------------------+--------------------+----------------------+----------------+
| Environment | dpdk_meson_compile | dpdk_mingw64_compile | dpdk_unit_test |
+========================================+====================+======================+================+
| Ubuntu 20.04 ARM GCC Native | PASS | SKIPPED | PASS |
+----------------------------------------+--------------------+----------------------+----------------+
| Ubuntu 20.04 ARM Clang Cross Compile | FAIL | SKIPPED | SKIPPED |
+----------------------------------------+--------------------+----------------------+----------------+
| Ubuntu 20.04 ARM Clang Native | FAIL | SKIPPED | FAIL |
+----------------------------------------+--------------------+----------------------+----------------+
| Windows Server 2019 | PASS | PASS | PASS |
+----------------------------------------+--------------------+----------------------+----------------+
| FreeBSD 13 | PASS | SKIPPED | SKIPPED |
+----------------------------------------+--------------------+----------------------+----------------+
| Ubuntu 20.04 aarch32 GCC Cross Compile | PASS | SKIPPED | SKIPPED |
+----------------------------------------+--------------------+----------------------+----------------+
| Ubuntu 22.04 | PASS | SKIPPED | FAIL |
+----------------------------------------+--------------------+----------------------+----------------+
| CentOS Stream 8 | PASS | SKIPPED | PASS |
+----------------------------------------+--------------------+----------------------+----------------+
| CentOS Stream 9 | PASS | SKIPPED | PASS |
+----------------------------------------+--------------------+----------------------+----------------+
| Debian Buster | PASS | SKIPPED | SKIPPED |
+----------------------------------------+--------------------+----------------------+----------------+
| Debian Bullseye | PASS | SKIPPED | PASS |
+----------------------------------------+--------------------+----------------------+----------------+
| Ubuntu 20.04 ARM GCC Cross Compile | PASS | SKIPPED | SKIPPED |
+----------------------------------------+--------------------+----------------------+----------------+
| RHEL 7 | PASS | SKIPPED | SKIPPED |
+----------------------------------------+--------------------+----------------------+----------------+
| openSUSE Leap 15 | PASS | SKIPPED | SKIPPED |
+----------------------------------------+--------------------+----------------------+----------------+
| Ubuntu 20.04 | PASS | SKIPPED | PASS |
+----------------------------------------+--------------------+----------------------+----------------+
| RHEL8 | PASS | SKIPPED | SKIPPED |
+----------------------------------------+--------------------+----------------------+----------------+
==== 20 line log output for Ubuntu 22.04 (dpdk_unit_test): ====
[36/3120] Compiling C object 'lib/76b5a35@@rte_eal@sta/eal_common_eal_common_options.c.o'.
[37/3120] Generating symbol file 'lib/76b5a35@@rte_telemetry@sha/librte_telemetry.so.23.1.symbols'.
[38/3120] Compiling C object 'lib/76b5a35@@rte_eal@sta/eal_common_rte_reciprocal.c.o'.
[39/3120] Compiling C object 'lib/76b5a35@@rte_eal@sta/eal_common_malloc_heap.c.o'.
[40/3120] Compiling C object 'lib/76b5a35@@rte_eal@sta/eal_common_rte_malloc.c.o'.
[41/3120] Compiling C object 'lib/76b5a35@@rte_eal@sta/eal_common_rte_random.c.o'.
[42/3120] Compiling C object 'lib/76b5a35@@rte_eal@sta/eal_common_rte_version.c.o'.
[43/3120] Compiling C object 'lib/76b5a35@@rte_eal@sta/eal_common_eal_common_cpuflags.c.o'.
[44/3120] Compiling C object 'lib/76b5a35@@rte_eal@sta/eal_common_rte_service.c.o'.
[45/3120] Compiling C object 'lib/76b5a35@@rte_eal@sta/eal_common_rte_pmu.c.o'.
FAILED: lib/76b5a35@@rte_eal@sta/eal_common_rte_pmu.c.o
clang -Ilib/76b5a35@@rte_eal@sta -Ilib -I../lib -I. -I../ -Iconfig -I../config -Ilib/eal/include -I../lib/eal/include -Ilib/eal/linux/include -I../lib/eal/linux/include -Ilib/eal/x86/include -I../lib/eal/x86/include -Ilib/eal/common -I../lib/eal/common -Ilib/eal -I../lib/eal -Ilib/kvargs -I../lib/kvargs -Ilib/telemetry/../metrics -I../lib/telemetry/../metrics -Ilib/telemetry -I../lib/telemetry -Xclang -fcolor-diagnostics -pipe -D_FILE_OFFSET_BITS=64 -Wall -Winvalid-pch -Wextra -Werror -O3 -include rte_config.h -Wcast-qual -Wdeprecated -Wformat -Wformat-nonliteral -Wformat-security -Wmissing-declarations -Wmissing-prototypes -Wnested-externs -Wold-style-definition -Wpointer-arith -Wsign-compare -Wstrict-prototypes -Wundef -Wwrite-strings -Wno-address-of-packed-member -Wno-missing-field-initializers -D_GNU_SOURCE -fPIC -march=native -DALLOW_EXPERIMENTAL_API -DALLOW_INTERNAL_API '-DABI_VERSION="23.1"' -DRTE_LIBEAL_USE_GETENTROPY -DRTE_LOG_DEFAULT_LOGTYPE=lib.eal -MD -MQ 'lib/76b5a35@@rte_eal@sta/eal_common_rte_pmu.c.o' -MF 'lib/76b5a35@@rte_eal@sta/eal_common_rte_pmu.c.o.d' -o 'lib/76b5a35@@rte_eal@sta/eal_common_rte_pmu.c.o' -c ../lib/eal/common/rte_pmu.c
../lib/eal/common/rte_pmu.c:255:13: error: comparison of array 'group->fds' equal to a null pointer is always false [-Werror,-Wtautological-pointer-compare]
if (group->fds == NULL)
~~~~~~~^~~ ~~~~
1 error generated.
[46/3120] Compiling C object 'lib/76b5a35@@rte_eal@sta/eal_common_eal_common_dynmem.c.o'.
[47/3120] Compiling C object 'lib/76b5a35@@rte_eal@sta/eal_common_eal_common_hypervisor.c.o'.
[48/3120] Compiling C object 'lib/76b5a35@@rte_eal@sta/eal_common_eal_common_proc.c.o'.
ninja: build stopped: subcommand failed.
==== End log output ====
Ubuntu 20.04 ARM GCC Native
Kernel: 5.4.0-53-generic
Compiler: gcc 9.3
Ubuntu 20.04 ARM Clang Cross Compile
Kernel: 5.4.0-72-generic
Compiler: clang version 10.0.0-4ubuntu1
Ubuntu 20.04 ARM Clang Native
Kernel: 5.4.0-53-generic
Compiler: clang 10.0.0-4ubuntu1
Windows Server 2019
Kernel: 10.0
Compiler: clang 14.0 and gcc 8.1.0 (MinGW)
FreeBSD 13
Kernel: 13.0
Compiler: clang 11.0.1
Ubuntu 20.04 aarch32 GCC Cross Compile
Kernel: 5.4.0-72-generic
Compiler: gcc 9.3.0
Ubuntu 22.04
Kernel: Container Host Kernel
Compiler: clang 14.0.5-1.fc36
CentOS Stream 8
Kernel: 4.18.0-240.10.1.el8_3.x86_64
Compiler: gcc 8.4.1 20200928
CentOS Stream 9
Kernel: 4.18.0-240.10.1.el8_3.x86_64
Compiler: gcc 11.3.1 20220421
Debian Buster
Kernel: 5.4.0-122-generic
Compiler: gcc 8.3.0-6
Debian Bullseye
Kernel: 5.4.0-122-generic
Compiler: gcc 10.2.1-6
Ubuntu 20.04 ARM GCC Cross Compile
Kernel: 5.4.0-72-generic
Compiler: aarch64-linux-gnu-gcc (Ubuntu 9.3.0-17ubuntu1~20.04) 9.3.0
RHEL 7
Kernel: 4.18.0-240.10.1.el8_3.x86_64
Compiler: gcc 4.8.5 20150623 (Red Hat 4.8.5-44)
openSUSE Leap 15
Kernel: 4.18.0-240.10.1.el8_3.x86_64
Compiler: gcc 7.5.0
Ubuntu 20.04
Kernel: 4.18.0-240.10.1.el8_3.x86_64
Compiler: gcc 9.3.0-17ubuntu1~20.04
RHEL8
Kernel: 4.18.0-240.10.1.el8_3.x86_64
Compiler: gcc 8.3.1 20191121 (Red Hat 8.3.1-5)
To view detailed results, visit:
https://lab.dpdk.org/results/dashboard/patchsets/24932/
UNH-IOL DPDK Community Lab
To manage your email subscriptions, visit:
https://lab.dpdk.org/results/dashboard/preferences/subscriptions/
^ permalink raw reply [flat|nested] 15+ messages in thread
* |FAILURE| pw121794-121797 [PATCH] [v5, 4/4] eal: add PMU support to tracing library
@ 2023-01-11 1:48 dpdklab
0 siblings, 0 replies; 15+ messages in thread
From: dpdklab @ 2023-01-11 1:48 UTC (permalink / raw)
To: Test Report; +Cc: dpdklab, David Marchand, Thomas Monjalon, Tomasz Duszynski
[-- Attachment #1: Type: text/plain, Size: 2348 bytes --]
Test-Label: iol-x86_64-unit-testing
Test-Status: FAILURE
http://dpdk.org/patch/121797
_Testing issues_
Submitter: Tomasz Duszynski <tduszynski@marvell.com>
Date: Tuesday, January 10 2023 23:46:42
DPDK git baseline: Repo:dpdk
Branch: master
CommitID:fe2c18a0a8b22703dec3add385a371ad819d7872
121794-121797 --> testing fail
Test environment and result as below:
+---------------------+----------------+
| Environment | dpdk_unit_test |
+=====================+================+
| Windows Server 2019 | PASS |
+---------------------+----------------+
| CentOS Stream 8 | PASS |
+---------------------+----------------+
| CentOS Stream 9 | PASS |
+---------------------+----------------+
| Ubuntu 22.04 | PASS |
+---------------------+----------------+
| Ubuntu 20.04 | PASS |
+---------------------+----------------+
| Debian Bullseye | PASS |
+---------------------+----------------+
| Debian Buster | PASS |
+---------------------+----------------+
| openSUSE Leap 15 | PASS |
+---------------------+----------------+
| RHEL 7 | PASS |
+---------------------+----------------+
| RHEL8 | PASS |
+---------------------+----------------+
Windows Server 2019
Kernel: 10.0
Compiler: clang 14.0 and gcc 8.1.0 (MinGW)
CentOS Stream 8
Kernel: 4.18.0-240.10.1.el8_3.x86_64
Compiler: gcc 8.4.1 20200928
CentOS Stream 9
Kernel: 4.18.0-240.10.1.el8_3.x86_64
Compiler: gcc 11.3.1 20220421
Ubuntu 22.04
Kernel: Container Host Kernel
Compiler: gcc 12.2.1-2
Ubuntu 20.04
Kernel: 4.18.0-240.10.1.el8_3.x86_64
Compiler: gcc 9.3.0-17ubuntu1~20.04
Debian Bullseye
Kernel: 5.4.0-122-generic
Compiler: gcc 10.2.1-6
Debian Buster
Kernel: 5.4.0-122-generic
Compiler: gcc 8.3.0-6
openSUSE Leap 15
Kernel: 4.18.0-240.10.1.el8_3.x86_64
Compiler: gcc 7.5.0
RHEL 7
Kernel: 4.18.0-240.10.1.el8_3.x86_64
Compiler: gcc 4.8.5 20150623 (Red Hat 4.8.5-44)
RHEL8
Kernel: 4.18.0-240.10.1.el8_3.x86_64
Compiler: gcc 8.3.1 20191121 (Red Hat 8.3.1-5)
To view detailed results, visit:
https://lab.dpdk.org/results/dashboard/patchsets/24932/
UNH-IOL DPDK Community Lab
To manage your email subscriptions, visit:
https://lab.dpdk.org/results/dashboard/preferences/subscriptions/
^ permalink raw reply [flat|nested] 15+ messages in thread
* |FAILURE| pw121794-121797 [PATCH] [v5, 4/4] eal: add PMU support to tracing library
@ 2023-01-11 1:48 dpdklab
0 siblings, 0 replies; 15+ messages in thread
From: dpdklab @ 2023-01-11 1:48 UTC (permalink / raw)
To: Test Report; +Cc: dpdklab, David Marchand, Thomas Monjalon, Tomasz Duszynski
[-- Attachment #1: Type: text/plain, Size: 7937 bytes --]
Test-Label: iol-testing
Test-Status: FAILURE
http://dpdk.org/patch/121797
_Testing issues_
Submitter: Tomasz Duszynski <tduszynski@marvell.com>
Date: Tuesday, January 10 2023 23:46:42
DPDK git baseline: Repo:dpdk
Branch: master
CommitID:fe2c18a0a8b22703dec3add385a371ad819d7872
121794-121797 --> testing fail
Test environment and result as below:
+----------------------------------------+--------------------+----------------------+----------------+
| Environment | dpdk_meson_compile | dpdk_mingw64_compile | dpdk_unit_test |
+========================================+====================+======================+================+
| Ubuntu 20.04 ARM GCC Native | PASS | SKIPPED | PASS |
+----------------------------------------+--------------------+----------------------+----------------+
| Ubuntu 20.04 ARM Clang Cross Compile | FAIL | SKIPPED | SKIPPED |
+----------------------------------------+--------------------+----------------------+----------------+
| Ubuntu 20.04 ARM Clang Native | FAIL | SKIPPED | FAIL |
+----------------------------------------+--------------------+----------------------+----------------+
| Windows Server 2019 | PASS | PASS | PASS |
+----------------------------------------+--------------------+----------------------+----------------+
| FreeBSD 13 | PASS | SKIPPED | SKIPPED |
+----------------------------------------+--------------------+----------------------+----------------+
| Ubuntu 20.04 aarch32 GCC Cross Compile | PASS | SKIPPED | SKIPPED |
+----------------------------------------+--------------------+----------------------+----------------+
| Ubuntu 22.04 | PASS | SKIPPED | PASS |
+----------------------------------------+--------------------+----------------------+----------------+
| CentOS Stream 8 | PASS | SKIPPED | PASS |
+----------------------------------------+--------------------+----------------------+----------------+
| CentOS Stream 9 | PASS | SKIPPED | PASS |
+----------------------------------------+--------------------+----------------------+----------------+
| Debian Buster | PASS | SKIPPED | PASS |
+----------------------------------------+--------------------+----------------------+----------------+
| Debian Bullseye | PASS | SKIPPED | PASS |
+----------------------------------------+--------------------+----------------------+----------------+
| Ubuntu 20.04 ARM GCC Cross Compile | PASS | SKIPPED | SKIPPED |
+----------------------------------------+--------------------+----------------------+----------------+
| RHEL 7 | PASS | SKIPPED | PASS |
+----------------------------------------+--------------------+----------------------+----------------+
| openSUSE Leap 15 | PASS | SKIPPED | PASS |
+----------------------------------------+--------------------+----------------------+----------------+
| Ubuntu 20.04 | PASS | SKIPPED | PASS |
+----------------------------------------+--------------------+----------------------+----------------+
| RHEL8 | PASS | SKIPPED | PASS |
+----------------------------------------+--------------------+----------------------+----------------+
| Ubuntu 20.04 ARM SVE | PASS | SKIPPED | SKIPPED |
+----------------------------------------+--------------------+----------------------+----------------+
==== 20 line log output for Ubuntu 20.04 ARM Clang Native (dpdk_unit_test): ====
[346/3125] Generating lib/rib.sym_chk with a custom command (wrapped by meson to capture output)
[347/3125] Generating lib/rawdev.sym_chk with a custom command (wrapped by meson to capture output)
[348/3125] Generating lib/sched.sym_chk with a custom command (wrapped by meson to capture output)
[349/3125] Generating lib/mbuf.sym_chk with a custom command (wrapped by meson to capture output)
[350/3125] Generating lib/security.sym_chk with a custom command (wrapped by meson to capture output)
[351/3125] Generating lib/dmadev.sym_chk with a custom command (wrapped by meson to capture output)
[352/3125] Generating lib/bbdev.sym_chk with a custom command (wrapped by meson to capture output)
[353/3125] Generating lib/port.sym_chk with a custom command (wrapped by meson to capture output)
[354/3125] Generating lib/hash.sym_chk with a custom command (wrapped by meson to capture output)
[355/3125] Generating lib/mempool.sym_chk with a custom command (wrapped by meson to capture output)
[356/3125] Generating lib/regexdev.sym_chk with a custom command (wrapped by meson to capture output)
[357/3125] Generating lib/gpudev.sym_chk with a custom command (wrapped by meson to capture output)
[358/3125] Generating lib/cmdline.sym_chk with a custom command (wrapped by meson to capture output)
[359/3125] Generating lib/compressdev.sym_chk with a custom command (wrapped by meson to capture output)
[360/3125] Generating lib/power.sym_chk with a custom command (wrapped by meson to capture output)
[361/3125] Generating lib/vhost.sym_chk with a custom command (wrapped by meson to capture output)
[362/3125] Generating lib/eventdev.sym_chk with a custom command (wrapped by meson to capture output)
[363/3125] Generating lib/cryptodev.sym_chk with a custom command (wrapped by meson to capture output)
[364/3125] Generating lib/ethdev.sym_chk with a custom command (wrapped by meson to capture output)
ninja: build stopped: subcommand failed.
==== End log output ====
Ubuntu 20.04 ARM GCC Native
Kernel: 5.4.0-53-generic
Compiler: gcc 9.3
Ubuntu 20.04 ARM Clang Cross Compile
Kernel: 5.4.0-72-generic
Compiler: clang version 10.0.0-4ubuntu1
Ubuntu 20.04 ARM Clang Native
Kernel: 5.4.0-53-generic
Compiler: clang 10.0.0-4ubuntu1
Windows Server 2019
Kernel: 10.0
Compiler: clang 14.0 and gcc 8.1.0 (MinGW)
FreeBSD 13
Kernel: 13.0
Compiler: clang 11.0.1
Ubuntu 20.04 aarch32 GCC Cross Compile
Kernel: 5.4.0-72-generic
Compiler: gcc 9.3.0
Ubuntu 22.04
Kernel: Container Host Kernel
Compiler: clang 14.0.5-1.fc36
CentOS Stream 8
Kernel: 4.18.0-240.10.1.el8_3.x86_64
Compiler: gcc 8.4.1 20200928
CentOS Stream 9
Kernel: 4.18.0-240.10.1.el8_3.x86_64
Compiler: gcc 11.3.1 20220421
Debian Buster
Kernel: 5.4.0-122-generic
Compiler: gcc 8.3.0-6
Debian Bullseye
Kernel: 5.4.0-122-generic
Compiler: gcc 10.2.1-6
Ubuntu 20.04 ARM GCC Cross Compile
Kernel: 5.4.0-72-generic
Compiler: aarch64-linux-gnu-gcc (Ubuntu 9.3.0-17ubuntu1~20.04) 9.3.0
RHEL 7
Kernel: 4.18.0-240.10.1.el8_3.x86_64
Compiler: gcc 4.8.5 20150623 (Red Hat 4.8.5-44)
openSUSE Leap 15
Kernel: 4.18.0-240.10.1.el8_3.x86_64
Compiler: gcc 7.5.0
Ubuntu 20.04
Kernel: 4.18.0-240.10.1.el8_3.x86_64
Compiler: gcc 9.3.0-17ubuntu1~20.04
RHEL8
Kernel: 4.18.0-240.10.1.el8_3.x86_64
Compiler: gcc 8.3.1 20191121 (Red Hat 8.3.1-5)
Ubuntu 20.04 ARM SVE
Kernel: 5.4.0-80-generic
Compiler: gcc 10.3.0 (Ubuntu 10.3.0-1ubuntu1~20.04)
To view detailed results, visit:
https://lab.dpdk.org/results/dashboard/patchsets/24932/
UNH-IOL DPDK Community Lab
To manage your email subscriptions, visit:
https://lab.dpdk.org/results/dashboard/preferences/subscriptions/
^ permalink raw reply [flat|nested] 15+ messages in thread
* |FAILURE| pw121794-121797 [PATCH] [v5, 4/4] eal: add PMU support to tracing library
@ 2023-01-11 1:46 dpdklab
0 siblings, 0 replies; 15+ messages in thread
From: dpdklab @ 2023-01-11 1:46 UTC (permalink / raw)
To: Test Report; +Cc: dpdklab, David Marchand, Thomas Monjalon, Tomasz Duszynski
[-- Attachment #1: Type: text/plain, Size: 7937 bytes --]
Test-Label: iol-testing
Test-Status: FAILURE
http://dpdk.org/patch/121797
_Testing issues_
Submitter: Tomasz Duszynski <tduszynski@marvell.com>
Date: Tuesday, January 10 2023 23:46:42
DPDK git baseline: Repo:dpdk
Branch: master
CommitID:fe2c18a0a8b22703dec3add385a371ad819d7872
121794-121797 --> testing fail
Test environment and result as below:
+----------------------------------------+--------------------+----------------------+----------------+
| Environment | dpdk_meson_compile | dpdk_mingw64_compile | dpdk_unit_test |
+========================================+====================+======================+================+
| Ubuntu 20.04 ARM GCC Native | PASS | SKIPPED | PASS |
+----------------------------------------+--------------------+----------------------+----------------+
| Ubuntu 20.04 ARM Clang Cross Compile | FAIL | SKIPPED | SKIPPED |
+----------------------------------------+--------------------+----------------------+----------------+
| Ubuntu 20.04 ARM Clang Native | FAIL | SKIPPED | FAIL |
+----------------------------------------+--------------------+----------------------+----------------+
| Windows Server 2019 | PASS | PASS | PASS |
+----------------------------------------+--------------------+----------------------+----------------+
| FreeBSD 13 | PASS | SKIPPED | SKIPPED |
+----------------------------------------+--------------------+----------------------+----------------+
| Ubuntu 20.04 aarch32 GCC Cross Compile | PASS | SKIPPED | SKIPPED |
+----------------------------------------+--------------------+----------------------+----------------+
| Ubuntu 22.04 | PASS | SKIPPED | PASS |
+----------------------------------------+--------------------+----------------------+----------------+
| CentOS Stream 8 | PASS | SKIPPED | PASS |
+----------------------------------------+--------------------+----------------------+----------------+
| CentOS Stream 9 | PASS | SKIPPED | PASS |
+----------------------------------------+--------------------+----------------------+----------------+
| Debian Buster | PASS | SKIPPED | PASS |
+----------------------------------------+--------------------+----------------------+----------------+
| Debian Bullseye | PASS | SKIPPED | PASS |
+----------------------------------------+--------------------+----------------------+----------------+
| Ubuntu 20.04 ARM GCC Cross Compile | PASS | SKIPPED | SKIPPED |
+----------------------------------------+--------------------+----------------------+----------------+
| RHEL 7 | PASS | SKIPPED | PASS |
+----------------------------------------+--------------------+----------------------+----------------+
| openSUSE Leap 15 | PASS | SKIPPED | PASS |
+----------------------------------------+--------------------+----------------------+----------------+
| Ubuntu 20.04 | PASS | SKIPPED | PASS |
+----------------------------------------+--------------------+----------------------+----------------+
| RHEL8 | PASS | SKIPPED | SKIPPED |
+----------------------------------------+--------------------+----------------------+----------------+
| Ubuntu 20.04 ARM SVE | PASS | SKIPPED | SKIPPED |
+----------------------------------------+--------------------+----------------------+----------------+
==== 20 line log output for Ubuntu 20.04 ARM Clang Native (dpdk_unit_test): ====
[346/3125] Generating lib/rib.sym_chk with a custom command (wrapped by meson to capture output)
[347/3125] Generating lib/rawdev.sym_chk with a custom command (wrapped by meson to capture output)
[348/3125] Generating lib/sched.sym_chk with a custom command (wrapped by meson to capture output)
[349/3125] Generating lib/mbuf.sym_chk with a custom command (wrapped by meson to capture output)
[350/3125] Generating lib/security.sym_chk with a custom command (wrapped by meson to capture output)
[351/3125] Generating lib/dmadev.sym_chk with a custom command (wrapped by meson to capture output)
[352/3125] Generating lib/bbdev.sym_chk with a custom command (wrapped by meson to capture output)
[353/3125] Generating lib/port.sym_chk with a custom command (wrapped by meson to capture output)
[354/3125] Generating lib/hash.sym_chk with a custom command (wrapped by meson to capture output)
[355/3125] Generating lib/mempool.sym_chk with a custom command (wrapped by meson to capture output)
[356/3125] Generating lib/regexdev.sym_chk with a custom command (wrapped by meson to capture output)
[357/3125] Generating lib/gpudev.sym_chk with a custom command (wrapped by meson to capture output)
[358/3125] Generating lib/cmdline.sym_chk with a custom command (wrapped by meson to capture output)
[359/3125] Generating lib/compressdev.sym_chk with a custom command (wrapped by meson to capture output)
[360/3125] Generating lib/power.sym_chk with a custom command (wrapped by meson to capture output)
[361/3125] Generating lib/vhost.sym_chk with a custom command (wrapped by meson to capture output)
[362/3125] Generating lib/eventdev.sym_chk with a custom command (wrapped by meson to capture output)
[363/3125] Generating lib/cryptodev.sym_chk with a custom command (wrapped by meson to capture output)
[364/3125] Generating lib/ethdev.sym_chk with a custom command (wrapped by meson to capture output)
ninja: build stopped: subcommand failed.
==== End log output ====
Ubuntu 20.04 ARM GCC Native
Kernel: 5.4.0-53-generic
Compiler: gcc 9.3
Ubuntu 20.04 ARM Clang Cross Compile
Kernel: 5.4.0-72-generic
Compiler: clang version 10.0.0-4ubuntu1
Ubuntu 20.04 ARM Clang Native
Kernel: 5.4.0-53-generic
Compiler: clang 10.0.0-4ubuntu1
Windows Server 2019
Kernel: 10.0
Compiler: clang 14.0 and gcc 8.1.0 (MinGW)
FreeBSD 13
Kernel: 13.0
Compiler: clang 11.0.1
Ubuntu 20.04 aarch32 GCC Cross Compile
Kernel: 5.4.0-72-generic
Compiler: gcc 9.3.0
Ubuntu 22.04
Kernel: Container Host Kernel
Compiler: clang 14.0.5-1.fc36
CentOS Stream 8
Kernel: 4.18.0-240.10.1.el8_3.x86_64
Compiler: gcc 8.4.1 20200928
CentOS Stream 9
Kernel: 4.18.0-240.10.1.el8_3.x86_64
Compiler: gcc 11.3.1 20220421
Debian Buster
Kernel: 5.4.0-122-generic
Compiler: gcc 8.3.0-6
Debian Bullseye
Kernel: 5.4.0-122-generic
Compiler: gcc 10.2.1-6
Ubuntu 20.04 ARM GCC Cross Compile
Kernel: 5.4.0-72-generic
Compiler: aarch64-linux-gnu-gcc (Ubuntu 9.3.0-17ubuntu1~20.04) 9.3.0
RHEL 7
Kernel: 4.18.0-240.10.1.el8_3.x86_64
Compiler: gcc 4.8.5 20150623 (Red Hat 4.8.5-44)
openSUSE Leap 15
Kernel: 4.18.0-240.10.1.el8_3.x86_64
Compiler: gcc 7.5.0
Ubuntu 20.04
Kernel: 4.18.0-240.10.1.el8_3.x86_64
Compiler: gcc 9.3.0-17ubuntu1~20.04
RHEL8
Kernel: 4.18.0-240.10.1.el8_3.x86_64
Compiler: gcc 8.3.1 20191121 (Red Hat 8.3.1-5)
Ubuntu 20.04 ARM SVE
Kernel: 5.4.0-80-generic
Compiler: gcc 10.3.0 (Ubuntu 10.3.0-1ubuntu1~20.04)
To view detailed results, visit:
https://lab.dpdk.org/results/dashboard/patchsets/24932/
UNH-IOL DPDK Community Lab
To manage your email subscriptions, visit:
https://lab.dpdk.org/results/dashboard/preferences/subscriptions/
^ permalink raw reply [flat|nested] 15+ messages in thread
* |FAILURE| pw121794-121797 [PATCH] [v5, 4/4] eal: add PMU support to tracing library
@ 2023-01-11 1:45 dpdklab
0 siblings, 0 replies; 15+ messages in thread
From: dpdklab @ 2023-01-11 1:45 UTC (permalink / raw)
To: Test Report; +Cc: dpdklab, David Marchand, Thomas Monjalon, Tomasz Duszynski
[-- Attachment #1: Type: text/plain, Size: 7937 bytes --]
Test-Label: iol-testing
Test-Status: FAILURE
http://dpdk.org/patch/121797
_Testing issues_
Submitter: Tomasz Duszynski <tduszynski@marvell.com>
Date: Tuesday, January 10 2023 23:46:42
DPDK git baseline: Repo:dpdk
Branch: master
CommitID:fe2c18a0a8b22703dec3add385a371ad819d7872
121794-121797 --> testing fail
Test environment and result as below:
+----------------------------------------+--------------------+----------------------+----------------+
| Environment | dpdk_meson_compile | dpdk_mingw64_compile | dpdk_unit_test |
+========================================+====================+======================+================+
| Ubuntu 20.04 ARM GCC Native | PASS | SKIPPED | PASS |
+----------------------------------------+--------------------+----------------------+----------------+
| Ubuntu 20.04 ARM Clang Cross Compile | FAIL | SKIPPED | SKIPPED |
+----------------------------------------+--------------------+----------------------+----------------+
| Ubuntu 20.04 ARM Clang Native | FAIL | SKIPPED | FAIL |
+----------------------------------------+--------------------+----------------------+----------------+
| Windows Server 2019 | PASS | PASS | PASS |
+----------------------------------------+--------------------+----------------------+----------------+
| FreeBSD 13 | PASS | SKIPPED | SKIPPED |
+----------------------------------------+--------------------+----------------------+----------------+
| Ubuntu 20.04 aarch32 GCC Cross Compile | PASS | SKIPPED | SKIPPED |
+----------------------------------------+--------------------+----------------------+----------------+
| Ubuntu 22.04 | PASS | SKIPPED | PASS |
+----------------------------------------+--------------------+----------------------+----------------+
| CentOS Stream 8 | PASS | SKIPPED | PASS |
+----------------------------------------+--------------------+----------------------+----------------+
| CentOS Stream 9 | PASS | SKIPPED | PASS |
+----------------------------------------+--------------------+----------------------+----------------+
| Debian Buster | PASS | SKIPPED | PASS |
+----------------------------------------+--------------------+----------------------+----------------+
| Debian Bullseye | PASS | SKIPPED | PASS |
+----------------------------------------+--------------------+----------------------+----------------+
| Ubuntu 20.04 ARM GCC Cross Compile | PASS | SKIPPED | SKIPPED |
+----------------------------------------+--------------------+----------------------+----------------+
| RHEL 7 | PASS | SKIPPED | SKIPPED |
+----------------------------------------+--------------------+----------------------+----------------+
| openSUSE Leap 15 | PASS | SKIPPED | PASS |
+----------------------------------------+--------------------+----------------------+----------------+
| Ubuntu 20.04 | PASS | SKIPPED | PASS |
+----------------------------------------+--------------------+----------------------+----------------+
| RHEL8 | PASS | SKIPPED | SKIPPED |
+----------------------------------------+--------------------+----------------------+----------------+
| Ubuntu 20.04 ARM SVE | PASS | SKIPPED | SKIPPED |
+----------------------------------------+--------------------+----------------------+----------------+
==== 20 line log output for Ubuntu 20.04 ARM Clang Native (dpdk_unit_test): ====
[346/3125] Generating lib/rib.sym_chk with a custom command (wrapped by meson to capture output)
[347/3125] Generating lib/rawdev.sym_chk with a custom command (wrapped by meson to capture output)
[348/3125] Generating lib/sched.sym_chk with a custom command (wrapped by meson to capture output)
[349/3125] Generating lib/mbuf.sym_chk with a custom command (wrapped by meson to capture output)
[350/3125] Generating lib/security.sym_chk with a custom command (wrapped by meson to capture output)
[351/3125] Generating lib/dmadev.sym_chk with a custom command (wrapped by meson to capture output)
[352/3125] Generating lib/bbdev.sym_chk with a custom command (wrapped by meson to capture output)
[353/3125] Generating lib/port.sym_chk with a custom command (wrapped by meson to capture output)
[354/3125] Generating lib/hash.sym_chk with a custom command (wrapped by meson to capture output)
[355/3125] Generating lib/mempool.sym_chk with a custom command (wrapped by meson to capture output)
[356/3125] Generating lib/regexdev.sym_chk with a custom command (wrapped by meson to capture output)
[357/3125] Generating lib/gpudev.sym_chk with a custom command (wrapped by meson to capture output)
[358/3125] Generating lib/cmdline.sym_chk with a custom command (wrapped by meson to capture output)
[359/3125] Generating lib/compressdev.sym_chk with a custom command (wrapped by meson to capture output)
[360/3125] Generating lib/power.sym_chk with a custom command (wrapped by meson to capture output)
[361/3125] Generating lib/vhost.sym_chk with a custom command (wrapped by meson to capture output)
[362/3125] Generating lib/eventdev.sym_chk with a custom command (wrapped by meson to capture output)
[363/3125] Generating lib/cryptodev.sym_chk with a custom command (wrapped by meson to capture output)
[364/3125] Generating lib/ethdev.sym_chk with a custom command (wrapped by meson to capture output)
ninja: build stopped: subcommand failed.
==== End log output ====
Ubuntu 20.04 ARM GCC Native
Kernel: 5.4.0-53-generic
Compiler: gcc 9.3
Ubuntu 20.04 ARM Clang Cross Compile
Kernel: 5.4.0-72-generic
Compiler: clang version 10.0.0-4ubuntu1
Ubuntu 20.04 ARM Clang Native
Kernel: 5.4.0-53-generic
Compiler: clang 10.0.0-4ubuntu1
Windows Server 2019
Kernel: 10.0
Compiler: clang 14.0 and gcc 8.1.0 (MinGW)
FreeBSD 13
Kernel: 13.0
Compiler: clang 11.0.1
Ubuntu 20.04 aarch32 GCC Cross Compile
Kernel: 5.4.0-72-generic
Compiler: gcc 9.3.0
Ubuntu 22.04
Kernel: Container Host Kernel
Compiler: clang 14.0.5-1.fc36
CentOS Stream 8
Kernel: 4.18.0-240.10.1.el8_3.x86_64
Compiler: gcc 8.4.1 20200928
CentOS Stream 9
Kernel: 4.18.0-240.10.1.el8_3.x86_64
Compiler: gcc 11.3.1 20220421
Debian Buster
Kernel: 5.4.0-122-generic
Compiler: gcc 8.3.0-6
Debian Bullseye
Kernel: 5.4.0-122-generic
Compiler: gcc 10.2.1-6
Ubuntu 20.04 ARM GCC Cross Compile
Kernel: 5.4.0-72-generic
Compiler: aarch64-linux-gnu-gcc (Ubuntu 9.3.0-17ubuntu1~20.04) 9.3.0
RHEL 7
Kernel: 4.18.0-240.10.1.el8_3.x86_64
Compiler: gcc 4.8.5 20150623 (Red Hat 4.8.5-44)
openSUSE Leap 15
Kernel: 4.18.0-240.10.1.el8_3.x86_64
Compiler: gcc 7.5.0
Ubuntu 20.04
Kernel: 4.18.0-240.10.1.el8_3.x86_64
Compiler: gcc 9.3.0-17ubuntu1~20.04
RHEL8
Kernel: 4.18.0-240.10.1.el8_3.x86_64
Compiler: gcc 8.3.1 20191121 (Red Hat 8.3.1-5)
Ubuntu 20.04 ARM SVE
Kernel: 5.4.0-80-generic
Compiler: gcc 10.3.0 (Ubuntu 10.3.0-1ubuntu1~20.04)
To view detailed results, visit:
https://lab.dpdk.org/results/dashboard/patchsets/24932/
UNH-IOL DPDK Community Lab
To manage your email subscriptions, visit:
https://lab.dpdk.org/results/dashboard/preferences/subscriptions/
^ permalink raw reply [flat|nested] 15+ messages in thread
* |FAILURE| pw121794-121797 [PATCH] [v5, 4/4] eal: add PMU support to tracing library
@ 2023-01-11 1:42 dpdklab
0 siblings, 0 replies; 15+ messages in thread
From: dpdklab @ 2023-01-11 1:42 UTC (permalink / raw)
To: Test Report; +Cc: dpdklab, David Marchand, Thomas Monjalon, Tomasz Duszynski
[-- Attachment #1: Type: text/plain, Size: 4206 bytes --]
Test-Label: iol-aarch64-compile-testing
Test-Status: FAILURE
http://dpdk.org/patch/121797
_Testing issues_
Submitter: Tomasz Duszynski <tduszynski@marvell.com>
Date: Tuesday, January 10 2023 23:46:42
DPDK git baseline: Repo:dpdk
Branch: master
CommitID:fe2c18a0a8b22703dec3add385a371ad819d7872
121794-121797 --> testing fail
Test environment and result as below:
+----------------------------------------+--------------------+
| Environment | dpdk_meson_compile |
+========================================+====================+
| Ubuntu 20.04 ARM GCC Native | PASS |
+----------------------------------------+--------------------+
| Ubuntu 20.04 ARM Clang Cross Compile | FAIL |
+----------------------------------------+--------------------+
| Ubuntu 20.04 ARM Clang Native | FAIL |
+----------------------------------------+--------------------+
| Ubuntu 20.04 aarch32 GCC Cross Compile | PASS |
+----------------------------------------+--------------------+
| Ubuntu 20.04 ARM GCC Cross Compile | PASS |
+----------------------------------------+--------------------+
| Ubuntu 20.04 ARM SVE | PASS |
+----------------------------------------+--------------------+
==== 20 line log output for Ubuntu 20.04 ARM Clang Native (dpdk_meson_compile): ====
[346/3124] Generating lib/sched.sym_chk with a custom command (wrapped by meson to capture output)
[347/3124] Generating lib/security.sym_chk with a custom command (wrapped by meson to capture output)
[348/3124] Generating lib/rawdev.sym_chk with a custom command (wrapped by meson to capture output)
[349/3124] Generating lib/rib.sym_chk with a custom command (wrapped by meson to capture output)
[350/3124] Generating lib/mbuf.sym_chk with a custom command (wrapped by meson to capture output)
[351/3124] Generating lib/dmadev.sym_chk with a custom command (wrapped by meson to capture output)
[352/3124] Generating lib/bbdev.sym_chk with a custom command (wrapped by meson to capture output)
[353/3124] Generating lib/hash.sym_chk with a custom command (wrapped by meson to capture output)
[354/3124] Generating lib/port.sym_chk with a custom command (wrapped by meson to capture output)
[355/3124] Generating lib/regexdev.sym_chk with a custom command (wrapped by meson to capture output)
[356/3124] Generating lib/mempool.sym_chk with a custom command (wrapped by meson to capture output)
[357/3124] Generating lib/gpudev.sym_chk with a custom command (wrapped by meson to capture output)
[358/3124] Generating lib/compressdev.sym_chk with a custom command (wrapped by meson to capture output)
[359/3124] Generating lib/cmdline.sym_chk with a custom command (wrapped by meson to capture output)
[360/3124] Generating lib/power.sym_chk with a custom command (wrapped by meson to capture output)
[361/3124] Generating lib/vhost.sym_chk with a custom command (wrapped by meson to capture output)
[362/3124] Generating lib/eventdev.sym_chk with a custom command (wrapped by meson to capture output)
[363/3124] Generating lib/cryptodev.sym_chk with a custom command (wrapped by meson to capture output)
[364/3124] Generating lib/ethdev.sym_chk with a custom command (wrapped by meson to capture output)
ninja: build stopped: subcommand failed.
==== End log output ====
Ubuntu 20.04 ARM GCC Native
Kernel: 5.4.0-53-generic
Compiler: gcc 9.3
Ubuntu 20.04 ARM Clang Cross Compile
Kernel: 5.4.0-72-generic
Compiler: clang version 10.0.0-4ubuntu1
Ubuntu 20.04 ARM Clang Native
Kernel: 5.4.0-53-generic
Compiler: clang 10.0.0-4ubuntu1
Ubuntu 20.04 aarch32 GCC Cross Compile
Kernel: 5.4.0-72-generic
Compiler: gcc 9.3.0
Ubuntu 20.04 ARM GCC Cross Compile
Kernel: 5.4.0-72-generic
Compiler: aarch64-linux-gnu-gcc (Ubuntu 9.3.0-17ubuntu1~20.04) 9.3.0
Ubuntu 20.04 ARM SVE
Kernel: 5.4.0-80-generic
Compiler: gcc 10.3.0 (Ubuntu 10.3.0-1ubuntu1~20.04)
To view detailed results, visit:
https://lab.dpdk.org/results/dashboard/patchsets/24932/
UNH-IOL DPDK Community Lab
To manage your email subscriptions, visit:
https://lab.dpdk.org/results/dashboard/preferences/subscriptions/
^ permalink raw reply [flat|nested] 15+ messages in thread
* |FAILURE| pw121794-121797 [PATCH] [v5, 4/4] eal: add PMU support to tracing library
@ 2023-01-11 1:41 dpdklab
0 siblings, 0 replies; 15+ messages in thread
From: dpdklab @ 2023-01-11 1:41 UTC (permalink / raw)
To: Test Report
Cc: dpdk-test-reports, David Marchand, Thomas Monjalon, Tomasz Duszynski
[-- Attachment #1: Type: text/plain, Size: 7628 bytes --]
Test-Label: iol-testing
Test-Status: FAILURE
http://dpdk.org/patch/121797
_Testing issues_
Submitter: Tomasz Duszynski <tduszynski@marvell.com>
Date: Tuesday, January 10 2023 23:46:42
DPDK git baseline: Repo:dpdk
Branch: master
CommitID:fe2c18a0a8b22703dec3add385a371ad819d7872
121794-121797 --> testing fail
Test environment and result as below:
+----------------------------------------+--------------------+----------------------+----------------+
| Environment | dpdk_meson_compile | dpdk_mingw64_compile | dpdk_unit_test |
+========================================+====================+======================+================+
| Ubuntu 20.04 ARM GCC Native | PASS | SKIPPED | PASS |
+----------------------------------------+--------------------+----------------------+----------------+
| Ubuntu 20.04 ARM Clang Cross Compile | FAIL | SKIPPED | SKIPPED |
+----------------------------------------+--------------------+----------------------+----------------+
| Ubuntu 20.04 ARM Clang Native | FAIL | SKIPPED | FAIL |
+----------------------------------------+--------------------+----------------------+----------------+
| Windows Server 2019 | PASS | PASS | PASS |
+----------------------------------------+--------------------+----------------------+----------------+
| FreeBSD 13 | PASS | SKIPPED | SKIPPED |
+----------------------------------------+--------------------+----------------------+----------------+
| Ubuntu 20.04 aarch32 GCC Cross Compile | PASS | SKIPPED | SKIPPED |
+----------------------------------------+--------------------+----------------------+----------------+
| Ubuntu 22.04 | PASS | SKIPPED | PASS |
+----------------------------------------+--------------------+----------------------+----------------+
| CentOS Stream 8 | PASS | SKIPPED | PASS |
+----------------------------------------+--------------------+----------------------+----------------+
| CentOS Stream 9 | PASS | SKIPPED | PASS |
+----------------------------------------+--------------------+----------------------+----------------+
| Debian Buster | PASS | SKIPPED | PASS |
+----------------------------------------+--------------------+----------------------+----------------+
| Debian Bullseye | PASS | SKIPPED | PASS |
+----------------------------------------+--------------------+----------------------+----------------+
| Ubuntu 20.04 ARM GCC Cross Compile | PASS | SKIPPED | SKIPPED |
+----------------------------------------+--------------------+----------------------+----------------+
| RHEL 7 | PASS | SKIPPED | SKIPPED |
+----------------------------------------+--------------------+----------------------+----------------+
| openSUSE Leap 15 | PASS | SKIPPED | PASS |
+----------------------------------------+--------------------+----------------------+----------------+
| Ubuntu 20.04 | PASS | SKIPPED | PASS |
+----------------------------------------+--------------------+----------------------+----------------+
| RHEL8 | PASS | SKIPPED | SKIPPED |
+----------------------------------------+--------------------+----------------------+----------------+
==== 20 line log output for Ubuntu 20.04 ARM Clang Native (dpdk_unit_test): ====
[346/3125] Generating lib/rib.sym_chk with a custom command (wrapped by meson to capture output)
[347/3125] Generating lib/rawdev.sym_chk with a custom command (wrapped by meson to capture output)
[348/3125] Generating lib/sched.sym_chk with a custom command (wrapped by meson to capture output)
[349/3125] Generating lib/mbuf.sym_chk with a custom command (wrapped by meson to capture output)
[350/3125] Generating lib/security.sym_chk with a custom command (wrapped by meson to capture output)
[351/3125] Generating lib/dmadev.sym_chk with a custom command (wrapped by meson to capture output)
[352/3125] Generating lib/bbdev.sym_chk with a custom command (wrapped by meson to capture output)
[353/3125] Generating lib/port.sym_chk with a custom command (wrapped by meson to capture output)
[354/3125] Generating lib/hash.sym_chk with a custom command (wrapped by meson to capture output)
[355/3125] Generating lib/mempool.sym_chk with a custom command (wrapped by meson to capture output)
[356/3125] Generating lib/regexdev.sym_chk with a custom command (wrapped by meson to capture output)
[357/3125] Generating lib/gpudev.sym_chk with a custom command (wrapped by meson to capture output)
[358/3125] Generating lib/cmdline.sym_chk with a custom command (wrapped by meson to capture output)
[359/3125] Generating lib/compressdev.sym_chk with a custom command (wrapped by meson to capture output)
[360/3125] Generating lib/power.sym_chk with a custom command (wrapped by meson to capture output)
[361/3125] Generating lib/vhost.sym_chk with a custom command (wrapped by meson to capture output)
[362/3125] Generating lib/eventdev.sym_chk with a custom command (wrapped by meson to capture output)
[363/3125] Generating lib/cryptodev.sym_chk with a custom command (wrapped by meson to capture output)
[364/3125] Generating lib/ethdev.sym_chk with a custom command (wrapped by meson to capture output)
ninja: build stopped: subcommand failed.
==== End log output ====
Ubuntu 20.04 ARM GCC Native
Kernel: 5.4.0-53-generic
Compiler: gcc 9.3
Ubuntu 20.04 ARM Clang Cross Compile
Kernel: 5.4.0-72-generic
Compiler: clang version 10.0.0-4ubuntu1
Ubuntu 20.04 ARM Clang Native
Kernel: 5.4.0-53-generic
Compiler: clang 10.0.0-4ubuntu1
Windows Server 2019
Kernel: 10.0
Compiler: clang 14.0 and gcc 8.1.0 (MinGW)
FreeBSD 13
Kernel: 13.0
Compiler: clang 11.0.1
Ubuntu 20.04 aarch32 GCC Cross Compile
Kernel: 5.4.0-72-generic
Compiler: gcc 9.3.0
Ubuntu 22.04
Kernel: Container Host Kernel
Compiler: clang 14.0.5-1.fc36
CentOS Stream 8
Kernel: 4.18.0-240.10.1.el8_3.x86_64
Compiler: gcc 8.4.1 20200928
CentOS Stream 9
Kernel: 4.18.0-240.10.1.el8_3.x86_64
Compiler: gcc 11.3.1 20220421
Debian Buster
Kernel: 5.4.0-122-generic
Compiler: gcc 8.3.0-6
Debian Bullseye
Kernel: 5.4.0-122-generic
Compiler: gcc 10.2.1-6
Ubuntu 20.04 ARM GCC Cross Compile
Kernel: 5.4.0-72-generic
Compiler: aarch64-linux-gnu-gcc (Ubuntu 9.3.0-17ubuntu1~20.04) 9.3.0
RHEL 7
Kernel: 4.18.0-240.10.1.el8_3.x86_64
Compiler: gcc 4.8.5 20150623 (Red Hat 4.8.5-44)
openSUSE Leap 15
Kernel: 4.18.0-240.10.1.el8_3.x86_64
Compiler: gcc 7.5.0
Ubuntu 20.04
Kernel: 4.18.0-240.10.1.el8_3.x86_64
Compiler: gcc 9.3.0-17ubuntu1~20.04
RHEL8
Kernel: 4.18.0-240.10.1.el8_3.x86_64
Compiler: gcc 8.3.1 20191121 (Red Hat 8.3.1-5)
To view detailed results, visit:
https://lab.dpdk.org/results/dashboard/patchsets/24932/
UNH-IOL DPDK Community Lab
To manage your email subscriptions, visit:
https://lab.dpdk.org/results/dashboard/preferences/subscriptions/
^ permalink raw reply [flat|nested] 15+ messages in thread
* |FAILURE| pw121794-121797 [PATCH] [v5, 4/4] eal: add PMU support to tracing library
@ 2023-01-11 1:39 dpdklab
0 siblings, 0 replies; 15+ messages in thread
From: dpdklab @ 2023-01-11 1:39 UTC (permalink / raw)
To: Test Report
Cc: Tomasz Duszynski, dpdklab, David Marchand, Thomas Monjalon,
Tomasz Duszynski
[-- Attachment #1: Type: text/plain, Size: 7628 bytes --]
Test-Label: iol-testing
Test-Status: FAILURE
http://dpdk.org/patch/121797
_Testing issues_
Submitter: Tomasz Duszynski <tduszynski@marvell.com>
Date: Tuesday, January 10 2023 23:46:42
DPDK git baseline: Repo:dpdk
Branch: master
CommitID:fe2c18a0a8b22703dec3add385a371ad819d7872
121794-121797 --> testing fail
Test environment and result as below:
+----------------------------------------+--------------------+----------------------+----------------+
| Environment | dpdk_meson_compile | dpdk_mingw64_compile | dpdk_unit_test |
+========================================+====================+======================+================+
| Ubuntu 20.04 ARM GCC Native | PASS | SKIPPED | PASS |
+----------------------------------------+--------------------+----------------------+----------------+
| Ubuntu 20.04 ARM Clang Cross Compile | FAIL | SKIPPED | SKIPPED |
+----------------------------------------+--------------------+----------------------+----------------+
| Ubuntu 20.04 ARM Clang Native | FAIL | SKIPPED | FAIL |
+----------------------------------------+--------------------+----------------------+----------------+
| Windows Server 2019 | PASS | PASS | PASS |
+----------------------------------------+--------------------+----------------------+----------------+
| FreeBSD 13 | PASS | SKIPPED | SKIPPED |
+----------------------------------------+--------------------+----------------------+----------------+
| Ubuntu 20.04 aarch32 GCC Cross Compile | PASS | SKIPPED | SKIPPED |
+----------------------------------------+--------------------+----------------------+----------------+
| Ubuntu 22.04 | PASS | SKIPPED | PASS |
+----------------------------------------+--------------------+----------------------+----------------+
| CentOS Stream 8 | PASS | SKIPPED | PASS |
+----------------------------------------+--------------------+----------------------+----------------+
| CentOS Stream 9 | PASS | SKIPPED | PASS |
+----------------------------------------+--------------------+----------------------+----------------+
| Debian Buster | PASS | SKIPPED | PASS |
+----------------------------------------+--------------------+----------------------+----------------+
| Debian Bullseye | PASS | SKIPPED | PASS |
+----------------------------------------+--------------------+----------------------+----------------+
| Ubuntu 20.04 ARM GCC Cross Compile | PASS | SKIPPED | SKIPPED |
+----------------------------------------+--------------------+----------------------+----------------+
| RHEL 7 | PASS | SKIPPED | SKIPPED |
+----------------------------------------+--------------------+----------------------+----------------+
| openSUSE Leap 15 | PASS | SKIPPED | SKIPPED |
+----------------------------------------+--------------------+----------------------+----------------+
| Ubuntu 20.04 | PASS | SKIPPED | PASS |
+----------------------------------------+--------------------+----------------------+----------------+
| RHEL8 | PASS | SKIPPED | SKIPPED |
+----------------------------------------+--------------------+----------------------+----------------+
==== 20 line log output for Ubuntu 20.04 ARM Clang Native (dpdk_unit_test): ====
[346/3125] Generating lib/rib.sym_chk with a custom command (wrapped by meson to capture output)
[347/3125] Generating lib/rawdev.sym_chk with a custom command (wrapped by meson to capture output)
[348/3125] Generating lib/sched.sym_chk with a custom command (wrapped by meson to capture output)
[349/3125] Generating lib/mbuf.sym_chk with a custom command (wrapped by meson to capture output)
[350/3125] Generating lib/security.sym_chk with a custom command (wrapped by meson to capture output)
[351/3125] Generating lib/dmadev.sym_chk with a custom command (wrapped by meson to capture output)
[352/3125] Generating lib/bbdev.sym_chk with a custom command (wrapped by meson to capture output)
[353/3125] Generating lib/port.sym_chk with a custom command (wrapped by meson to capture output)
[354/3125] Generating lib/hash.sym_chk with a custom command (wrapped by meson to capture output)
[355/3125] Generating lib/mempool.sym_chk with a custom command (wrapped by meson to capture output)
[356/3125] Generating lib/regexdev.sym_chk with a custom command (wrapped by meson to capture output)
[357/3125] Generating lib/gpudev.sym_chk with a custom command (wrapped by meson to capture output)
[358/3125] Generating lib/cmdline.sym_chk with a custom command (wrapped by meson to capture output)
[359/3125] Generating lib/compressdev.sym_chk with a custom command (wrapped by meson to capture output)
[360/3125] Generating lib/power.sym_chk with a custom command (wrapped by meson to capture output)
[361/3125] Generating lib/vhost.sym_chk with a custom command (wrapped by meson to capture output)
[362/3125] Generating lib/eventdev.sym_chk with a custom command (wrapped by meson to capture output)
[363/3125] Generating lib/cryptodev.sym_chk with a custom command (wrapped by meson to capture output)
[364/3125] Generating lib/ethdev.sym_chk with a custom command (wrapped by meson to capture output)
ninja: build stopped: subcommand failed.
==== End log output ====
Ubuntu 20.04 ARM GCC Native
Kernel: 5.4.0-53-generic
Compiler: gcc 9.3
Ubuntu 20.04 ARM Clang Cross Compile
Kernel: 5.4.0-72-generic
Compiler: clang version 10.0.0-4ubuntu1
Ubuntu 20.04 ARM Clang Native
Kernel: 5.4.0-53-generic
Compiler: clang 10.0.0-4ubuntu1
Windows Server 2019
Kernel: 10.0
Compiler: clang 14.0 and gcc 8.1.0 (MinGW)
FreeBSD 13
Kernel: 13.0
Compiler: clang 11.0.1
Ubuntu 20.04 aarch32 GCC Cross Compile
Kernel: 5.4.0-72-generic
Compiler: gcc 9.3.0
Ubuntu 22.04
Kernel: Container Host Kernel
Compiler: clang 14.0.5-1.fc36
CentOS Stream 8
Kernel: 4.18.0-240.10.1.el8_3.x86_64
Compiler: gcc 8.4.1 20200928
CentOS Stream 9
Kernel: 4.18.0-240.10.1.el8_3.x86_64
Compiler: gcc 11.3.1 20220421
Debian Buster
Kernel: 5.4.0-122-generic
Compiler: gcc 8.3.0-6
Debian Bullseye
Kernel: 5.4.0-122-generic
Compiler: gcc 10.2.1-6
Ubuntu 20.04 ARM GCC Cross Compile
Kernel: 5.4.0-72-generic
Compiler: aarch64-linux-gnu-gcc (Ubuntu 9.3.0-17ubuntu1~20.04) 9.3.0
RHEL 7
Kernel: 4.18.0-240.10.1.el8_3.x86_64
Compiler: gcc 4.8.5 20150623 (Red Hat 4.8.5-44)
openSUSE Leap 15
Kernel: 4.18.0-240.10.1.el8_3.x86_64
Compiler: gcc 7.5.0
Ubuntu 20.04
Kernel: 4.18.0-240.10.1.el8_3.x86_64
Compiler: gcc 9.3.0-17ubuntu1~20.04
RHEL8
Kernel: 4.18.0-240.10.1.el8_3.x86_64
Compiler: gcc 8.3.1 20191121 (Red Hat 8.3.1-5)
To view detailed results, visit:
https://lab.dpdk.org/results/dashboard/patchsets/24932/
UNH-IOL DPDK Community Lab
To manage your email subscriptions, visit:
https://lab.dpdk.org/results/dashboard/preferences/subscriptions/
^ permalink raw reply [flat|nested] 15+ messages in thread
* |FAILURE| pw121794-121797 [PATCH] [v5, 4/4] eal: add PMU support to tracing library
@ 2023-01-11 1:36 dpdklab
0 siblings, 0 replies; 15+ messages in thread
From: dpdklab @ 2023-01-11 1:36 UTC (permalink / raw)
To: Test Report; +Cc: dpdklab, David Marchand, Thomas Monjalon, Tomasz Duszynski
[-- Attachment #1: Type: text/plain, Size: 7628 bytes --]
Test-Label: iol-testing
Test-Status: FAILURE
http://dpdk.org/patch/121797
_Testing issues_
Submitter: Tomasz Duszynski <tduszynski@marvell.com>
Date: Tuesday, January 10 2023 23:46:42
DPDK git baseline: Repo:dpdk
Branch: master
CommitID:fe2c18a0a8b22703dec3add385a371ad819d7872
121794-121797 --> testing fail
Test environment and result as below:
+----------------------------------------+--------------------+----------------------+----------------+
| Environment | dpdk_meson_compile | dpdk_mingw64_compile | dpdk_unit_test |
+========================================+====================+======================+================+
| Ubuntu 20.04 ARM GCC Native | PASS | SKIPPED | PASS |
+----------------------------------------+--------------------+----------------------+----------------+
| Ubuntu 20.04 ARM Clang Cross Compile | FAIL | SKIPPED | SKIPPED |
+----------------------------------------+--------------------+----------------------+----------------+
| Ubuntu 20.04 ARM Clang Native | FAIL | SKIPPED | FAIL |
+----------------------------------------+--------------------+----------------------+----------------+
| Windows Server 2019 | PASS | PASS | PASS |
+----------------------------------------+--------------------+----------------------+----------------+
| FreeBSD 13 | PASS | SKIPPED | SKIPPED |
+----------------------------------------+--------------------+----------------------+----------------+
| Ubuntu 20.04 aarch32 GCC Cross Compile | PASS | SKIPPED | SKIPPED |
+----------------------------------------+--------------------+----------------------+----------------+
| Ubuntu 22.04 | PASS | SKIPPED | PASS |
+----------------------------------------+--------------------+----------------------+----------------+
| CentOS Stream 8 | PASS | SKIPPED | PASS |
+----------------------------------------+--------------------+----------------------+----------------+
| CentOS Stream 9 | PASS | SKIPPED | PASS |
+----------------------------------------+--------------------+----------------------+----------------+
| Debian Buster | PASS | SKIPPED | SKIPPED |
+----------------------------------------+--------------------+----------------------+----------------+
| Debian Bullseye | PASS | SKIPPED | PASS |
+----------------------------------------+--------------------+----------------------+----------------+
| Ubuntu 20.04 ARM GCC Cross Compile | PASS | SKIPPED | SKIPPED |
+----------------------------------------+--------------------+----------------------+----------------+
| RHEL 7 | PASS | SKIPPED | SKIPPED |
+----------------------------------------+--------------------+----------------------+----------------+
| openSUSE Leap 15 | PASS | SKIPPED | SKIPPED |
+----------------------------------------+--------------------+----------------------+----------------+
| Ubuntu 20.04 | PASS | SKIPPED | PASS |
+----------------------------------------+--------------------+----------------------+----------------+
| RHEL8 | PASS | SKIPPED | SKIPPED |
+----------------------------------------+--------------------+----------------------+----------------+
==== 20 line log output for Ubuntu 20.04 ARM Clang Native (dpdk_unit_test): ====
[346/3125] Generating lib/rib.sym_chk with a custom command (wrapped by meson to capture output)
[347/3125] Generating lib/rawdev.sym_chk with a custom command (wrapped by meson to capture output)
[348/3125] Generating lib/sched.sym_chk with a custom command (wrapped by meson to capture output)
[349/3125] Generating lib/mbuf.sym_chk with a custom command (wrapped by meson to capture output)
[350/3125] Generating lib/security.sym_chk with a custom command (wrapped by meson to capture output)
[351/3125] Generating lib/dmadev.sym_chk with a custom command (wrapped by meson to capture output)
[352/3125] Generating lib/bbdev.sym_chk with a custom command (wrapped by meson to capture output)
[353/3125] Generating lib/port.sym_chk with a custom command (wrapped by meson to capture output)
[354/3125] Generating lib/hash.sym_chk with a custom command (wrapped by meson to capture output)
[355/3125] Generating lib/mempool.sym_chk with a custom command (wrapped by meson to capture output)
[356/3125] Generating lib/regexdev.sym_chk with a custom command (wrapped by meson to capture output)
[357/3125] Generating lib/gpudev.sym_chk with a custom command (wrapped by meson to capture output)
[358/3125] Generating lib/cmdline.sym_chk with a custom command (wrapped by meson to capture output)
[359/3125] Generating lib/compressdev.sym_chk with a custom command (wrapped by meson to capture output)
[360/3125] Generating lib/power.sym_chk with a custom command (wrapped by meson to capture output)
[361/3125] Generating lib/vhost.sym_chk with a custom command (wrapped by meson to capture output)
[362/3125] Generating lib/eventdev.sym_chk with a custom command (wrapped by meson to capture output)
[363/3125] Generating lib/cryptodev.sym_chk with a custom command (wrapped by meson to capture output)
[364/3125] Generating lib/ethdev.sym_chk with a custom command (wrapped by meson to capture output)
ninja: build stopped: subcommand failed.
==== End log output ====
Ubuntu 20.04 ARM GCC Native
Kernel: 5.4.0-53-generic
Compiler: gcc 9.3
Ubuntu 20.04 ARM Clang Cross Compile
Kernel: 5.4.0-72-generic
Compiler: clang version 10.0.0-4ubuntu1
Ubuntu 20.04 ARM Clang Native
Kernel: 5.4.0-53-generic
Compiler: clang 10.0.0-4ubuntu1
Windows Server 2019
Kernel: 10.0
Compiler: clang 14.0 and gcc 8.1.0 (MinGW)
FreeBSD 13
Kernel: 13.0
Compiler: clang 11.0.1
Ubuntu 20.04 aarch32 GCC Cross Compile
Kernel: 5.4.0-72-generic
Compiler: gcc 9.3.0
Ubuntu 22.04
Kernel: Container Host Kernel
Compiler: clang 14.0.5-1.fc36
CentOS Stream 8
Kernel: 4.18.0-240.10.1.el8_3.x86_64
Compiler: gcc 8.4.1 20200928
CentOS Stream 9
Kernel: 4.18.0-240.10.1.el8_3.x86_64
Compiler: gcc 11.3.1 20220421
Debian Buster
Kernel: 5.4.0-122-generic
Compiler: gcc 8.3.0-6
Debian Bullseye
Kernel: 5.4.0-122-generic
Compiler: gcc 10.2.1-6
Ubuntu 20.04 ARM GCC Cross Compile
Kernel: 5.4.0-72-generic
Compiler: aarch64-linux-gnu-gcc (Ubuntu 9.3.0-17ubuntu1~20.04) 9.3.0
RHEL 7
Kernel: 4.18.0-240.10.1.el8_3.x86_64
Compiler: gcc 4.8.5 20150623 (Red Hat 4.8.5-44)
openSUSE Leap 15
Kernel: 4.18.0-240.10.1.el8_3.x86_64
Compiler: gcc 7.5.0
Ubuntu 20.04
Kernel: 4.18.0-240.10.1.el8_3.x86_64
Compiler: gcc 9.3.0-17ubuntu1~20.04
RHEL8
Kernel: 4.18.0-240.10.1.el8_3.x86_64
Compiler: gcc 8.3.1 20191121 (Red Hat 8.3.1-5)
To view detailed results, visit:
https://lab.dpdk.org/results/dashboard/patchsets/24932/
UNH-IOL DPDK Community Lab
To manage your email subscriptions, visit:
https://lab.dpdk.org/results/dashboard/preferences/subscriptions/
^ permalink raw reply [flat|nested] 15+ messages in thread
* |FAILURE| pw121794-121797 [PATCH] [v5, 4/4] eal: add PMU support to tracing library
@ 2023-01-11 1:33 dpdklab
0 siblings, 0 replies; 15+ messages in thread
From: dpdklab @ 2023-01-11 1:33 UTC (permalink / raw)
To: Test Report; +Cc: dpdklab, David Marchand, Thomas Monjalon, Tomasz Duszynski
[-- Attachment #1: Type: text/plain, Size: 3509 bytes --]
Test-Label: iol-aarch64-unit-testing
Test-Status: FAILURE
http://dpdk.org/patch/121797
_Testing issues_
Submitter: Tomasz Duszynski <tduszynski@marvell.com>
Date: Tuesday, January 10 2023 23:46:42
DPDK git baseline: Repo:dpdk
Branch: master
CommitID:fe2c18a0a8b22703dec3add385a371ad819d7872
121794-121797 --> testing fail
Test environment and result as below:
+-------------------------------+----------------+--------------+
| Environment | dpdk_unit_test | lpm_autotest |
+===============================+================+==============+
| Ubuntu 20.04 ARM GCC Native | PASS | SKIPPED |
+-------------------------------+----------------+--------------+
| Ubuntu 20.04 ARM Clang Native | FAIL | SKIPPED |
+-------------------------------+----------------+--------------+
| Ubuntu 20.04 ARM SVE | SKIPPED | PASS |
+-------------------------------+----------------+--------------+
==== 20 line log output for Ubuntu 20.04 ARM Clang Native (dpdk_unit_test): ====
[346/3125] Generating lib/rib.sym_chk with a custom command (wrapped by meson to capture output)
[347/3125] Generating lib/rawdev.sym_chk with a custom command (wrapped by meson to capture output)
[348/3125] Generating lib/sched.sym_chk with a custom command (wrapped by meson to capture output)
[349/3125] Generating lib/mbuf.sym_chk with a custom command (wrapped by meson to capture output)
[350/3125] Generating lib/security.sym_chk with a custom command (wrapped by meson to capture output)
[351/3125] Generating lib/dmadev.sym_chk with a custom command (wrapped by meson to capture output)
[352/3125] Generating lib/bbdev.sym_chk with a custom command (wrapped by meson to capture output)
[353/3125] Generating lib/port.sym_chk with a custom command (wrapped by meson to capture output)
[354/3125] Generating lib/hash.sym_chk with a custom command (wrapped by meson to capture output)
[355/3125] Generating lib/mempool.sym_chk with a custom command (wrapped by meson to capture output)
[356/3125] Generating lib/regexdev.sym_chk with a custom command (wrapped by meson to capture output)
[357/3125] Generating lib/gpudev.sym_chk with a custom command (wrapped by meson to capture output)
[358/3125] Generating lib/cmdline.sym_chk with a custom command (wrapped by meson to capture output)
[359/3125] Generating lib/compressdev.sym_chk with a custom command (wrapped by meson to capture output)
[360/3125] Generating lib/power.sym_chk with a custom command (wrapped by meson to capture output)
[361/3125] Generating lib/vhost.sym_chk with a custom command (wrapped by meson to capture output)
[362/3125] Generating lib/eventdev.sym_chk with a custom command (wrapped by meson to capture output)
[363/3125] Generating lib/cryptodev.sym_chk with a custom command (wrapped by meson to capture output)
[364/3125] Generating lib/ethdev.sym_chk with a custom command (wrapped by meson to capture output)
ninja: build stopped: subcommand failed.
==== End log output ====
Ubuntu 20.04 ARM GCC Native
Kernel: 5.4.0-53-generic
Compiler: gcc 9.3
Ubuntu 20.04 ARM Clang Native
Kernel: 5.4.0-53-generic
Compiler: clang 10.0.0-4ubuntu1
Ubuntu 20.04 ARM SVE
Kernel: 5.4.0-80-generic
Compiler: gcc 10.3.0 (Ubuntu 10.3.0-1ubuntu1~20.04)
To view detailed results, visit:
https://lab.dpdk.org/results/dashboard/patchsets/24932/
UNH-IOL DPDK Community Lab
To manage your email subscriptions, visit:
https://lab.dpdk.org/results/dashboard/preferences/subscriptions/
^ permalink raw reply [flat|nested] 15+ messages in thread
* |FAILURE| pw121794-121797 [PATCH] [v5, 4/4] eal: add PMU support to tracing library
@ 2023-01-11 1:27 dpdklab
0 siblings, 0 replies; 15+ messages in thread
From: dpdklab @ 2023-01-11 1:27 UTC (permalink / raw)
To: Test Report; +Cc: dpdklab, David Marchand, Thomas Monjalon, Tomasz Duszynski
[-- Attachment #1: Type: text/plain, Size: 2352 bytes --]
Test-Label: iol-x86_64-compile-testing
Test-Status: FAILURE
http://dpdk.org/patch/121797
_Testing issues_
Submitter: Tomasz Duszynski <tduszynski@marvell.com>
Date: Tuesday, January 10 2023 23:46:42
DPDK git baseline: Repo:dpdk
Branch: master
CommitID:fe2c18a0a8b22703dec3add385a371ad819d7872
121794-121797 --> testing fail
Test environment and result as below:
+------------------+--------------------+
| Environment | dpdk_meson_compile |
+==================+====================+
| FreeBSD 13 | PASS |
+------------------+--------------------+
| Ubuntu 22.04 | PASS |
+------------------+--------------------+
| CentOS Stream 8 | PASS |
+------------------+--------------------+
| CentOS Stream 9 | PASS |
+------------------+--------------------+
| Debian Buster | PASS |
+------------------+--------------------+
| Debian Bullseye | PASS |
+------------------+--------------------+
| RHEL 7 | PASS |
+------------------+--------------------+
| openSUSE Leap 15 | PASS |
+------------------+--------------------+
| Ubuntu 20.04 | PASS |
+------------------+--------------------+
| RHEL8 | PASS |
+------------------+--------------------+
FreeBSD 13
Kernel: 13.0
Compiler: clang 11.0.1
Ubuntu 22.04
Kernel: Container Host Kernel
Compiler: clang 14.0.5-1.fc36
CentOS Stream 8
Kernel: 4.18.0-240.10.1.el8_3.x86_64
Compiler: gcc 8.4.1 20200928
CentOS Stream 9
Kernel: 4.18.0-240.10.1.el8_3.x86_64
Compiler: gcc 11.3.1 20220421
Debian Buster
Kernel: 5.4.0-122-generic
Compiler: gcc 8.3.0-6
Debian Bullseye
Kernel: 5.4.0-122-generic
Compiler: gcc 10.2.1-6
RHEL 7
Kernel: 4.18.0-240.10.1.el8_3.x86_64
Compiler: gcc 4.8.5 20150623 (Red Hat 4.8.5-44)
openSUSE Leap 15
Kernel: 4.18.0-240.10.1.el8_3.x86_64
Compiler: gcc 7.5.0
Ubuntu 20.04
Kernel: 4.18.0-240.10.1.el8_3.x86_64
Compiler: gcc 9.3.0-17ubuntu1~20.04
RHEL8
Kernel: 4.18.0-240.10.1.el8_3.x86_64
Compiler: gcc 8.3.1 20191121 (Red Hat 8.3.1-5)
To view detailed results, visit:
https://lab.dpdk.org/results/dashboard/patchsets/24932/
UNH-IOL DPDK Community Lab
To manage your email subscriptions, visit:
https://lab.dpdk.org/results/dashboard/preferences/subscriptions/
^ permalink raw reply [flat|nested] 15+ messages in thread
* |FAILURE| pw121794-121797 [PATCH] [v5, 4/4] eal: add PMU support to tracing library
@ 2023-01-11 1:27 dpdklab
0 siblings, 0 replies; 15+ messages in thread
From: dpdklab @ 2023-01-11 1:27 UTC (permalink / raw)
To: Test Report; +Cc: dpdklab, David Marchand, Thomas Monjalon, Tomasz Duszynski
[-- Attachment #1: Type: text/plain, Size: 8295 bytes --]
Test-Label: iol-testing
Test-Status: FAILURE
http://dpdk.org/patch/121797
_Testing issues_
Submitter: Tomasz Duszynski <tduszynski@marvell.com>
Date: Tuesday, January 10 2023 23:46:42
DPDK git baseline: Repo:dpdk
Branch: master
CommitID:fe2c18a0a8b22703dec3add385a371ad819d7872
121794-121797 --> testing fail
Test environment and result as below:
+----------------------------------------+--------------------+----------------------+----------------+
| Environment | dpdk_meson_compile | dpdk_mingw64_compile | dpdk_unit_test |
+========================================+====================+======================+================+
| Ubuntu 20.04 ARM GCC Native | PASS | SKIPPED | PASS |
+----------------------------------------+--------------------+----------------------+----------------+
| Ubuntu 20.04 ARM Clang Cross Compile | FAIL | SKIPPED | SKIPPED |
+----------------------------------------+--------------------+----------------------+----------------+
| Ubuntu 20.04 ARM Clang Native | FAIL | SKIPPED | FAIL |
+----------------------------------------+--------------------+----------------------+----------------+
| Windows Server 2019 | PASS | PASS | PASS |
+----------------------------------------+--------------------+----------------------+----------------+
| FreeBSD 13 | PASS | SKIPPED | SKIPPED |
+----------------------------------------+--------------------+----------------------+----------------+
| Ubuntu 20.04 aarch32 GCC Cross Compile | PASS | SKIPPED | SKIPPED |
+----------------------------------------+--------------------+----------------------+----------------+
| Ubuntu 22.04 | PASS | SKIPPED | FAIL |
+----------------------------------------+--------------------+----------------------+----------------+
| CentOS Stream 8 | PASS | SKIPPED | PASS |
+----------------------------------------+--------------------+----------------------+----------------+
| CentOS Stream 9 | PASS | SKIPPED | PASS |
+----------------------------------------+--------------------+----------------------+----------------+
| Debian Buster | PASS | SKIPPED | SKIPPED |
+----------------------------------------+--------------------+----------------------+----------------+
| Debian Bullseye | PASS | SKIPPED | SKIPPED |
+----------------------------------------+--------------------+----------------------+----------------+
| Ubuntu 20.04 ARM GCC Cross Compile | PASS | SKIPPED | SKIPPED |
+----------------------------------------+--------------------+----------------------+----------------+
| RHEL 7 | PASS | SKIPPED | SKIPPED |
+----------------------------------------+--------------------+----------------------+----------------+
| openSUSE Leap 15 | PASS | SKIPPED | SKIPPED |
+----------------------------------------+--------------------+----------------------+----------------+
| Ubuntu 20.04 | PASS | SKIPPED | PASS |
+----------------------------------------+--------------------+----------------------+----------------+
| RHEL8 | PASS | SKIPPED | SKIPPED |
+----------------------------------------+--------------------+----------------------+----------------+
==== 20 line log output for Ubuntu 22.04 (dpdk_unit_test): ====
[36/3120] Compiling C object 'lib/76b5a35@@rte_eal@sta/eal_common_eal_common_options.c.o'.
[37/3120] Generating symbol file 'lib/76b5a35@@rte_telemetry@sha/librte_telemetry.so.23.1.symbols'.
[38/3120] Compiling C object 'lib/76b5a35@@rte_eal@sta/eal_common_rte_reciprocal.c.o'.
[39/3120] Compiling C object 'lib/76b5a35@@rte_eal@sta/eal_common_malloc_heap.c.o'.
[40/3120] Compiling C object 'lib/76b5a35@@rte_eal@sta/eal_common_rte_malloc.c.o'.
[41/3120] Compiling C object 'lib/76b5a35@@rte_eal@sta/eal_common_rte_random.c.o'.
[42/3120] Compiling C object 'lib/76b5a35@@rte_eal@sta/eal_common_rte_version.c.o'.
[43/3120] Compiling C object 'lib/76b5a35@@rte_eal@sta/eal_common_eal_common_cpuflags.c.o'.
[44/3120] Compiling C object 'lib/76b5a35@@rte_eal@sta/eal_common_rte_service.c.o'.
[45/3120] Compiling C object 'lib/76b5a35@@rte_eal@sta/eal_common_rte_pmu.c.o'.
FAILED: lib/76b5a35@@rte_eal@sta/eal_common_rte_pmu.c.o
clang -Ilib/76b5a35@@rte_eal@sta -Ilib -I../lib -I. -I../ -Iconfig -I../config -Ilib/eal/include -I../lib/eal/include -Ilib/eal/linux/include -I../lib/eal/linux/include -Ilib/eal/x86/include -I../lib/eal/x86/include -Ilib/eal/common -I../lib/eal/common -Ilib/eal -I../lib/eal -Ilib/kvargs -I../lib/kvargs -Ilib/telemetry/../metrics -I../lib/telemetry/../metrics -Ilib/telemetry -I../lib/telemetry -Xclang -fcolor-diagnostics -pipe -D_FILE_OFFSET_BITS=64 -Wall -Winvalid-pch -Wextra -Werror -O3 -include rte_config.h -Wcast-qual -Wdeprecated -Wformat -Wformat-nonliteral -Wformat-security -Wmissing-declarations -Wmissing-prototypes -Wnested-externs -Wold-style-definition -Wpointer-arith -Wsign-compare -Wstrict-prototypes -Wundef -Wwrite-strings -Wno-address-of-packed-member -Wno-missing-field-initializers -D_GNU_SOURCE -fPIC -march=native -DALLOW_EXPERIMENTAL_API -DALLOW_INTERNAL_API '-DABI_VERSION="23.1"' -DRTE_LIBEAL_USE_GETENTROPY -DRTE_LOG_DEFAULT_LOGTYPE=lib.eal -MD -MQ 'lib/76b5a35@@rte_eal@sta/eal_common_rte_pmu.c.o' -MF 'lib/76b5a35@@rte_eal@sta/eal_common_rte_pmu.c.o.d' -o 'lib/76b5a35@@rte_eal@sta/eal_common_rte_pmu.c.o' -c ../lib/eal/common/rte_pmu.c
../lib/eal/common/rte_pmu.c:255:13: error: comparison of array 'group->fds' equal to a null pointer is always false [-Werror,-Wtautological-pointer-compare]
if (group->fds == NULL)
~~~~~~~^~~ ~~~~
1 error generated.
[46/3120] Compiling C object 'lib/76b5a35@@rte_eal@sta/eal_common_eal_common_dynmem.c.o'.
[47/3120] Compiling C object 'lib/76b5a35@@rte_eal@sta/eal_common_eal_common_hypervisor.c.o'.
[48/3120] Compiling C object 'lib/76b5a35@@rte_eal@sta/eal_common_eal_common_proc.c.o'.
ninja: build stopped: subcommand failed.
==== End log output ====
Ubuntu 20.04 ARM GCC Native
Kernel: 5.4.0-53-generic
Compiler: gcc 9.3
Ubuntu 20.04 ARM Clang Cross Compile
Kernel: 5.4.0-72-generic
Compiler: clang version 10.0.0-4ubuntu1
Ubuntu 20.04 ARM Clang Native
Kernel: 5.4.0-53-generic
Compiler: clang 10.0.0-4ubuntu1
Windows Server 2019
Kernel: 10.0
Compiler: clang 14.0 and gcc 8.1.0 (MinGW)
FreeBSD 13
Kernel: 13.0
Compiler: clang 11.0.1
Ubuntu 20.04 aarch32 GCC Cross Compile
Kernel: 5.4.0-72-generic
Compiler: gcc 9.3.0
Ubuntu 22.04
Kernel: Container Host Kernel
Compiler: clang 14.0.5-1.fc36
CentOS Stream 8
Kernel: 4.18.0-240.10.1.el8_3.x86_64
Compiler: gcc 8.4.1 20200928
CentOS Stream 9
Kernel: 4.18.0-240.10.1.el8_3.x86_64
Compiler: gcc 11.3.1 20220421
Debian Buster
Kernel: 5.4.0-122-generic
Compiler: gcc 8.3.0-6
Debian Bullseye
Kernel: 5.4.0-122-generic
Compiler: gcc 10.2.1-6
Ubuntu 20.04 ARM GCC Cross Compile
Kernel: 5.4.0-72-generic
Compiler: aarch64-linux-gnu-gcc (Ubuntu 9.3.0-17ubuntu1~20.04) 9.3.0
RHEL 7
Kernel: 4.18.0-240.10.1.el8_3.x86_64
Compiler: gcc 4.8.5 20150623 (Red Hat 4.8.5-44)
openSUSE Leap 15
Kernel: 4.18.0-240.10.1.el8_3.x86_64
Compiler: gcc 7.5.0
Ubuntu 20.04
Kernel: 4.18.0-240.10.1.el8_3.x86_64
Compiler: gcc 9.3.0-17ubuntu1~20.04
RHEL8
Kernel: 4.18.0-240.10.1.el8_3.x86_64
Compiler: gcc 8.3.1 20191121 (Red Hat 8.3.1-5)
To view detailed results, visit:
https://lab.dpdk.org/results/dashboard/patchsets/24932/
UNH-IOL DPDK Community Lab
To manage your email subscriptions, visit:
https://lab.dpdk.org/results/dashboard/preferences/subscriptions/
^ permalink raw reply [flat|nested] 15+ messages in thread
* |FAILURE| pw121794-121797 [PATCH] [v5, 4/4] eal: add PMU support to tracing library
@ 2023-01-11 1:16 dpdklab
0 siblings, 0 replies; 15+ messages in thread
From: dpdklab @ 2023-01-11 1:16 UTC (permalink / raw)
To: Test Report; +Cc: dpdklab, David Marchand, Thomas Monjalon, Tomasz Duszynski
[-- Attachment #1: Type: text/plain, Size: 7412 bytes --]
Test-Label: iol-testing
Test-Status: FAILURE
http://dpdk.org/patch/121797
_Testing issues_
Submitter: Tomasz Duszynski <tduszynski@marvell.com>
Date: Tuesday, January 10 2023 23:46:42
DPDK git baseline: Repo:dpdk
Branch: master
CommitID:fe2c18a0a8b22703dec3add385a371ad819d7872
121794-121797 --> testing fail
Test environment and result as below:
+----------------------------------------+--------------------+----------------------+----------------+
| Environment | dpdk_meson_compile | dpdk_mingw64_compile | dpdk_unit_test |
+========================================+====================+======================+================+
| Ubuntu 20.04 ARM GCC Native | PASS | SKIPPED | PASS |
+----------------------------------------+--------------------+----------------------+----------------+
| Ubuntu 20.04 ARM Clang Cross Compile | FAIL | SKIPPED | SKIPPED |
+----------------------------------------+--------------------+----------------------+----------------+
| Ubuntu 20.04 ARM Clang Native | FAIL | SKIPPED | FAIL |
+----------------------------------------+--------------------+----------------------+----------------+
| Windows Server 2019 | PASS | PASS | PASS |
+----------------------------------------+--------------------+----------------------+----------------+
| FreeBSD 13 | PASS | SKIPPED | SKIPPED |
+----------------------------------------+--------------------+----------------------+----------------+
| Ubuntu 20.04 aarch32 GCC Cross Compile | PASS | SKIPPED | SKIPPED |
+----------------------------------------+--------------------+----------------------+----------------+
| Ubuntu 22.04 | PASS | SKIPPED | FAIL |
+----------------------------------------+--------------------+----------------------+----------------+
| CentOS Stream 8 | PASS | SKIPPED | PASS |
+----------------------------------------+--------------------+----------------------+----------------+
| CentOS Stream 9 | PASS | SKIPPED | PASS |
+----------------------------------------+--------------------+----------------------+----------------+
| Debian Buster | PASS | SKIPPED | SKIPPED |
+----------------------------------------+--------------------+----------------------+----------------+
| Debian Bullseye | PASS | SKIPPED | SKIPPED |
+----------------------------------------+--------------------+----------------------+----------------+
| Ubuntu 20.04 ARM GCC Cross Compile | PASS | SKIPPED | SKIPPED |
+----------------------------------------+--------------------+----------------------+----------------+
| RHEL 7 | PASS | SKIPPED | SKIPPED |
+----------------------------------------+--------------------+----------------------+----------------+
==== 20 line log output for Ubuntu 22.04 (dpdk_unit_test): ====
[36/3120] Compiling C object 'lib/76b5a35@@rte_eal@sta/eal_common_eal_common_options.c.o'.
[37/3120] Generating symbol file 'lib/76b5a35@@rte_telemetry@sha/librte_telemetry.so.23.1.symbols'.
[38/3120] Compiling C object 'lib/76b5a35@@rte_eal@sta/eal_common_rte_reciprocal.c.o'.
[39/3120] Compiling C object 'lib/76b5a35@@rte_eal@sta/eal_common_malloc_heap.c.o'.
[40/3120] Compiling C object 'lib/76b5a35@@rte_eal@sta/eal_common_rte_malloc.c.o'.
[41/3120] Compiling C object 'lib/76b5a35@@rte_eal@sta/eal_common_rte_random.c.o'.
[42/3120] Compiling C object 'lib/76b5a35@@rte_eal@sta/eal_common_rte_version.c.o'.
[43/3120] Compiling C object 'lib/76b5a35@@rte_eal@sta/eal_common_eal_common_cpuflags.c.o'.
[44/3120] Compiling C object 'lib/76b5a35@@rte_eal@sta/eal_common_rte_service.c.o'.
[45/3120] Compiling C object 'lib/76b5a35@@rte_eal@sta/eal_common_rte_pmu.c.o'.
FAILED: lib/76b5a35@@rte_eal@sta/eal_common_rte_pmu.c.o
clang -Ilib/76b5a35@@rte_eal@sta -Ilib -I../lib -I. -I../ -Iconfig -I../config -Ilib/eal/include -I../lib/eal/include -Ilib/eal/linux/include -I../lib/eal/linux/include -Ilib/eal/x86/include -I../lib/eal/x86/include -Ilib/eal/common -I../lib/eal/common -Ilib/eal -I../lib/eal -Ilib/kvargs -I../lib/kvargs -Ilib/telemetry/../metrics -I../lib/telemetry/../metrics -Ilib/telemetry -I../lib/telemetry -Xclang -fcolor-diagnostics -pipe -D_FILE_OFFSET_BITS=64 -Wall -Winvalid-pch -Wextra -Werror -O3 -include rte_config.h -Wcast-qual -Wdeprecated -Wformat -Wformat-nonliteral -Wformat-security -Wmissing-declarations -Wmissing-prototypes -Wnested-externs -Wold-style-definition -Wpointer-arith -Wsign-compare -Wstrict-prototypes -Wundef -Wwrite-strings -Wno-address-of-packed-member -Wno-missing-field-initializers -D_GNU_SOURCE -fPIC -march=native -DALLOW_EXPERIMENTAL_API -DALLOW_INTERNAL_API '-DABI_VERSION="23.1"' -DRTE_LIBEAL_USE_GETENTROPY -DRTE_LOG_DEFAULT_LOGTYPE=lib.eal -MD -MQ 'lib/76b5a35@@rte_eal@sta/eal_common_rte_pmu.c.o' -MF 'lib/76b5a35@@rte_eal@sta/eal_common_rte_pmu.c.o.d' -o 'lib/76b5a35@@rte_eal@sta/eal_common_rte_pmu.c.o' -c ../lib/eal/common/rte_pmu.c
../lib/eal/common/rte_pmu.c:255:13: error: comparison of array 'group->fds' equal to a null pointer is always false [-Werror,-Wtautological-pointer-compare]
if (group->fds == NULL)
~~~~~~~^~~ ~~~~
1 error generated.
[46/3120] Compiling C object 'lib/76b5a35@@rte_eal@sta/eal_common_eal_common_dynmem.c.o'.
[47/3120] Compiling C object 'lib/76b5a35@@rte_eal@sta/eal_common_eal_common_hypervisor.c.o'.
[48/3120] Compiling C object 'lib/76b5a35@@rte_eal@sta/eal_common_eal_common_proc.c.o'.
ninja: build stopped: subcommand failed.
==== End log output ====
Ubuntu 20.04 ARM GCC Native
Kernel: 5.4.0-53-generic
Compiler: gcc 9.3
Ubuntu 20.04 ARM Clang Cross Compile
Kernel: 5.4.0-72-generic
Compiler: clang version 10.0.0-4ubuntu1
Ubuntu 20.04 ARM Clang Native
Kernel: 5.4.0-53-generic
Compiler: clang 10.0.0-4ubuntu1
Windows Server 2019
Kernel: 10.0
Compiler: clang 14.0 and gcc 8.1.0 (MinGW)
FreeBSD 13
Kernel: 13.0
Compiler: clang 11.0.1
Ubuntu 20.04 aarch32 GCC Cross Compile
Kernel: 5.4.0-72-generic
Compiler: gcc 9.3.0
Ubuntu 22.04
Kernel: Container Host Kernel
Compiler: clang 14.0.5-1.fc36
CentOS Stream 8
Kernel: 4.18.0-240.10.1.el8_3.x86_64
Compiler: gcc 8.4.1 20200928
CentOS Stream 9
Kernel: 4.18.0-240.10.1.el8_3.x86_64
Compiler: gcc 11.3.1 20220421
Debian Buster
Kernel: 5.4.0-122-generic
Compiler: gcc 8.3.0-6
Debian Bullseye
Kernel: 5.4.0-122-generic
Compiler: gcc 10.2.1-6
Ubuntu 20.04 ARM GCC Cross Compile
Kernel: 5.4.0-72-generic
Compiler: aarch64-linux-gnu-gcc (Ubuntu 9.3.0-17ubuntu1~20.04) 9.3.0
RHEL 7
Kernel: 4.18.0-240.10.1.el8_3.x86_64
Compiler: gcc 4.8.5 20150623 (Red Hat 4.8.5-44)
To view detailed results, visit:
https://lab.dpdk.org/results/dashboard/patchsets/24932/
UNH-IOL DPDK Community Lab
To manage your email subscriptions, visit:
https://lab.dpdk.org/results/dashboard/preferences/subscriptions/
^ permalink raw reply [flat|nested] 15+ messages in thread
* |FAILURE| pw121794-121797 [PATCH] [v5, 4/4] eal: add PMU support to tracing library
@ 2023-01-11 1:16 dpdklab
0 siblings, 0 replies; 15+ messages in thread
From: dpdklab @ 2023-01-11 1:16 UTC (permalink / raw)
To: Test Report; +Cc: dpdklab, David Marchand, Thomas Monjalon, Tomasz Duszynski
[-- Attachment #1: Type: text/plain, Size: 7412 bytes --]
Test-Label: iol-testing
Test-Status: FAILURE
http://dpdk.org/patch/121797
_Testing issues_
Submitter: Tomasz Duszynski <tduszynski@marvell.com>
Date: Tuesday, January 10 2023 23:46:42
DPDK git baseline: Repo:dpdk
Branch: master
CommitID:fe2c18a0a8b22703dec3add385a371ad819d7872
121794-121797 --> testing fail
Test environment and result as below:
+----------------------------------------+--------------------+----------------------+----------------+
| Environment | dpdk_meson_compile | dpdk_mingw64_compile | dpdk_unit_test |
+========================================+====================+======================+================+
| Ubuntu 20.04 ARM GCC Native | PASS | SKIPPED | PASS |
+----------------------------------------+--------------------+----------------------+----------------+
| Ubuntu 20.04 ARM Clang Cross Compile | FAIL | SKIPPED | SKIPPED |
+----------------------------------------+--------------------+----------------------+----------------+
| Ubuntu 20.04 ARM Clang Native | FAIL | SKIPPED | FAIL |
+----------------------------------------+--------------------+----------------------+----------------+
| Windows Server 2019 | PASS | PASS | PASS |
+----------------------------------------+--------------------+----------------------+----------------+
| FreeBSD 13 | PASS | SKIPPED | SKIPPED |
+----------------------------------------+--------------------+----------------------+----------------+
| Ubuntu 20.04 aarch32 GCC Cross Compile | PASS | SKIPPED | SKIPPED |
+----------------------------------------+--------------------+----------------------+----------------+
| Ubuntu 22.04 | PASS | SKIPPED | FAIL |
+----------------------------------------+--------------------+----------------------+----------------+
| CentOS Stream 8 | PASS | SKIPPED | PASS |
+----------------------------------------+--------------------+----------------------+----------------+
| CentOS Stream 9 | PASS | SKIPPED | PASS |
+----------------------------------------+--------------------+----------------------+----------------+
| Debian Buster | PASS | SKIPPED | SKIPPED |
+----------------------------------------+--------------------+----------------------+----------------+
| Debian Bullseye | PASS | SKIPPED | SKIPPED |
+----------------------------------------+--------------------+----------------------+----------------+
| Ubuntu 20.04 ARM GCC Cross Compile | PASS | SKIPPED | SKIPPED |
+----------------------------------------+--------------------+----------------------+----------------+
| RHEL 7 | PASS | SKIPPED | SKIPPED |
+----------------------------------------+--------------------+----------------------+----------------+
==== 20 line log output for Ubuntu 22.04 (dpdk_unit_test): ====
[36/3120] Compiling C object 'lib/76b5a35@@rte_eal@sta/eal_common_eal_common_options.c.o'.
[37/3120] Generating symbol file 'lib/76b5a35@@rte_telemetry@sha/librte_telemetry.so.23.1.symbols'.
[38/3120] Compiling C object 'lib/76b5a35@@rte_eal@sta/eal_common_rte_reciprocal.c.o'.
[39/3120] Compiling C object 'lib/76b5a35@@rte_eal@sta/eal_common_malloc_heap.c.o'.
[40/3120] Compiling C object 'lib/76b5a35@@rte_eal@sta/eal_common_rte_malloc.c.o'.
[41/3120] Compiling C object 'lib/76b5a35@@rte_eal@sta/eal_common_rte_random.c.o'.
[42/3120] Compiling C object 'lib/76b5a35@@rte_eal@sta/eal_common_rte_version.c.o'.
[43/3120] Compiling C object 'lib/76b5a35@@rte_eal@sta/eal_common_eal_common_cpuflags.c.o'.
[44/3120] Compiling C object 'lib/76b5a35@@rte_eal@sta/eal_common_rte_service.c.o'.
[45/3120] Compiling C object 'lib/76b5a35@@rte_eal@sta/eal_common_rte_pmu.c.o'.
FAILED: lib/76b5a35@@rte_eal@sta/eal_common_rte_pmu.c.o
clang -Ilib/76b5a35@@rte_eal@sta -Ilib -I../lib -I. -I../ -Iconfig -I../config -Ilib/eal/include -I../lib/eal/include -Ilib/eal/linux/include -I../lib/eal/linux/include -Ilib/eal/x86/include -I../lib/eal/x86/include -Ilib/eal/common -I../lib/eal/common -Ilib/eal -I../lib/eal -Ilib/kvargs -I../lib/kvargs -Ilib/telemetry/../metrics -I../lib/telemetry/../metrics -Ilib/telemetry -I../lib/telemetry -Xclang -fcolor-diagnostics -pipe -D_FILE_OFFSET_BITS=64 -Wall -Winvalid-pch -Wextra -Werror -O3 -include rte_config.h -Wcast-qual -Wdeprecated -Wformat -Wformat-nonliteral -Wformat-security -Wmissing-declarations -Wmissing-prototypes -Wnested-externs -Wold-style-definition -Wpointer-arith -Wsign-compare -Wstrict-prototypes -Wundef -Wwrite-strings -Wno-address-of-packed-member -Wno-missing-field-initializers -D_GNU_SOURCE -fPIC -march=native -DALLOW_EXPERIMENTAL_API -DALLOW_INTERNAL_API '-DABI_VERSION="23.1"' -DRTE_LIBEAL_USE_GETENTROPY -DRTE_LOG_DEFAULT_LOGTYPE=lib.eal -MD -MQ 'lib/76b5a35@@rte_eal@sta/eal_common_rte_pmu.c.o' -MF 'lib/76b5a35@@rte_eal@sta/eal_common_rte_pmu.c.o.d' -o 'lib/76b5a35@@rte_eal@sta/eal_common_rte_pmu.c.o' -c ../lib/eal/common/rte_pmu.c
../lib/eal/common/rte_pmu.c:255:13: error: comparison of array 'group->fds' equal to a null pointer is always false [-Werror,-Wtautological-pointer-compare]
if (group->fds == NULL)
~~~~~~~^~~ ~~~~
1 error generated.
[46/3120] Compiling C object 'lib/76b5a35@@rte_eal@sta/eal_common_eal_common_dynmem.c.o'.
[47/3120] Compiling C object 'lib/76b5a35@@rte_eal@sta/eal_common_eal_common_hypervisor.c.o'.
[48/3120] Compiling C object 'lib/76b5a35@@rte_eal@sta/eal_common_eal_common_proc.c.o'.
ninja: build stopped: subcommand failed.
==== End log output ====
Ubuntu 20.04 ARM GCC Native
Kernel: 5.4.0-53-generic
Compiler: gcc 9.3
Ubuntu 20.04 ARM Clang Cross Compile
Kernel: 5.4.0-72-generic
Compiler: clang version 10.0.0-4ubuntu1
Ubuntu 20.04 ARM Clang Native
Kernel: 5.4.0-53-generic
Compiler: clang 10.0.0-4ubuntu1
Windows Server 2019
Kernel: 10.0
Compiler: clang 14.0 and gcc 8.1.0 (MinGW)
FreeBSD 13
Kernel: 13.0
Compiler: clang 11.0.1
Ubuntu 20.04 aarch32 GCC Cross Compile
Kernel: 5.4.0-72-generic
Compiler: gcc 9.3.0
Ubuntu 22.04
Kernel: Container Host Kernel
Compiler: clang 14.0.5-1.fc36
CentOS Stream 8
Kernel: 4.18.0-240.10.1.el8_3.x86_64
Compiler: gcc 8.4.1 20200928
CentOS Stream 9
Kernel: 4.18.0-240.10.1.el8_3.x86_64
Compiler: gcc 11.3.1 20220421
Debian Buster
Kernel: 5.4.0-122-generic
Compiler: gcc 8.3.0-6
Debian Bullseye
Kernel: 5.4.0-122-generic
Compiler: gcc 10.2.1-6
Ubuntu 20.04 ARM GCC Cross Compile
Kernel: 5.4.0-72-generic
Compiler: aarch64-linux-gnu-gcc (Ubuntu 9.3.0-17ubuntu1~20.04) 9.3.0
RHEL 7
Kernel: 4.18.0-240.10.1.el8_3.x86_64
Compiler: gcc 4.8.5 20150623 (Red Hat 4.8.5-44)
To view detailed results, visit:
https://lab.dpdk.org/results/dashboard/patchsets/24932/
UNH-IOL DPDK Community Lab
To manage your email subscriptions, visit:
https://lab.dpdk.org/results/dashboard/preferences/subscriptions/
^ permalink raw reply [flat|nested] 15+ messages in thread
* |FAILURE| pw121794-121797 [PATCH] [v5, 4/4] eal: add PMU support to tracing library
@ 2023-01-11 1:16 dpdklab
0 siblings, 0 replies; 15+ messages in thread
From: dpdklab @ 2023-01-11 1:16 UTC (permalink / raw)
To: Test Report; +Cc: dpdklab, David Marchand, Thomas Monjalon, Tomasz Duszynski
[-- Attachment #1: Type: text/plain, Size: 7412 bytes --]
Test-Label: iol-testing
Test-Status: FAILURE
http://dpdk.org/patch/121797
_Testing issues_
Submitter: Tomasz Duszynski <tduszynski@marvell.com>
Date: Tuesday, January 10 2023 23:46:42
DPDK git baseline: Repo:dpdk
Branch: master
CommitID:fe2c18a0a8b22703dec3add385a371ad819d7872
121794-121797 --> testing fail
Test environment and result as below:
+----------------------------------------+--------------------+----------------------+----------------+
| Environment | dpdk_meson_compile | dpdk_mingw64_compile | dpdk_unit_test |
+========================================+====================+======================+================+
| Ubuntu 20.04 ARM GCC Native | PASS | SKIPPED | PASS |
+----------------------------------------+--------------------+----------------------+----------------+
| Ubuntu 20.04 ARM Clang Cross Compile | FAIL | SKIPPED | SKIPPED |
+----------------------------------------+--------------------+----------------------+----------------+
| Ubuntu 20.04 ARM Clang Native | FAIL | SKIPPED | FAIL |
+----------------------------------------+--------------------+----------------------+----------------+
| Windows Server 2019 | PASS | PASS | PASS |
+----------------------------------------+--------------------+----------------------+----------------+
| FreeBSD 13 | PASS | SKIPPED | SKIPPED |
+----------------------------------------+--------------------+----------------------+----------------+
| Ubuntu 20.04 aarch32 GCC Cross Compile | PASS | SKIPPED | SKIPPED |
+----------------------------------------+--------------------+----------------------+----------------+
| Ubuntu 22.04 | PASS | SKIPPED | FAIL |
+----------------------------------------+--------------------+----------------------+----------------+
| CentOS Stream 8 | PASS | SKIPPED | PASS |
+----------------------------------------+--------------------+----------------------+----------------+
| CentOS Stream 9 | PASS | SKIPPED | PASS |
+----------------------------------------+--------------------+----------------------+----------------+
| Debian Buster | PASS | SKIPPED | SKIPPED |
+----------------------------------------+--------------------+----------------------+----------------+
| Debian Bullseye | PASS | SKIPPED | SKIPPED |
+----------------------------------------+--------------------+----------------------+----------------+
| Ubuntu 20.04 ARM GCC Cross Compile | PASS | SKIPPED | SKIPPED |
+----------------------------------------+--------------------+----------------------+----------------+
| RHEL 7 | PASS | SKIPPED | SKIPPED |
+----------------------------------------+--------------------+----------------------+----------------+
==== 20 line log output for Ubuntu 22.04 (dpdk_unit_test): ====
[36/3120] Compiling C object 'lib/76b5a35@@rte_eal@sta/eal_common_eal_common_options.c.o'.
[37/3120] Generating symbol file 'lib/76b5a35@@rte_telemetry@sha/librte_telemetry.so.23.1.symbols'.
[38/3120] Compiling C object 'lib/76b5a35@@rte_eal@sta/eal_common_rte_reciprocal.c.o'.
[39/3120] Compiling C object 'lib/76b5a35@@rte_eal@sta/eal_common_malloc_heap.c.o'.
[40/3120] Compiling C object 'lib/76b5a35@@rte_eal@sta/eal_common_rte_malloc.c.o'.
[41/3120] Compiling C object 'lib/76b5a35@@rte_eal@sta/eal_common_rte_random.c.o'.
[42/3120] Compiling C object 'lib/76b5a35@@rte_eal@sta/eal_common_rte_version.c.o'.
[43/3120] Compiling C object 'lib/76b5a35@@rte_eal@sta/eal_common_eal_common_cpuflags.c.o'.
[44/3120] Compiling C object 'lib/76b5a35@@rte_eal@sta/eal_common_rte_service.c.o'.
[45/3120] Compiling C object 'lib/76b5a35@@rte_eal@sta/eal_common_rte_pmu.c.o'.
FAILED: lib/76b5a35@@rte_eal@sta/eal_common_rte_pmu.c.o
clang -Ilib/76b5a35@@rte_eal@sta -Ilib -I../lib -I. -I../ -Iconfig -I../config -Ilib/eal/include -I../lib/eal/include -Ilib/eal/linux/include -I../lib/eal/linux/include -Ilib/eal/x86/include -I../lib/eal/x86/include -Ilib/eal/common -I../lib/eal/common -Ilib/eal -I../lib/eal -Ilib/kvargs -I../lib/kvargs -Ilib/telemetry/../metrics -I../lib/telemetry/../metrics -Ilib/telemetry -I../lib/telemetry -Xclang -fcolor-diagnostics -pipe -D_FILE_OFFSET_BITS=64 -Wall -Winvalid-pch -Wextra -Werror -O3 -include rte_config.h -Wcast-qual -Wdeprecated -Wformat -Wformat-nonliteral -Wformat-security -Wmissing-declarations -Wmissing-prototypes -Wnested-externs -Wold-style-definition -Wpointer-arith -Wsign-compare -Wstrict-prototypes -Wundef -Wwrite-strings -Wno-address-of-packed-member -Wno-missing-field-initializers -D_GNU_SOURCE -fPIC -march=native -DALLOW_EXPERIMENTAL_API -DALLOW_INTERNAL_API '-DABI_VERSION="23.1"' -DRTE_LIBEAL_USE_GETENTROPY -DRTE_LOG_DEFAULT_LOGTYPE=lib.eal -MD -MQ 'lib/76b5a35@@rte_eal@sta/eal_common_rte_pmu.c.o' -MF 'lib/76b5a35@@rte_eal@sta/eal_common_rte_pmu.c.o.d' -o 'lib/76b5a35@@rte_eal@sta/eal_common_rte_pmu.c.o' -c ../lib/eal/common/rte_pmu.c
../lib/eal/common/rte_pmu.c:255:13: error: comparison of array 'group->fds' equal to a null pointer is always false [-Werror,-Wtautological-pointer-compare]
if (group->fds == NULL)
~~~~~~~^~~ ~~~~
1 error generated.
[46/3120] Compiling C object 'lib/76b5a35@@rte_eal@sta/eal_common_eal_common_dynmem.c.o'.
[47/3120] Compiling C object 'lib/76b5a35@@rte_eal@sta/eal_common_eal_common_hypervisor.c.o'.
[48/3120] Compiling C object 'lib/76b5a35@@rte_eal@sta/eal_common_eal_common_proc.c.o'.
ninja: build stopped: subcommand failed.
==== End log output ====
Ubuntu 20.04 ARM GCC Native
Kernel: 5.4.0-53-generic
Compiler: gcc 9.3
Ubuntu 20.04 ARM Clang Cross Compile
Kernel: 5.4.0-72-generic
Compiler: clang version 10.0.0-4ubuntu1
Ubuntu 20.04 ARM Clang Native
Kernel: 5.4.0-53-generic
Compiler: clang 10.0.0-4ubuntu1
Windows Server 2019
Kernel: 10.0
Compiler: clang 14.0 and gcc 8.1.0 (MinGW)
FreeBSD 13
Kernel: 13.0
Compiler: clang 11.0.1
Ubuntu 20.04 aarch32 GCC Cross Compile
Kernel: 5.4.0-72-generic
Compiler: gcc 9.3.0
Ubuntu 22.04
Kernel: Container Host Kernel
Compiler: clang 14.0.5-1.fc36
CentOS Stream 8
Kernel: 4.18.0-240.10.1.el8_3.x86_64
Compiler: gcc 8.4.1 20200928
CentOS Stream 9
Kernel: 4.18.0-240.10.1.el8_3.x86_64
Compiler: gcc 11.3.1 20220421
Debian Buster
Kernel: 5.4.0-122-generic
Compiler: gcc 8.3.0-6
Debian Bullseye
Kernel: 5.4.0-122-generic
Compiler: gcc 10.2.1-6
Ubuntu 20.04 ARM GCC Cross Compile
Kernel: 5.4.0-72-generic
Compiler: aarch64-linux-gnu-gcc (Ubuntu 9.3.0-17ubuntu1~20.04) 9.3.0
RHEL 7
Kernel: 4.18.0-240.10.1.el8_3.x86_64
Compiler: gcc 4.8.5 20150623 (Red Hat 4.8.5-44)
To view detailed results, visit:
https://lab.dpdk.org/results/dashboard/patchsets/24932/
UNH-IOL DPDK Community Lab
To manage your email subscriptions, visit:
https://lab.dpdk.org/results/dashboard/preferences/subscriptions/
^ permalink raw reply [flat|nested] 15+ messages in thread
end of thread, other threads:[~2023-01-11 1:48 UTC | newest]
Thread overview: 15+ messages (download: mbox.gz / follow: Atom feed)
-- links below jump to the message on this page --
2023-01-11 1:32 |FAILURE| pw121794-121797 [PATCH] [v5, 4/4] eal: add PMU support to tracing library dpdklab
-- strict thread matches above, loose matches on Subject: below --
2023-01-11 1:48 dpdklab
2023-01-11 1:48 dpdklab
2023-01-11 1:46 dpdklab
2023-01-11 1:45 dpdklab
2023-01-11 1:42 dpdklab
2023-01-11 1:41 dpdklab
2023-01-11 1:39 dpdklab
2023-01-11 1:36 dpdklab
2023-01-11 1:33 dpdklab
2023-01-11 1:27 dpdklab
2023-01-11 1:27 dpdklab
2023-01-11 1:16 dpdklab
2023-01-11 1:16 dpdklab
2023-01-11 1:16 dpdklab
This is a public inbox, see mirroring instructions
for how to clone and mirror all data and code used for this inbox;
as well as URLs for NNTP newsgroup(s).