* |FAILURE| [GIT MASTER] 730dd104a273cdc70a11f38f800ec5a0c191e57b
@ 2023-01-19 8:07 dpdklab
0 siblings, 0 replies; 8+ messages in thread
From: dpdklab @ 2023-01-19 8:07 UTC (permalink / raw)
To: Test Report; +Cc: dpdklab, Andrew Rybchenko, Ferruh Yigit
[-- Attachment #1: Type: text/plain, Size: 8066 bytes --]
_Testing issues_
Branch: dpdk-next-net
730dd104a273cdc70a11f38f800ec5a0c191e57b --> testing fail
Test environment and result as below:
+----------------------------------------+--------------------+----------------------+----------------+
| Environment | dpdk_meson_compile | dpdk_mingw64_compile | dpdk_unit_test |
+========================================+====================+======================+================+
| FreeBSD 13 | PASS | SKIPPED | SKIPPED |
+----------------------------------------+--------------------+----------------------+----------------+
| Windows Server 2019 | PASS | PASS | FAIL |
+----------------------------------------+--------------------+----------------------+----------------+
| Ubuntu 22.04 | PASS | SKIPPED | PASS |
+----------------------------------------+--------------------+----------------------+----------------+
| Debian Buster | PASS | SKIPPED | PASS |
+----------------------------------------+--------------------+----------------------+----------------+
| Debian Bullseye | PASS | SKIPPED | PASS |
+----------------------------------------+--------------------+----------------------+----------------+
| RHEL 7 | PASS | SKIPPED | PASS |
+----------------------------------------+--------------------+----------------------+----------------+
| CentOS Stream 8 | PASS | SKIPPED | PASS |
+----------------------------------------+--------------------+----------------------+----------------+
| CentOS Stream 9 | PASS | SKIPPED | PASS |
+----------------------------------------+--------------------+----------------------+----------------+
| openSUSE Leap 15 | PASS | SKIPPED | PASS |
+----------------------------------------+--------------------+----------------------+----------------+
| RHEL8 | PASS | SKIPPED | PASS |
+----------------------------------------+--------------------+----------------------+----------------+
| Ubuntu 20.04 | PASS | SKIPPED | PASS |
+----------------------------------------+--------------------+----------------------+----------------+
| Ubuntu 20.04 ARM Clang Native | PASS | SKIPPED | PASS |
+----------------------------------------+--------------------+----------------------+----------------+
| Ubuntu 20.04 ARM GCC Native | PASS | SKIPPED | PASS |
+----------------------------------------+--------------------+----------------------+----------------+
| Ubuntu 20.04 aarch32 GCC Cross Compile | PASS | SKIPPED | SKIPPED |
+----------------------------------------+--------------------+----------------------+----------------+
| Ubuntu 20.04 ARM GCC Cross Compile | PASS | SKIPPED | SKIPPED |
+----------------------------------------+--------------------+----------------------+----------------+
| Ubuntu 20.04 ARM Clang Cross Compile | PASS | SKIPPED | SKIPPED |
+----------------------------------------+--------------------+----------------------+----------------+
| Ubuntu 20.04 ARM SVE | PASS | SKIPPED | SKIPPED |
+----------------------------------------+--------------------+----------------------+----------------+
==== 20 line log output for Windows Server 2019 (dpdk_unit_test): ====
\0B\0u\0i\0l\0d\0 \0d\0i\0r\0:\0 \0C\0:\0\\0U\0s\0e\0r\0s\0\\0b\0u\0i\0l\0d\0e\0r\0\\0j\0e\0n\0k\0i\0n\0s\0\\0w\0o\0r\0k\0s\0p\0a\0c\0e\0\\0G\0e\0n\0e\0r\0i\0c\0-\0V\0M\0-\0U\0n\0i\0t\0-\0T\0e\0s\0t\0-\0D\0P\0D\0K\0\\0d\0p\0d\0k\0\\0b\0u\0i\0l\0d\0\r\0
\0B\0u\0i\0l\0d\0 \0t\0y\0p\0e\0:\0 \0n\0a\0t\0i\0v\0e\0 \0b\0u\0i\0l\0d\0\r\0
\0P\0r\0o\0g\0r\0a\0m\0 \0m\0o\0r\0e\0 \0f\0o\0u\0n\0d\0:\0 \0Y\0E\0S\0 \0(\0C\0:\0\\0W\0i\0n\0d\0o\0w\0s\0\\0s\0y\0s\0t\0e\0m\03\02\0\\0m\0o\0r\0e\0.\0C\0O\0M\0)\0\r\0
\0P\0r\0o\0j\0e\0c\0t\0 \0n\0a\0m\0e\0:\0 \0D\0P\0D\0K\0\r\0
\0P\0r\0o\0j\0e\0c\0t\0 \0v\0e\0r\0s\0i\0o\0n\0:\0 \02\03\0.\00\03\0.\00\0-\0r\0c\00\0\r\0
\0C\0 \0c\0o\0m\0p\0i\0l\0e\0r\0 \0f\0o\0r\0 \0t\0h\0e\0 \0h\0o\0s\0t\0 \0m\0a\0c\0h\0i\0n\0e\0:\0 \0c\0l\0a\0n\0g\0 \0(\0c\0l\0a\0n\0g\0 \01\04\0.\00\0.\00\0 \0"\0c\0l\0a\0n\0g\0 \0v\0e\0r\0s\0i\0o\0n\0 \01\04\0.\00\0.\00\0"\0)\0\r\0
\0C\0 \0l\0i\0n\0k\0e\0r\0 \0f\0o\0r\0 \0t\0h\0e\0 \0h\0o\0s\0t\0 \0m\0a\0c\0h\0i\0n\0e\0:\0 \0c\0l\0a\0n\0g\0 \0l\0i\0n\0k\0 \01\04\0.\02\09\0.\03\00\01\04\01\0.\00\0\r\0
\0H\0o\0s\0t\0 \0m\0a\0c\0h\0i\0n\0e\0 \0c\0p\0u\0 \0f\0a\0m\0i\0l\0y\0:\0 \0x\08\06\0_\06\04\0\r\0
\0H\0o\0s\0t\0 \0m\0a\0c\0h\0i\0n\0e\0 \0c\0p\0u\0:\0 \0x\08\06\0_\06\04\0\r\0
\0M\0e\0s\0s\0a\0g\0e\0:\0 \0#\0#\0 \0B\0u\0i\0l\0d\0i\0n\0g\0 \0i\0n\0 \0D\0e\0v\0e\0l\0o\0p\0e\0r\0 \0M\0o\0d\0e\0 \0#\0#\0\r\0
\0P\0r\0o\0g\0r\0a\0m\0 \0p\0k\0g\0-\0c\0o\0n\0f\0i\0g\0 \0p\0k\0g\0c\0o\0n\0f\0 \0f\0o\0u\0n\0d\0:\0 \0N\0O\0\r\0
\0P\0r\0o\0g\0r\0a\0m\0 \0c\0h\0e\0c\0k\0-\0s\0y\0m\0b\0o\0l\0s\0.\0s\0h\0 \0f\0o\0u\0n\0d\0:\0 \0Y\0E\0S\0 \0(\0s\0h\0 \0C\0:\0\\0U\0s\0e\0r\0s\0\\0b\0u\0i\0l\0d\0e\0r\0\\0j\0e\0n\0k\0i\0n\0s\0\\0w\0o\0r\0k\0s\0p\0a\0c\0e\0\\0G\0e\0n\0e\0r\0i\0c\0-\0V\0M\0-\0U\0n\0i\0t\0-\0T\0e\0s\0t\0-\0D\0P\0D\0K\0\\0d\0p\0d\0k\0\\0b\0u\0i\0l\0d\0t\0o\0o\0l\0s\0\\0c\0h\0e\0c\0k\0-\0s\0y\0m\0b\0o\0l\0s\0.\0s\0h\0)\0\r\0
\0P\0r\0o\0g\0r\0a\0m\0 \0o\0p\0t\0i\0o\0n\0s\0-\0i\0b\0v\0e\0r\0b\0s\0-\0s\0t\0a\0t\0i\0c\0.\0s\0h\0 \0f\0o\0u\0n\0d\0:\0 \0Y\0E\0S\0 \0(\0s\0h\0 \0C\0:\0\\0U\0s\0e\0r\0s\0\\0b\0u\0i\0l\0d\0e\0r\0\\0j\0e\0n\0k\0i\0n\0s\0\\0w\0o\0r\0k\0s\0p\0a\0c\0e\0\\0G\0e\0n\0e\0r\0i\0c\0-\0V\0M\0-\0U\0n\0i\0t\0-\0T\0e\0s\0t\0-\0D\0P\0D\0K\0\\0d\0p\0d\0k\0\\0b\0u\0i\0l\0d\0t\0o\0o\0l\0s\0\\0o\0p\0t\0i\0o\0n\0s\0-\0i\0b\0v\0e\0r\0b\0s\0-\0s\0t\0a\0t\0i\0c\0.\0s\0h\0)\0\r\0
\0P\0r\0o\0g\0r\0a\0m\0 \0l\0l\0v\0m\0-\0o\0b\0j\0d\0u\0m\0p\0 \0f\0o\0u\0n\0d\0:\0 \0Y\0E\0S\0 \0(\0C\0:\0\\0P\0r\0o\0g\0r\0a\0m\0 \0F\0i\0l\0e\0s\0\\0L\0L\0V\0M\0\\0b\0i\0n\0\\0l\0l\0v\0m\0-\0o\0b\0j\0d\0u\0m\0p\0.\0E\0X\0E\0)\0\r\0
\0P\0r\0o\0g\0r\0a\0m\0 \0p\0y\0t\0h\0o\0n\03\0 \0f\0o\0u\0n\0d\0:\0 \0Y\0E\0S\0 \0(\0c\0:\0\\0p\0y\0t\0h\0o\0n\03\08\0\\0p\0y\0t\0h\0o\0n\0.\0e\0x\0e\0)\0\r\0
\0P\0r\0o\0g\0r\0a\0m\0 \0m\0o\0r\0e\0 \0f\0o\0u\0n\0d\0:\0 \0Y\0E\0S\0 \0(\0C\0:\0\\0W\0i\0n\0d\0o\0w\0s\0\\0s\0y\0s\0t\0e\0m\03\02\0\\0m\0o\0r\0e\0.\0C\0O\0M\0)\0\r\0
\0n\0i\0n\0j\0a\0:\0 \0E\0n\0t\0e\0r\0i\0n\0g\0 \0d\0i\0r\0e\0c\0t\0o\0r\0y\0 \0`\0b\0u\0i\0l\0d\0'\0\r\0
\0\r\0
\0E\0R\0R\0O\0R\0:\0 \0N\0o\0 \0s\0u\0c\0h\0 \0b\0u\0i\0l\0d\0 \0d\0a\0t\0a\0 \0f\0i\0l\0e\0 \0a\0s\0 \0"\0'\0C\0:\0\\0\\0U\0s\0e\0r\0s\0\\0\\0b\0u\0i\0l\0d\0e\0r\0\\0\\0j\0e\0n\0k\0i\0n\0s\0\\0\\0w\0o\0r\0k\0s\0p\0a\0c\0e\0\\0\\0G\0e\0n\0e\0r\0i\0c\0-\0V\0M\0-\0U\0n\0i\0t\0-\0T\0e\0s\0t\0-\0D\0P\0D\0K\0\\0\\0d\0p\0d\0k\0\\0\\0b\0u\0i\0l\0d\0\\0\\0m\0e\0s\0o\0n\0-\0p\0r\0i\0v\0a\0t\0e\0\\0\\0b\0u\0i\0l\0d\0.\0d\0a\0t\0'\0"\0.\0\r\0
\0
==== End log output ====
FreeBSD 13
Kernel: 13.0
Compiler: clang 11.0.1
Windows Server 2019
Kernel: 10.0
Compiler: clang 14.0 and gcc 8.1.0 (MinGW)
Ubuntu 22.04
Kernel: Container Host Kernel
Compiler: clang 14.0.5-1.fc36
Debian Buster
Kernel: 5.4.0-122-generic
Compiler: gcc 8.3.0-6
Debian Bullseye
Kernel: 5.4.0-122-generic
Compiler: gcc 10.2.1-6
RHEL 7
Kernel: 4.18.0-240.10.1.el8_3.x86_64
Compiler: gcc 4.8.5 20150623 (Red Hat 4.8.5-44)
CentOS Stream 8
Kernel: 4.18.0-240.10.1.el8_3.x86_64
Compiler: gcc 8.4.1 20200928
CentOS Stream 9
Kernel: 4.18.0-240.10.1.el8_3.x86_64
Compiler: gcc 11.3.1 20220421
openSUSE Leap 15
Kernel: 4.18.0-240.10.1.el8_3.x86_64
Compiler: gcc 7.5.0
RHEL8
Kernel: 4.18.0-240.10.1.el8_3.x86_64
Compiler: gcc 8.3.1 20191121 (Red Hat 8.3.1-5)
Ubuntu 20.04
Kernel: 4.18.0-240.10.1.el8_3.x86_64
Compiler: gcc 9.3.0-17ubuntu1~20.04
Ubuntu 20.04 ARM Clang Native
Kernel: 5.4.0-53-generic
Compiler: clang 10.0.0-4ubuntu1
Ubuntu 20.04 ARM GCC Native
Kernel: 5.4.0-53-generic
Compiler: gcc 9.3
Ubuntu 20.04 aarch32 GCC Cross Compile
Kernel: 5.4.0-72-generic
Compiler: gcc 9.3.0
Ubuntu 20.04 ARM GCC Cross Compile
Kernel: 5.4.0-72-generic
Compiler: aarch64-linux-gnu-gcc (Ubuntu 9.3.0-17ubuntu1~20.04) 9.3.0
Ubuntu 20.04 ARM Clang Cross Compile
Kernel: 5.4.0-72-generic
Compiler: clang version 10.0.0-4ubuntu1
Ubuntu 20.04 ARM SVE
Kernel: 5.4.0-80-generic
Compiler: gcc 10.3.0 (Ubuntu 10.3.0-1ubuntu1~20.04)
To view detailed results, visit:
https://lab.dpdk.org/results/dashboard/tarballs/22961/
UNH-IOL DPDK Community Lab
To manage your email subscriptions, visit:
https://lab.dpdk.org/results/dashboard/preferences/subscriptions/
^ permalink raw reply [flat|nested] 8+ messages in thread
* |FAILURE| [GIT MASTER] 730dd104a273cdc70a11f38f800ec5a0c191e57b
@ 2023-01-19 8:08 dpdklab
0 siblings, 0 replies; 8+ messages in thread
From: dpdklab @ 2023-01-19 8:08 UTC (permalink / raw)
To: Test Report; +Cc: dpdklab, Andrew Rybchenko, Ferruh Yigit
[-- Attachment #1: Type: text/plain, Size: 4522 bytes --]
_Testing issues_
Branch: dpdk-next-net
730dd104a273cdc70a11f38f800ec5a0c191e57b --> testing fail
Test environment and result as below:
+---------------------+----------------+
| Environment | dpdk_unit_test |
+=====================+================+
| Windows Server 2019 | FAIL |
+---------------------+----------------+
| CentOS Stream 8 | PASS |
+---------------------+----------------+
| Ubuntu 22.04 | PASS |
+---------------------+----------------+
| Debian Bullseye | PASS |
+---------------------+----------------+
| openSUSE Leap 15 | PASS |
+---------------------+----------------+
| RHEL8 | PASS |
+---------------------+----------------+
| Debian Buster | PASS |
+---------------------+----------------+
| Ubuntu 20.04 | PASS |
+---------------------+----------------+
| CentOS Stream 9 | PASS |
+---------------------+----------------+
| RHEL 7 | PASS |
+---------------------+----------------+
==== 20 line log output for Windows Server 2019 (dpdk_unit_test): ====
\0B\0u\0i\0l\0d\0 \0d\0i\0r\0:\0 \0C\0:\0\\0U\0s\0e\0r\0s\0\\0b\0u\0i\0l\0d\0e\0r\0\\0j\0e\0n\0k\0i\0n\0s\0\\0w\0o\0r\0k\0s\0p\0a\0c\0e\0\\0G\0e\0n\0e\0r\0i\0c\0-\0V\0M\0-\0U\0n\0i\0t\0-\0T\0e\0s\0t\0-\0D\0P\0D\0K\0\\0d\0p\0d\0k\0\\0b\0u\0i\0l\0d\0\r\0
\0B\0u\0i\0l\0d\0 \0t\0y\0p\0e\0:\0 \0n\0a\0t\0i\0v\0e\0 \0b\0u\0i\0l\0d\0\r\0
\0P\0r\0o\0g\0r\0a\0m\0 \0m\0o\0r\0e\0 \0f\0o\0u\0n\0d\0:\0 \0Y\0E\0S\0 \0(\0C\0:\0\\0W\0i\0n\0d\0o\0w\0s\0\\0s\0y\0s\0t\0e\0m\03\02\0\\0m\0o\0r\0e\0.\0C\0O\0M\0)\0\r\0
\0P\0r\0o\0j\0e\0c\0t\0 \0n\0a\0m\0e\0:\0 \0D\0P\0D\0K\0\r\0
\0P\0r\0o\0j\0e\0c\0t\0 \0v\0e\0r\0s\0i\0o\0n\0:\0 \02\03\0.\00\03\0.\00\0-\0r\0c\00\0\r\0
\0C\0 \0c\0o\0m\0p\0i\0l\0e\0r\0 \0f\0o\0r\0 \0t\0h\0e\0 \0h\0o\0s\0t\0 \0m\0a\0c\0h\0i\0n\0e\0:\0 \0c\0l\0a\0n\0g\0 \0(\0c\0l\0a\0n\0g\0 \01\04\0.\00\0.\00\0 \0"\0c\0l\0a\0n\0g\0 \0v\0e\0r\0s\0i\0o\0n\0 \01\04\0.\00\0.\00\0"\0)\0\r\0
\0C\0 \0l\0i\0n\0k\0e\0r\0 \0f\0o\0r\0 \0t\0h\0e\0 \0h\0o\0s\0t\0 \0m\0a\0c\0h\0i\0n\0e\0:\0 \0c\0l\0a\0n\0g\0 \0l\0i\0n\0k\0 \01\04\0.\02\09\0.\03\00\01\04\01\0.\00\0\r\0
\0H\0o\0s\0t\0 \0m\0a\0c\0h\0i\0n\0e\0 \0c\0p\0u\0 \0f\0a\0m\0i\0l\0y\0:\0 \0x\08\06\0_\06\04\0\r\0
\0H\0o\0s\0t\0 \0m\0a\0c\0h\0i\0n\0e\0 \0c\0p\0u\0:\0 \0x\08\06\0_\06\04\0\r\0
\0M\0e\0s\0s\0a\0g\0e\0:\0 \0#\0#\0 \0B\0u\0i\0l\0d\0i\0n\0g\0 \0i\0n\0 \0D\0e\0v\0e\0l\0o\0p\0e\0r\0 \0M\0o\0d\0e\0 \0#\0#\0\r\0
\0P\0r\0o\0g\0r\0a\0m\0 \0p\0k\0g\0-\0c\0o\0n\0f\0i\0g\0 \0p\0k\0g\0c\0o\0n\0f\0 \0f\0o\0u\0n\0d\0:\0 \0N\0O\0\r\0
\0P\0r\0o\0g\0r\0a\0m\0 \0c\0h\0e\0c\0k\0-\0s\0y\0m\0b\0o\0l\0s\0.\0s\0h\0 \0f\0o\0u\0n\0d\0:\0 \0Y\0E\0S\0 \0(\0s\0h\0 \0C\0:\0\\0U\0s\0e\0r\0s\0\\0b\0u\0i\0l\0d\0e\0r\0\\0j\0e\0n\0k\0i\0n\0s\0\\0w\0o\0r\0k\0s\0p\0a\0c\0e\0\\0G\0e\0n\0e\0r\0i\0c\0-\0V\0M\0-\0U\0n\0i\0t\0-\0T\0e\0s\0t\0-\0D\0P\0D\0K\0\\0d\0p\0d\0k\0\\0b\0u\0i\0l\0d\0t\0o\0o\0l\0s\0\\0c\0h\0e\0c\0k\0-\0s\0y\0m\0b\0o\0l\0s\0.\0s\0h\0)\0\r\0
\0P\0r\0o\0g\0r\0a\0m\0 \0o\0p\0t\0i\0o\0n\0s\0-\0i\0b\0v\0e\0r\0b\0s\0-\0s\0t\0a\0t\0i\0c\0.\0s\0h\0 \0f\0o\0u\0n\0d\0:\0 \0Y\0E\0S\0 \0(\0s\0h\0 \0C\0:\0\\0U\0s\0e\0r\0s\0\\0b\0u\0i\0l\0d\0e\0r\0\\0j\0e\0n\0k\0i\0n\0s\0\\0w\0o\0r\0k\0s\0p\0a\0c\0e\0\\0G\0e\0n\0e\0r\0i\0c\0-\0V\0M\0-\0U\0n\0i\0t\0-\0T\0e\0s\0t\0-\0D\0P\0D\0K\0\\0d\0p\0d\0k\0\\0b\0u\0i\0l\0d\0t\0o\0o\0l\0s\0\\0o\0p\0t\0i\0o\0n\0s\0-\0i\0b\0v\0e\0r\0b\0s\0-\0s\0t\0a\0t\0i\0c\0.\0s\0h\0)\0\r\0
\0P\0r\0o\0g\0r\0a\0m\0 \0l\0l\0v\0m\0-\0o\0b\0j\0d\0u\0m\0p\0 \0f\0o\0u\0n\0d\0:\0 \0Y\0E\0S\0 \0(\0C\0:\0\\0P\0r\0o\0g\0r\0a\0m\0 \0F\0i\0l\0e\0s\0\\0L\0L\0V\0M\0\\0b\0i\0n\0\\0l\0l\0v\0m\0-\0o\0b\0j\0d\0u\0m\0p\0.\0E\0X\0E\0)\0\r\0
\0P\0r\0o\0g\0r\0a\0m\0 \0p\0y\0t\0h\0o\0n\03\0 \0f\0o\0u\0n\0d\0:\0 \0Y\0E\0S\0 \0(\0c\0:\0\\0p\0y\0t\0h\0o\0n\03\08\0\\0p\0y\0t\0h\0o\0n\0.\0e\0x\0e\0)\0\r\0
\0P\0r\0o\0g\0r\0a\0m\0 \0m\0o\0r\0e\0 \0f\0o\0u\0n\0d\0:\0 \0Y\0E\0S\0 \0(\0C\0:\0\\0W\0i\0n\0d\0o\0w\0s\0\\0s\0y\0s\0t\0e\0m\03\02\0\\0m\0o\0r\0e\0.\0C\0O\0M\0)\0\r\0
\0n\0i\0n\0j\0a\0:\0 \0E\0n\0t\0e\0r\0i\0n\0g\0 \0d\0i\0r\0e\0c\0t\0o\0r\0y\0 \0`\0b\0u\0i\0l\0d\0'\0\r\0
\0\r\0
\0E\0R\0R\0O\0R\0:\0 \0N\0o\0 \0s\0u\0c\0h\0 \0b\0u\0i\0l\0d\0 \0d\0a\0t\0a\0 \0f\0i\0l\0e\0 \0a\0s\0 \0"\0'\0C\0:\0\\0\\0U\0s\0e\0r\0s\0\\0\\0b\0u\0i\0l\0d\0e\0r\0\\0\\0j\0e\0n\0k\0i\0n\0s\0\\0\\0w\0o\0r\0k\0s\0p\0a\0c\0e\0\\0\\0G\0e\0n\0e\0r\0i\0c\0-\0V\0M\0-\0U\0n\0i\0t\0-\0T\0e\0s\0t\0-\0D\0P\0D\0K\0\\0\\0d\0p\0d\0k\0\\0\\0b\0u\0i\0l\0d\0\\0\\0m\0e\0s\0o\0n\0-\0p\0r\0i\0v\0a\0t\0e\0\\0\\0b\0u\0i\0l\0d\0.\0d\0a\0t\0'\0"\0.\0\r\0
\0
==== End log output ====
Windows Server 2019
Kernel: 10.0
Compiler: clang 14.0 and gcc 8.1.0 (MinGW)
CentOS Stream 8
Kernel: 4.18.0-240.10.1.el8_3.x86_64
Compiler: gcc 8.4.1 20200928
Ubuntu 22.04
Kernel: Container Host Kernel
Compiler: clang 14.0.5-1.fc36
Debian Bullseye
Kernel: 5.4.0-122-generic
Compiler: gcc 10.2.1-6
openSUSE Leap 15
Kernel: 4.18.0-240.10.1.el8_3.x86_64
Compiler: gcc 7.5.0
RHEL8
Kernel: 4.18.0-240.10.1.el8_3.x86_64
Compiler: gcc 8.3.1 20191121 (Red Hat 8.3.1-5)
Debian Buster
Kernel: 5.4.0-122-generic
Compiler: gcc 8.3.0-6
Ubuntu 20.04
Kernel: 4.18.0-240.10.1.el8_3.x86_64
Compiler: gcc 9.3.0-17ubuntu1~20.04
CentOS Stream 9
Kernel: 4.18.0-240.10.1.el8_3.x86_64
Compiler: gcc 11.3.1 20220421
RHEL 7
Kernel: 4.18.0-240.10.1.el8_3.x86_64
Compiler: gcc 4.8.5 20150623 (Red Hat 4.8.5-44)
To view detailed results, visit:
https://lab.dpdk.org/results/dashboard/tarballs/22961/
UNH-IOL DPDK Community Lab
To manage your email subscriptions, visit:
https://lab.dpdk.org/results/dashboard/preferences/subscriptions/
^ permalink raw reply [flat|nested] 8+ messages in thread
* |FAILURE| [GIT MASTER] 730dd104a273cdc70a11f38f800ec5a0c191e57b
@ 2023-01-19 8:07 dpdklab
0 siblings, 0 replies; 8+ messages in thread
From: dpdklab @ 2023-01-19 8:07 UTC (permalink / raw)
To: Test Report; +Cc: dpdklab, Andrew Rybchenko, Ferruh Yigit
[-- Attachment #1: Type: text/plain, Size: 8066 bytes --]
_Testing issues_
Branch: dpdk-next-net
730dd104a273cdc70a11f38f800ec5a0c191e57b --> testing fail
Test environment and result as below:
+----------------------------------------+--------------------+----------------------+----------------+
| Environment | dpdk_meson_compile | dpdk_mingw64_compile | dpdk_unit_test |
+========================================+====================+======================+================+
| FreeBSD 13 | PASS | SKIPPED | SKIPPED |
+----------------------------------------+--------------------+----------------------+----------------+
| Windows Server 2019 | PASS | PASS | FAIL |
+----------------------------------------+--------------------+----------------------+----------------+
| Ubuntu 22.04 | PASS | SKIPPED | PASS |
+----------------------------------------+--------------------+----------------------+----------------+
| Debian Buster | PASS | SKIPPED | PASS |
+----------------------------------------+--------------------+----------------------+----------------+
| Debian Bullseye | PASS | SKIPPED | PASS |
+----------------------------------------+--------------------+----------------------+----------------+
| RHEL 7 | PASS | SKIPPED | PASS |
+----------------------------------------+--------------------+----------------------+----------------+
| CentOS Stream 8 | PASS | SKIPPED | PASS |
+----------------------------------------+--------------------+----------------------+----------------+
| CentOS Stream 9 | PASS | SKIPPED | PASS |
+----------------------------------------+--------------------+----------------------+----------------+
| openSUSE Leap 15 | PASS | SKIPPED | PASS |
+----------------------------------------+--------------------+----------------------+----------------+
| RHEL8 | PASS | SKIPPED | PASS |
+----------------------------------------+--------------------+----------------------+----------------+
| Ubuntu 20.04 | PASS | SKIPPED | PASS |
+----------------------------------------+--------------------+----------------------+----------------+
| Ubuntu 20.04 ARM Clang Native | PASS | SKIPPED | PASS |
+----------------------------------------+--------------------+----------------------+----------------+
| Ubuntu 20.04 ARM GCC Native | PASS | SKIPPED | PASS |
+----------------------------------------+--------------------+----------------------+----------------+
| Ubuntu 20.04 aarch32 GCC Cross Compile | PASS | SKIPPED | SKIPPED |
+----------------------------------------+--------------------+----------------------+----------------+
| Ubuntu 20.04 ARM GCC Cross Compile | PASS | SKIPPED | SKIPPED |
+----------------------------------------+--------------------+----------------------+----------------+
| Ubuntu 20.04 ARM Clang Cross Compile | PASS | SKIPPED | SKIPPED |
+----------------------------------------+--------------------+----------------------+----------------+
| Ubuntu 20.04 ARM SVE | PASS | SKIPPED | SKIPPED |
+----------------------------------------+--------------------+----------------------+----------------+
==== 20 line log output for Windows Server 2019 (dpdk_unit_test): ====
\0B\0u\0i\0l\0d\0 \0d\0i\0r\0:\0 \0C\0:\0\\0U\0s\0e\0r\0s\0\\0b\0u\0i\0l\0d\0e\0r\0\\0j\0e\0n\0k\0i\0n\0s\0\\0w\0o\0r\0k\0s\0p\0a\0c\0e\0\\0G\0e\0n\0e\0r\0i\0c\0-\0V\0M\0-\0U\0n\0i\0t\0-\0T\0e\0s\0t\0-\0D\0P\0D\0K\0\\0d\0p\0d\0k\0\\0b\0u\0i\0l\0d\0\r\0
\0B\0u\0i\0l\0d\0 \0t\0y\0p\0e\0:\0 \0n\0a\0t\0i\0v\0e\0 \0b\0u\0i\0l\0d\0\r\0
\0P\0r\0o\0g\0r\0a\0m\0 \0m\0o\0r\0e\0 \0f\0o\0u\0n\0d\0:\0 \0Y\0E\0S\0 \0(\0C\0:\0\\0W\0i\0n\0d\0o\0w\0s\0\\0s\0y\0s\0t\0e\0m\03\02\0\\0m\0o\0r\0e\0.\0C\0O\0M\0)\0\r\0
\0P\0r\0o\0j\0e\0c\0t\0 \0n\0a\0m\0e\0:\0 \0D\0P\0D\0K\0\r\0
\0P\0r\0o\0j\0e\0c\0t\0 \0v\0e\0r\0s\0i\0o\0n\0:\0 \02\03\0.\00\03\0.\00\0-\0r\0c\00\0\r\0
\0C\0 \0c\0o\0m\0p\0i\0l\0e\0r\0 \0f\0o\0r\0 \0t\0h\0e\0 \0h\0o\0s\0t\0 \0m\0a\0c\0h\0i\0n\0e\0:\0 \0c\0l\0a\0n\0g\0 \0(\0c\0l\0a\0n\0g\0 \01\04\0.\00\0.\00\0 \0"\0c\0l\0a\0n\0g\0 \0v\0e\0r\0s\0i\0o\0n\0 \01\04\0.\00\0.\00\0"\0)\0\r\0
\0C\0 \0l\0i\0n\0k\0e\0r\0 \0f\0o\0r\0 \0t\0h\0e\0 \0h\0o\0s\0t\0 \0m\0a\0c\0h\0i\0n\0e\0:\0 \0c\0l\0a\0n\0g\0 \0l\0i\0n\0k\0 \01\04\0.\02\09\0.\03\00\01\04\01\0.\00\0\r\0
\0H\0o\0s\0t\0 \0m\0a\0c\0h\0i\0n\0e\0 \0c\0p\0u\0 \0f\0a\0m\0i\0l\0y\0:\0 \0x\08\06\0_\06\04\0\r\0
\0H\0o\0s\0t\0 \0m\0a\0c\0h\0i\0n\0e\0 \0c\0p\0u\0:\0 \0x\08\06\0_\06\04\0\r\0
\0M\0e\0s\0s\0a\0g\0e\0:\0 \0#\0#\0 \0B\0u\0i\0l\0d\0i\0n\0g\0 \0i\0n\0 \0D\0e\0v\0e\0l\0o\0p\0e\0r\0 \0M\0o\0d\0e\0 \0#\0#\0\r\0
\0P\0r\0o\0g\0r\0a\0m\0 \0p\0k\0g\0-\0c\0o\0n\0f\0i\0g\0 \0p\0k\0g\0c\0o\0n\0f\0 \0f\0o\0u\0n\0d\0:\0 \0N\0O\0\r\0
\0P\0r\0o\0g\0r\0a\0m\0 \0c\0h\0e\0c\0k\0-\0s\0y\0m\0b\0o\0l\0s\0.\0s\0h\0 \0f\0o\0u\0n\0d\0:\0 \0Y\0E\0S\0 \0(\0s\0h\0 \0C\0:\0\\0U\0s\0e\0r\0s\0\\0b\0u\0i\0l\0d\0e\0r\0\\0j\0e\0n\0k\0i\0n\0s\0\\0w\0o\0r\0k\0s\0p\0a\0c\0e\0\\0G\0e\0n\0e\0r\0i\0c\0-\0V\0M\0-\0U\0n\0i\0t\0-\0T\0e\0s\0t\0-\0D\0P\0D\0K\0\\0d\0p\0d\0k\0\\0b\0u\0i\0l\0d\0t\0o\0o\0l\0s\0\\0c\0h\0e\0c\0k\0-\0s\0y\0m\0b\0o\0l\0s\0.\0s\0h\0)\0\r\0
\0P\0r\0o\0g\0r\0a\0m\0 \0o\0p\0t\0i\0o\0n\0s\0-\0i\0b\0v\0e\0r\0b\0s\0-\0s\0t\0a\0t\0i\0c\0.\0s\0h\0 \0f\0o\0u\0n\0d\0:\0 \0Y\0E\0S\0 \0(\0s\0h\0 \0C\0:\0\\0U\0s\0e\0r\0s\0\\0b\0u\0i\0l\0d\0e\0r\0\\0j\0e\0n\0k\0i\0n\0s\0\\0w\0o\0r\0k\0s\0p\0a\0c\0e\0\\0G\0e\0n\0e\0r\0i\0c\0-\0V\0M\0-\0U\0n\0i\0t\0-\0T\0e\0s\0t\0-\0D\0P\0D\0K\0\\0d\0p\0d\0k\0\\0b\0u\0i\0l\0d\0t\0o\0o\0l\0s\0\\0o\0p\0t\0i\0o\0n\0s\0-\0i\0b\0v\0e\0r\0b\0s\0-\0s\0t\0a\0t\0i\0c\0.\0s\0h\0)\0\r\0
\0P\0r\0o\0g\0r\0a\0m\0 \0l\0l\0v\0m\0-\0o\0b\0j\0d\0u\0m\0p\0 \0f\0o\0u\0n\0d\0:\0 \0Y\0E\0S\0 \0(\0C\0:\0\\0P\0r\0o\0g\0r\0a\0m\0 \0F\0i\0l\0e\0s\0\\0L\0L\0V\0M\0\\0b\0i\0n\0\\0l\0l\0v\0m\0-\0o\0b\0j\0d\0u\0m\0p\0.\0E\0X\0E\0)\0\r\0
\0P\0r\0o\0g\0r\0a\0m\0 \0p\0y\0t\0h\0o\0n\03\0 \0f\0o\0u\0n\0d\0:\0 \0Y\0E\0S\0 \0(\0c\0:\0\\0p\0y\0t\0h\0o\0n\03\08\0\\0p\0y\0t\0h\0o\0n\0.\0e\0x\0e\0)\0\r\0
\0P\0r\0o\0g\0r\0a\0m\0 \0m\0o\0r\0e\0 \0f\0o\0u\0n\0d\0:\0 \0Y\0E\0S\0 \0(\0C\0:\0\\0W\0i\0n\0d\0o\0w\0s\0\\0s\0y\0s\0t\0e\0m\03\02\0\\0m\0o\0r\0e\0.\0C\0O\0M\0)\0\r\0
\0n\0i\0n\0j\0a\0:\0 \0E\0n\0t\0e\0r\0i\0n\0g\0 \0d\0i\0r\0e\0c\0t\0o\0r\0y\0 \0`\0b\0u\0i\0l\0d\0'\0\r\0
\0\r\0
\0E\0R\0R\0O\0R\0:\0 \0N\0o\0 \0s\0u\0c\0h\0 \0b\0u\0i\0l\0d\0 \0d\0a\0t\0a\0 \0f\0i\0l\0e\0 \0a\0s\0 \0"\0'\0C\0:\0\\0\\0U\0s\0e\0r\0s\0\\0\\0b\0u\0i\0l\0d\0e\0r\0\\0\\0j\0e\0n\0k\0i\0n\0s\0\\0\\0w\0o\0r\0k\0s\0p\0a\0c\0e\0\\0\\0G\0e\0n\0e\0r\0i\0c\0-\0V\0M\0-\0U\0n\0i\0t\0-\0T\0e\0s\0t\0-\0D\0P\0D\0K\0\\0\\0d\0p\0d\0k\0\\0\\0b\0u\0i\0l\0d\0\\0\\0m\0e\0s\0o\0n\0-\0p\0r\0i\0v\0a\0t\0e\0\\0\\0b\0u\0i\0l\0d\0.\0d\0a\0t\0'\0"\0.\0\r\0
\0
==== End log output ====
FreeBSD 13
Kernel: 13.0
Compiler: clang 11.0.1
Windows Server 2019
Kernel: 10.0
Compiler: clang 14.0 and gcc 8.1.0 (MinGW)
Ubuntu 22.04
Kernel: Container Host Kernel
Compiler: clang 14.0.5-1.fc36
Debian Buster
Kernel: 5.4.0-122-generic
Compiler: gcc 8.3.0-6
Debian Bullseye
Kernel: 5.4.0-122-generic
Compiler: gcc 10.2.1-6
RHEL 7
Kernel: 4.18.0-240.10.1.el8_3.x86_64
Compiler: gcc 4.8.5 20150623 (Red Hat 4.8.5-44)
CentOS Stream 8
Kernel: 4.18.0-240.10.1.el8_3.x86_64
Compiler: gcc 8.4.1 20200928
CentOS Stream 9
Kernel: 4.18.0-240.10.1.el8_3.x86_64
Compiler: gcc 11.3.1 20220421
openSUSE Leap 15
Kernel: 4.18.0-240.10.1.el8_3.x86_64
Compiler: gcc 7.5.0
RHEL8
Kernel: 4.18.0-240.10.1.el8_3.x86_64
Compiler: gcc 8.3.1 20191121 (Red Hat 8.3.1-5)
Ubuntu 20.04
Kernel: 4.18.0-240.10.1.el8_3.x86_64
Compiler: gcc 9.3.0-17ubuntu1~20.04
Ubuntu 20.04 ARM Clang Native
Kernel: 5.4.0-53-generic
Compiler: clang 10.0.0-4ubuntu1
Ubuntu 20.04 ARM GCC Native
Kernel: 5.4.0-53-generic
Compiler: gcc 9.3
Ubuntu 20.04 aarch32 GCC Cross Compile
Kernel: 5.4.0-72-generic
Compiler: gcc 9.3.0
Ubuntu 20.04 ARM GCC Cross Compile
Kernel: 5.4.0-72-generic
Compiler: aarch64-linux-gnu-gcc (Ubuntu 9.3.0-17ubuntu1~20.04) 9.3.0
Ubuntu 20.04 ARM Clang Cross Compile
Kernel: 5.4.0-72-generic
Compiler: clang version 10.0.0-4ubuntu1
Ubuntu 20.04 ARM SVE
Kernel: 5.4.0-80-generic
Compiler: gcc 10.3.0 (Ubuntu 10.3.0-1ubuntu1~20.04)
To view detailed results, visit:
https://lab.dpdk.org/results/dashboard/tarballs/22961/
UNH-IOL DPDK Community Lab
To manage your email subscriptions, visit:
https://lab.dpdk.org/results/dashboard/preferences/subscriptions/
^ permalink raw reply [flat|nested] 8+ messages in thread
* |FAILURE| [GIT MASTER] 730dd104a273cdc70a11f38f800ec5a0c191e57b
@ 2023-01-19 8:07 dpdklab
0 siblings, 0 replies; 8+ messages in thread
From: dpdklab @ 2023-01-19 8:07 UTC (permalink / raw)
To: Test Report; +Cc: dpdklab, Andrew Rybchenko, Ferruh Yigit
[-- Attachment #1: Type: text/plain, Size: 8066 bytes --]
_Testing issues_
Branch: dpdk-next-net
730dd104a273cdc70a11f38f800ec5a0c191e57b --> testing fail
Test environment and result as below:
+----------------------------------------+--------------------+----------------------+----------------+
| Environment | dpdk_meson_compile | dpdk_mingw64_compile | dpdk_unit_test |
+========================================+====================+======================+================+
| FreeBSD 13 | PASS | SKIPPED | SKIPPED |
+----------------------------------------+--------------------+----------------------+----------------+
| Windows Server 2019 | PASS | PASS | FAIL |
+----------------------------------------+--------------------+----------------------+----------------+
| Ubuntu 22.04 | PASS | SKIPPED | PASS |
+----------------------------------------+--------------------+----------------------+----------------+
| Debian Buster | PASS | SKIPPED | PASS |
+----------------------------------------+--------------------+----------------------+----------------+
| Debian Bullseye | PASS | SKIPPED | PASS |
+----------------------------------------+--------------------+----------------------+----------------+
| RHEL 7 | PASS | SKIPPED | SKIPPED |
+----------------------------------------+--------------------+----------------------+----------------+
| CentOS Stream 8 | PASS | SKIPPED | PASS |
+----------------------------------------+--------------------+----------------------+----------------+
| CentOS Stream 9 | PASS | SKIPPED | PASS |
+----------------------------------------+--------------------+----------------------+----------------+
| openSUSE Leap 15 | PASS | SKIPPED | PASS |
+----------------------------------------+--------------------+----------------------+----------------+
| RHEL8 | PASS | SKIPPED | PASS |
+----------------------------------------+--------------------+----------------------+----------------+
| Ubuntu 20.04 | PASS | SKIPPED | PASS |
+----------------------------------------+--------------------+----------------------+----------------+
| Ubuntu 20.04 ARM Clang Native | PASS | SKIPPED | PASS |
+----------------------------------------+--------------------+----------------------+----------------+
| Ubuntu 20.04 ARM GCC Native | PASS | SKIPPED | PASS |
+----------------------------------------+--------------------+----------------------+----------------+
| Ubuntu 20.04 aarch32 GCC Cross Compile | PASS | SKIPPED | SKIPPED |
+----------------------------------------+--------------------+----------------------+----------------+
| Ubuntu 20.04 ARM GCC Cross Compile | PASS | SKIPPED | SKIPPED |
+----------------------------------------+--------------------+----------------------+----------------+
| Ubuntu 20.04 ARM Clang Cross Compile | PASS | SKIPPED | SKIPPED |
+----------------------------------------+--------------------+----------------------+----------------+
| Ubuntu 20.04 ARM SVE | PASS | SKIPPED | SKIPPED |
+----------------------------------------+--------------------+----------------------+----------------+
==== 20 line log output for Windows Server 2019 (dpdk_unit_test): ====
\0B\0u\0i\0l\0d\0 \0d\0i\0r\0:\0 \0C\0:\0\\0U\0s\0e\0r\0s\0\\0b\0u\0i\0l\0d\0e\0r\0\\0j\0e\0n\0k\0i\0n\0s\0\\0w\0o\0r\0k\0s\0p\0a\0c\0e\0\\0G\0e\0n\0e\0r\0i\0c\0-\0V\0M\0-\0U\0n\0i\0t\0-\0T\0e\0s\0t\0-\0D\0P\0D\0K\0\\0d\0p\0d\0k\0\\0b\0u\0i\0l\0d\0\r\0
\0B\0u\0i\0l\0d\0 \0t\0y\0p\0e\0:\0 \0n\0a\0t\0i\0v\0e\0 \0b\0u\0i\0l\0d\0\r\0
\0P\0r\0o\0g\0r\0a\0m\0 \0m\0o\0r\0e\0 \0f\0o\0u\0n\0d\0:\0 \0Y\0E\0S\0 \0(\0C\0:\0\\0W\0i\0n\0d\0o\0w\0s\0\\0s\0y\0s\0t\0e\0m\03\02\0\\0m\0o\0r\0e\0.\0C\0O\0M\0)\0\r\0
\0P\0r\0o\0j\0e\0c\0t\0 \0n\0a\0m\0e\0:\0 \0D\0P\0D\0K\0\r\0
\0P\0r\0o\0j\0e\0c\0t\0 \0v\0e\0r\0s\0i\0o\0n\0:\0 \02\03\0.\00\03\0.\00\0-\0r\0c\00\0\r\0
\0C\0 \0c\0o\0m\0p\0i\0l\0e\0r\0 \0f\0o\0r\0 \0t\0h\0e\0 \0h\0o\0s\0t\0 \0m\0a\0c\0h\0i\0n\0e\0:\0 \0c\0l\0a\0n\0g\0 \0(\0c\0l\0a\0n\0g\0 \01\04\0.\00\0.\00\0 \0"\0c\0l\0a\0n\0g\0 \0v\0e\0r\0s\0i\0o\0n\0 \01\04\0.\00\0.\00\0"\0)\0\r\0
\0C\0 \0l\0i\0n\0k\0e\0r\0 \0f\0o\0r\0 \0t\0h\0e\0 \0h\0o\0s\0t\0 \0m\0a\0c\0h\0i\0n\0e\0:\0 \0c\0l\0a\0n\0g\0 \0l\0i\0n\0k\0 \01\04\0.\02\09\0.\03\00\01\04\01\0.\00\0\r\0
\0H\0o\0s\0t\0 \0m\0a\0c\0h\0i\0n\0e\0 \0c\0p\0u\0 \0f\0a\0m\0i\0l\0y\0:\0 \0x\08\06\0_\06\04\0\r\0
\0H\0o\0s\0t\0 \0m\0a\0c\0h\0i\0n\0e\0 \0c\0p\0u\0:\0 \0x\08\06\0_\06\04\0\r\0
\0M\0e\0s\0s\0a\0g\0e\0:\0 \0#\0#\0 \0B\0u\0i\0l\0d\0i\0n\0g\0 \0i\0n\0 \0D\0e\0v\0e\0l\0o\0p\0e\0r\0 \0M\0o\0d\0e\0 \0#\0#\0\r\0
\0P\0r\0o\0g\0r\0a\0m\0 \0p\0k\0g\0-\0c\0o\0n\0f\0i\0g\0 \0p\0k\0g\0c\0o\0n\0f\0 \0f\0o\0u\0n\0d\0:\0 \0N\0O\0\r\0
\0P\0r\0o\0g\0r\0a\0m\0 \0c\0h\0e\0c\0k\0-\0s\0y\0m\0b\0o\0l\0s\0.\0s\0h\0 \0f\0o\0u\0n\0d\0:\0 \0Y\0E\0S\0 \0(\0s\0h\0 \0C\0:\0\\0U\0s\0e\0r\0s\0\\0b\0u\0i\0l\0d\0e\0r\0\\0j\0e\0n\0k\0i\0n\0s\0\\0w\0o\0r\0k\0s\0p\0a\0c\0e\0\\0G\0e\0n\0e\0r\0i\0c\0-\0V\0M\0-\0U\0n\0i\0t\0-\0T\0e\0s\0t\0-\0D\0P\0D\0K\0\\0d\0p\0d\0k\0\\0b\0u\0i\0l\0d\0t\0o\0o\0l\0s\0\\0c\0h\0e\0c\0k\0-\0s\0y\0m\0b\0o\0l\0s\0.\0s\0h\0)\0\r\0
\0P\0r\0o\0g\0r\0a\0m\0 \0o\0p\0t\0i\0o\0n\0s\0-\0i\0b\0v\0e\0r\0b\0s\0-\0s\0t\0a\0t\0i\0c\0.\0s\0h\0 \0f\0o\0u\0n\0d\0:\0 \0Y\0E\0S\0 \0(\0s\0h\0 \0C\0:\0\\0U\0s\0e\0r\0s\0\\0b\0u\0i\0l\0d\0e\0r\0\\0j\0e\0n\0k\0i\0n\0s\0\\0w\0o\0r\0k\0s\0p\0a\0c\0e\0\\0G\0e\0n\0e\0r\0i\0c\0-\0V\0M\0-\0U\0n\0i\0t\0-\0T\0e\0s\0t\0-\0D\0P\0D\0K\0\\0d\0p\0d\0k\0\\0b\0u\0i\0l\0d\0t\0o\0o\0l\0s\0\\0o\0p\0t\0i\0o\0n\0s\0-\0i\0b\0v\0e\0r\0b\0s\0-\0s\0t\0a\0t\0i\0c\0.\0s\0h\0)\0\r\0
\0P\0r\0o\0g\0r\0a\0m\0 \0l\0l\0v\0m\0-\0o\0b\0j\0d\0u\0m\0p\0 \0f\0o\0u\0n\0d\0:\0 \0Y\0E\0S\0 \0(\0C\0:\0\\0P\0r\0o\0g\0r\0a\0m\0 \0F\0i\0l\0e\0s\0\\0L\0L\0V\0M\0\\0b\0i\0n\0\\0l\0l\0v\0m\0-\0o\0b\0j\0d\0u\0m\0p\0.\0E\0X\0E\0)\0\r\0
\0P\0r\0o\0g\0r\0a\0m\0 \0p\0y\0t\0h\0o\0n\03\0 \0f\0o\0u\0n\0d\0:\0 \0Y\0E\0S\0 \0(\0c\0:\0\\0p\0y\0t\0h\0o\0n\03\08\0\\0p\0y\0t\0h\0o\0n\0.\0e\0x\0e\0)\0\r\0
\0P\0r\0o\0g\0r\0a\0m\0 \0m\0o\0r\0e\0 \0f\0o\0u\0n\0d\0:\0 \0Y\0E\0S\0 \0(\0C\0:\0\\0W\0i\0n\0d\0o\0w\0s\0\\0s\0y\0s\0t\0e\0m\03\02\0\\0m\0o\0r\0e\0.\0C\0O\0M\0)\0\r\0
\0n\0i\0n\0j\0a\0:\0 \0E\0n\0t\0e\0r\0i\0n\0g\0 \0d\0i\0r\0e\0c\0t\0o\0r\0y\0 \0`\0b\0u\0i\0l\0d\0'\0\r\0
\0\r\0
\0E\0R\0R\0O\0R\0:\0 \0N\0o\0 \0s\0u\0c\0h\0 \0b\0u\0i\0l\0d\0 \0d\0a\0t\0a\0 \0f\0i\0l\0e\0 \0a\0s\0 \0"\0'\0C\0:\0\\0\\0U\0s\0e\0r\0s\0\\0\\0b\0u\0i\0l\0d\0e\0r\0\\0\\0j\0e\0n\0k\0i\0n\0s\0\\0\\0w\0o\0r\0k\0s\0p\0a\0c\0e\0\\0\\0G\0e\0n\0e\0r\0i\0c\0-\0V\0M\0-\0U\0n\0i\0t\0-\0T\0e\0s\0t\0-\0D\0P\0D\0K\0\\0\\0d\0p\0d\0k\0\\0\\0b\0u\0i\0l\0d\0\\0\\0m\0e\0s\0o\0n\0-\0p\0r\0i\0v\0a\0t\0e\0\\0\\0b\0u\0i\0l\0d\0.\0d\0a\0t\0'\0"\0.\0\r\0
\0
==== End log output ====
FreeBSD 13
Kernel: 13.0
Compiler: clang 11.0.1
Windows Server 2019
Kernel: 10.0
Compiler: clang 14.0 and gcc 8.1.0 (MinGW)
Ubuntu 22.04
Kernel: Container Host Kernel
Compiler: clang 14.0.5-1.fc36
Debian Buster
Kernel: 5.4.0-122-generic
Compiler: gcc 8.3.0-6
Debian Bullseye
Kernel: 5.4.0-122-generic
Compiler: gcc 10.2.1-6
RHEL 7
Kernel: 4.18.0-240.10.1.el8_3.x86_64
Compiler: gcc 4.8.5 20150623 (Red Hat 4.8.5-44)
CentOS Stream 8
Kernel: 4.18.0-240.10.1.el8_3.x86_64
Compiler: gcc 8.4.1 20200928
CentOS Stream 9
Kernel: 4.18.0-240.10.1.el8_3.x86_64
Compiler: gcc 11.3.1 20220421
openSUSE Leap 15
Kernel: 4.18.0-240.10.1.el8_3.x86_64
Compiler: gcc 7.5.0
RHEL8
Kernel: 4.18.0-240.10.1.el8_3.x86_64
Compiler: gcc 8.3.1 20191121 (Red Hat 8.3.1-5)
Ubuntu 20.04
Kernel: 4.18.0-240.10.1.el8_3.x86_64
Compiler: gcc 9.3.0-17ubuntu1~20.04
Ubuntu 20.04 ARM Clang Native
Kernel: 5.4.0-53-generic
Compiler: clang 10.0.0-4ubuntu1
Ubuntu 20.04 ARM GCC Native
Kernel: 5.4.0-53-generic
Compiler: gcc 9.3
Ubuntu 20.04 aarch32 GCC Cross Compile
Kernel: 5.4.0-72-generic
Compiler: gcc 9.3.0
Ubuntu 20.04 ARM GCC Cross Compile
Kernel: 5.4.0-72-generic
Compiler: aarch64-linux-gnu-gcc (Ubuntu 9.3.0-17ubuntu1~20.04) 9.3.0
Ubuntu 20.04 ARM Clang Cross Compile
Kernel: 5.4.0-72-generic
Compiler: clang version 10.0.0-4ubuntu1
Ubuntu 20.04 ARM SVE
Kernel: 5.4.0-80-generic
Compiler: gcc 10.3.0 (Ubuntu 10.3.0-1ubuntu1~20.04)
To view detailed results, visit:
https://lab.dpdk.org/results/dashboard/tarballs/22961/
UNH-IOL DPDK Community Lab
To manage your email subscriptions, visit:
https://lab.dpdk.org/results/dashboard/preferences/subscriptions/
^ permalink raw reply [flat|nested] 8+ messages in thread
* |FAILURE| [GIT MASTER] 730dd104a273cdc70a11f38f800ec5a0c191e57b
@ 2023-01-19 8:07 dpdklab
0 siblings, 0 replies; 8+ messages in thread
From: dpdklab @ 2023-01-19 8:07 UTC (permalink / raw)
To: Test Report; +Cc: dpdklab, Andrew Rybchenko, Ferruh Yigit
[-- Attachment #1: Type: text/plain, Size: 8066 bytes --]
_Testing issues_
Branch: dpdk-next-net
730dd104a273cdc70a11f38f800ec5a0c191e57b --> testing fail
Test environment and result as below:
+----------------------------------------+--------------------+----------------------+----------------+
| Environment | dpdk_meson_compile | dpdk_mingw64_compile | dpdk_unit_test |
+========================================+====================+======================+================+
| FreeBSD 13 | PASS | SKIPPED | SKIPPED |
+----------------------------------------+--------------------+----------------------+----------------+
| Windows Server 2019 | PASS | PASS | FAIL |
+----------------------------------------+--------------------+----------------------+----------------+
| Ubuntu 22.04 | PASS | SKIPPED | PASS |
+----------------------------------------+--------------------+----------------------+----------------+
| Debian Buster | PASS | SKIPPED | SKIPPED |
+----------------------------------------+--------------------+----------------------+----------------+
| Debian Bullseye | PASS | SKIPPED | PASS |
+----------------------------------------+--------------------+----------------------+----------------+
| RHEL 7 | PASS | SKIPPED | SKIPPED |
+----------------------------------------+--------------------+----------------------+----------------+
| CentOS Stream 8 | PASS | SKIPPED | PASS |
+----------------------------------------+--------------------+----------------------+----------------+
| CentOS Stream 9 | PASS | SKIPPED | SKIPPED |
+----------------------------------------+--------------------+----------------------+----------------+
| openSUSE Leap 15 | PASS | SKIPPED | PASS |
+----------------------------------------+--------------------+----------------------+----------------+
| RHEL8 | PASS | SKIPPED | PASS |
+----------------------------------------+--------------------+----------------------+----------------+
| Ubuntu 20.04 | PASS | SKIPPED | SKIPPED |
+----------------------------------------+--------------------+----------------------+----------------+
| Ubuntu 20.04 ARM Clang Native | PASS | SKIPPED | PASS |
+----------------------------------------+--------------------+----------------------+----------------+
| Ubuntu 20.04 ARM GCC Native | PASS | SKIPPED | PASS |
+----------------------------------------+--------------------+----------------------+----------------+
| Ubuntu 20.04 aarch32 GCC Cross Compile | PASS | SKIPPED | SKIPPED |
+----------------------------------------+--------------------+----------------------+----------------+
| Ubuntu 20.04 ARM GCC Cross Compile | PASS | SKIPPED | SKIPPED |
+----------------------------------------+--------------------+----------------------+----------------+
| Ubuntu 20.04 ARM Clang Cross Compile | PASS | SKIPPED | SKIPPED |
+----------------------------------------+--------------------+----------------------+----------------+
| Ubuntu 20.04 ARM SVE | PASS | SKIPPED | SKIPPED |
+----------------------------------------+--------------------+----------------------+----------------+
==== 20 line log output for Windows Server 2019 (dpdk_unit_test): ====
\0B\0u\0i\0l\0d\0 \0d\0i\0r\0:\0 \0C\0:\0\\0U\0s\0e\0r\0s\0\\0b\0u\0i\0l\0d\0e\0r\0\\0j\0e\0n\0k\0i\0n\0s\0\\0w\0o\0r\0k\0s\0p\0a\0c\0e\0\\0G\0e\0n\0e\0r\0i\0c\0-\0V\0M\0-\0U\0n\0i\0t\0-\0T\0e\0s\0t\0-\0D\0P\0D\0K\0\\0d\0p\0d\0k\0\\0b\0u\0i\0l\0d\0\r\0
\0B\0u\0i\0l\0d\0 \0t\0y\0p\0e\0:\0 \0n\0a\0t\0i\0v\0e\0 \0b\0u\0i\0l\0d\0\r\0
\0P\0r\0o\0g\0r\0a\0m\0 \0m\0o\0r\0e\0 \0f\0o\0u\0n\0d\0:\0 \0Y\0E\0S\0 \0(\0C\0:\0\\0W\0i\0n\0d\0o\0w\0s\0\\0s\0y\0s\0t\0e\0m\03\02\0\\0m\0o\0r\0e\0.\0C\0O\0M\0)\0\r\0
\0P\0r\0o\0j\0e\0c\0t\0 \0n\0a\0m\0e\0:\0 \0D\0P\0D\0K\0\r\0
\0P\0r\0o\0j\0e\0c\0t\0 \0v\0e\0r\0s\0i\0o\0n\0:\0 \02\03\0.\00\03\0.\00\0-\0r\0c\00\0\r\0
\0C\0 \0c\0o\0m\0p\0i\0l\0e\0r\0 \0f\0o\0r\0 \0t\0h\0e\0 \0h\0o\0s\0t\0 \0m\0a\0c\0h\0i\0n\0e\0:\0 \0c\0l\0a\0n\0g\0 \0(\0c\0l\0a\0n\0g\0 \01\04\0.\00\0.\00\0 \0"\0c\0l\0a\0n\0g\0 \0v\0e\0r\0s\0i\0o\0n\0 \01\04\0.\00\0.\00\0"\0)\0\r\0
\0C\0 \0l\0i\0n\0k\0e\0r\0 \0f\0o\0r\0 \0t\0h\0e\0 \0h\0o\0s\0t\0 \0m\0a\0c\0h\0i\0n\0e\0:\0 \0c\0l\0a\0n\0g\0 \0l\0i\0n\0k\0 \01\04\0.\02\09\0.\03\00\01\04\01\0.\00\0\r\0
\0H\0o\0s\0t\0 \0m\0a\0c\0h\0i\0n\0e\0 \0c\0p\0u\0 \0f\0a\0m\0i\0l\0y\0:\0 \0x\08\06\0_\06\04\0\r\0
\0H\0o\0s\0t\0 \0m\0a\0c\0h\0i\0n\0e\0 \0c\0p\0u\0:\0 \0x\08\06\0_\06\04\0\r\0
\0M\0e\0s\0s\0a\0g\0e\0:\0 \0#\0#\0 \0B\0u\0i\0l\0d\0i\0n\0g\0 \0i\0n\0 \0D\0e\0v\0e\0l\0o\0p\0e\0r\0 \0M\0o\0d\0e\0 \0#\0#\0\r\0
\0P\0r\0o\0g\0r\0a\0m\0 \0p\0k\0g\0-\0c\0o\0n\0f\0i\0g\0 \0p\0k\0g\0c\0o\0n\0f\0 \0f\0o\0u\0n\0d\0:\0 \0N\0O\0\r\0
\0P\0r\0o\0g\0r\0a\0m\0 \0c\0h\0e\0c\0k\0-\0s\0y\0m\0b\0o\0l\0s\0.\0s\0h\0 \0f\0o\0u\0n\0d\0:\0 \0Y\0E\0S\0 \0(\0s\0h\0 \0C\0:\0\\0U\0s\0e\0r\0s\0\\0b\0u\0i\0l\0d\0e\0r\0\\0j\0e\0n\0k\0i\0n\0s\0\\0w\0o\0r\0k\0s\0p\0a\0c\0e\0\\0G\0e\0n\0e\0r\0i\0c\0-\0V\0M\0-\0U\0n\0i\0t\0-\0T\0e\0s\0t\0-\0D\0P\0D\0K\0\\0d\0p\0d\0k\0\\0b\0u\0i\0l\0d\0t\0o\0o\0l\0s\0\\0c\0h\0e\0c\0k\0-\0s\0y\0m\0b\0o\0l\0s\0.\0s\0h\0)\0\r\0
\0P\0r\0o\0g\0r\0a\0m\0 \0o\0p\0t\0i\0o\0n\0s\0-\0i\0b\0v\0e\0r\0b\0s\0-\0s\0t\0a\0t\0i\0c\0.\0s\0h\0 \0f\0o\0u\0n\0d\0:\0 \0Y\0E\0S\0 \0(\0s\0h\0 \0C\0:\0\\0U\0s\0e\0r\0s\0\\0b\0u\0i\0l\0d\0e\0r\0\\0j\0e\0n\0k\0i\0n\0s\0\\0w\0o\0r\0k\0s\0p\0a\0c\0e\0\\0G\0e\0n\0e\0r\0i\0c\0-\0V\0M\0-\0U\0n\0i\0t\0-\0T\0e\0s\0t\0-\0D\0P\0D\0K\0\\0d\0p\0d\0k\0\\0b\0u\0i\0l\0d\0t\0o\0o\0l\0s\0\\0o\0p\0t\0i\0o\0n\0s\0-\0i\0b\0v\0e\0r\0b\0s\0-\0s\0t\0a\0t\0i\0c\0.\0s\0h\0)\0\r\0
\0P\0r\0o\0g\0r\0a\0m\0 \0l\0l\0v\0m\0-\0o\0b\0j\0d\0u\0m\0p\0 \0f\0o\0u\0n\0d\0:\0 \0Y\0E\0S\0 \0(\0C\0:\0\\0P\0r\0o\0g\0r\0a\0m\0 \0F\0i\0l\0e\0s\0\\0L\0L\0V\0M\0\\0b\0i\0n\0\\0l\0l\0v\0m\0-\0o\0b\0j\0d\0u\0m\0p\0.\0E\0X\0E\0)\0\r\0
\0P\0r\0o\0g\0r\0a\0m\0 \0p\0y\0t\0h\0o\0n\03\0 \0f\0o\0u\0n\0d\0:\0 \0Y\0E\0S\0 \0(\0c\0:\0\\0p\0y\0t\0h\0o\0n\03\08\0\\0p\0y\0t\0h\0o\0n\0.\0e\0x\0e\0)\0\r\0
\0P\0r\0o\0g\0r\0a\0m\0 \0m\0o\0r\0e\0 \0f\0o\0u\0n\0d\0:\0 \0Y\0E\0S\0 \0(\0C\0:\0\\0W\0i\0n\0d\0o\0w\0s\0\\0s\0y\0s\0t\0e\0m\03\02\0\\0m\0o\0r\0e\0.\0C\0O\0M\0)\0\r\0
\0n\0i\0n\0j\0a\0:\0 \0E\0n\0t\0e\0r\0i\0n\0g\0 \0d\0i\0r\0e\0c\0t\0o\0r\0y\0 \0`\0b\0u\0i\0l\0d\0'\0\r\0
\0\r\0
\0E\0R\0R\0O\0R\0:\0 \0N\0o\0 \0s\0u\0c\0h\0 \0b\0u\0i\0l\0d\0 \0d\0a\0t\0a\0 \0f\0i\0l\0e\0 \0a\0s\0 \0"\0'\0C\0:\0\\0\\0U\0s\0e\0r\0s\0\\0\\0b\0u\0i\0l\0d\0e\0r\0\\0\\0j\0e\0n\0k\0i\0n\0s\0\\0\\0w\0o\0r\0k\0s\0p\0a\0c\0e\0\\0\\0G\0e\0n\0e\0r\0i\0c\0-\0V\0M\0-\0U\0n\0i\0t\0-\0T\0e\0s\0t\0-\0D\0P\0D\0K\0\\0\\0d\0p\0d\0k\0\\0\\0b\0u\0i\0l\0d\0\\0\\0m\0e\0s\0o\0n\0-\0p\0r\0i\0v\0a\0t\0e\0\\0\\0b\0u\0i\0l\0d\0.\0d\0a\0t\0'\0"\0.\0\r\0
\0
==== End log output ====
FreeBSD 13
Kernel: 13.0
Compiler: clang 11.0.1
Windows Server 2019
Kernel: 10.0
Compiler: clang 14.0 and gcc 8.1.0 (MinGW)
Ubuntu 22.04
Kernel: Container Host Kernel
Compiler: clang 14.0.5-1.fc36
Debian Buster
Kernel: 5.4.0-122-generic
Compiler: gcc 8.3.0-6
Debian Bullseye
Kernel: 5.4.0-122-generic
Compiler: gcc 10.2.1-6
RHEL 7
Kernel: 4.18.0-240.10.1.el8_3.x86_64
Compiler: gcc 4.8.5 20150623 (Red Hat 4.8.5-44)
CentOS Stream 8
Kernel: 4.18.0-240.10.1.el8_3.x86_64
Compiler: gcc 8.4.1 20200928
CentOS Stream 9
Kernel: 4.18.0-240.10.1.el8_3.x86_64
Compiler: gcc 11.3.1 20220421
openSUSE Leap 15
Kernel: 4.18.0-240.10.1.el8_3.x86_64
Compiler: gcc 7.5.0
RHEL8
Kernel: 4.18.0-240.10.1.el8_3.x86_64
Compiler: gcc 8.3.1 20191121 (Red Hat 8.3.1-5)
Ubuntu 20.04
Kernel: 4.18.0-240.10.1.el8_3.x86_64
Compiler: gcc 9.3.0-17ubuntu1~20.04
Ubuntu 20.04 ARM Clang Native
Kernel: 5.4.0-53-generic
Compiler: clang 10.0.0-4ubuntu1
Ubuntu 20.04 ARM GCC Native
Kernel: 5.4.0-53-generic
Compiler: gcc 9.3
Ubuntu 20.04 aarch32 GCC Cross Compile
Kernel: 5.4.0-72-generic
Compiler: gcc 9.3.0
Ubuntu 20.04 ARM GCC Cross Compile
Kernel: 5.4.0-72-generic
Compiler: aarch64-linux-gnu-gcc (Ubuntu 9.3.0-17ubuntu1~20.04) 9.3.0
Ubuntu 20.04 ARM Clang Cross Compile
Kernel: 5.4.0-72-generic
Compiler: clang version 10.0.0-4ubuntu1
Ubuntu 20.04 ARM SVE
Kernel: 5.4.0-80-generic
Compiler: gcc 10.3.0 (Ubuntu 10.3.0-1ubuntu1~20.04)
To view detailed results, visit:
https://lab.dpdk.org/results/dashboard/tarballs/22961/
UNH-IOL DPDK Community Lab
To manage your email subscriptions, visit:
https://lab.dpdk.org/results/dashboard/preferences/subscriptions/
^ permalink raw reply [flat|nested] 8+ messages in thread
* |FAILURE| [GIT MASTER] 730dd104a273cdc70a11f38f800ec5a0c191e57b
@ 2023-01-19 8:06 dpdklab
0 siblings, 0 replies; 8+ messages in thread
From: dpdklab @ 2023-01-19 8:06 UTC (permalink / raw)
To: Test Report; +Cc: dpdk-test-reports, Andrew Rybchenko, Ferruh Yigit
[-- Attachment #1: Type: text/plain, Size: 8066 bytes --]
_Testing issues_
Branch: dpdk-next-net
730dd104a273cdc70a11f38f800ec5a0c191e57b --> testing fail
Test environment and result as below:
+----------------------------------------+--------------------+----------------------+----------------+
| Environment | dpdk_meson_compile | dpdk_mingw64_compile | dpdk_unit_test |
+========================================+====================+======================+================+
| FreeBSD 13 | PASS | SKIPPED | SKIPPED |
+----------------------------------------+--------------------+----------------------+----------------+
| Windows Server 2019 | PASS | PASS | FAIL |
+----------------------------------------+--------------------+----------------------+----------------+
| Ubuntu 22.04 | PASS | SKIPPED | PASS |
+----------------------------------------+--------------------+----------------------+----------------+
| Debian Buster | PASS | SKIPPED | SKIPPED |
+----------------------------------------+--------------------+----------------------+----------------+
| Debian Bullseye | PASS | SKIPPED | PASS |
+----------------------------------------+--------------------+----------------------+----------------+
| RHEL 7 | PASS | SKIPPED | SKIPPED |
+----------------------------------------+--------------------+----------------------+----------------+
| CentOS Stream 8 | PASS | SKIPPED | PASS |
+----------------------------------------+--------------------+----------------------+----------------+
| CentOS Stream 9 | PASS | SKIPPED | SKIPPED |
+----------------------------------------+--------------------+----------------------+----------------+
| openSUSE Leap 15 | PASS | SKIPPED | PASS |
+----------------------------------------+--------------------+----------------------+----------------+
| RHEL8 | PASS | SKIPPED | SKIPPED |
+----------------------------------------+--------------------+----------------------+----------------+
| Ubuntu 20.04 | PASS | SKIPPED | SKIPPED |
+----------------------------------------+--------------------+----------------------+----------------+
| Ubuntu 20.04 ARM Clang Native | PASS | SKIPPED | PASS |
+----------------------------------------+--------------------+----------------------+----------------+
| Ubuntu 20.04 ARM GCC Native | PASS | SKIPPED | PASS |
+----------------------------------------+--------------------+----------------------+----------------+
| Ubuntu 20.04 aarch32 GCC Cross Compile | PASS | SKIPPED | SKIPPED |
+----------------------------------------+--------------------+----------------------+----------------+
| Ubuntu 20.04 ARM GCC Cross Compile | PASS | SKIPPED | SKIPPED |
+----------------------------------------+--------------------+----------------------+----------------+
| Ubuntu 20.04 ARM Clang Cross Compile | PASS | SKIPPED | SKIPPED |
+----------------------------------------+--------------------+----------------------+----------------+
| Ubuntu 20.04 ARM SVE | PASS | SKIPPED | SKIPPED |
+----------------------------------------+--------------------+----------------------+----------------+
==== 20 line log output for Windows Server 2019 (dpdk_unit_test): ====
\0B\0u\0i\0l\0d\0 \0d\0i\0r\0:\0 \0C\0:\0\\0U\0s\0e\0r\0s\0\\0b\0u\0i\0l\0d\0e\0r\0\\0j\0e\0n\0k\0i\0n\0s\0\\0w\0o\0r\0k\0s\0p\0a\0c\0e\0\\0G\0e\0n\0e\0r\0i\0c\0-\0V\0M\0-\0U\0n\0i\0t\0-\0T\0e\0s\0t\0-\0D\0P\0D\0K\0\\0d\0p\0d\0k\0\\0b\0u\0i\0l\0d\0\r\0
\0B\0u\0i\0l\0d\0 \0t\0y\0p\0e\0:\0 \0n\0a\0t\0i\0v\0e\0 \0b\0u\0i\0l\0d\0\r\0
\0P\0r\0o\0g\0r\0a\0m\0 \0m\0o\0r\0e\0 \0f\0o\0u\0n\0d\0:\0 \0Y\0E\0S\0 \0(\0C\0:\0\\0W\0i\0n\0d\0o\0w\0s\0\\0s\0y\0s\0t\0e\0m\03\02\0\\0m\0o\0r\0e\0.\0C\0O\0M\0)\0\r\0
\0P\0r\0o\0j\0e\0c\0t\0 \0n\0a\0m\0e\0:\0 \0D\0P\0D\0K\0\r\0
\0P\0r\0o\0j\0e\0c\0t\0 \0v\0e\0r\0s\0i\0o\0n\0:\0 \02\03\0.\00\03\0.\00\0-\0r\0c\00\0\r\0
\0C\0 \0c\0o\0m\0p\0i\0l\0e\0r\0 \0f\0o\0r\0 \0t\0h\0e\0 \0h\0o\0s\0t\0 \0m\0a\0c\0h\0i\0n\0e\0:\0 \0c\0l\0a\0n\0g\0 \0(\0c\0l\0a\0n\0g\0 \01\04\0.\00\0.\00\0 \0"\0c\0l\0a\0n\0g\0 \0v\0e\0r\0s\0i\0o\0n\0 \01\04\0.\00\0.\00\0"\0)\0\r\0
\0C\0 \0l\0i\0n\0k\0e\0r\0 \0f\0o\0r\0 \0t\0h\0e\0 \0h\0o\0s\0t\0 \0m\0a\0c\0h\0i\0n\0e\0:\0 \0c\0l\0a\0n\0g\0 \0l\0i\0n\0k\0 \01\04\0.\02\09\0.\03\00\01\04\01\0.\00\0\r\0
\0H\0o\0s\0t\0 \0m\0a\0c\0h\0i\0n\0e\0 \0c\0p\0u\0 \0f\0a\0m\0i\0l\0y\0:\0 \0x\08\06\0_\06\04\0\r\0
\0H\0o\0s\0t\0 \0m\0a\0c\0h\0i\0n\0e\0 \0c\0p\0u\0:\0 \0x\08\06\0_\06\04\0\r\0
\0M\0e\0s\0s\0a\0g\0e\0:\0 \0#\0#\0 \0B\0u\0i\0l\0d\0i\0n\0g\0 \0i\0n\0 \0D\0e\0v\0e\0l\0o\0p\0e\0r\0 \0M\0o\0d\0e\0 \0#\0#\0\r\0
\0P\0r\0o\0g\0r\0a\0m\0 \0p\0k\0g\0-\0c\0o\0n\0f\0i\0g\0 \0p\0k\0g\0c\0o\0n\0f\0 \0f\0o\0u\0n\0d\0:\0 \0N\0O\0\r\0
\0P\0r\0o\0g\0r\0a\0m\0 \0c\0h\0e\0c\0k\0-\0s\0y\0m\0b\0o\0l\0s\0.\0s\0h\0 \0f\0o\0u\0n\0d\0:\0 \0Y\0E\0S\0 \0(\0s\0h\0 \0C\0:\0\\0U\0s\0e\0r\0s\0\\0b\0u\0i\0l\0d\0e\0r\0\\0j\0e\0n\0k\0i\0n\0s\0\\0w\0o\0r\0k\0s\0p\0a\0c\0e\0\\0G\0e\0n\0e\0r\0i\0c\0-\0V\0M\0-\0U\0n\0i\0t\0-\0T\0e\0s\0t\0-\0D\0P\0D\0K\0\\0d\0p\0d\0k\0\\0b\0u\0i\0l\0d\0t\0o\0o\0l\0s\0\\0c\0h\0e\0c\0k\0-\0s\0y\0m\0b\0o\0l\0s\0.\0s\0h\0)\0\r\0
\0P\0r\0o\0g\0r\0a\0m\0 \0o\0p\0t\0i\0o\0n\0s\0-\0i\0b\0v\0e\0r\0b\0s\0-\0s\0t\0a\0t\0i\0c\0.\0s\0h\0 \0f\0o\0u\0n\0d\0:\0 \0Y\0E\0S\0 \0(\0s\0h\0 \0C\0:\0\\0U\0s\0e\0r\0s\0\\0b\0u\0i\0l\0d\0e\0r\0\\0j\0e\0n\0k\0i\0n\0s\0\\0w\0o\0r\0k\0s\0p\0a\0c\0e\0\\0G\0e\0n\0e\0r\0i\0c\0-\0V\0M\0-\0U\0n\0i\0t\0-\0T\0e\0s\0t\0-\0D\0P\0D\0K\0\\0d\0p\0d\0k\0\\0b\0u\0i\0l\0d\0t\0o\0o\0l\0s\0\\0o\0p\0t\0i\0o\0n\0s\0-\0i\0b\0v\0e\0r\0b\0s\0-\0s\0t\0a\0t\0i\0c\0.\0s\0h\0)\0\r\0
\0P\0r\0o\0g\0r\0a\0m\0 \0l\0l\0v\0m\0-\0o\0b\0j\0d\0u\0m\0p\0 \0f\0o\0u\0n\0d\0:\0 \0Y\0E\0S\0 \0(\0C\0:\0\\0P\0r\0o\0g\0r\0a\0m\0 \0F\0i\0l\0e\0s\0\\0L\0L\0V\0M\0\\0b\0i\0n\0\\0l\0l\0v\0m\0-\0o\0b\0j\0d\0u\0m\0p\0.\0E\0X\0E\0)\0\r\0
\0P\0r\0o\0g\0r\0a\0m\0 \0p\0y\0t\0h\0o\0n\03\0 \0f\0o\0u\0n\0d\0:\0 \0Y\0E\0S\0 \0(\0c\0:\0\\0p\0y\0t\0h\0o\0n\03\08\0\\0p\0y\0t\0h\0o\0n\0.\0e\0x\0e\0)\0\r\0
\0P\0r\0o\0g\0r\0a\0m\0 \0m\0o\0r\0e\0 \0f\0o\0u\0n\0d\0:\0 \0Y\0E\0S\0 \0(\0C\0:\0\\0W\0i\0n\0d\0o\0w\0s\0\\0s\0y\0s\0t\0e\0m\03\02\0\\0m\0o\0r\0e\0.\0C\0O\0M\0)\0\r\0
\0n\0i\0n\0j\0a\0:\0 \0E\0n\0t\0e\0r\0i\0n\0g\0 \0d\0i\0r\0e\0c\0t\0o\0r\0y\0 \0`\0b\0u\0i\0l\0d\0'\0\r\0
\0\r\0
\0E\0R\0R\0O\0R\0:\0 \0N\0o\0 \0s\0u\0c\0h\0 \0b\0u\0i\0l\0d\0 \0d\0a\0t\0a\0 \0f\0i\0l\0e\0 \0a\0s\0 \0"\0'\0C\0:\0\\0\\0U\0s\0e\0r\0s\0\\0\\0b\0u\0i\0l\0d\0e\0r\0\\0\\0j\0e\0n\0k\0i\0n\0s\0\\0\\0w\0o\0r\0k\0s\0p\0a\0c\0e\0\\0\\0G\0e\0n\0e\0r\0i\0c\0-\0V\0M\0-\0U\0n\0i\0t\0-\0T\0e\0s\0t\0-\0D\0P\0D\0K\0\\0\\0d\0p\0d\0k\0\\0\\0b\0u\0i\0l\0d\0\\0\\0m\0e\0s\0o\0n\0-\0p\0r\0i\0v\0a\0t\0e\0\\0\\0b\0u\0i\0l\0d\0.\0d\0a\0t\0'\0"\0.\0\r\0
\0
==== End log output ====
FreeBSD 13
Kernel: 13.0
Compiler: clang 11.0.1
Windows Server 2019
Kernel: 10.0
Compiler: clang 14.0 and gcc 8.1.0 (MinGW)
Ubuntu 22.04
Kernel: Container Host Kernel
Compiler: clang 14.0.5-1.fc36
Debian Buster
Kernel: 5.4.0-122-generic
Compiler: gcc 8.3.0-6
Debian Bullseye
Kernel: 5.4.0-122-generic
Compiler: gcc 10.2.1-6
RHEL 7
Kernel: 4.18.0-240.10.1.el8_3.x86_64
Compiler: gcc 4.8.5 20150623 (Red Hat 4.8.5-44)
CentOS Stream 8
Kernel: 4.18.0-240.10.1.el8_3.x86_64
Compiler: gcc 8.4.1 20200928
CentOS Stream 9
Kernel: 4.18.0-240.10.1.el8_3.x86_64
Compiler: gcc 11.3.1 20220421
openSUSE Leap 15
Kernel: 4.18.0-240.10.1.el8_3.x86_64
Compiler: gcc 7.5.0
RHEL8
Kernel: 4.18.0-240.10.1.el8_3.x86_64
Compiler: gcc 8.3.1 20191121 (Red Hat 8.3.1-5)
Ubuntu 20.04
Kernel: 4.18.0-240.10.1.el8_3.x86_64
Compiler: gcc 9.3.0-17ubuntu1~20.04
Ubuntu 20.04 ARM Clang Native
Kernel: 5.4.0-53-generic
Compiler: clang 10.0.0-4ubuntu1
Ubuntu 20.04 ARM GCC Native
Kernel: 5.4.0-53-generic
Compiler: gcc 9.3
Ubuntu 20.04 aarch32 GCC Cross Compile
Kernel: 5.4.0-72-generic
Compiler: gcc 9.3.0
Ubuntu 20.04 ARM GCC Cross Compile
Kernel: 5.4.0-72-generic
Compiler: aarch64-linux-gnu-gcc (Ubuntu 9.3.0-17ubuntu1~20.04) 9.3.0
Ubuntu 20.04 ARM Clang Cross Compile
Kernel: 5.4.0-72-generic
Compiler: clang version 10.0.0-4ubuntu1
Ubuntu 20.04 ARM SVE
Kernel: 5.4.0-80-generic
Compiler: gcc 10.3.0 (Ubuntu 10.3.0-1ubuntu1~20.04)
To view detailed results, visit:
https://lab.dpdk.org/results/dashboard/tarballs/22961/
UNH-IOL DPDK Community Lab
To manage your email subscriptions, visit:
https://lab.dpdk.org/results/dashboard/preferences/subscriptions/
^ permalink raw reply [flat|nested] 8+ messages in thread
* |FAILURE| [GIT MASTER] 730dd104a273cdc70a11f38f800ec5a0c191e57b
@ 2023-01-19 8:06 dpdklab
0 siblings, 0 replies; 8+ messages in thread
From: dpdklab @ 2023-01-19 8:06 UTC (permalink / raw)
To: Test Report; +Cc: dpdklab, Andrew Rybchenko, Ferruh Yigit
[-- Attachment #1: Type: text/plain, Size: 8066 bytes --]
_Testing issues_
Branch: dpdk-next-net
730dd104a273cdc70a11f38f800ec5a0c191e57b --> testing fail
Test environment and result as below:
+----------------------------------------+--------------------+----------------------+----------------+
| Environment | dpdk_meson_compile | dpdk_mingw64_compile | dpdk_unit_test |
+========================================+====================+======================+================+
| FreeBSD 13 | PASS | SKIPPED | SKIPPED |
+----------------------------------------+--------------------+----------------------+----------------+
| Windows Server 2019 | PASS | PASS | FAIL |
+----------------------------------------+--------------------+----------------------+----------------+
| Ubuntu 22.04 | PASS | SKIPPED | PASS |
+----------------------------------------+--------------------+----------------------+----------------+
| Debian Buster | PASS | SKIPPED | SKIPPED |
+----------------------------------------+--------------------+----------------------+----------------+
| Debian Bullseye | PASS | SKIPPED | SKIPPED |
+----------------------------------------+--------------------+----------------------+----------------+
| RHEL 7 | PASS | SKIPPED | SKIPPED |
+----------------------------------------+--------------------+----------------------+----------------+
| CentOS Stream 8 | PASS | SKIPPED | PASS |
+----------------------------------------+--------------------+----------------------+----------------+
| CentOS Stream 9 | PASS | SKIPPED | SKIPPED |
+----------------------------------------+--------------------+----------------------+----------------+
| openSUSE Leap 15 | PASS | SKIPPED | SKIPPED |
+----------------------------------------+--------------------+----------------------+----------------+
| RHEL8 | PASS | SKIPPED | SKIPPED |
+----------------------------------------+--------------------+----------------------+----------------+
| Ubuntu 20.04 | PASS | SKIPPED | SKIPPED |
+----------------------------------------+--------------------+----------------------+----------------+
| Ubuntu 20.04 ARM Clang Native | PASS | SKIPPED | PASS |
+----------------------------------------+--------------------+----------------------+----------------+
| Ubuntu 20.04 ARM GCC Native | PASS | SKIPPED | PASS |
+----------------------------------------+--------------------+----------------------+----------------+
| Ubuntu 20.04 aarch32 GCC Cross Compile | PASS | SKIPPED | SKIPPED |
+----------------------------------------+--------------------+----------------------+----------------+
| Ubuntu 20.04 ARM GCC Cross Compile | PASS | SKIPPED | SKIPPED |
+----------------------------------------+--------------------+----------------------+----------------+
| Ubuntu 20.04 ARM Clang Cross Compile | PASS | SKIPPED | SKIPPED |
+----------------------------------------+--------------------+----------------------+----------------+
| Ubuntu 20.04 ARM SVE | PASS | SKIPPED | SKIPPED |
+----------------------------------------+--------------------+----------------------+----------------+
==== 20 line log output for Windows Server 2019 (dpdk_unit_test): ====
\0B\0u\0i\0l\0d\0 \0d\0i\0r\0:\0 \0C\0:\0\\0U\0s\0e\0r\0s\0\\0b\0u\0i\0l\0d\0e\0r\0\\0j\0e\0n\0k\0i\0n\0s\0\\0w\0o\0r\0k\0s\0p\0a\0c\0e\0\\0G\0e\0n\0e\0r\0i\0c\0-\0V\0M\0-\0U\0n\0i\0t\0-\0T\0e\0s\0t\0-\0D\0P\0D\0K\0\\0d\0p\0d\0k\0\\0b\0u\0i\0l\0d\0\r\0
\0B\0u\0i\0l\0d\0 \0t\0y\0p\0e\0:\0 \0n\0a\0t\0i\0v\0e\0 \0b\0u\0i\0l\0d\0\r\0
\0P\0r\0o\0g\0r\0a\0m\0 \0m\0o\0r\0e\0 \0f\0o\0u\0n\0d\0:\0 \0Y\0E\0S\0 \0(\0C\0:\0\\0W\0i\0n\0d\0o\0w\0s\0\\0s\0y\0s\0t\0e\0m\03\02\0\\0m\0o\0r\0e\0.\0C\0O\0M\0)\0\r\0
\0P\0r\0o\0j\0e\0c\0t\0 \0n\0a\0m\0e\0:\0 \0D\0P\0D\0K\0\r\0
\0P\0r\0o\0j\0e\0c\0t\0 \0v\0e\0r\0s\0i\0o\0n\0:\0 \02\03\0.\00\03\0.\00\0-\0r\0c\00\0\r\0
\0C\0 \0c\0o\0m\0p\0i\0l\0e\0r\0 \0f\0o\0r\0 \0t\0h\0e\0 \0h\0o\0s\0t\0 \0m\0a\0c\0h\0i\0n\0e\0:\0 \0c\0l\0a\0n\0g\0 \0(\0c\0l\0a\0n\0g\0 \01\04\0.\00\0.\00\0 \0"\0c\0l\0a\0n\0g\0 \0v\0e\0r\0s\0i\0o\0n\0 \01\04\0.\00\0.\00\0"\0)\0\r\0
\0C\0 \0l\0i\0n\0k\0e\0r\0 \0f\0o\0r\0 \0t\0h\0e\0 \0h\0o\0s\0t\0 \0m\0a\0c\0h\0i\0n\0e\0:\0 \0c\0l\0a\0n\0g\0 \0l\0i\0n\0k\0 \01\04\0.\02\09\0.\03\00\01\04\01\0.\00\0\r\0
\0H\0o\0s\0t\0 \0m\0a\0c\0h\0i\0n\0e\0 \0c\0p\0u\0 \0f\0a\0m\0i\0l\0y\0:\0 \0x\08\06\0_\06\04\0\r\0
\0H\0o\0s\0t\0 \0m\0a\0c\0h\0i\0n\0e\0 \0c\0p\0u\0:\0 \0x\08\06\0_\06\04\0\r\0
\0M\0e\0s\0s\0a\0g\0e\0:\0 \0#\0#\0 \0B\0u\0i\0l\0d\0i\0n\0g\0 \0i\0n\0 \0D\0e\0v\0e\0l\0o\0p\0e\0r\0 \0M\0o\0d\0e\0 \0#\0#\0\r\0
\0P\0r\0o\0g\0r\0a\0m\0 \0p\0k\0g\0-\0c\0o\0n\0f\0i\0g\0 \0p\0k\0g\0c\0o\0n\0f\0 \0f\0o\0u\0n\0d\0:\0 \0N\0O\0\r\0
\0P\0r\0o\0g\0r\0a\0m\0 \0c\0h\0e\0c\0k\0-\0s\0y\0m\0b\0o\0l\0s\0.\0s\0h\0 \0f\0o\0u\0n\0d\0:\0 \0Y\0E\0S\0 \0(\0s\0h\0 \0C\0:\0\\0U\0s\0e\0r\0s\0\\0b\0u\0i\0l\0d\0e\0r\0\\0j\0e\0n\0k\0i\0n\0s\0\\0w\0o\0r\0k\0s\0p\0a\0c\0e\0\\0G\0e\0n\0e\0r\0i\0c\0-\0V\0M\0-\0U\0n\0i\0t\0-\0T\0e\0s\0t\0-\0D\0P\0D\0K\0\\0d\0p\0d\0k\0\\0b\0u\0i\0l\0d\0t\0o\0o\0l\0s\0\\0c\0h\0e\0c\0k\0-\0s\0y\0m\0b\0o\0l\0s\0.\0s\0h\0)\0\r\0
\0P\0r\0o\0g\0r\0a\0m\0 \0o\0p\0t\0i\0o\0n\0s\0-\0i\0b\0v\0e\0r\0b\0s\0-\0s\0t\0a\0t\0i\0c\0.\0s\0h\0 \0f\0o\0u\0n\0d\0:\0 \0Y\0E\0S\0 \0(\0s\0h\0 \0C\0:\0\\0U\0s\0e\0r\0s\0\\0b\0u\0i\0l\0d\0e\0r\0\\0j\0e\0n\0k\0i\0n\0s\0\\0w\0o\0r\0k\0s\0p\0a\0c\0e\0\\0G\0e\0n\0e\0r\0i\0c\0-\0V\0M\0-\0U\0n\0i\0t\0-\0T\0e\0s\0t\0-\0D\0P\0D\0K\0\\0d\0p\0d\0k\0\\0b\0u\0i\0l\0d\0t\0o\0o\0l\0s\0\\0o\0p\0t\0i\0o\0n\0s\0-\0i\0b\0v\0e\0r\0b\0s\0-\0s\0t\0a\0t\0i\0c\0.\0s\0h\0)\0\r\0
\0P\0r\0o\0g\0r\0a\0m\0 \0l\0l\0v\0m\0-\0o\0b\0j\0d\0u\0m\0p\0 \0f\0o\0u\0n\0d\0:\0 \0Y\0E\0S\0 \0(\0C\0:\0\\0P\0r\0o\0g\0r\0a\0m\0 \0F\0i\0l\0e\0s\0\\0L\0L\0V\0M\0\\0b\0i\0n\0\\0l\0l\0v\0m\0-\0o\0b\0j\0d\0u\0m\0p\0.\0E\0X\0E\0)\0\r\0
\0P\0r\0o\0g\0r\0a\0m\0 \0p\0y\0t\0h\0o\0n\03\0 \0f\0o\0u\0n\0d\0:\0 \0Y\0E\0S\0 \0(\0c\0:\0\\0p\0y\0t\0h\0o\0n\03\08\0\\0p\0y\0t\0h\0o\0n\0.\0e\0x\0e\0)\0\r\0
\0P\0r\0o\0g\0r\0a\0m\0 \0m\0o\0r\0e\0 \0f\0o\0u\0n\0d\0:\0 \0Y\0E\0S\0 \0(\0C\0:\0\\0W\0i\0n\0d\0o\0w\0s\0\\0s\0y\0s\0t\0e\0m\03\02\0\\0m\0o\0r\0e\0.\0C\0O\0M\0)\0\r\0
\0n\0i\0n\0j\0a\0:\0 \0E\0n\0t\0e\0r\0i\0n\0g\0 \0d\0i\0r\0e\0c\0t\0o\0r\0y\0 \0`\0b\0u\0i\0l\0d\0'\0\r\0
\0\r\0
\0E\0R\0R\0O\0R\0:\0 \0N\0o\0 \0s\0u\0c\0h\0 \0b\0u\0i\0l\0d\0 \0d\0a\0t\0a\0 \0f\0i\0l\0e\0 \0a\0s\0 \0"\0'\0C\0:\0\\0\\0U\0s\0e\0r\0s\0\\0\\0b\0u\0i\0l\0d\0e\0r\0\\0\\0j\0e\0n\0k\0i\0n\0s\0\\0\\0w\0o\0r\0k\0s\0p\0a\0c\0e\0\\0\\0G\0e\0n\0e\0r\0i\0c\0-\0V\0M\0-\0U\0n\0i\0t\0-\0T\0e\0s\0t\0-\0D\0P\0D\0K\0\\0\\0d\0p\0d\0k\0\\0\\0b\0u\0i\0l\0d\0\\0\\0m\0e\0s\0o\0n\0-\0p\0r\0i\0v\0a\0t\0e\0\\0\\0b\0u\0i\0l\0d\0.\0d\0a\0t\0'\0"\0.\0\r\0
\0
==== End log output ====
FreeBSD 13
Kernel: 13.0
Compiler: clang 11.0.1
Windows Server 2019
Kernel: 10.0
Compiler: clang 14.0 and gcc 8.1.0 (MinGW)
Ubuntu 22.04
Kernel: Container Host Kernel
Compiler: clang 14.0.5-1.fc36
Debian Buster
Kernel: 5.4.0-122-generic
Compiler: gcc 8.3.0-6
Debian Bullseye
Kernel: 5.4.0-122-generic
Compiler: gcc 10.2.1-6
RHEL 7
Kernel: 4.18.0-240.10.1.el8_3.x86_64
Compiler: gcc 4.8.5 20150623 (Red Hat 4.8.5-44)
CentOS Stream 8
Kernel: 4.18.0-240.10.1.el8_3.x86_64
Compiler: gcc 8.4.1 20200928
CentOS Stream 9
Kernel: 4.18.0-240.10.1.el8_3.x86_64
Compiler: gcc 11.3.1 20220421
openSUSE Leap 15
Kernel: 4.18.0-240.10.1.el8_3.x86_64
Compiler: gcc 7.5.0
RHEL8
Kernel: 4.18.0-240.10.1.el8_3.x86_64
Compiler: gcc 8.3.1 20191121 (Red Hat 8.3.1-5)
Ubuntu 20.04
Kernel: 4.18.0-240.10.1.el8_3.x86_64
Compiler: gcc 9.3.0-17ubuntu1~20.04
Ubuntu 20.04 ARM Clang Native
Kernel: 5.4.0-53-generic
Compiler: clang 10.0.0-4ubuntu1
Ubuntu 20.04 ARM GCC Native
Kernel: 5.4.0-53-generic
Compiler: gcc 9.3
Ubuntu 20.04 aarch32 GCC Cross Compile
Kernel: 5.4.0-72-generic
Compiler: gcc 9.3.0
Ubuntu 20.04 ARM GCC Cross Compile
Kernel: 5.4.0-72-generic
Compiler: aarch64-linux-gnu-gcc (Ubuntu 9.3.0-17ubuntu1~20.04) 9.3.0
Ubuntu 20.04 ARM Clang Cross Compile
Kernel: 5.4.0-72-generic
Compiler: clang version 10.0.0-4ubuntu1
Ubuntu 20.04 ARM SVE
Kernel: 5.4.0-80-generic
Compiler: gcc 10.3.0 (Ubuntu 10.3.0-1ubuntu1~20.04)
To view detailed results, visit:
https://lab.dpdk.org/results/dashboard/tarballs/22961/
UNH-IOL DPDK Community Lab
To manage your email subscriptions, visit:
https://lab.dpdk.org/results/dashboard/preferences/subscriptions/
^ permalink raw reply [flat|nested] 8+ messages in thread
* |FAILURE| [GIT MASTER] 730dd104a273cdc70a11f38f800ec5a0c191e57b
@ 2023-01-18 19:28 dpdklab
0 siblings, 0 replies; 8+ messages in thread
From: dpdklab @ 2023-01-18 19:28 UTC (permalink / raw)
To: Test Report; +Cc: Andrew Rybchenko, Ferruh Yigit
[-- Attachment #1: Type: text/plain, Size: 1477 bytes --]
_Performance Testing issues_
Branch: dpdk-next-net
730dd104a273cdc70a11f38f800ec5a0c191e57b --> performance testing fail
Test environment and result as below:
Ubuntu 22.04
Kernel: 5.15.0-39-generic
Compiler: gcc gcc (Ubuntu 11.2.0-19ubuntu1) 11.2.0
NIC: Broadcom Inc. and subsidiaries BCM57414 NetXtreme-E 10Gb/25Gb RDMA Ethernet Controller 16d7 25 Mbps
Target: x86_64-native-linuxapp-gcc
Fail/Total: 1/3
Detail performance results:
+------------+---------+----------+-------------+------------------------------+
| frame_size | txd/rxd | num_cpus | num_threads | throughput difference from |
| | | | | expected |
+============+=========+==========+=============+==============================+
| 64 | 128 | 1 | 1 | 0.6% |
+------------+---------+----------+-------------+------------------------------+
| 64 | 512 | 1 | 1 | 0.1% |
+------------+---------+----------+-------------+------------------------------+
| 64 | 2048 | 1 | 1 | -7.2% |
+------------+---------+----------+-------------+------------------------------+
To view detailed results, visit:
https://lab.dpdk.org/results/dashboard/tarballs/22961/
UNH-IOL DPDK Community Lab
To manage your email subscriptions, visit:
https://lab.dpdk.org/results/dashboard/preferences/subscriptions/
^ permalink raw reply [flat|nested] 8+ messages in thread
end of thread, other threads:[~2023-01-19 8:08 UTC | newest]
Thread overview: 8+ messages (download: mbox.gz / follow: Atom feed)
-- links below jump to the message on this page --
2023-01-19 8:07 |FAILURE| [GIT MASTER] 730dd104a273cdc70a11f38f800ec5a0c191e57b dpdklab
-- strict thread matches above, loose matches on Subject: below --
2023-01-19 8:08 dpdklab
2023-01-19 8:07 dpdklab
2023-01-19 8:07 dpdklab
2023-01-19 8:07 dpdklab
2023-01-19 8:06 dpdklab
2023-01-19 8:06 dpdklab
2023-01-18 19:28 dpdklab
This is a public inbox, see mirroring instructions
for how to clone and mirror all data and code used for this inbox;
as well as URLs for NNTP newsgroup(s).