From: dpdklab@iol.unh.edu
To: Test Report <test-report@dpdk.org>
Cc: dpdk-test-reports@iol.unh.edu,
David Marchand <david.marchand@redhat.com>,
Thomas Monjalon <thomas@monjalon.net>,
Ferruh Yigit <ferruh.yigit@amd.com>
Subject: |FAILURE| pw122421-122427 [PATCH] [v2, 8/8] net: mark all big endian types
Date: Sat, 21 Jan 2023 01:21:47 +0000 (UTC) [thread overview]
Message-ID: <20230121012147.B018E601CE@dpdk-ubuntu.dpdklab.iol.unh.edu> (raw)
[-- Attachment #1: Type: text/plain, Size: 5404 bytes --]
Test-Label: iol-testing
Test-Status: FAILURE
http://dpdk.org/patch/122427
_Testing issues_
Submitter: Ferruh Yigit <ferruh.yigit@amd.com>
Date: Friday, January 20 2023 17:19:02
DPDK git baseline: Repo:dpdk
Branch: master
CommitID:2a211079a92e962bbd0ec81e425a6ffc32890e67
122421-122427 --> testing fail
Test environment and result as below:
+-------------------------------+----------------+--------------------+----------------------+
| Environment | dpdk_unit_test | dpdk_meson_compile | dpdk_mingw64_compile |
+===============================+================+====================+======================+
| Ubuntu 20.04 ARM GCC Native | PASS | SKIPPED | SKIPPED |
+-------------------------------+----------------+--------------------+----------------------+
| Ubuntu 20.04 ARM Clang Native | PASS | SKIPPED | SKIPPED |
+-------------------------------+----------------+--------------------+----------------------+
| Windows Server 2019 | PASS | PASS | PASS |
+-------------------------------+----------------+--------------------+----------------------+
| CentOS Stream 8 | PASS | SKIPPED | SKIPPED |
+-------------------------------+----------------+--------------------+----------------------+
| Debian Buster | PASS | SKIPPED | SKIPPED |
+-------------------------------+----------------+--------------------+----------------------+
| Debian Bullseye | PASS | SKIPPED | SKIPPED |
+-------------------------------+----------------+--------------------+----------------------+
| RHEL 7 | FAIL | SKIPPED | SKIPPED |
+-------------------------------+----------------+--------------------+----------------------+
| CentOS Stream 9 | PASS | SKIPPED | SKIPPED |
+-------------------------------+----------------+--------------------+----------------------+
| Ubuntu 22.04 | PASS | SKIPPED | SKIPPED |
+-------------------------------+----------------+--------------------+----------------------+
| openSUSE Leap 15 | PASS | SKIPPED | SKIPPED |
+-------------------------------+----------------+--------------------+----------------------+
| FreeBSD 13 | SKIPPED | PASS | SKIPPED |
+-------------------------------+----------------+--------------------+----------------------+
==== 20 line log output for RHEL 7 (dpdk_unit_test): ====
../drivers/net/mlx5/mlx5_flow_dv.c: In function 'flow_dv_translate_item_gre':
../drivers/net/mlx5/mlx5_flow_dv.c:8987:22: error: missing braces around initializer [-Werror=missing-braces]
static const struct rte_flow_item_gre empty_gre = {0,};
^
../drivers/net/mlx5/mlx5_flow_dv.c:8987:22: error: (near initialization for 'empty_gre.<anonymous>') [-Werror=missing-braces]
../drivers/net/mlx5/mlx5_flow_dv.c: In function 'flow_dv_translate_item_gre_option':
../drivers/net/mlx5/mlx5_flow_dv.c:9075:22: error: missing braces around initializer [-Werror=missing-braces]
static const struct rte_flow_item_gre empty_gre = {0};
^
../drivers/net/mlx5/mlx5_flow_dv.c:9075:22: error: (near initialization for 'empty_gre.<anonymous>') [-Werror=missing-braces]
../drivers/net/mlx5/mlx5_flow_dv.c: In function 'flow_dv_translate_item_vxlan_gpe':
../drivers/net/mlx5/mlx5_flow_dv.c:9323:22: error: missing braces around initializer [-Werror=missing-braces]
static const struct rte_flow_item_vxlan_gpe dummy_vxlan_gpe_hdr = {0, };
^
../drivers/net/mlx5/mlx5_flow_dv.c:9323:22: error: (near initialization for 'dummy_vxlan_gpe_hdr.<anonymous>') [-Werror=missing-braces]
cc1: all warnings being treated as errors
[1689/3101] Compiling C object 'drivers/a715181@@tmp_rte_net_mlx5@sta/net_mlx5_mlx5_mac.c.o'.
[1690/3101] Compiling C object 'drivers/a715181@@tmp_rte_net_mlx5@sta/net_mlx5_mlx5_flow_meter.c.o'.
[1691/3101] Compiling C object 'drivers/a715181@@tmp_rte_net_mlx5@sta/net_mlx5_mlx5_flow.c.o'.
ninja: build stopped: subcommand failed.
==== End log output ====
Ubuntu 20.04 ARM GCC Native
Kernel: 5.4.0-53-generic
Compiler: gcc 9.3
Ubuntu 20.04 ARM Clang Native
Kernel: 5.4.0-53-generic
Compiler: clang 10.0.0-4ubuntu1
Windows Server 2019
Kernel: 10.0
Compiler: clang 14.0 and gcc 8.1.0 (MinGW)
CentOS Stream 8
Kernel: 4.18.0-240.10.1.el8_3.x86_64
Compiler: gcc 8.4.1 20200928
Debian Buster
Kernel: 5.4.0-122-generic
Compiler: gcc 8.3.0-6
Debian Bullseye
Kernel: 5.4.0-122-generic
Compiler: gcc 10.2.1-6
RHEL 7
Kernel: 4.18.0-240.10.1.el8_3.x86_64
Compiler: gcc 4.8.5 20150623 (Red Hat 4.8.5-44)
CentOS Stream 9
Kernel: 4.18.0-240.10.1.el8_3.x86_64
Compiler: gcc 11.3.1 20220421
Ubuntu 22.04
Kernel: Container Host Kernel
Compiler: gcc 11.3.1-2
openSUSE Leap 15
Kernel: 4.18.0-240.10.1.el8_3.x86_64
Compiler: gcc 7.5.0
FreeBSD 13
Kernel: 13.0
Compiler: clang 11.0.1
To view detailed results, visit:
https://lab.dpdk.org/results/dashboard/patchsets/25053/
UNH-IOL DPDK Community Lab
To manage your email subscriptions, visit:
https://lab.dpdk.org/results/dashboard/preferences/subscriptions/
next reply other threads:[~2023-01-21 1:21 UTC|newest]
Thread overview: 9+ messages / expand[flat|nested] mbox.gz Atom feed top
2023-01-21 1:21 dpdklab [this message]
-- strict thread matches above, loose matches on Subject: below --
2023-01-21 2:58 dpdklab
2023-01-21 1:32 dpdklab
2023-01-21 1:32 dpdklab
2023-01-21 1:31 dpdklab
2023-01-21 1:21 dpdklab
2023-01-21 1:21 dpdklab
2023-01-21 1:21 dpdklab
2023-01-21 1:21 dpdklab
Reply instructions:
You may reply publicly to this message via plain-text email
using any one of the following methods:
* Save the following mbox file, import it into your mail client,
and reply-to-all from there: mbox
Avoid top-posting and favor interleaved quoting:
https://en.wikipedia.org/wiki/Posting_style#Interleaved_style
* Reply using the --to, --cc, and --in-reply-to
switches of git-send-email(1):
git send-email \
--in-reply-to=20230121012147.B018E601CE@dpdk-ubuntu.dpdklab.iol.unh.edu \
--to=dpdklab@iol.unh.edu \
--cc=david.marchand@redhat.com \
--cc=dpdk-test-reports@iol.unh.edu \
--cc=ferruh.yigit@amd.com \
--cc=test-report@dpdk.org \
--cc=thomas@monjalon.net \
/path/to/YOUR_REPLY
https://kernel.org/pub/software/scm/git/docs/git-send-email.html
* If your mail client supports setting the In-Reply-To header
via mailto: links, try the mailto: link
Be sure your reply has a Subject: header at the top and a blank line
before the message body.
This is a public inbox, see mirroring instructions
for how to clone and mirror all data and code used for this inbox;
as well as URLs for NNTP newsgroup(s).