* |FAILURE| pw122713 [PATCH] net/iavf: add check for mbuf
@ 2023-01-31 13:24 dpdklab
0 siblings, 0 replies; 11+ messages in thread
From: dpdklab @ 2023-01-31 13:24 UTC (permalink / raw)
To: Test Report
Cc: dpdk-test-reports, David Marchand, Thomas Monjalon, Mingjin Ye
[-- Attachment #1: Type: text/plain, Size: 7444 bytes --]
Test-Label: iol-testing
Test-Status: FAILURE
http://dpdk.org/patch/122713
_Testing issues_
Submitter: Mingjin Ye <mingjinx.ye@intel.com>
Date: Tuesday, January 31 2023 05:19:37
DPDK git baseline: Repo:dpdk
Branch: master
CommitID:2a211079a92e962bbd0ec81e425a6ffc32890e67
122713 --> testing fail
Test environment and result as below:
+-------------------------------+----------------+--------------------+----------------------+
| Environment | dpdk_unit_test | dpdk_meson_compile | dpdk_mingw64_compile |
+===============================+================+====================+======================+
| Ubuntu 20.04 ARM GCC Native | PASS | PASS | SKIPPED |
+-------------------------------+----------------+--------------------+----------------------+
| Ubuntu 20.04 ARM Clang Native | PASS | PASS | SKIPPED |
+-------------------------------+----------------+--------------------+----------------------+
| Windows Server 2019 | FAIL | FAIL | FAIL |
+-------------------------------+----------------+--------------------+----------------------+
| RHEL 7 | PASS | SKIPPED | SKIPPED |
+-------------------------------+----------------+--------------------+----------------------+
| CentOS Stream 8 | PASS | PASS | SKIPPED |
+-------------------------------+----------------+--------------------+----------------------+
| RHEL8 | PASS | SKIPPED | SKIPPED |
+-------------------------------+----------------+--------------------+----------------------+
| Ubuntu 22.04 | PASS | PASS | SKIPPED |
+-------------------------------+----------------+--------------------+----------------------+
| CentOS Stream 9 | PASS | PASS | SKIPPED |
+-------------------------------+----------------+--------------------+----------------------+
| openSUSE Leap 15 | PASS | SKIPPED | SKIPPED |
+-------------------------------+----------------+--------------------+----------------------+
| Debian Buster | PASS | PASS | SKIPPED |
+-------------------------------+----------------+--------------------+----------------------+
| FreeBSD 13 | SKIPPED | PASS | SKIPPED |
+-------------------------------+----------------+--------------------+----------------------+
| Debian Bullseye | SKIPPED | PASS | SKIPPED |
+-------------------------------+----------------+--------------------+----------------------+
==== 20 line log output for Windows Server 2019 (dpdk_mingw64_compile): ====
[531/669] Compiling C object drivers/libtmp_rte_net_iavf.a.p/net_iavf_iavf_ipsec_crypto.c.obj
[532/669] Compiling C object drivers/libtmp_rte_net_iavf.a.p/net_iavf_iavf_rxtx.c.obj
FAILED: drivers/libtmp_rte_net_iavf.a.p/net_iavf_iavf_rxtx.c.obj
"gcc" "-Idrivers\libtmp_rte_net_iavf.a.p" "-Idrivers" "-I..\drivers" "-Idrivers\net\iavf" "-I..\drivers\net\iavf" "-Idrivers\common\iavf" "-I..\drivers\common\iavf" "-Ilib\ethdev" "-I..\lib\ethdev" "-I." "-I.." "-Iconfig" "-I..\config" "-Ilib\eal\include" "-I..\lib\eal\include" "-Ilib\eal\windows\include" "-I..\lib\eal\windows\include" "-Ilib\eal\x86\include" "-I..\lib\eal\x86\include" "-Ilib\eal\common" "-I..\lib\eal\common" "-Ilib\eal" "-I..\lib\eal" "-Ilib\kvargs" "-I..\lib\kvargs" "-Ilib\net" "-I..\lib\net" "-Ilib\mbuf" "-I..\lib\mbuf" "-Ilib\mempool" "-I..\lib\mempool" "-Ilib\ring" "-I..\lib\ring" "-Ilib\metrics" "-I..\lib\metrics" "-Ilib\telemetry" "-I..\lib\telemetry" "-Ilib\meter" "-I..\lib\meter" "-Idrivers\bus\pci" "-I..\drivers\bus\pci" "-I..\drivers\bus\pci\windows" "-Ilib\pci" "-I..\lib\pci" "-Idrivers\bus\vdev" "-I..\drivers\bus\vdev" "-Ilib\security" "-I..\lib\security" "-Ilib\cryptodev" "-I..\lib\cryptodev" "-Ilib\rcu" "-I..\lib\rcu" "-fdiagnostics-color=always" "-pipe" "-D_FILE_OFFSET_BITS=64" "-Wall" "-Winvalid-pch" "-Wextra" "-Werror" "-O3" "-include" "rte_config.h" "-Wcast-qual" "-Wdeprecated" "-Wformat" "-Wformat-nonliteral" "-Wformat-security" "-Wmissing-declarations" "-Wmissing-prototypes" "-Wnested-externs" "-Wold-style-definition" "-Wpointer-arith" "-Wsign-compare" "-Wstrict-prototypes" "-Wundef" "-Wwrite-strings" "-Wno-packed-not-aligned" "-Wno-missing-field-initializers" "-D_GNU_SOURCE" "-D_WIN32_WINNT=0x0A00" "-D__USE_MINGW_ANSI_STDIO" "-march=native" "-mno-avx512f" "-DALLOW_EXPERIMENTAL_API" "-DALLOW_INTERNAL_API" "-Wno-format-truncation" "-Wno-strict-aliasing" "-fno-asynchronous-unwind-tables" "-DCC_AVX2_SUPPORT" "-DRTE_LOG_DEFAULT_LOGTYPE=pmd.net.iavf" -MD -MQ drivers/libtmp_rte_net_iavf.a.p/net_iavf_iavf_rxtx.c.obj -MF "drivers\libtmp_rte_net_iavf.a.p\net_iavf_iavf_rxtx.c.obj.d" -o drivers/libtmp_rte_net_iavf.a.p/net_iavf_iavf_rxtx.c.obj "-c" ../drivers/net/iavf/iavf_rxtx.c
../drivers/net/iavf/iavf_rxtx.c: In function 'iavf_check_mbuf':
../drivers/net/iavf/iavf_rxtx.c:3499:31: error: 'IPPROTO_GRE' undeclared (first use in this function); did you mean 'IPPROTO_GGP'?
} else if (info.l4_proto == IPPROTO_GRE) {
^~~~~~~~~~~
IPPROTO_GGP
../drivers/net/iavf/iavf_rxtx.c:3499:31: note: each undeclared identifier is reported only once for each function it appears in
../drivers/net/iavf/iavf_rxtx.c:3512:31: error: 'IPPROTO_IPIP' undeclared (first use in this function); did you mean 'IPPROTO_IPV4'?
} else if (info.l4_proto == IPPROTO_IPIP) {
^~~~~~~~~~~~
IPPROTO_IPV4
[533/669] Compiling C object drivers/libtmp_rte_net_i40e.a.p/net_i40e_i40e_hash.c.obj
[534/669] Compiling C object drivers/libtmp_rte_net_iavf.a.p/net_iavf_iavf_rxtx_vec_avx2.c.obj
[535/669] Compiling C object drivers/libtmp_rte_net_i40e.a.p/net_i40e_i40e_rxtx_vec_avx2.c.obj
[536/669] Compiling C object drivers/net/ice/base/libice_base.a.p/ice_controlq.c.obj
[537/669] Compiling C object drivers/libtmp_rte_net_iavf.a.p/net_iavf_iavf_generic_flow.c.obj
ninja: build stopped: subcommand failed.
==== End log output ====
Ubuntu 20.04 ARM GCC Native
Kernel: 5.4.0-53-generic
Compiler: gcc 9.3
Ubuntu 20.04 ARM Clang Native
Kernel: 5.4.0-53-generic
Compiler: clang 10.0.0-4ubuntu1
Windows Server 2019
Kernel: 10.0
Compiler: clang 14.0 and gcc 8.1.0 (MinGW)
RHEL 7
Kernel: 4.18.0-240.10.1.el8_3.x86_64
Compiler: gcc 4.8.5 20150623 (Red Hat 4.8.5-44)
CentOS Stream 8
Kernel: 4.18.0-240.10.1.el8_3.x86_64
Compiler: gcc 8.4.1 20200928
RHEL8
Kernel: 4.18.0-240.10.1.el8_3.x86_64
Compiler: gcc 8.3.1 20191121 (Red Hat 8.3.1-5)
Ubuntu 22.04
Kernel: Container Host Kernel
Compiler: gcc 11.3.1-2
CentOS Stream 9
Kernel: 4.18.0-240.10.1.el8_3.x86_64
Compiler: gcc 11.3.1 20220421
openSUSE Leap 15
Kernel: 4.18.0-240.10.1.el8_3.x86_64
Compiler: gcc 7.5.0
Debian Buster
Kernel: 5.4.0-122-generic
Compiler: gcc 8.3.0-6
FreeBSD 13
Kernel: 13.0
Compiler: clang 11.0.1
Debian Bullseye
Kernel: 5.4.0-122-generic
Compiler: gcc 10.2.1-6
To view detailed results, visit:
https://lab.dpdk.org/results/dashboard/patchsets/25126/
UNH-IOL DPDK Community Lab
To manage your email subscriptions, visit:
https://lab.dpdk.org/results/dashboard/preferences/subscriptions/
^ permalink raw reply [flat|nested] 11+ messages in thread
* |FAILURE| pw122713 [PATCH] net/iavf: add check for mbuf
@ 2023-01-31 13:26 dpdklab
0 siblings, 0 replies; 11+ messages in thread
From: dpdklab @ 2023-01-31 13:26 UTC (permalink / raw)
To: Test Report; +Cc: dpdklab, David Marchand, Thomas Monjalon, Mingjin Ye
[-- Attachment #1: Type: text/plain, Size: 8720 bytes --]
Test-Label: iol-x86_64-unit-testing
Test-Status: FAILURE
http://dpdk.org/patch/122713
_Testing issues_
Submitter: Mingjin Ye <mingjinx.ye@intel.com>
Date: Tuesday, January 31 2023 05:19:37
DPDK git baseline: Repo:dpdk
Branch: master
CommitID:2a211079a92e962bbd0ec81e425a6ffc32890e67
122713 --> testing fail
Test environment and result as below:
+---------------------+----------------+
| Environment | dpdk_unit_test |
+=====================+================+
| Windows Server 2019 | FAIL |
+---------------------+----------------+
| RHEL 7 | PASS |
+---------------------+----------------+
| CentOS Stream 8 | PASS |
+---------------------+----------------+
| RHEL8 | PASS |
+---------------------+----------------+
| Ubuntu 22.04 | PASS |
+---------------------+----------------+
| CentOS Stream 9 | PASS |
+---------------------+----------------+
| openSUSE Leap 15 | PASS |
+---------------------+----------------+
| Debian Buster | PASS |
+---------------------+----------------+
| Ubuntu 20.04 | PASS |
+---------------------+----------------+
| Debian Bullseye | PASS |
+---------------------+----------------+
==== 20 line log output for Windows Server 2019 (dpdk_unit_test): ====
\0"\0c\0l\0a\0n\0g\0"\0 \0"\0-\0I\0d\0r\0i\0v\0e\0r\0s\0\\0l\0i\0b\0t\0m\0p\0_\0r\0t\0e\0_\0n\0e\0t\0_\0i\0a\0v\0f\0.\0a\0.\0p\0"\0 \0"\0-\0I\0d\0r\0i\0v\0e\0r\0s\0"\0 \0"\0-\0I\0.\0.\0\\0d\0r\0i\0v\0e\0r\0s\0"\0 \0"\0-\0I\0d\0r\0i\0v\0e\0r\0s\0\\0n\0e\0t\0\\0i\0a\0v\0f\0"\0 \0"\0-\0I\0.\0.\0\\0d\0r\0i\0v\0e\0r\0s\0\\0n\0e\0t\0\\0i\0a\0v\0f\0"\0 \0"\0-\0I\0d\0r\0i\0v\0e\0r\0s\0\\0c\0o\0m\0m\0o\0n\0\\0i\0a\0v\0f\0"\0 \0"\0-\0I\0.\0.\0\\0d\0r\0i\0v\0e\0r\0s\0\\0c\0o\0m\0m\0o\0n\0\\0i\0a\0v\0f\0"\0 \0"\0-\0I\0l\0i\0b\0\\0e\0t\0h\0d\0e\0v\0"\0 \0"\0-\0I\0.\0.\0\\0l\0i\0b\0\\0e\0t\0h\0d\0e\0v\0"\0 \0"\0-\0I\0.\0"\0 \0"\0-\0I\0.\0.\0"\0 \0"\0-\0I\0c\0o\0n\0f\0i\0g\0"\0 \0"\0-\0I\0.\0.\0\\0c\0o\0n\0f\0i\0g\0"\0 \0"\0-\0I\0l\0i\0b\0\\0e\0a\0l\0\\0i\0n\0c\0l\0u\0d\0e\0"\0 \0"\0-\0I\0.\0.\0\\0l\0i\0b\0\\0e\0a\0l\0\\0i\0n\0c\0l\0u\0d\0e\0"\0 \0"\0-\0I\0l\0i\0b\0\\0e\0a\0l\0\\0w\0i\0n\0d\0o\0w\0s\0\\0i\0n\0c\0l\0u\0d\0e\0"\0 \0"\0-\0I\0.\0.\0\\0l\0i\0b\0\\0e\0a\0l\0\\0w\0i\0n\0d\0o\0w\0s\0\\0i\0n\0c\0l\0u\0d\0e\0"\0 \0"\0-\0I\0l\0i\0b\0\\0e\0a\0l\0\\0x\08\06\0\\0i\0n\0c\0l\0u\0d\0e\0"\0 \0"\0-\0I\0.\0.\0\\0l\0i\0b\0\\0e\0a\0l\0\\0x\08\06\0\\0i\0n\0c\0l\0u\0d\0e\0"\0 \0"\0-\0I\0l\0i\0b\0\\0e\0a\0l\0\\0c\0o\0m\0m\0o\0n\0"\0 \0"\0-\0I\0.\0.\0\\0l\0i\0b\0\\0e\0a\0l\0\\0c\0o\0m\0m\0o\0n\0"\0 \0"\0-\0I\0l\0i\0b\0\\0e\0a\0l\0"\0 \0"\0-\0I\0.\0.\0\\0l\0i\0b\0\\0e\0a\0l\0"\0 \0"\0-\0I\0l\0i\0b\0\\0k\0v\0a\0r\0g\0s\0"\0 \0"\0-\0I\0.\0.\0\\0l\0i\0b\0\\0k\0v\0a\0r\0g\0s\0"\0 \0"\0-\0I\0l\0i\0b\0\\0n\0e\0t\0"\0 \0"\0-\0I\0.\0.\0\\0l\0i\0b\0\\0n\0e\0t\0"\0 \0"\0-\0I\0l\0i\0b\0\\0m\0b\0u\0f\0"\0 \0"\0-\0I\0.\0.\0\\0l\0i\0b\0\\0m\0b\0u\0f\0"\0 \0"\0-\0I\0l\0i\0b\0\\0m\0e\0m\0p\0o\0o\0l\0"\0 \0"\0-\0I\0.\0.\0\\0l\0i\0b\0\\0m\0e\0m\0p\0o\0o\0l\0"\0 \0"\0-\0I\0l\0i\0b\0\\0r\0i\0n\0g\0"\0 \0"\0-\0I\0.\0.\0\\0l\0i\0b\0\\0r\0i\0n\0g\0"\0 \0"\0-\0I\0l\0i\0b\0\\0m\0e\0t\0r\0i\0c\0s\0"\0 \0"\0-\0I\0.\0.\0\\0l\0i\0b\0\\0m\0e\0t\0r\0i\0c\0s\0"\0 \0"\0-\0I\0l\0i\0b\0\\0t\0e\0l\0e\0m\0e\0t\0r\0y\0"\0 \0"\0-\0I\0.\0.\0\\0l\0i\0b\0\\0t\0e\0l\0e\0m\0e\0t\0r\0y\0"\0 \0"\0-\0I\0l\0i\0b\0\\0m\0e\0t\0e\0r\0"\0 \0"\0-\0I\0.\0.\0\\0l\0i\0b\0\\0m\0e\0t\0e\0r\0"\0 \0"\0-\0I\0d\0r\0i\0v\0e\0r\0s\0\\0b\0u\0s\0\\0p\0c\0i\0"\0 \0"\0-\0I\0.\0.\0\\0d\0r\0i\0v\0e\0r\0s\0\\0b\0u\0s\0\\0p\0c\0i\0"\0 \0"\0-\0I\0.\0.\0\\0d\0r\0i\0v\0e\0r\0s\0\\0b\0u\0s\0\\0p\0c\0i\0\\0w\0i\0n\0d\0o\0w\0s\0"\0 \0"\0-\0I\0l\0i\0b\0\\0p\0c\0i\0"\0 \0"\0-\0I\0.\0.\0\\0l\0i\0b\0\\0p\0c\0i\0"\0 \0"\0-\0I\0d\0r\0i\0v\0e\0r\0s\0\\0b\0u\0s\0\\0v\0d\0e\0v\0"\0 \0"\0-\0I\0.\0.\0\\0d\0r\0i\0v\0e\0r\0s\0\\0b\0u\0s\0\\0v\0d\0e\0v\0"\0 \0"\0-\0I\0l\0i\0b\0\\0s\0e\0c\0u\0r\0i\0t\0y\0"\0 \0"\0-\0I\0.\0.\0\\0l\0i\0b\0\\0s\0e\0c\0u\0r\0i\0t\0y\0"\0 \0"\0-\0I\0l\0i\0b\0\\0c\0r\0y\0p\0t\0o\0d\0e\0v\0"\0 \0"\0-\0I\0.\0.\0\\0l\0i\0b\0\\0c\0r\0y\0p\0t\0o\0d\0e\0v\0"\0 \0"\0-\0I\0l\0i\0b\0\\0r\0c\0u\0"\0 \0"\0-\0I\0.\0.\0\\0l\0i\0b\0\\0r\0c\0u\0"\0 \0"\0-\0X\0c\0l\0a\0n\0g\0"\0 \0"\0-\0f\0c\0o\0l\0o\0r\0-\0d\0i\0a\0g\0n\0o\0s\0t\0i\0c\0s\0"\0 \0"\0-\0p\0i\0p\0e\0"\0 \0"\0-\0D\0_\0F\0I\0L\0E\0_\0O\0F\0F\0S\0E\0T\0_\0B\0I\0T\0S\0=\06\04\0"\0 \0"\0-\0W\0a\0l\0l\0"\0 \0"\0-\0W\0i\0n\0v\0a\0l\0i\0d\0-\0p\0c\0h\0"\0 \0"\0-\0W\0e\0x\0t\0r\0a\0"\0 \0"\0-\0W\0e\0r\0r\0o\0r\0"\0 \0"\0-\0O\03\0"\0 \0"\0-\0i\0n\0c\0l\0u\0d\0e\0"\0 \0"\0r\0t\0e\0_\0c\0o\0n\0f\0i\0g\0.\0h\0"\0 \0"\0-\0W\0c\0a\0s\0t\0-\0q\0u\0a\0l\0"\0 \0"\0-\0W\0d\0e\0p\0r\0e\0c\0a\0t\0e\0d\0"\0 \0"\0-\0W\0f\0o\0r\0m\0a\0t\0"\0 \0"\0-\0W\0f\0o\0r\0m\0a\0t\0-\0n\0o\0n\0l\0i\0t\0e\0r\0a\0l\0"\0 \0"\0-\0W\0f\0o\0r\0m\0a\0t\0-\0s\0e\0c\0u\0r\0i\0t\0y\0"\0 \0"\0-\0W\0m\0i\0s\0s\0i\0n\0g\0-\0d\0e\0c\0l\0a\0r\0a\0t\0i\0o\0n\0s\0"\0 \0"\0-\0W\0m\0i\0s\0s\0i\0n\0g\0-\0p\0r\0o\0t\0o\0t\0y\0p\0e\0s\0"\0 \0"\0-\0W\0n\0e\0s\0t\0e\0d\0-\0e\0x\0t\0e\0r\0n\0s\0"\0 \0"\0-\0W\0o\0l\0d\0-\0s\0t\0y\0l\0e\0-\0d\0e\0f\0i\0n\0i\0t\0i\0o\0n\0"\0 \0"\0-\0W\0p\0o\0i\0n\0t\0e\0r\0-\0a\0r\0i\0t\0h\0"\0 \0"\0-\0W\0s\0i\0g\0n\0-\0c\0o\0m\0p\0a\0r\0e\0"\0 \0"\0-\0W\0s\0t\0r\0i\0c\0t\0-\0p\0r\0o\0t\0o\0t\0y\0p\0e\0s\0"\0 \0"\0-\0W\0u\0n\0d\0e\0f\0"\0 \0"\0-\0W\0w\0r\0i\0t\0e\0-\0s\0t\0r\0i\0n\0g\0s\0"\0 \0"\0-\0W\0n\0o\0-\0a\0d\0d\0r\0e\0s\0s\0-\0o\0f\0-\0p\0a\0c\0k\0e\0d\0-\0m\0e\0m\0b\0e\0r\0"\0 \0"\0-\0W\0n\0o\0-\0m\0i\0s\0s\0i\0n\0g\0-\0f\0i\0e\0l\0d\0-\0i\0n\0i\0t\0i\0a\0l\0i\0z\0e\0r\0s\0"\0 \0"\0-\0D\0_\0G\0N\0U\0_\0S\0O\0U\0R\0C\0E\0"\0 \0"\0-\0D\0_\0W\0I\0N\03\02\0_\0W\0I\0N\0N\0T\0=\00\0x\00\0A\00\00\0"\0 \0"\0-\0D\0_\0C\0R\0T\0_\0S\0E\0C\0U\0R\0E\0_\0N\0O\0_\0W\0A\0R\0N\0I\0N\0G\0S\0"\0 \0"\0-\0m\0a\0r\0c\0h\0=\0n\0a\0t\0i\0v\0e\0"\0 \0"\0-\0D\0A\0L\0L\0O\0W\0_\0E\0X\0P\0E\0R\0I\0M\0E\0N\0T\0A\0L\0_\0A\0P\0I\0"\0 \0"\0-\0D\0A\0L\0L\0O\0W\0_\0I\0N\0T\0E\0R\0N\0A\0L\0_\0A\0P\0I\0"\0 \0"\0-\0W\0n\0o\0-\0s\0t\0r\0i\0c\0t\0-\0a\0l\0i\0a\0s\0i\0n\0g\0"\0 \0"\0-\0D\0C\0C\0_\0A\0V\0X\02\0_\0S\0U\0P\0P\0O\0R\0T\0"\0 \0"\0-\0D\0C\0C\0_\0A\0V\0X\05\01\02\0_\0S\0U\0P\0P\0O\0R\0T\0"\0 \0"\0-\0D\0R\0T\0E\0_\0L\0O\0G\0_\0D\0E\0F\0A\0U\0L\0T\0_\0L\0O\0G\0T\0Y\0P\0E\0=\0p\0m\0d\0.\0n\0e\0t\0.\0i\0a\0v\0f\0"\0 \0-\0M\0D\0 \0-\0M\0Q\0 \0d\0r\0i\0v\0e\0r\0s\0/\0l\0i\0b\0t\0m\0p\0_\0r\0t\0e\0_\0n\0e\0t\0_\0i\0a\0v\0f\0.\0a\0.\0p\0/\0n\0e\0t\0_\0i\0a\0v\0f\0_\0i\0a\0v\0f\0_\0r\0x\0t\0x\0.\0c\0.\0o\0b\0j\0 \0-\0M\0F\0 \0"\0d\0r\0i\0v\0e\0r\0s\0\\0l\0i\0b\0t\0m\0p\0_\0r\0t\0e\0_\0n\0e\0t\0_\0i\0a\0v\0f\0.\0a\0.\0p\0\\0n\0e\0t\0_\0i\0a\0v\0f\0_\0i\0a\0v\0f\0_\0r\0x\0t\0x\0.\0c\0.\0o\0b\0j\0.\0d\0"\0 \0-\0o\0 \0d\0r\0i\0v\0e\0r\0s\0/\0l\0i\0b\0t\0m\0p\0_\0r\0t\0e\0_\0n\0e\0t\0_\0i\0a\0v\0f\0.\0a\0.\0p\0/\0n\0e\0t\0_\0i\0a\0v\0f\0_\0i\0a\0v\0f\0_\0r\0x\0t\0x\0.\0c\0.\0o\0b\0j\0 \0"\0-\0c\0"\0 \0.\0.\0/\0d\0r\0i\0v\0e\0r\0s\0/\0n\0e\0t\0/\0i\0a\0v\0f\0/\0i\0a\0v\0f\0_\0r\0x\0t\0x\0.\0c\0\r\0
\0.\0.\0/\0d\0r\0i\0v\0e\0r\0s\0/\0n\0e\0t\0/\0i\0a\0v\0f\0/\0i\0a\0v\0f\0_\0r\0x\0t\0x\0.\0c\0:\03\04\09\09\0:\03\01\0:\0 \0e\0r\0r\0o\0r\0:\0 \0u\0s\0e\0 \0o\0f\0 \0u\0n\0d\0e\0c\0l\0a\0r\0e\0d\0 \0i\0d\0e\0n\0t\0i\0f\0i\0e\0r\0 \0'\0I\0P\0P\0R\0O\0T\0O\0_\0G\0R\0E\0'\0;\0 \0d\0i\0d\0 \0y\0o\0u\0 \0m\0e\0a\0n\0 \0'\0I\0P\0P\0R\0O\0T\0O\0_\0G\0G\0P\0'\0?\0\r\0
\0 \0 \0 \0 \0 \0 \0 \0 \0 \0 \0 \0 \0 \0 \0 \0 \0}\0 \0e\0l\0s\0e\0 \0i\0f\0 \0(\0i\0n\0f\0o\0.\0l\04\0_\0p\0r\0o\0t\0o\0 \0=\0=\0 \0I\0P\0P\0R\0O\0T\0O\0_\0G\0R\0E\0)\0 \0{\0\r\0
\0 \0 \0 \0 \0 \0 \0 \0 \0 \0 \0 \0 \0 \0 \0 \0 \0 \0 \0 \0 \0 \0 \0 \0 \0 \0 \0 \0 \0 \0 \0 \0 \0 \0 \0 \0 \0 \0 \0 \0 \0 \0 \0 \0 \0^\0~\0~\0~\0~\0~\0~\0~\0~\0~\0~\0\r\0
\0 \0 \0 \0 \0 \0 \0 \0 \0 \0 \0 \0 \0 \0 \0 \0 \0 \0 \0 \0 \0 \0 \0 \0 \0 \0 \0 \0 \0 \0 \0 \0 \0 \0 \0 \0 \0 \0 \0 \0 \0 \0 \0 \0 \0I\0P\0P\0R\0O\0T\0O\0_\0G\0G\0P\0\r\0
\0C\0:\0\\0P\0r\0o\0g\0r\0a\0m\0 \0F\0i\0l\0e\0s\0 \0(\0x\08\06\0)\0\\0W\0i\0n\0d\0o\0w\0s\0 \0K\0i\0t\0s\0\\01\00\0\\0I\0n\0c\0l\0u\0d\0e\0\\01\00\0.\00\0.\01\08\03\06\02\0.\00\0\\0s\0h\0a\0r\0e\0d\0\\0w\0s\02\0d\0e\0f\0.\0h\0:\04\04\02\0:\05\0:\0 \0n\0o\0t\0e\0:\0 \0'\0I\0P\0P\0R\0O\0T\0O\0_\0G\0G\0P\0'\0 \0d\0e\0c\0l\0a\0r\0e\0d\0 \0h\0e\0r\0e\0\r\0
\0 \0 \0 \0 \0I\0P\0P\0R\0O\0T\0O\0_\0G\0G\0P\0 \0 \0 \0 \0 \0 \0 \0 \0 \0 \0 \0=\0 \03\0,\0\r\0
\0 \0 \0 \0 \0^\0\r\0
\0.\0.\0/\0d\0r\0i\0v\0e\0r\0s\0/\0n\0e\0t\0/\0i\0a\0v\0f\0/\0i\0a\0v\0f\0_\0r\0x\0t\0x\0.\0c\0:\03\05\01\02\0:\03\01\0:\0 \0e\0r\0r\0o\0r\0:\0 \0u\0s\0e\0 \0o\0f\0 \0u\0n\0d\0e\0c\0l\0a\0r\0e\0d\0 \0i\0d\0e\0n\0t\0i\0f\0i\0e\0r\0 \0'\0I\0P\0P\0R\0O\0T\0O\0_\0I\0P\0I\0P\0'\0\r\0
\0 \0 \0 \0 \0 \0 \0 \0 \0 \0 \0 \0 \0 \0 \0 \0 \0}\0 \0e\0l\0s\0e\0 \0i\0f\0 \0(\0i\0n\0f\0o\0.\0l\04\0_\0p\0r\0o\0t\0o\0 \0=\0=\0 \0I\0P\0P\0R\0O\0T\0O\0_\0I\0P\0I\0P\0)\0 \0{\0\r\0
\0 \0 \0 \0 \0 \0 \0 \0 \0 \0 \0 \0 \0 \0 \0 \0 \0 \0 \0 \0 \0 \0 \0 \0 \0 \0 \0 \0 \0 \0 \0 \0 \0 \0 \0 \0 \0 \0 \0 \0 \0 \0 \0 \0 \0^\0\r\0
\02\0 \0e\0r\0r\0o\0r\0s\0 \0g\0e\0n\0e\0r\0a\0t\0e\0d\0.\0\r\0
\0[\01\03\0/\02\04\05\0]\0 \0C\0o\0m\0p\0i\0l\0i\0n\0g\0 \0C\0 \0o\0b\0j\0e\0c\0t\0 \0d\0r\0i\0v\0e\0r\0s\0/\0n\0e\0t\0/\0i\04\00\0e\0/\0b\0a\0s\0e\0/\0l\0i\0b\0i\04\00\0e\0_\0b\0a\0s\0e\0.\0a\0.\0p\0/\0i\04\00\0e\0_\0c\0o\0m\0m\0o\0n\0.\0c\0.\0o\0b\0j\0\r\0
\0[\01\04\0/\02\04\05\0]\0 \0C\0o\0m\0p\0i\0l\0i\0n\0g\0 \0C\0 \0o\0b\0j\0e\0c\0t\0 \0d\0r\0i\0v\0e\0r\0s\0/\0n\0e\0t\0/\0i\0c\0e\0/\0b\0a\0s\0e\0/\0l\0i\0b\0i\0c\0e\0_\0b\0a\0s\0e\0.\0a\0.\0p\0/\0i\0c\0e\0_\0p\0r\0o\0t\0o\0_\0g\0r\0p\0.\0c\0.\0o\0b\0j\0\r\0
\0[\01\05\0/\02\04\05\0]\0 \0C\0o\0m\0p\0i\0l\0i\0n\0g\0 \0C\0 \0o\0b\0j\0e\0c\0t\0 \0d\0r\0i\0v\0e\0r\0s\0/\0l\0i\0b\0t\0m\0p\0_\0r\0t\0e\0_\0n\0e\0t\0_\0i\0c\0e\0.\0a\0.\0p\0/\0n\0e\0t\0_\0i\0c\0e\0_\0i\0c\0e\0_\0h\0a\0s\0h\0.\0c\0.\0o\0b\0j\0\r\0
\0[\01\06\0/\02\04\05\0]\0 \0C\0o\0m\0p\0i\0l\0i\0n\0g\0 \0C\0 \0o\0b\0j\0e\0c\0t\0 \0d\0r\0i\0v\0e\0r\0s\0/\0l\0i\0b\0t\0m\0p\0_\0r\0t\0e\0_\0n\0e\0t\0_\0e\01\00\00\00\0.\0a\0.\0p\0/\0n\0e\0t\0_\0e\01\00\00\00\0_\0i\0g\0b\0_\0e\0t\0h\0d\0e\0v\0.\0c\0.\0o\0b\0j\0\r\0
\0[\01\07\0/\02\04\05\0]\0 \0G\0e\0n\0e\0r\0a\0t\0i\0n\0g\0 \0r\0t\0e\0_\0n\0e\0t\0_\0i\04\00\0e\0.\0p\0m\0d\0.\0c\0 \0w\0i\0t\0h\0 \0a\0 \0c\0u\0s\0t\0o\0m\0 \0c\0o\0m\0m\0a\0n\0d\0 \0(\0w\0r\0a\0p\0p\0e\0d\0 \0b\0y\0 \0m\0e\0s\0o\0n\0 \0t\0o\0 \0s\0e\0t\0 \0P\0A\0T\0H\0)\0\r\0
\0n\0i\0n\0j\0a\0:\0 \0b\0u\0i\0l\0d\0 \0s\0t\0o\0p\0p\0e\0d\0:\0 \0s\0u\0b\0c\0o\0m\0m\0a\0n\0d\0 \0f\0a\0i\0l\0e\0d\0.\0\r\0
\0C\0o\0u\0l\0d\0 \0n\0o\0t\0 \0r\0e\0b\0u\0i\0l\0d\0 \0C\0:\0\\0U\0s\0e\0r\0s\0\\0b\0u\0i\0l\0d\0e\0r\0\\0j\0e\0n\0k\0i\0n\0s\0\\0w\0o\0r\0k\0s\0p\0a\0c\0e\0\\0G\0e\0n\0e\0r\0i\0c\0-\0V\0M\0-\0U\0n\0i\0t\0-\0T\0e\0s\0t\0-\0D\0P\0D\0K\0\\0d\0p\0d\0k\0\\0b\0u\0i\0l\0d\0\r\0
\0
==== End log output ====
Windows Server 2019
Kernel: 10.0
Compiler: clang 14.0 and gcc 8.1.0 (MinGW)
RHEL 7
Kernel: 4.18.0-240.10.1.el8_3.x86_64
Compiler: gcc 4.8.5 20150623 (Red Hat 4.8.5-44)
CentOS Stream 8
Kernel: 4.18.0-240.10.1.el8_3.x86_64
Compiler: gcc 8.4.1 20200928
RHEL8
Kernel: 4.18.0-240.10.1.el8_3.x86_64
Compiler: gcc 8.3.1 20191121 (Red Hat 8.3.1-5)
Ubuntu 22.04
Kernel: Container Host Kernel
Compiler: gcc 11.3.1-2
CentOS Stream 9
Kernel: 4.18.0-240.10.1.el8_3.x86_64
Compiler: gcc 11.3.1 20220421
openSUSE Leap 15
Kernel: 4.18.0-240.10.1.el8_3.x86_64
Compiler: gcc 7.5.0
Debian Buster
Kernel: 5.4.0-122-generic
Compiler: gcc 8.3.0-6
Ubuntu 20.04
Kernel: 4.18.0-240.10.1.el8_3.x86_64
Compiler: gcc 9.3.0-17ubuntu1~20.04
Debian Bullseye
Kernel: 5.4.0-122-generic
Compiler: gcc 10.2.1-6
To view detailed results, visit:
https://lab.dpdk.org/results/dashboard/patchsets/25126/
UNH-IOL DPDK Community Lab
To manage your email subscriptions, visit:
https://lab.dpdk.org/results/dashboard/preferences/subscriptions/
^ permalink raw reply [flat|nested] 11+ messages in thread
* |FAILURE| pw122713 [PATCH] net/iavf: add check for mbuf
@ 2023-01-31 13:26 dpdklab
0 siblings, 0 replies; 11+ messages in thread
From: dpdklab @ 2023-01-31 13:26 UTC (permalink / raw)
To: Test Report
Cc: dpdk-test-reports, David Marchand, Thomas Monjalon, Mingjin Ye
[-- Attachment #1: Type: text/plain, Size: 7723 bytes --]
Test-Label: iol-testing
Test-Status: FAILURE
http://dpdk.org/patch/122713
_Testing issues_
Submitter: Mingjin Ye <mingjinx.ye@intel.com>
Date: Tuesday, January 31 2023 05:19:37
DPDK git baseline: Repo:dpdk
Branch: master
CommitID:2a211079a92e962bbd0ec81e425a6ffc32890e67
122713 --> testing fail
Test environment and result as below:
+-------------------------------+----------------+--------------------+----------------------+
| Environment | dpdk_unit_test | dpdk_meson_compile | dpdk_mingw64_compile |
+===============================+================+====================+======================+
| Ubuntu 20.04 ARM GCC Native | PASS | PASS | SKIPPED |
+-------------------------------+----------------+--------------------+----------------------+
| Ubuntu 20.04 ARM Clang Native | PASS | PASS | SKIPPED |
+-------------------------------+----------------+--------------------+----------------------+
| Windows Server 2019 | FAIL | FAIL | FAIL |
+-------------------------------+----------------+--------------------+----------------------+
| RHEL 7 | PASS | SKIPPED | SKIPPED |
+-------------------------------+----------------+--------------------+----------------------+
| CentOS Stream 8 | PASS | PASS | SKIPPED |
+-------------------------------+----------------+--------------------+----------------------+
| RHEL8 | PASS | SKIPPED | SKIPPED |
+-------------------------------+----------------+--------------------+----------------------+
| Ubuntu 22.04 | PASS | PASS | SKIPPED |
+-------------------------------+----------------+--------------------+----------------------+
| CentOS Stream 9 | PASS | PASS | SKIPPED |
+-------------------------------+----------------+--------------------+----------------------+
| openSUSE Leap 15 | PASS | SKIPPED | SKIPPED |
+-------------------------------+----------------+--------------------+----------------------+
| Debian Buster | PASS | PASS | SKIPPED |
+-------------------------------+----------------+--------------------+----------------------+
| Ubuntu 20.04 | PASS | SKIPPED | SKIPPED |
+-------------------------------+----------------+--------------------+----------------------+
| Debian Bullseye | PASS | PASS | SKIPPED |
+-------------------------------+----------------+--------------------+----------------------+
| FreeBSD 13 | SKIPPED | PASS | SKIPPED |
+-------------------------------+----------------+--------------------+----------------------+
==== 20 line log output for Windows Server 2019 (dpdk_mingw64_compile): ====
[531/669] Compiling C object drivers/libtmp_rte_net_iavf.a.p/net_iavf_iavf_ipsec_crypto.c.obj
[532/669] Compiling C object drivers/libtmp_rte_net_iavf.a.p/net_iavf_iavf_rxtx.c.obj
FAILED: drivers/libtmp_rte_net_iavf.a.p/net_iavf_iavf_rxtx.c.obj
"gcc" "-Idrivers\libtmp_rte_net_iavf.a.p" "-Idrivers" "-I..\drivers" "-Idrivers\net\iavf" "-I..\drivers\net\iavf" "-Idrivers\common\iavf" "-I..\drivers\common\iavf" "-Ilib\ethdev" "-I..\lib\ethdev" "-I." "-I.." "-Iconfig" "-I..\config" "-Ilib\eal\include" "-I..\lib\eal\include" "-Ilib\eal\windows\include" "-I..\lib\eal\windows\include" "-Ilib\eal\x86\include" "-I..\lib\eal\x86\include" "-Ilib\eal\common" "-I..\lib\eal\common" "-Ilib\eal" "-I..\lib\eal" "-Ilib\kvargs" "-I..\lib\kvargs" "-Ilib\net" "-I..\lib\net" "-Ilib\mbuf" "-I..\lib\mbuf" "-Ilib\mempool" "-I..\lib\mempool" "-Ilib\ring" "-I..\lib\ring" "-Ilib\metrics" "-I..\lib\metrics" "-Ilib\telemetry" "-I..\lib\telemetry" "-Ilib\meter" "-I..\lib\meter" "-Idrivers\bus\pci" "-I..\drivers\bus\pci" "-I..\drivers\bus\pci\windows" "-Ilib\pci" "-I..\lib\pci" "-Idrivers\bus\vdev" "-I..\drivers\bus\vdev" "-Ilib\security" "-I..\lib\security" "-Ilib\cryptodev" "-I..\lib\cryptodev" "-Ilib\rcu" "-I..\lib\rcu" "-fdiagnostics-color=always" "-pipe" "-D_FILE_OFFSET_BITS=64" "-Wall" "-Winvalid-pch" "-Wextra" "-Werror" "-O3" "-include" "rte_config.h" "-Wcast-qual" "-Wdeprecated" "-Wformat" "-Wformat-nonliteral" "-Wformat-security" "-Wmissing-declarations" "-Wmissing-prototypes" "-Wnested-externs" "-Wold-style-definition" "-Wpointer-arith" "-Wsign-compare" "-Wstrict-prototypes" "-Wundef" "-Wwrite-strings" "-Wno-packed-not-aligned" "-Wno-missing-field-initializers" "-D_GNU_SOURCE" "-D_WIN32_WINNT=0x0A00" "-D__USE_MINGW_ANSI_STDIO" "-march=native" "-mno-avx512f" "-DALLOW_EXPERIMENTAL_API" "-DALLOW_INTERNAL_API" "-Wno-format-truncation" "-Wno-strict-aliasing" "-fno-asynchronous-unwind-tables" "-DCC_AVX2_SUPPORT" "-DRTE_LOG_DEFAULT_LOGTYPE=pmd.net.iavf" -MD -MQ drivers/libtmp_rte_net_iavf.a.p/net_iavf_iavf_rxtx.c.obj -MF "drivers\libtmp_rte_net_iavf.a.p\net_iavf_iavf_rxtx.c.obj.d" -o drivers/libtmp_rte_net_iavf.a.p/net_iavf_iavf_rxtx.c.obj "-c" ../drivers/net/iavf/iavf_rxtx.c
../drivers/net/iavf/iavf_rxtx.c: In function 'iavf_check_mbuf':
../drivers/net/iavf/iavf_rxtx.c:3499:31: error: 'IPPROTO_GRE' undeclared (first use in this function); did you mean 'IPPROTO_GGP'?
} else if (info.l4_proto == IPPROTO_GRE) {
^~~~~~~~~~~
IPPROTO_GGP
../drivers/net/iavf/iavf_rxtx.c:3499:31: note: each undeclared identifier is reported only once for each function it appears in
../drivers/net/iavf/iavf_rxtx.c:3512:31: error: 'IPPROTO_IPIP' undeclared (first use in this function); did you mean 'IPPROTO_IPV4'?
} else if (info.l4_proto == IPPROTO_IPIP) {
^~~~~~~~~~~~
IPPROTO_IPV4
[533/669] Compiling C object drivers/libtmp_rte_net_i40e.a.p/net_i40e_i40e_hash.c.obj
[534/669] Compiling C object drivers/libtmp_rte_net_iavf.a.p/net_iavf_iavf_rxtx_vec_avx2.c.obj
[535/669] Compiling C object drivers/libtmp_rte_net_i40e.a.p/net_i40e_i40e_rxtx_vec_avx2.c.obj
[536/669] Compiling C object drivers/net/ice/base/libice_base.a.p/ice_controlq.c.obj
[537/669] Compiling C object drivers/libtmp_rte_net_iavf.a.p/net_iavf_iavf_generic_flow.c.obj
ninja: build stopped: subcommand failed.
==== End log output ====
Ubuntu 20.04 ARM GCC Native
Kernel: 5.4.0-53-generic
Compiler: gcc 9.3
Ubuntu 20.04 ARM Clang Native
Kernel: 5.4.0-53-generic
Compiler: clang 10.0.0-4ubuntu1
Windows Server 2019
Kernel: 10.0
Compiler: clang 14.0 and gcc 8.1.0 (MinGW)
RHEL 7
Kernel: 4.18.0-240.10.1.el8_3.x86_64
Compiler: gcc 4.8.5 20150623 (Red Hat 4.8.5-44)
CentOS Stream 8
Kernel: 4.18.0-240.10.1.el8_3.x86_64
Compiler: gcc 8.4.1 20200928
RHEL8
Kernel: 4.18.0-240.10.1.el8_3.x86_64
Compiler: gcc 8.3.1 20191121 (Red Hat 8.3.1-5)
Ubuntu 22.04
Kernel: Container Host Kernel
Compiler: gcc 11.3.1-2
CentOS Stream 9
Kernel: 4.18.0-240.10.1.el8_3.x86_64
Compiler: gcc 11.3.1 20220421
openSUSE Leap 15
Kernel: 4.18.0-240.10.1.el8_3.x86_64
Compiler: gcc 7.5.0
Debian Buster
Kernel: 5.4.0-122-generic
Compiler: gcc 8.3.0-6
Ubuntu 20.04
Kernel: 4.18.0-240.10.1.el8_3.x86_64
Compiler: gcc 9.3.0-17ubuntu1~20.04
Debian Bullseye
Kernel: 5.4.0-122-generic
Compiler: gcc 10.2.1-6
FreeBSD 13
Kernel: 13.0
Compiler: clang 11.0.1
To view detailed results, visit:
https://lab.dpdk.org/results/dashboard/patchsets/25126/
UNH-IOL DPDK Community Lab
To manage your email subscriptions, visit:
https://lab.dpdk.org/results/dashboard/preferences/subscriptions/
^ permalink raw reply [flat|nested] 11+ messages in thread
* |FAILURE| pw122713 [PATCH] net/iavf: add check for mbuf
@ 2023-01-31 13:24 dpdklab
0 siblings, 0 replies; 11+ messages in thread
From: dpdklab @ 2023-01-31 13:24 UTC (permalink / raw)
To: Test Report
Cc: dpdk-test-reports, David Marchand, Thomas Monjalon, Mingjin Ye
[-- Attachment #1: Type: text/plain, Size: 7723 bytes --]
Test-Label: iol-testing
Test-Status: FAILURE
http://dpdk.org/patch/122713
_Testing issues_
Submitter: Mingjin Ye <mingjinx.ye@intel.com>
Date: Tuesday, January 31 2023 05:19:37
DPDK git baseline: Repo:dpdk
Branch: master
CommitID:2a211079a92e962bbd0ec81e425a6ffc32890e67
122713 --> testing fail
Test environment and result as below:
+-------------------------------+----------------+--------------------+----------------------+
| Environment | dpdk_unit_test | dpdk_meson_compile | dpdk_mingw64_compile |
+===============================+================+====================+======================+
| Ubuntu 20.04 ARM GCC Native | PASS | PASS | SKIPPED |
+-------------------------------+----------------+--------------------+----------------------+
| Ubuntu 20.04 ARM Clang Native | PASS | PASS | SKIPPED |
+-------------------------------+----------------+--------------------+----------------------+
| Windows Server 2019 | FAIL | FAIL | FAIL |
+-------------------------------+----------------+--------------------+----------------------+
| RHEL 7 | PASS | SKIPPED | SKIPPED |
+-------------------------------+----------------+--------------------+----------------------+
| CentOS Stream 8 | PASS | PASS | SKIPPED |
+-------------------------------+----------------+--------------------+----------------------+
| RHEL8 | PASS | SKIPPED | SKIPPED |
+-------------------------------+----------------+--------------------+----------------------+
| Ubuntu 22.04 | PASS | PASS | SKIPPED |
+-------------------------------+----------------+--------------------+----------------------+
| CentOS Stream 9 | PASS | PASS | SKIPPED |
+-------------------------------+----------------+--------------------+----------------------+
| openSUSE Leap 15 | PASS | SKIPPED | SKIPPED |
+-------------------------------+----------------+--------------------+----------------------+
| Debian Buster | PASS | PASS | SKIPPED |
+-------------------------------+----------------+--------------------+----------------------+
| Ubuntu 20.04 | PASS | SKIPPED | SKIPPED |
+-------------------------------+----------------+--------------------+----------------------+
| FreeBSD 13 | SKIPPED | PASS | SKIPPED |
+-------------------------------+----------------+--------------------+----------------------+
| Debian Bullseye | SKIPPED | PASS | SKIPPED |
+-------------------------------+----------------+--------------------+----------------------+
==== 20 line log output for Windows Server 2019 (dpdk_mingw64_compile): ====
[531/669] Compiling C object drivers/libtmp_rte_net_iavf.a.p/net_iavf_iavf_ipsec_crypto.c.obj
[532/669] Compiling C object drivers/libtmp_rte_net_iavf.a.p/net_iavf_iavf_rxtx.c.obj
FAILED: drivers/libtmp_rte_net_iavf.a.p/net_iavf_iavf_rxtx.c.obj
"gcc" "-Idrivers\libtmp_rte_net_iavf.a.p" "-Idrivers" "-I..\drivers" "-Idrivers\net\iavf" "-I..\drivers\net\iavf" "-Idrivers\common\iavf" "-I..\drivers\common\iavf" "-Ilib\ethdev" "-I..\lib\ethdev" "-I." "-I.." "-Iconfig" "-I..\config" "-Ilib\eal\include" "-I..\lib\eal\include" "-Ilib\eal\windows\include" "-I..\lib\eal\windows\include" "-Ilib\eal\x86\include" "-I..\lib\eal\x86\include" "-Ilib\eal\common" "-I..\lib\eal\common" "-Ilib\eal" "-I..\lib\eal" "-Ilib\kvargs" "-I..\lib\kvargs" "-Ilib\net" "-I..\lib\net" "-Ilib\mbuf" "-I..\lib\mbuf" "-Ilib\mempool" "-I..\lib\mempool" "-Ilib\ring" "-I..\lib\ring" "-Ilib\metrics" "-I..\lib\metrics" "-Ilib\telemetry" "-I..\lib\telemetry" "-Ilib\meter" "-I..\lib\meter" "-Idrivers\bus\pci" "-I..\drivers\bus\pci" "-I..\drivers\bus\pci\windows" "-Ilib\pci" "-I..\lib\pci" "-Idrivers\bus\vdev" "-I..\drivers\bus\vdev" "-Ilib\security" "-I..\lib\security" "-Ilib\cryptodev" "-I..\lib\cryptodev" "-Ilib\rcu" "-I..\lib\rcu" "-fdiagnostics-color=always" "-pipe" "-D_FILE_OFFSET_BITS=64" "-Wall" "-Winvalid-pch" "-Wextra" "-Werror" "-O3" "-include" "rte_config.h" "-Wcast-qual" "-Wdeprecated" "-Wformat" "-Wformat-nonliteral" "-Wformat-security" "-Wmissing-declarations" "-Wmissing-prototypes" "-Wnested-externs" "-Wold-style-definition" "-Wpointer-arith" "-Wsign-compare" "-Wstrict-prototypes" "-Wundef" "-Wwrite-strings" "-Wno-packed-not-aligned" "-Wno-missing-field-initializers" "-D_GNU_SOURCE" "-D_WIN32_WINNT=0x0A00" "-D__USE_MINGW_ANSI_STDIO" "-march=native" "-mno-avx512f" "-DALLOW_EXPERIMENTAL_API" "-DALLOW_INTERNAL_API" "-Wno-format-truncation" "-Wno-strict-aliasing" "-fno-asynchronous-unwind-tables" "-DCC_AVX2_SUPPORT" "-DRTE_LOG_DEFAULT_LOGTYPE=pmd.net.iavf" -MD -MQ drivers/libtmp_rte_net_iavf.a.p/net_iavf_iavf_rxtx.c.obj -MF "drivers\libtmp_rte_net_iavf.a.p\net_iavf_iavf_rxtx.c.obj.d" -o drivers/libtmp_rte_net_iavf.a.p/net_iavf_iavf_rxtx.c.obj "-c" ../drivers/net/iavf/iavf_rxtx.c
../drivers/net/iavf/iavf_rxtx.c: In function 'iavf_check_mbuf':
../drivers/net/iavf/iavf_rxtx.c:3499:31: error: 'IPPROTO_GRE' undeclared (first use in this function); did you mean 'IPPROTO_GGP'?
} else if (info.l4_proto == IPPROTO_GRE) {
^~~~~~~~~~~
IPPROTO_GGP
../drivers/net/iavf/iavf_rxtx.c:3499:31: note: each undeclared identifier is reported only once for each function it appears in
../drivers/net/iavf/iavf_rxtx.c:3512:31: error: 'IPPROTO_IPIP' undeclared (first use in this function); did you mean 'IPPROTO_IPV4'?
} else if (info.l4_proto == IPPROTO_IPIP) {
^~~~~~~~~~~~
IPPROTO_IPV4
[533/669] Compiling C object drivers/libtmp_rte_net_i40e.a.p/net_i40e_i40e_hash.c.obj
[534/669] Compiling C object drivers/libtmp_rte_net_iavf.a.p/net_iavf_iavf_rxtx_vec_avx2.c.obj
[535/669] Compiling C object drivers/libtmp_rte_net_i40e.a.p/net_i40e_i40e_rxtx_vec_avx2.c.obj
[536/669] Compiling C object drivers/net/ice/base/libice_base.a.p/ice_controlq.c.obj
[537/669] Compiling C object drivers/libtmp_rte_net_iavf.a.p/net_iavf_iavf_generic_flow.c.obj
ninja: build stopped: subcommand failed.
==== End log output ====
Ubuntu 20.04 ARM GCC Native
Kernel: 5.4.0-53-generic
Compiler: gcc 9.3
Ubuntu 20.04 ARM Clang Native
Kernel: 5.4.0-53-generic
Compiler: clang 10.0.0-4ubuntu1
Windows Server 2019
Kernel: 10.0
Compiler: clang 14.0 and gcc 8.1.0 (MinGW)
RHEL 7
Kernel: 4.18.0-240.10.1.el8_3.x86_64
Compiler: gcc 4.8.5 20150623 (Red Hat 4.8.5-44)
CentOS Stream 8
Kernel: 4.18.0-240.10.1.el8_3.x86_64
Compiler: gcc 8.4.1 20200928
RHEL8
Kernel: 4.18.0-240.10.1.el8_3.x86_64
Compiler: gcc 8.3.1 20191121 (Red Hat 8.3.1-5)
Ubuntu 22.04
Kernel: Container Host Kernel
Compiler: gcc 11.3.1-2
CentOS Stream 9
Kernel: 4.18.0-240.10.1.el8_3.x86_64
Compiler: gcc 11.3.1 20220421
openSUSE Leap 15
Kernel: 4.18.0-240.10.1.el8_3.x86_64
Compiler: gcc 7.5.0
Debian Buster
Kernel: 5.4.0-122-generic
Compiler: gcc 8.3.0-6
Ubuntu 20.04
Kernel: 4.18.0-240.10.1.el8_3.x86_64
Compiler: gcc 9.3.0-17ubuntu1~20.04
FreeBSD 13
Kernel: 13.0
Compiler: clang 11.0.1
Debian Bullseye
Kernel: 5.4.0-122-generic
Compiler: gcc 10.2.1-6
To view detailed results, visit:
https://lab.dpdk.org/results/dashboard/patchsets/25126/
UNH-IOL DPDK Community Lab
To manage your email subscriptions, visit:
https://lab.dpdk.org/results/dashboard/preferences/subscriptions/
^ permalink raw reply [flat|nested] 11+ messages in thread
* |FAILURE| pw122713 [PATCH] net/iavf: add check for mbuf
@ 2023-01-31 13:24 dpdklab
0 siblings, 0 replies; 11+ messages in thread
From: dpdklab @ 2023-01-31 13:24 UTC (permalink / raw)
To: Test Report
Cc: dpdk-test-reports, David Marchand, Thomas Monjalon, Mingjin Ye
[-- Attachment #1: Type: text/plain, Size: 7444 bytes --]
Test-Label: iol-testing
Test-Status: FAILURE
http://dpdk.org/patch/122713
_Testing issues_
Submitter: Mingjin Ye <mingjinx.ye@intel.com>
Date: Tuesday, January 31 2023 05:19:37
DPDK git baseline: Repo:dpdk
Branch: master
CommitID:2a211079a92e962bbd0ec81e425a6ffc32890e67
122713 --> testing fail
Test environment and result as below:
+-------------------------------+----------------+--------------------+----------------------+
| Environment | dpdk_unit_test | dpdk_meson_compile | dpdk_mingw64_compile |
+===============================+================+====================+======================+
| Ubuntu 20.04 ARM GCC Native | PASS | PASS | SKIPPED |
+-------------------------------+----------------+--------------------+----------------------+
| Ubuntu 20.04 ARM Clang Native | PASS | PASS | SKIPPED |
+-------------------------------+----------------+--------------------+----------------------+
| Windows Server 2019 | FAIL | FAIL | FAIL |
+-------------------------------+----------------+--------------------+----------------------+
| RHEL 7 | PASS | SKIPPED | SKIPPED |
+-------------------------------+----------------+--------------------+----------------------+
| CentOS Stream 8 | PASS | PASS | SKIPPED |
+-------------------------------+----------------+--------------------+----------------------+
| RHEL8 | PASS | SKIPPED | SKIPPED |
+-------------------------------+----------------+--------------------+----------------------+
| Ubuntu 22.04 | PASS | PASS | SKIPPED |
+-------------------------------+----------------+--------------------+----------------------+
| CentOS Stream 9 | PASS | PASS | SKIPPED |
+-------------------------------+----------------+--------------------+----------------------+
| openSUSE Leap 15 | PASS | SKIPPED | SKIPPED |
+-------------------------------+----------------+--------------------+----------------------+
| Debian Buster | PASS | PASS | SKIPPED |
+-------------------------------+----------------+--------------------+----------------------+
| FreeBSD 13 | SKIPPED | PASS | SKIPPED |
+-------------------------------+----------------+--------------------+----------------------+
| Debian Bullseye | SKIPPED | PASS | SKIPPED |
+-------------------------------+----------------+--------------------+----------------------+
==== 20 line log output for Windows Server 2019 (dpdk_mingw64_compile): ====
[531/669] Compiling C object drivers/libtmp_rte_net_iavf.a.p/net_iavf_iavf_ipsec_crypto.c.obj
[532/669] Compiling C object drivers/libtmp_rte_net_iavf.a.p/net_iavf_iavf_rxtx.c.obj
FAILED: drivers/libtmp_rte_net_iavf.a.p/net_iavf_iavf_rxtx.c.obj
"gcc" "-Idrivers\libtmp_rte_net_iavf.a.p" "-Idrivers" "-I..\drivers" "-Idrivers\net\iavf" "-I..\drivers\net\iavf" "-Idrivers\common\iavf" "-I..\drivers\common\iavf" "-Ilib\ethdev" "-I..\lib\ethdev" "-I." "-I.." "-Iconfig" "-I..\config" "-Ilib\eal\include" "-I..\lib\eal\include" "-Ilib\eal\windows\include" "-I..\lib\eal\windows\include" "-Ilib\eal\x86\include" "-I..\lib\eal\x86\include" "-Ilib\eal\common" "-I..\lib\eal\common" "-Ilib\eal" "-I..\lib\eal" "-Ilib\kvargs" "-I..\lib\kvargs" "-Ilib\net" "-I..\lib\net" "-Ilib\mbuf" "-I..\lib\mbuf" "-Ilib\mempool" "-I..\lib\mempool" "-Ilib\ring" "-I..\lib\ring" "-Ilib\metrics" "-I..\lib\metrics" "-Ilib\telemetry" "-I..\lib\telemetry" "-Ilib\meter" "-I..\lib\meter" "-Idrivers\bus\pci" "-I..\drivers\bus\pci" "-I..\drivers\bus\pci\windows" "-Ilib\pci" "-I..\lib\pci" "-Idrivers\bus\vdev" "-I..\drivers\bus\vdev" "-Ilib\security" "-I..\lib\security" "-Ilib\cryptodev" "-I..\lib\cryptodev" "-Ilib\rcu" "-I..\lib\rcu" "-fdiagnostics-color=always" "-pipe" "-D_FILE_OFFSET_BITS=64" "-Wall" "-Winvalid-pch" "-Wextra" "-Werror" "-O3" "-include" "rte_config.h" "-Wcast-qual" "-Wdeprecated" "-Wformat" "-Wformat-nonliteral" "-Wformat-security" "-Wmissing-declarations" "-Wmissing-prototypes" "-Wnested-externs" "-Wold-style-definition" "-Wpointer-arith" "-Wsign-compare" "-Wstrict-prototypes" "-Wundef" "-Wwrite-strings" "-Wno-packed-not-aligned" "-Wno-missing-field-initializers" "-D_GNU_SOURCE" "-D_WIN32_WINNT=0x0A00" "-D__USE_MINGW_ANSI_STDIO" "-march=native" "-mno-avx512f" "-DALLOW_EXPERIMENTAL_API" "-DALLOW_INTERNAL_API" "-Wno-format-truncation" "-Wno-strict-aliasing" "-fno-asynchronous-unwind-tables" "-DCC_AVX2_SUPPORT" "-DRTE_LOG_DEFAULT_LOGTYPE=pmd.net.iavf" -MD -MQ drivers/libtmp_rte_net_iavf.a.p/net_iavf_iavf_rxtx.c.obj -MF "drivers\libtmp_rte_net_iavf.a.p\net_iavf_iavf_rxtx.c.obj.d" -o drivers/libtmp_rte_net_iavf.a.p/net_iavf_iavf_rxtx.c.obj "-c" ../drivers/net/iavf/iavf_rxtx.c
../drivers/net/iavf/iavf_rxtx.c: In function 'iavf_check_mbuf':
../drivers/net/iavf/iavf_rxtx.c:3499:31: error: 'IPPROTO_GRE' undeclared (first use in this function); did you mean 'IPPROTO_GGP'?
} else if (info.l4_proto == IPPROTO_GRE) {
^~~~~~~~~~~
IPPROTO_GGP
../drivers/net/iavf/iavf_rxtx.c:3499:31: note: each undeclared identifier is reported only once for each function it appears in
../drivers/net/iavf/iavf_rxtx.c:3512:31: error: 'IPPROTO_IPIP' undeclared (first use in this function); did you mean 'IPPROTO_IPV4'?
} else if (info.l4_proto == IPPROTO_IPIP) {
^~~~~~~~~~~~
IPPROTO_IPV4
[533/669] Compiling C object drivers/libtmp_rte_net_i40e.a.p/net_i40e_i40e_hash.c.obj
[534/669] Compiling C object drivers/libtmp_rte_net_iavf.a.p/net_iavf_iavf_rxtx_vec_avx2.c.obj
[535/669] Compiling C object drivers/libtmp_rte_net_i40e.a.p/net_i40e_i40e_rxtx_vec_avx2.c.obj
[536/669] Compiling C object drivers/net/ice/base/libice_base.a.p/ice_controlq.c.obj
[537/669] Compiling C object drivers/libtmp_rte_net_iavf.a.p/net_iavf_iavf_generic_flow.c.obj
ninja: build stopped: subcommand failed.
==== End log output ====
Ubuntu 20.04 ARM GCC Native
Kernel: 5.4.0-53-generic
Compiler: gcc 9.3
Ubuntu 20.04 ARM Clang Native
Kernel: 5.4.0-53-generic
Compiler: clang 10.0.0-4ubuntu1
Windows Server 2019
Kernel: 10.0
Compiler: clang 14.0 and gcc 8.1.0 (MinGW)
RHEL 7
Kernel: 4.18.0-240.10.1.el8_3.x86_64
Compiler: gcc 4.8.5 20150623 (Red Hat 4.8.5-44)
CentOS Stream 8
Kernel: 4.18.0-240.10.1.el8_3.x86_64
Compiler: gcc 8.4.1 20200928
RHEL8
Kernel: 4.18.0-240.10.1.el8_3.x86_64
Compiler: gcc 8.3.1 20191121 (Red Hat 8.3.1-5)
Ubuntu 22.04
Kernel: Container Host Kernel
Compiler: gcc 11.3.1-2
CentOS Stream 9
Kernel: 4.18.0-240.10.1.el8_3.x86_64
Compiler: gcc 11.3.1 20220421
openSUSE Leap 15
Kernel: 4.18.0-240.10.1.el8_3.x86_64
Compiler: gcc 7.5.0
Debian Buster
Kernel: 5.4.0-122-generic
Compiler: gcc 8.3.0-6
FreeBSD 13
Kernel: 13.0
Compiler: clang 11.0.1
Debian Bullseye
Kernel: 5.4.0-122-generic
Compiler: gcc 10.2.1-6
To view detailed results, visit:
https://lab.dpdk.org/results/dashboard/patchsets/25126/
UNH-IOL DPDK Community Lab
To manage your email subscriptions, visit:
https://lab.dpdk.org/results/dashboard/preferences/subscriptions/
^ permalink raw reply [flat|nested] 11+ messages in thread
* |FAILURE| pw122713 [PATCH] net/iavf: add check for mbuf
@ 2023-01-31 13:17 dpdklab
0 siblings, 0 replies; 11+ messages in thread
From: dpdklab @ 2023-01-31 13:17 UTC (permalink / raw)
To: Test Report
Cc: dpdk-test-reports, David Marchand, Thomas Monjalon, Mingjin Ye
[-- Attachment #1: Type: text/plain, Size: 7177 bytes --]
Test-Label: iol-testing
Test-Status: FAILURE
http://dpdk.org/patch/122713
_Testing issues_
Submitter: Mingjin Ye <mingjinx.ye@intel.com>
Date: Tuesday, January 31 2023 05:19:37
DPDK git baseline: Repo:dpdk
Branch: master
CommitID:2a211079a92e962bbd0ec81e425a6ffc32890e67
122713 --> testing fail
Test environment and result as below:
+-------------------------------+----------------+--------------------+----------------------+
| Environment | dpdk_unit_test | dpdk_meson_compile | dpdk_mingw64_compile |
+===============================+================+====================+======================+
| Ubuntu 20.04 ARM GCC Native | PASS | PASS | SKIPPED |
+-------------------------------+----------------+--------------------+----------------------+
| Ubuntu 20.04 ARM Clang Native | PASS | PASS | SKIPPED |
+-------------------------------+----------------+--------------------+----------------------+
| Windows Server 2019 | FAIL | FAIL | FAIL |
+-------------------------------+----------------+--------------------+----------------------+
| RHEL 7 | PASS | SKIPPED | SKIPPED |
+-------------------------------+----------------+--------------------+----------------------+
| CentOS Stream 8 | PASS | PASS | SKIPPED |
+-------------------------------+----------------+--------------------+----------------------+
| RHEL8 | PASS | SKIPPED | SKIPPED |
+-------------------------------+----------------+--------------------+----------------------+
| Ubuntu 22.04 | PASS | PASS | SKIPPED |
+-------------------------------+----------------+--------------------+----------------------+
| FreeBSD 13 | SKIPPED | PASS | SKIPPED |
+-------------------------------+----------------+--------------------+----------------------+
| Debian Buster | SKIPPED | PASS | SKIPPED |
+-------------------------------+----------------+--------------------+----------------------+
| CentOS Stream 9 | SKIPPED | PASS | SKIPPED |
+-------------------------------+----------------+--------------------+----------------------+
| Debian Bullseye | SKIPPED | PASS | SKIPPED |
+-------------------------------+----------------+--------------------+----------------------+
==== 20 line log output for Windows Server 2019 (dpdk_mingw64_compile): ====
[531/669] Compiling C object drivers/libtmp_rte_net_iavf.a.p/net_iavf_iavf_ipsec_crypto.c.obj
[532/669] Compiling C object drivers/libtmp_rte_net_iavf.a.p/net_iavf_iavf_rxtx.c.obj
FAILED: drivers/libtmp_rte_net_iavf.a.p/net_iavf_iavf_rxtx.c.obj
"gcc" "-Idrivers\libtmp_rte_net_iavf.a.p" "-Idrivers" "-I..\drivers" "-Idrivers\net\iavf" "-I..\drivers\net\iavf" "-Idrivers\common\iavf" "-I..\drivers\common\iavf" "-Ilib\ethdev" "-I..\lib\ethdev" "-I." "-I.." "-Iconfig" "-I..\config" "-Ilib\eal\include" "-I..\lib\eal\include" "-Ilib\eal\windows\include" "-I..\lib\eal\windows\include" "-Ilib\eal\x86\include" "-I..\lib\eal\x86\include" "-Ilib\eal\common" "-I..\lib\eal\common" "-Ilib\eal" "-I..\lib\eal" "-Ilib\kvargs" "-I..\lib\kvargs" "-Ilib\net" "-I..\lib\net" "-Ilib\mbuf" "-I..\lib\mbuf" "-Ilib\mempool" "-I..\lib\mempool" "-Ilib\ring" "-I..\lib\ring" "-Ilib\metrics" "-I..\lib\metrics" "-Ilib\telemetry" "-I..\lib\telemetry" "-Ilib\meter" "-I..\lib\meter" "-Idrivers\bus\pci" "-I..\drivers\bus\pci" "-I..\drivers\bus\pci\windows" "-Ilib\pci" "-I..\lib\pci" "-Idrivers\bus\vdev" "-I..\drivers\bus\vdev" "-Ilib\security" "-I..\lib\security" "-Ilib\cryptodev" "-I..\lib\cryptodev" "-Ilib\rcu" "-I..\lib\rcu" "-fdiagnostics-color=always" "-pipe" "-D_FILE_OFFSET_BITS=64" "-Wall" "-Winvalid-pch" "-Wextra" "-Werror" "-O3" "-include" "rte_config.h" "-Wcast-qual" "-Wdeprecated" "-Wformat" "-Wformat-nonliteral" "-Wformat-security" "-Wmissing-declarations" "-Wmissing-prototypes" "-Wnested-externs" "-Wold-style-definition" "-Wpointer-arith" "-Wsign-compare" "-Wstrict-prototypes" "-Wundef" "-Wwrite-strings" "-Wno-packed-not-aligned" "-Wno-missing-field-initializers" "-D_GNU_SOURCE" "-D_WIN32_WINNT=0x0A00" "-D__USE_MINGW_ANSI_STDIO" "-march=native" "-mno-avx512f" "-DALLOW_EXPERIMENTAL_API" "-DALLOW_INTERNAL_API" "-Wno-format-truncation" "-Wno-strict-aliasing" "-fno-asynchronous-unwind-tables" "-DCC_AVX2_SUPPORT" "-DRTE_LOG_DEFAULT_LOGTYPE=pmd.net.iavf" -MD -MQ drivers/libtmp_rte_net_iavf.a.p/net_iavf_iavf_rxtx.c.obj -MF "drivers\libtmp_rte_net_iavf.a.p\net_iavf_iavf_rxtx.c.obj.d" -o drivers/libtmp_rte_net_iavf.a.p/net_iavf_iavf_rxtx.c.obj "-c" ../drivers/net/iavf/iavf_rxtx.c
../drivers/net/iavf/iavf_rxtx.c: In function 'iavf_check_mbuf':
../drivers/net/iavf/iavf_rxtx.c:3499:31: error: 'IPPROTO_GRE' undeclared (first use in this function); did you mean 'IPPROTO_GGP'?
} else if (info.l4_proto == IPPROTO_GRE) {
^~~~~~~~~~~
IPPROTO_GGP
../drivers/net/iavf/iavf_rxtx.c:3499:31: note: each undeclared identifier is reported only once for each function it appears in
../drivers/net/iavf/iavf_rxtx.c:3512:31: error: 'IPPROTO_IPIP' undeclared (first use in this function); did you mean 'IPPROTO_IPV4'?
} else if (info.l4_proto == IPPROTO_IPIP) {
^~~~~~~~~~~~
IPPROTO_IPV4
[533/669] Compiling C object drivers/libtmp_rte_net_i40e.a.p/net_i40e_i40e_hash.c.obj
[534/669] Compiling C object drivers/libtmp_rte_net_iavf.a.p/net_iavf_iavf_rxtx_vec_avx2.c.obj
[535/669] Compiling C object drivers/libtmp_rte_net_i40e.a.p/net_i40e_i40e_rxtx_vec_avx2.c.obj
[536/669] Compiling C object drivers/net/ice/base/libice_base.a.p/ice_controlq.c.obj
[537/669] Compiling C object drivers/libtmp_rte_net_iavf.a.p/net_iavf_iavf_generic_flow.c.obj
ninja: build stopped: subcommand failed.
==== End log output ====
Ubuntu 20.04 ARM GCC Native
Kernel: 5.4.0-53-generic
Compiler: gcc 9.3
Ubuntu 20.04 ARM Clang Native
Kernel: 5.4.0-53-generic
Compiler: clang 10.0.0-4ubuntu1
Windows Server 2019
Kernel: 10.0
Compiler: clang 14.0 and gcc 8.1.0 (MinGW)
RHEL 7
Kernel: 4.18.0-240.10.1.el8_3.x86_64
Compiler: gcc 4.8.5 20150623 (Red Hat 4.8.5-44)
CentOS Stream 8
Kernel: 4.18.0-240.10.1.el8_3.x86_64
Compiler: gcc 8.4.1 20200928
RHEL8
Kernel: 4.18.0-240.10.1.el8_3.x86_64
Compiler: gcc 8.3.1 20191121 (Red Hat 8.3.1-5)
Ubuntu 22.04
Kernel: Container Host Kernel
Compiler: gcc 11.3.1-2
FreeBSD 13
Kernel: 13.0
Compiler: clang 11.0.1
Debian Buster
Kernel: 5.4.0-122-generic
Compiler: gcc 8.3.0-6
CentOS Stream 9
Kernel: 4.18.0-240.10.1.el8_3.x86_64
Compiler: gcc 11.3.1 20220421
Debian Bullseye
Kernel: 5.4.0-122-generic
Compiler: gcc 10.2.1-6
To view detailed results, visit:
https://lab.dpdk.org/results/dashboard/patchsets/25126/
UNH-IOL DPDK Community Lab
To manage your email subscriptions, visit:
https://lab.dpdk.org/results/dashboard/preferences/subscriptions/
^ permalink raw reply [flat|nested] 11+ messages in thread
* |FAILURE| pw122713 [PATCH] net/iavf: add check for mbuf
@ 2023-01-31 12:48 dpdklab
0 siblings, 0 replies; 11+ messages in thread
From: dpdklab @ 2023-01-31 12:48 UTC (permalink / raw)
To: Test Report
Cc: dpdk-test-reports, David Marchand, Thomas Monjalon, Mingjin Ye
[-- Attachment #1: Type: text/plain, Size: 6919 bytes --]
Test-Label: iol-testing
Test-Status: FAILURE
http://dpdk.org/patch/122713
_Testing issues_
Submitter: Mingjin Ye <mingjinx.ye@intel.com>
Date: Tuesday, January 31 2023 05:19:37
DPDK git baseline: Repo:dpdk
Branch: master
CommitID:2a211079a92e962bbd0ec81e425a6ffc32890e67
122713 --> testing fail
Test environment and result as below:
+-------------------------------+----------------+--------------------+----------------------+
| Environment | dpdk_unit_test | dpdk_meson_compile | dpdk_mingw64_compile |
+===============================+================+====================+======================+
| Ubuntu 20.04 ARM GCC Native | PASS | PASS | SKIPPED |
+-------------------------------+----------------+--------------------+----------------------+
| Ubuntu 20.04 ARM Clang Native | PASS | PASS | SKIPPED |
+-------------------------------+----------------+--------------------+----------------------+
| Windows Server 2019 | FAIL | FAIL | FAIL |
+-------------------------------+----------------+--------------------+----------------------+
| RHEL 7 | PASS | SKIPPED | SKIPPED |
+-------------------------------+----------------+--------------------+----------------------+
| CentOS Stream 8 | PASS | PASS | SKIPPED |
+-------------------------------+----------------+--------------------+----------------------+
| RHEL8 | PASS | SKIPPED | SKIPPED |
+-------------------------------+----------------+--------------------+----------------------+
| Ubuntu 22.04 | PASS | PASS | SKIPPED |
+-------------------------------+----------------+--------------------+----------------------+
| FreeBSD 13 | SKIPPED | PASS | SKIPPED |
+-------------------------------+----------------+--------------------+----------------------+
| Debian Buster | SKIPPED | PASS | SKIPPED |
+-------------------------------+----------------+--------------------+----------------------+
| CentOS Stream 9 | SKIPPED | PASS | SKIPPED |
+-------------------------------+----------------+--------------------+----------------------+
==== 20 line log output for Windows Server 2019 (dpdk_mingw64_compile): ====
[531/669] Compiling C object drivers/libtmp_rte_net_iavf.a.p/net_iavf_iavf_ipsec_crypto.c.obj
[532/669] Compiling C object drivers/libtmp_rte_net_iavf.a.p/net_iavf_iavf_rxtx.c.obj
FAILED: drivers/libtmp_rte_net_iavf.a.p/net_iavf_iavf_rxtx.c.obj
"gcc" "-Idrivers\libtmp_rte_net_iavf.a.p" "-Idrivers" "-I..\drivers" "-Idrivers\net\iavf" "-I..\drivers\net\iavf" "-Idrivers\common\iavf" "-I..\drivers\common\iavf" "-Ilib\ethdev" "-I..\lib\ethdev" "-I." "-I.." "-Iconfig" "-I..\config" "-Ilib\eal\include" "-I..\lib\eal\include" "-Ilib\eal\windows\include" "-I..\lib\eal\windows\include" "-Ilib\eal\x86\include" "-I..\lib\eal\x86\include" "-Ilib\eal\common" "-I..\lib\eal\common" "-Ilib\eal" "-I..\lib\eal" "-Ilib\kvargs" "-I..\lib\kvargs" "-Ilib\net" "-I..\lib\net" "-Ilib\mbuf" "-I..\lib\mbuf" "-Ilib\mempool" "-I..\lib\mempool" "-Ilib\ring" "-I..\lib\ring" "-Ilib\metrics" "-I..\lib\metrics" "-Ilib\telemetry" "-I..\lib\telemetry" "-Ilib\meter" "-I..\lib\meter" "-Idrivers\bus\pci" "-I..\drivers\bus\pci" "-I..\drivers\bus\pci\windows" "-Ilib\pci" "-I..\lib\pci" "-Idrivers\bus\vdev" "-I..\drivers\bus\vdev" "-Ilib\security" "-I..\lib\security" "-Ilib\cryptodev" "-I..\lib\cryptodev" "-Ilib\rcu" "-I..\lib\rcu" "-fdiagnostics-color=always" "-pipe" "-D_FILE_OFFSET_BITS=64" "-Wall" "-Winvalid-pch" "-Wextra" "-Werror" "-O3" "-include" "rte_config.h" "-Wcast-qual" "-Wdeprecated" "-Wformat" "-Wformat-nonliteral" "-Wformat-security" "-Wmissing-declarations" "-Wmissing-prototypes" "-Wnested-externs" "-Wold-style-definition" "-Wpointer-arith" "-Wsign-compare" "-Wstrict-prototypes" "-Wundef" "-Wwrite-strings" "-Wno-packed-not-aligned" "-Wno-missing-field-initializers" "-D_GNU_SOURCE" "-D_WIN32_WINNT=0x0A00" "-D__USE_MINGW_ANSI_STDIO" "-march=native" "-mno-avx512f" "-DALLOW_EXPERIMENTAL_API" "-DALLOW_INTERNAL_API" "-Wno-format-truncation" "-Wno-strict-aliasing" "-fno-asynchronous-unwind-tables" "-DCC_AVX2_SUPPORT" "-DRTE_LOG_DEFAULT_LOGTYPE=pmd.net.iavf" -MD -MQ drivers/libtmp_rte_net_iavf.a.p/net_iavf_iavf_rxtx.c.obj -MF "drivers\libtmp_rte_net_iavf.a.p\net_iavf_iavf_rxtx.c.obj.d" -o drivers/libtmp_rte_net_iavf.a.p/net_iavf_iavf_rxtx.c.obj "-c" ../drivers/net/iavf/iavf_rxtx.c
../drivers/net/iavf/iavf_rxtx.c: In function 'iavf_check_mbuf':
../drivers/net/iavf/iavf_rxtx.c:3499:31: error: 'IPPROTO_GRE' undeclared (first use in this function); did you mean 'IPPROTO_GGP'?
} else if (info.l4_proto == IPPROTO_GRE) {
^~~~~~~~~~~
IPPROTO_GGP
../drivers/net/iavf/iavf_rxtx.c:3499:31: note: each undeclared identifier is reported only once for each function it appears in
../drivers/net/iavf/iavf_rxtx.c:3512:31: error: 'IPPROTO_IPIP' undeclared (first use in this function); did you mean 'IPPROTO_IPV4'?
} else if (info.l4_proto == IPPROTO_IPIP) {
^~~~~~~~~~~~
IPPROTO_IPV4
[533/669] Compiling C object drivers/libtmp_rte_net_i40e.a.p/net_i40e_i40e_hash.c.obj
[534/669] Compiling C object drivers/libtmp_rte_net_iavf.a.p/net_iavf_iavf_rxtx_vec_avx2.c.obj
[535/669] Compiling C object drivers/libtmp_rte_net_i40e.a.p/net_i40e_i40e_rxtx_vec_avx2.c.obj
[536/669] Compiling C object drivers/net/ice/base/libice_base.a.p/ice_controlq.c.obj
[537/669] Compiling C object drivers/libtmp_rte_net_iavf.a.p/net_iavf_iavf_generic_flow.c.obj
ninja: build stopped: subcommand failed.
==== End log output ====
Ubuntu 20.04 ARM GCC Native
Kernel: 5.4.0-53-generic
Compiler: gcc 9.3
Ubuntu 20.04 ARM Clang Native
Kernel: 5.4.0-53-generic
Compiler: clang 10.0.0-4ubuntu1
Windows Server 2019
Kernel: 10.0
Compiler: clang 14.0 and gcc 8.1.0 (MinGW)
RHEL 7
Kernel: 4.18.0-240.10.1.el8_3.x86_64
Compiler: gcc 4.8.5 20150623 (Red Hat 4.8.5-44)
CentOS Stream 8
Kernel: 4.18.0-240.10.1.el8_3.x86_64
Compiler: gcc 8.4.1 20200928
RHEL8
Kernel: 4.18.0-240.10.1.el8_3.x86_64
Compiler: gcc 8.3.1 20191121 (Red Hat 8.3.1-5)
Ubuntu 22.04
Kernel: Container Host Kernel
Compiler: gcc 11.3.1-2
FreeBSD 13
Kernel: 13.0
Compiler: clang 11.0.1
Debian Buster
Kernel: 5.4.0-122-generic
Compiler: gcc 8.3.0-6
CentOS Stream 9
Kernel: 4.18.0-240.10.1.el8_3.x86_64
Compiler: gcc 11.3.1 20220421
To view detailed results, visit:
https://lab.dpdk.org/results/dashboard/patchsets/25126/
UNH-IOL DPDK Community Lab
To manage your email subscriptions, visit:
https://lab.dpdk.org/results/dashboard/preferences/subscriptions/
^ permalink raw reply [flat|nested] 11+ messages in thread
* |FAILURE| pw122713 [PATCH] net/iavf: add check for mbuf
@ 2023-01-31 12:48 dpdklab
0 siblings, 0 replies; 11+ messages in thread
From: dpdklab @ 2023-01-31 12:48 UTC (permalink / raw)
To: Test Report
Cc: dpdk-test-reports, David Marchand, Thomas Monjalon, Mingjin Ye
[-- Attachment #1: Type: text/plain, Size: 6919 bytes --]
Test-Label: iol-testing
Test-Status: FAILURE
http://dpdk.org/patch/122713
_Testing issues_
Submitter: Mingjin Ye <mingjinx.ye@intel.com>
Date: Tuesday, January 31 2023 05:19:37
DPDK git baseline: Repo:dpdk
Branch: master
CommitID:2a211079a92e962bbd0ec81e425a6ffc32890e67
122713 --> testing fail
Test environment and result as below:
+-------------------------------+----------------+--------------------+----------------------+
| Environment | dpdk_unit_test | dpdk_meson_compile | dpdk_mingw64_compile |
+===============================+================+====================+======================+
| Ubuntu 20.04 ARM GCC Native | PASS | PASS | SKIPPED |
+-------------------------------+----------------+--------------------+----------------------+
| Ubuntu 20.04 ARM Clang Native | PASS | PASS | SKIPPED |
+-------------------------------+----------------+--------------------+----------------------+
| Windows Server 2019 | FAIL | FAIL | FAIL |
+-------------------------------+----------------+--------------------+----------------------+
| RHEL 7 | PASS | SKIPPED | SKIPPED |
+-------------------------------+----------------+--------------------+----------------------+
| CentOS Stream 8 | PASS | PASS | SKIPPED |
+-------------------------------+----------------+--------------------+----------------------+
| RHEL8 | PASS | SKIPPED | SKIPPED |
+-------------------------------+----------------+--------------------+----------------------+
| Ubuntu 22.04 | PASS | PASS | SKIPPED |
+-------------------------------+----------------+--------------------+----------------------+
| FreeBSD 13 | SKIPPED | PASS | SKIPPED |
+-------------------------------+----------------+--------------------+----------------------+
| Debian Buster | SKIPPED | PASS | SKIPPED |
+-------------------------------+----------------+--------------------+----------------------+
| CentOS Stream 9 | SKIPPED | PASS | SKIPPED |
+-------------------------------+----------------+--------------------+----------------------+
==== 20 line log output for Windows Server 2019 (dpdk_mingw64_compile): ====
[531/669] Compiling C object drivers/libtmp_rte_net_iavf.a.p/net_iavf_iavf_ipsec_crypto.c.obj
[532/669] Compiling C object drivers/libtmp_rte_net_iavf.a.p/net_iavf_iavf_rxtx.c.obj
FAILED: drivers/libtmp_rte_net_iavf.a.p/net_iavf_iavf_rxtx.c.obj
"gcc" "-Idrivers\libtmp_rte_net_iavf.a.p" "-Idrivers" "-I..\drivers" "-Idrivers\net\iavf" "-I..\drivers\net\iavf" "-Idrivers\common\iavf" "-I..\drivers\common\iavf" "-Ilib\ethdev" "-I..\lib\ethdev" "-I." "-I.." "-Iconfig" "-I..\config" "-Ilib\eal\include" "-I..\lib\eal\include" "-Ilib\eal\windows\include" "-I..\lib\eal\windows\include" "-Ilib\eal\x86\include" "-I..\lib\eal\x86\include" "-Ilib\eal\common" "-I..\lib\eal\common" "-Ilib\eal" "-I..\lib\eal" "-Ilib\kvargs" "-I..\lib\kvargs" "-Ilib\net" "-I..\lib\net" "-Ilib\mbuf" "-I..\lib\mbuf" "-Ilib\mempool" "-I..\lib\mempool" "-Ilib\ring" "-I..\lib\ring" "-Ilib\metrics" "-I..\lib\metrics" "-Ilib\telemetry" "-I..\lib\telemetry" "-Ilib\meter" "-I..\lib\meter" "-Idrivers\bus\pci" "-I..\drivers\bus\pci" "-I..\drivers\bus\pci\windows" "-Ilib\pci" "-I..\lib\pci" "-Idrivers\bus\vdev" "-I..\drivers\bus\vdev" "-Ilib\security" "-I..\lib\security" "-Ilib\cryptodev" "-I..\lib\cryptodev" "-Ilib\rcu" "-I..\lib\rcu" "-fdiagnostics-color=always" "-pipe" "-D_FILE_OFFSET_BITS=64" "-Wall" "-Winvalid-pch" "-Wextra" "-Werror" "-O3" "-include" "rte_config.h" "-Wcast-qual" "-Wdeprecated" "-Wformat" "-Wformat-nonliteral" "-Wformat-security" "-Wmissing-declarations" "-Wmissing-prototypes" "-Wnested-externs" "-Wold-style-definition" "-Wpointer-arith" "-Wsign-compare" "-Wstrict-prototypes" "-Wundef" "-Wwrite-strings" "-Wno-packed-not-aligned" "-Wno-missing-field-initializers" "-D_GNU_SOURCE" "-D_WIN32_WINNT=0x0A00" "-D__USE_MINGW_ANSI_STDIO" "-march=native" "-mno-avx512f" "-DALLOW_EXPERIMENTAL_API" "-DALLOW_INTERNAL_API" "-Wno-format-truncation" "-Wno-strict-aliasing" "-fno-asynchronous-unwind-tables" "-DCC_AVX2_SUPPORT" "-DRTE_LOG_DEFAULT_LOGTYPE=pmd.net.iavf" -MD -MQ drivers/libtmp_rte_net_iavf.a.p/net_iavf_iavf_rxtx.c.obj -MF "drivers\libtmp_rte_net_iavf.a.p\net_iavf_iavf_rxtx.c.obj.d" -o drivers/libtmp_rte_net_iavf.a.p/net_iavf_iavf_rxtx.c.obj "-c" ../drivers/net/iavf/iavf_rxtx.c
../drivers/net/iavf/iavf_rxtx.c: In function 'iavf_check_mbuf':
../drivers/net/iavf/iavf_rxtx.c:3499:31: error: 'IPPROTO_GRE' undeclared (first use in this function); did you mean 'IPPROTO_GGP'?
} else if (info.l4_proto == IPPROTO_GRE) {
^~~~~~~~~~~
IPPROTO_GGP
../drivers/net/iavf/iavf_rxtx.c:3499:31: note: each undeclared identifier is reported only once for each function it appears in
../drivers/net/iavf/iavf_rxtx.c:3512:31: error: 'IPPROTO_IPIP' undeclared (first use in this function); did you mean 'IPPROTO_IPV4'?
} else if (info.l4_proto == IPPROTO_IPIP) {
^~~~~~~~~~~~
IPPROTO_IPV4
[533/669] Compiling C object drivers/libtmp_rte_net_i40e.a.p/net_i40e_i40e_hash.c.obj
[534/669] Compiling C object drivers/libtmp_rte_net_iavf.a.p/net_iavf_iavf_rxtx_vec_avx2.c.obj
[535/669] Compiling C object drivers/libtmp_rte_net_i40e.a.p/net_i40e_i40e_rxtx_vec_avx2.c.obj
[536/669] Compiling C object drivers/net/ice/base/libice_base.a.p/ice_controlq.c.obj
[537/669] Compiling C object drivers/libtmp_rte_net_iavf.a.p/net_iavf_iavf_generic_flow.c.obj
ninja: build stopped: subcommand failed.
==== End log output ====
Ubuntu 20.04 ARM GCC Native
Kernel: 5.4.0-53-generic
Compiler: gcc 9.3
Ubuntu 20.04 ARM Clang Native
Kernel: 5.4.0-53-generic
Compiler: clang 10.0.0-4ubuntu1
Windows Server 2019
Kernel: 10.0
Compiler: clang 14.0 and gcc 8.1.0 (MinGW)
RHEL 7
Kernel: 4.18.0-240.10.1.el8_3.x86_64
Compiler: gcc 4.8.5 20150623 (Red Hat 4.8.5-44)
CentOS Stream 8
Kernel: 4.18.0-240.10.1.el8_3.x86_64
Compiler: gcc 8.4.1 20200928
RHEL8
Kernel: 4.18.0-240.10.1.el8_3.x86_64
Compiler: gcc 8.3.1 20191121 (Red Hat 8.3.1-5)
Ubuntu 22.04
Kernel: Container Host Kernel
Compiler: gcc 11.3.1-2
FreeBSD 13
Kernel: 13.0
Compiler: clang 11.0.1
Debian Buster
Kernel: 5.4.0-122-generic
Compiler: gcc 8.3.0-6
CentOS Stream 9
Kernel: 4.18.0-240.10.1.el8_3.x86_64
Compiler: gcc 11.3.1 20220421
To view detailed results, visit:
https://lab.dpdk.org/results/dashboard/patchsets/25126/
UNH-IOL DPDK Community Lab
To manage your email subscriptions, visit:
https://lab.dpdk.org/results/dashboard/preferences/subscriptions/
^ permalink raw reply [flat|nested] 11+ messages in thread
* |FAILURE| pw122713 [PATCH] net/iavf: add check for mbuf
@ 2023-01-31 12:48 dpdklab
0 siblings, 0 replies; 11+ messages in thread
From: dpdklab @ 2023-01-31 12:48 UTC (permalink / raw)
To: Test Report
Cc: dpdk-test-reports, David Marchand, Thomas Monjalon, Mingjin Ye
[-- Attachment #1: Type: text/plain, Size: 6919 bytes --]
Test-Label: iol-testing
Test-Status: FAILURE
http://dpdk.org/patch/122713
_Testing issues_
Submitter: Mingjin Ye <mingjinx.ye@intel.com>
Date: Tuesday, January 31 2023 05:19:37
DPDK git baseline: Repo:dpdk
Branch: master
CommitID:2a211079a92e962bbd0ec81e425a6ffc32890e67
122713 --> testing fail
Test environment and result as below:
+-------------------------------+----------------+--------------------+----------------------+
| Environment | dpdk_unit_test | dpdk_meson_compile | dpdk_mingw64_compile |
+===============================+================+====================+======================+
| Ubuntu 20.04 ARM GCC Native | PASS | PASS | SKIPPED |
+-------------------------------+----------------+--------------------+----------------------+
| Ubuntu 20.04 ARM Clang Native | PASS | PASS | SKIPPED |
+-------------------------------+----------------+--------------------+----------------------+
| Windows Server 2019 | FAIL | FAIL | FAIL |
+-------------------------------+----------------+--------------------+----------------------+
| RHEL 7 | PASS | SKIPPED | SKIPPED |
+-------------------------------+----------------+--------------------+----------------------+
| CentOS Stream 8 | PASS | PASS | SKIPPED |
+-------------------------------+----------------+--------------------+----------------------+
| RHEL8 | PASS | SKIPPED | SKIPPED |
+-------------------------------+----------------+--------------------+----------------------+
| Ubuntu 22.04 | PASS | PASS | SKIPPED |
+-------------------------------+----------------+--------------------+----------------------+
| FreeBSD 13 | SKIPPED | PASS | SKIPPED |
+-------------------------------+----------------+--------------------+----------------------+
| Debian Buster | SKIPPED | PASS | SKIPPED |
+-------------------------------+----------------+--------------------+----------------------+
| CentOS Stream 9 | SKIPPED | PASS | SKIPPED |
+-------------------------------+----------------+--------------------+----------------------+
==== 20 line log output for Windows Server 2019 (dpdk_mingw64_compile): ====
[531/669] Compiling C object drivers/libtmp_rte_net_iavf.a.p/net_iavf_iavf_ipsec_crypto.c.obj
[532/669] Compiling C object drivers/libtmp_rte_net_iavf.a.p/net_iavf_iavf_rxtx.c.obj
FAILED: drivers/libtmp_rte_net_iavf.a.p/net_iavf_iavf_rxtx.c.obj
"gcc" "-Idrivers\libtmp_rte_net_iavf.a.p" "-Idrivers" "-I..\drivers" "-Idrivers\net\iavf" "-I..\drivers\net\iavf" "-Idrivers\common\iavf" "-I..\drivers\common\iavf" "-Ilib\ethdev" "-I..\lib\ethdev" "-I." "-I.." "-Iconfig" "-I..\config" "-Ilib\eal\include" "-I..\lib\eal\include" "-Ilib\eal\windows\include" "-I..\lib\eal\windows\include" "-Ilib\eal\x86\include" "-I..\lib\eal\x86\include" "-Ilib\eal\common" "-I..\lib\eal\common" "-Ilib\eal" "-I..\lib\eal" "-Ilib\kvargs" "-I..\lib\kvargs" "-Ilib\net" "-I..\lib\net" "-Ilib\mbuf" "-I..\lib\mbuf" "-Ilib\mempool" "-I..\lib\mempool" "-Ilib\ring" "-I..\lib\ring" "-Ilib\metrics" "-I..\lib\metrics" "-Ilib\telemetry" "-I..\lib\telemetry" "-Ilib\meter" "-I..\lib\meter" "-Idrivers\bus\pci" "-I..\drivers\bus\pci" "-I..\drivers\bus\pci\windows" "-Ilib\pci" "-I..\lib\pci" "-Idrivers\bus\vdev" "-I..\drivers\bus\vdev" "-Ilib\security" "-I..\lib\security" "-Ilib\cryptodev" "-I..\lib\cryptodev" "-Ilib\rcu" "-I..\lib\rcu" "-fdiagnostics-color=always" "-pipe" "-D_FILE_OFFSET_BITS=64" "-Wall" "-Winvalid-pch" "-Wextra" "-Werror" "-O3" "-include" "rte_config.h" "-Wcast-qual" "-Wdeprecated" "-Wformat" "-Wformat-nonliteral" "-Wformat-security" "-Wmissing-declarations" "-Wmissing-prototypes" "-Wnested-externs" "-Wold-style-definition" "-Wpointer-arith" "-Wsign-compare" "-Wstrict-prototypes" "-Wundef" "-Wwrite-strings" "-Wno-packed-not-aligned" "-Wno-missing-field-initializers" "-D_GNU_SOURCE" "-D_WIN32_WINNT=0x0A00" "-D__USE_MINGW_ANSI_STDIO" "-march=native" "-mno-avx512f" "-DALLOW_EXPERIMENTAL_API" "-DALLOW_INTERNAL_API" "-Wno-format-truncation" "-Wno-strict-aliasing" "-fno-asynchronous-unwind-tables" "-DCC_AVX2_SUPPORT" "-DRTE_LOG_DEFAULT_LOGTYPE=pmd.net.iavf" -MD -MQ drivers/libtmp_rte_net_iavf.a.p/net_iavf_iavf_rxtx.c.obj -MF "drivers\libtmp_rte_net_iavf.a.p\net_iavf_iavf_rxtx.c.obj.d" -o drivers/libtmp_rte_net_iavf.a.p/net_iavf_iavf_rxtx.c.obj "-c" ../drivers/net/iavf/iavf_rxtx.c
../drivers/net/iavf/iavf_rxtx.c: In function 'iavf_check_mbuf':
../drivers/net/iavf/iavf_rxtx.c:3499:31: error: 'IPPROTO_GRE' undeclared (first use in this function); did you mean 'IPPROTO_GGP'?
} else if (info.l4_proto == IPPROTO_GRE) {
^~~~~~~~~~~
IPPROTO_GGP
../drivers/net/iavf/iavf_rxtx.c:3499:31: note: each undeclared identifier is reported only once for each function it appears in
../drivers/net/iavf/iavf_rxtx.c:3512:31: error: 'IPPROTO_IPIP' undeclared (first use in this function); did you mean 'IPPROTO_IPV4'?
} else if (info.l4_proto == IPPROTO_IPIP) {
^~~~~~~~~~~~
IPPROTO_IPV4
[533/669] Compiling C object drivers/libtmp_rte_net_i40e.a.p/net_i40e_i40e_hash.c.obj
[534/669] Compiling C object drivers/libtmp_rte_net_iavf.a.p/net_iavf_iavf_rxtx_vec_avx2.c.obj
[535/669] Compiling C object drivers/libtmp_rte_net_i40e.a.p/net_i40e_i40e_rxtx_vec_avx2.c.obj
[536/669] Compiling C object drivers/net/ice/base/libice_base.a.p/ice_controlq.c.obj
[537/669] Compiling C object drivers/libtmp_rte_net_iavf.a.p/net_iavf_iavf_generic_flow.c.obj
ninja: build stopped: subcommand failed.
==== End log output ====
Ubuntu 20.04 ARM GCC Native
Kernel: 5.4.0-53-generic
Compiler: gcc 9.3
Ubuntu 20.04 ARM Clang Native
Kernel: 5.4.0-53-generic
Compiler: clang 10.0.0-4ubuntu1
Windows Server 2019
Kernel: 10.0
Compiler: clang 14.0 and gcc 8.1.0 (MinGW)
RHEL 7
Kernel: 4.18.0-240.10.1.el8_3.x86_64
Compiler: gcc 4.8.5 20150623 (Red Hat 4.8.5-44)
CentOS Stream 8
Kernel: 4.18.0-240.10.1.el8_3.x86_64
Compiler: gcc 8.4.1 20200928
RHEL8
Kernel: 4.18.0-240.10.1.el8_3.x86_64
Compiler: gcc 8.3.1 20191121 (Red Hat 8.3.1-5)
Ubuntu 22.04
Kernel: Container Host Kernel
Compiler: gcc 11.3.1-2
FreeBSD 13
Kernel: 13.0
Compiler: clang 11.0.1
Debian Buster
Kernel: 5.4.0-122-generic
Compiler: gcc 8.3.0-6
CentOS Stream 9
Kernel: 4.18.0-240.10.1.el8_3.x86_64
Compiler: gcc 11.3.1 20220421
To view detailed results, visit:
https://lab.dpdk.org/results/dashboard/patchsets/25126/
UNH-IOL DPDK Community Lab
To manage your email subscriptions, visit:
https://lab.dpdk.org/results/dashboard/preferences/subscriptions/
^ permalink raw reply [flat|nested] 11+ messages in thread
* |FAILURE| pw122713 [PATCH] net/iavf: add check for mbuf
@ 2023-01-31 12:22 dpdklab
0 siblings, 0 replies; 11+ messages in thread
From: dpdklab @ 2023-01-31 12:22 UTC (permalink / raw)
To: Test Report
Cc: dpdk-test-reports, David Marchand, Thomas Monjalon, Mingjin Ye
[-- Attachment #1: Type: text/plain, Size: 5571 bytes --]
Test-Label: iol-testing
Test-Status: FAILURE
http://dpdk.org/patch/122713
_Testing issues_
Submitter: Mingjin Ye <mingjinx.ye@intel.com>
Date: Tuesday, January 31 2023 05:19:37
DPDK git baseline: Repo:dpdk
Branch: master
CommitID:2a211079a92e962bbd0ec81e425a6ffc32890e67
122713 --> testing fail
Test environment and result as below:
+-------------------------------+----------------+--------------------+----------------------+
| Environment | dpdk_unit_test | dpdk_meson_compile | dpdk_mingw64_compile |
+===============================+================+====================+======================+
| Ubuntu 20.04 ARM GCC Native | PASS | PASS | SKIPPED |
+-------------------------------+----------------+--------------------+----------------------+
| Ubuntu 20.04 ARM Clang Native | PASS | PASS | SKIPPED |
+-------------------------------+----------------+--------------------+----------------------+
| Windows Server 2019 | FAIL | FAIL | FAIL |
+-------------------------------+----------------+--------------------+----------------------+
| RHEL 7 | PASS | SKIPPED | SKIPPED |
+-------------------------------+----------------+--------------------+----------------------+
| FreeBSD 13 | SKIPPED | PASS | SKIPPED |
+-------------------------------+----------------+--------------------+----------------------+
==== 20 line log output for Windows Server 2019 (dpdk_mingw64_compile): ====
[531/669] Compiling C object drivers/libtmp_rte_net_iavf.a.p/net_iavf_iavf_ipsec_crypto.c.obj
[532/669] Compiling C object drivers/libtmp_rte_net_iavf.a.p/net_iavf_iavf_rxtx.c.obj
FAILED: drivers/libtmp_rte_net_iavf.a.p/net_iavf_iavf_rxtx.c.obj
"gcc" "-Idrivers\libtmp_rte_net_iavf.a.p" "-Idrivers" "-I..\drivers" "-Idrivers\net\iavf" "-I..\drivers\net\iavf" "-Idrivers\common\iavf" "-I..\drivers\common\iavf" "-Ilib\ethdev" "-I..\lib\ethdev" "-I." "-I.." "-Iconfig" "-I..\config" "-Ilib\eal\include" "-I..\lib\eal\include" "-Ilib\eal\windows\include" "-I..\lib\eal\windows\include" "-Ilib\eal\x86\include" "-I..\lib\eal\x86\include" "-Ilib\eal\common" "-I..\lib\eal\common" "-Ilib\eal" "-I..\lib\eal" "-Ilib\kvargs" "-I..\lib\kvargs" "-Ilib\net" "-I..\lib\net" "-Ilib\mbuf" "-I..\lib\mbuf" "-Ilib\mempool" "-I..\lib\mempool" "-Ilib\ring" "-I..\lib\ring" "-Ilib\metrics" "-I..\lib\metrics" "-Ilib\telemetry" "-I..\lib\telemetry" "-Ilib\meter" "-I..\lib\meter" "-Idrivers\bus\pci" "-I..\drivers\bus\pci" "-I..\drivers\bus\pci\windows" "-Ilib\pci" "-I..\lib\pci" "-Idrivers\bus\vdev" "-I..\drivers\bus\vdev" "-Ilib\security" "-I..\lib\security" "-Ilib\cryptodev" "-I..\lib\cryptodev" "-Ilib\rcu" "-I..\lib\rcu" "-fdiagnostics-color=always" "-pipe" "-D_FILE_OFFSET_BITS=64" "-Wall" "-Winvalid-pch" "-Wextra" "-Werror" "-O3" "-include" "rte_config.h" "-Wcast-qual" "-Wdeprecated" "-Wformat" "-Wformat-nonliteral" "-Wformat-security" "-Wmissing-declarations" "-Wmissing-prototypes" "-Wnested-externs" "-Wold-style-definition" "-Wpointer-arith" "-Wsign-compare" "-Wstrict-prototypes" "-Wundef" "-Wwrite-strings" "-Wno-packed-not-aligned" "-Wno-missing-field-initializers" "-D_GNU_SOURCE" "-D_WIN32_WINNT=0x0A00" "-D__USE_MINGW_ANSI_STDIO" "-march=native" "-mno-avx512f" "-DALLOW_EXPERIMENTAL_API" "-DALLOW_INTERNAL_API" "-Wno-format-truncation" "-Wno-strict-aliasing" "-fno-asynchronous-unwind-tables" "-DCC_AVX2_SUPPORT" "-DRTE_LOG_DEFAULT_LOGTYPE=pmd.net.iavf" -MD -MQ drivers/libtmp_rte_net_iavf.a.p/net_iavf_iavf_rxtx.c.obj -MF "drivers\libtmp_rte_net_iavf.a.p\net_iavf_iavf_rxtx.c.obj.d" -o drivers/libtmp_rte_net_iavf.a.p/net_iavf_iavf_rxtx.c.obj "-c" ../drivers/net/iavf/iavf_rxtx.c
../drivers/net/iavf/iavf_rxtx.c: In function 'iavf_check_mbuf':
../drivers/net/iavf/iavf_rxtx.c:3499:31: error: 'IPPROTO_GRE' undeclared (first use in this function); did you mean 'IPPROTO_GGP'?
} else if (info.l4_proto == IPPROTO_GRE) {
^~~~~~~~~~~
IPPROTO_GGP
../drivers/net/iavf/iavf_rxtx.c:3499:31: note: each undeclared identifier is reported only once for each function it appears in
../drivers/net/iavf/iavf_rxtx.c:3512:31: error: 'IPPROTO_IPIP' undeclared (first use in this function); did you mean 'IPPROTO_IPV4'?
} else if (info.l4_proto == IPPROTO_IPIP) {
^~~~~~~~~~~~
IPPROTO_IPV4
[533/669] Compiling C object drivers/libtmp_rte_net_i40e.a.p/net_i40e_i40e_hash.c.obj
[534/669] Compiling C object drivers/libtmp_rte_net_iavf.a.p/net_iavf_iavf_rxtx_vec_avx2.c.obj
[535/669] Compiling C object drivers/libtmp_rte_net_i40e.a.p/net_i40e_i40e_rxtx_vec_avx2.c.obj
[536/669] Compiling C object drivers/net/ice/base/libice_base.a.p/ice_controlq.c.obj
[537/669] Compiling C object drivers/libtmp_rte_net_iavf.a.p/net_iavf_iavf_generic_flow.c.obj
ninja: build stopped: subcommand failed.
==== End log output ====
Ubuntu 20.04 ARM GCC Native
Kernel: 5.4.0-53-generic
Compiler: gcc 9.3
Ubuntu 20.04 ARM Clang Native
Kernel: 5.4.0-53-generic
Compiler: clang 10.0.0-4ubuntu1
Windows Server 2019
Kernel: 10.0
Compiler: clang 14.0 and gcc 8.1.0 (MinGW)
RHEL 7
Kernel: 4.18.0-240.10.1.el8_3.x86_64
Compiler: gcc 4.8.5 20150623 (Red Hat 4.8.5-44)
FreeBSD 13
Kernel: 13.0
Compiler: clang 11.0.1
To view detailed results, visit:
https://lab.dpdk.org/results/dashboard/patchsets/25126/
UNH-IOL DPDK Community Lab
To manage your email subscriptions, visit:
https://lab.dpdk.org/results/dashboard/preferences/subscriptions/
^ permalink raw reply [flat|nested] 11+ messages in thread
[parent not found: <20230131051937.328725-1-mingjinx.ye@intel.com>]
* |FAILURE| pw122713 [PATCH] net/iavf: add check for mbuf
[not found] <20230131051937.328725-1-mingjinx.ye@intel.com>
@ 2023-01-31 6:19 ` 0-day Robot
0 siblings, 0 replies; 11+ messages in thread
From: 0-day Robot @ 2023-01-31 6:19 UTC (permalink / raw)
To: test-report; +Cc: mingjinx.ye, robot
From: robot@bytheb.org
Test-Label: github-robot: build
Test-Status: FAILURE
http://patchwork.dpdk.org/patch/122713/
_github build: failed_
Build URL: https://github.com/ovsrobot/dpdk/actions/runs/4051142792
Build Logs:
-----------------------Summary of failed steps-----------------------
"ubuntu-20.04-gcc-static-mingw" failed at step Build and test
----------------------End summary of failed steps--------------------
-------------------------------BEGIN LOGS----------------------------
####################################################################################
#### [Begin job log] "ubuntu-20.04-gcc-static-mingw" at step Build and test
####################################################################################
####################################################################################
#### [End job log] "ubuntu-20.04-gcc-static-mingw" at step Build and test
####################################################################################
--------------------------------END LOGS-----------------------------
^ permalink raw reply [flat|nested] 11+ messages in thread
end of thread, other threads:[~2023-01-31 13:27 UTC | newest]
Thread overview: 11+ messages (download: mbox.gz / follow: Atom feed)
-- links below jump to the message on this page --
2023-01-31 13:24 |FAILURE| pw122713 [PATCH] net/iavf: add check for mbuf dpdklab
-- strict thread matches above, loose matches on Subject: below --
2023-01-31 13:26 dpdklab
2023-01-31 13:26 dpdklab
2023-01-31 13:24 dpdklab
2023-01-31 13:24 dpdklab
2023-01-31 13:17 dpdklab
2023-01-31 12:48 dpdklab
2023-01-31 12:48 dpdklab
2023-01-31 12:48 dpdklab
2023-01-31 12:22 dpdklab
[not found] <20230131051937.328725-1-mingjinx.ye@intel.com>
2023-01-31 6:19 ` 0-day Robot
This is a public inbox, see mirroring instructions
for how to clone and mirror all data and code used for this inbox;
as well as URLs for NNTP newsgroup(s).