* |WARNING| pw122799 [PATCH] pipeline: increase the pipeline instruction table size
@ 2023-02-02 17:56 dpdklab
0 siblings, 0 replies; only message in thread
From: dpdklab @ 2023-02-02 17:56 UTC (permalink / raw)
To: Test Report; +Cc: dpdklab, David Marchand, Thomas Monjalon, Harshad Narayane
[-- Attachment #1: Type: text/plain, Size: 5639 bytes --]
Test-Label: iol-abi-testing
Test-Status: WARNING
http://dpdk.org/patch/122799
_Testing issues_
Submitter: Harshad Narayane <harshad.suresh.narayane@intel.com>
Date: Wednesday, February 01 2023 07:58:57
DPDK git baseline: Repo:dpdk
Branch: master
CommitID:99cc0a9ab6730d4df70dba4b19e78e87ad7ba110
122799 --> testing fail
Test environment and result as below:
+------------------+----------+
| Environment | abi_test |
+==================+==========+
| openSUSE Leap 15 | FAIL |
+------------------+----------+
| Ubuntu 22.04 | FAIL |
+------------------+----------+
| Ubuntu 20.04 | FAIL |
+------------------+----------+
==== 20 line log output for Ubuntu 20.04 (abi_test): ====
Installing /home-local/jenkins-local/jenkins-agent/workspace/Generic-DPDK-Compile-ABI@2/dpdk/drivers/net/vhost/rte_eth_vhost.h to /home-local/jenkins-local/jenkins-agent/workspace/Generic-DPDK-Compile-ABI@2/build_install/usr/local/include
Installing /home-local/jenkins-local/jenkins-agent/workspace/Generic-DPDK-Compile-ABI@2/dpdk/drivers/raw/cnxk_bphy/rte_pmd_bphy.h to /home-local/jenkins-local/jenkins-agent/workspace/Generic-DPDK-Compile-ABI@2/build_install/usr/local/include
Installing /home-local/jenkins-local/jenkins-agent/workspace/Generic-DPDK-Compile-ABI@2/dpdk/drivers/raw/cnxk_gpio/rte_pmd_cnxk_gpio.h to /home-local/jenkins-local/jenkins-agent/workspace/Generic-DPDK-Compile-ABI@2/build_install/usr/local/include
Installing /home-local/jenkins-local/jenkins-agent/workspace/Generic-DPDK-Compile-ABI@2/dpdk/drivers/raw/dpaa2_cmdif/rte_pmd_dpaa2_cmdif.h to /home-local/jenkins-local/jenkins-agent/workspace/Generic-DPDK-Compile-ABI@2/build_install/usr/local/include
Installing /home-local/jenkins-local/jenkins-agent/workspace/Generic-DPDK-Compile-ABI@2/dpdk/drivers/raw/ntb/rte_pmd_ntb.h to /home-local/jenkins-local/jenkins-agent/workspace/Generic-DPDK-Compile-ABI@2/build_install/usr/local/include
Installing /home-local/jenkins-local/jenkins-agent/workspace/Generic-DPDK-Compile-ABI@2/dpdk/drivers/crypto/scheduler/rte_cryptodev_scheduler.h to /home-local/jenkins-local/jenkins-agent/workspace/Generic-DPDK-Compile-ABI@2/build_install/usr/local/include
Installing /home-local/jenkins-local/jenkins-agent/workspace/Generic-DPDK-Compile-ABI@2/dpdk/drivers/crypto/scheduler/rte_cryptodev_scheduler_operations.h to /home-local/jenkins-local/jenkins-agent/workspace/Generic-DPDK-Compile-ABI@2/build_install/usr/local/include
Installing /home-local/jenkins-local/jenkins-agent/workspace/Generic-DPDK-Compile-ABI@2/dpdk/drivers/event/dlb2/rte_pmd_dlb2.h to /home-local/jenkins-local/jenkins-agent/workspace/Generic-DPDK-Compile-ABI@2/build_install/usr/local/include
Installing /home-local/jenkins-local/jenkins-agent/workspace/Generic-DPDK-Compile-ABI@2/dpdk/drivers/baseband/acc/rte_acc_cfg.h to /home-local/jenkins-local/jenkins-agent/workspace/Generic-DPDK-Compile-ABI@2/build_install/usr/local/include
Installing /home-local/jenkins-local/jenkins-agent/workspace/Generic-DPDK-Compile-ABI@2/dpdk/drivers/baseband/fpga_5gnr_fec/rte_pmd_fpga_5gnr_fec.h to /home-local/jenkins-local/jenkins-agent/workspace/Generic-DPDK-Compile-ABI@2/build_install/usr/local/include
Installing /home-local/jenkins-local/jenkins-agent/workspace/Generic-DPDK-Compile-ABI@2/dpdk/usertools/dpdk-devbind.py to /home-local/jenkins-local/jenkins-agent/workspace/Generic-DPDK-Compile-ABI@2/build_install/usr/local/bin
Installing /home-local/jenkins-local/jenkins-agent/workspace/Generic-DPDK-Compile-ABI@2/dpdk/usertools/dpdk-pmdinfo.py to /home-local/jenkins-local/jenkins-agent/workspace/Generic-DPDK-Compile-ABI@2/build_install/usr/local/bin
Installing /home-local/jenkins-local/jenkins-agent/workspace/Generic-DPDK-Compile-ABI@2/dpdk/usertools/dpdk-telemetry.py to /home-local/jenkins-local/jenkins-agent/workspace/Generic-DPDK-Compile-ABI@2/build_install/usr/local/bin
Installing /home-local/jenkins-local/jenkins-agent/workspace/Generic-DPDK-Compile-ABI@2/dpdk/usertools/dpdk-hugepages.py to /home-local/jenkins-local/jenkins-agent/workspace/Generic-DPDK-Compile-ABI@2/build_install/usr/local/bin
Installing /home-local/jenkins-local/jenkins-agent/workspace/Generic-DPDK-Compile-ABI@2/dpdk/build/rte_build_config.h to /home-local/jenkins-local/jenkins-agent/workspace/Generic-DPDK-Compile-ABI@2/build_install/usr/local/include
Installing /home-local/jenkins-local/jenkins-agent/workspace/Generic-DPDK-Compile-ABI@2/dpdk/build/meson-private/libdpdk-libs.pc to /home-local/jenkins-local/jenkins-agent/workspace/Generic-DPDK-Compile-ABI@2/build_install/usr/local/lib/x86_64-linux-gnu/pkgconfig
Installing /home-local/jenkins-local/jenkins-agent/workspace/Generic-DPDK-Compile-ABI@2/dpdk/build/meson-private/libdpdk.pc to /home-local/jenkins-local/jenkins-agent/workspace/Generic-DPDK-Compile-ABI@2/build_install/usr/local/lib/x86_64-linux-gnu/pkgconfig
Running custom install script '/bin/sh /home-local/jenkins-local/jenkins-agent/workspace/Generic-DPDK-Compile-ABI@2/dpdk/config/../buildtools/symlink-drivers-solibs.sh lib/x86_64-linux-gnu dpdk/pmds-23.1'
==== Compiled DPDK with debugoptimized
bash: /scripts/generate_abi.sh: Stale file handle
==== End log output ====
openSUSE Leap 15
Kernel: 4.18.0-240.10.1.el8_3.x86_64
Compiler: gcc 7.5.0
Ubuntu 22.04
Kernel: Container Host Kernel
Compiler: gcc 11.3.1-2
Ubuntu 20.04
Kernel: 4.18.0-240.10.1.el8_3.x86_64
Compiler: gcc 9.3.0-17ubuntu1~20.04
To view detailed results, visit:
https://lab.dpdk.org/results/dashboard/patchsets/25148/
UNH-IOL DPDK Community Lab
To manage your email subscriptions, visit:
https://lab.dpdk.org/results/dashboard/preferences/subscriptions/
^ permalink raw reply [flat|nested] only message in thread
only message in thread, other threads:[~2023-02-02 17:56 UTC | newest]
Thread overview: (only message) (download: mbox.gz / follow: Atom feed)
-- links below jump to the message on this page --
2023-02-02 17:56 |WARNING| pw122799 [PATCH] pipeline: increase the pipeline instruction table size dpdklab
This is a public inbox, see mirroring instructions
for how to clone and mirror all data and code used for this inbox;
as well as URLs for NNTP newsgroup(s).