* |FAILURE| pw123506-123501 [PATCH] [v14, 6/6] test/memarea: support dump API test
@ 2023-02-10 12:02 dpdklab
0 siblings, 0 replies; 13+ messages in thread
From: dpdklab @ 2023-02-10 12:02 UTC (permalink / raw)
To: Test Report
Cc: dpdk-test-reports, David Marchand, Thomas Monjalon, fengchengwen
[-- Attachment #1: Type: text/plain, Size: 4460 bytes --]
Test-Label: iol-testing
Test-Status: FAILURE
http://dpdk.org/patch/123501
_Testing issues_
Submitter: fengchengwen <fengchengwen@huawei.com>
Date: Thursday, February 09 2023 06:36:10
DPDK git baseline: Repo:dpdk
Branch: master
CommitID:a0c837ad1fb5b6a8b10a284ffeb5f9e31bd8ff00
123506-123501 --> testing fail
Test environment and result as below:
+-------------------------------+----------------+
| Environment | dpdk_unit_test |
+===============================+================+
| Ubuntu 20.04 ARM Clang Native | PASS |
+-------------------------------+----------------+
| Ubuntu 20.04 ARM GCC Native | PASS |
+-------------------------------+----------------+
| Windows Server 2019 | FAIL |
+-------------------------------+----------------+
| CentOS Stream 9 | PASS |
+-------------------------------+----------------+
| Debian Buster | PASS |
+-------------------------------+----------------+
| RHEL8 | PASS |
+-------------------------------+----------------+
| RHEL 7 | PASS |
+-------------------------------+----------------+
| openSUSE Leap 15 | PASS |
+-------------------------------+----------------+
==== 20 line log output for Windows Server 2019 (dpdk_unit_test): ====
\08\04\0/\09\02\0 \0D\0P\0D\0K\0:\0f\0a\0s\0t\0-\0t\0e\0s\0t\0s\0 \0/\0 \0p\0o\0w\0e\0r\0_\0a\0u\0t\0o\0t\0e\0s\0t\0 \0 \0 \0 \0 \0 \0 \0 \0 \0 \0 \0 \0 \0 \0 \0 \0 \0S\0K\0I\0P\0 \0 \0 \0 \0 \0 \0 \0 \0 \0 \0 \0 \0 \00\0.\01\02\0s\0 \0 \0 \0e\0x\0i\0t\0 \0s\0t\0a\0t\0u\0s\0 \07\07\0\r\0
\08\05\0/\09\02\0 \0D\0P\0D\0K\0:\0f\0a\0s\0t\0-\0t\0e\0s\0t\0s\0 \0/\0 \0p\0o\0w\0e\0r\0_\0k\0v\0m\0_\0v\0m\0_\0a\0u\0t\0o\0t\0e\0s\0t\0 \0 \0 \0 \0 \0 \0 \0 \0 \0 \0S\0K\0I\0P\0 \0 \0 \0 \0 \0 \0 \0 \0 \0 \0 \0 \0 \00\0.\02\02\0s\0 \0 \0 \0e\0x\0i\0t\0 \0s\0t\0a\0t\0u\0s\0 \07\07\0\r\0
\08\06\0/\09\02\0 \0D\0P\0D\0K\0:\0f\0a\0s\0t\0-\0t\0e\0s\0t\0s\0 \0/\0 \0p\0o\0w\0e\0r\0_\0i\0n\0t\0e\0l\0_\0u\0n\0c\0o\0r\0e\0_\0a\0u\0t\0o\0t\0e\0s\0t\0 \0 \0 \0 \0S\0K\0I\0P\0 \0 \0 \0 \0 \0 \0 \0 \0 \0 \0 \0 \0 \00\0.\01\02\0s\0 \0 \0 \0e\0x\0i\0t\0 \0s\0t\0a\0t\0u\0s\0 \07\07\0\r\0
\08\07\0/\09\02\0 \0D\0P\0D\0K\0:\0f\0a\0s\0t\0-\0t\0e\0s\0t\0s\0 \0/\0 \0r\0e\0o\0r\0d\0e\0r\0_\0a\0u\0t\0o\0t\0e\0s\0t\0 \0 \0 \0 \0 \0 \0 \0 \0 \0 \0 \0 \0 \0 \0 \0S\0K\0I\0P\0 \0 \0 \0 \0 \0 \0 \0 \0 \0 \0 \0 \0 \00\0.\01\02\0s\0 \0 \0 \0e\0x\0i\0t\0 \0s\0t\0a\0t\0u\0s\0 \07\07\0\r\0
\08\08\0/\09\02\0 \0D\0P\0D\0K\0:\0f\0a\0s\0t\0-\0t\0e\0s\0t\0s\0 \0/\0 \0s\0e\0r\0v\0i\0c\0e\0_\0a\0u\0t\0o\0t\0e\0s\0t\0 \0 \0 \0 \0 \0 \0 \0 \0 \0 \0 \0 \0 \0 \0 \0O\0K\0 \0 \0 \0 \0 \0 \0 \0 \0 \0 \0 \0 \0 \0 \0 \03\0.\07\04\0s\0\r\0
\08\09\0/\09\02\0 \0D\0P\0D\0K\0:\0f\0a\0s\0t\0-\0t\0e\0s\0t\0s\0 \0/\0 \0t\0h\0a\0s\0h\0_\0a\0u\0t\0o\0t\0e\0s\0t\0 \0 \0 \0 \0 \0 \0 \0 \0 \0 \0 \0 \0 \0 \0 \0 \0 \0O\0K\0 \0 \0 \0 \0 \0 \0 \0 \0 \0 \0 \0 \0 \0 \0 \00\0.\01\02\0s\0\r\0
\09\00\0/\09\02\0 \0D\0P\0D\0K\0:\0f\0a\0s\0t\0-\0t\0e\0s\0t\0s\0 \0/\0 \0t\0h\0r\0e\0a\0d\0s\0_\0a\0u\0t\0o\0t\0e\0s\0t\0 \0 \0 \0 \0 \0 \0 \0 \0 \0 \0 \0 \0 \0 \0 \0O\0K\0 \0 \0 \0 \0 \0 \0 \0 \0 \0 \0 \0 \0 \0 \0 \00\0.\08\02\0s\0\r\0
\09\01\0/\09\02\0 \0D\0P\0D\0K\0:\0f\0a\0s\0t\0-\0t\0e\0s\0t\0s\0 \0/\0 \0t\0r\0a\0c\0e\0_\0a\0u\0t\0o\0t\0e\0s\0t\0 \0 \0 \0 \0 \0 \0 \0 \0 \0 \0 \0 \0 \0 \0 \0 \0 \0S\0K\0I\0P\0 \0 \0 \0 \0 \0 \0 \0 \0 \0 \0 \0 \0 \00\0.\01\02\0s\0 \0 \0 \0e\0x\0i\0t\0 \0s\0t\0a\0t\0u\0s\0 \07\07\0\r\0
\09\02\0/\09\02\0 \0D\0P\0D\0K\0:\0f\0a\0s\0t\0-\0t\0e\0s\0t\0s\0 \0/\0 \0m\0e\0t\0r\0i\0c\0s\0_\0a\0u\0t\0o\0t\0e\0s\0t\0 \0 \0 \0 \0 \0 \0 \0 \0 \0 \0 \0 \0 \0 \0 \0O\0K\0 \0 \0 \0 \0 \0 \0 \0 \0 \0 \0 \0 \0 \0 \0 \00\0.\01\04\0s\0\r\0
\0\r\0
\0\r\0
\0O\0k\0:\0 \0 \0 \0 \0 \0 \0 \0 \0 \0 \0 \0 \0 \0 \0 \0 \0 \05\00\0 \0 \0\r\0
\0E\0x\0p\0e\0c\0t\0e\0d\0 \0F\0a\0i\0l\0:\0 \0 \0 \0 \0 \0 \00\0 \0 \0 \0\r\0
\0F\0a\0i\0l\0:\0 \0 \0 \0 \0 \0 \0 \0 \0 \0 \0 \0 \0 \0 \0 \01\0 \0 \0 \0\r\0
\0U\0n\0e\0x\0p\0e\0c\0t\0e\0d\0 \0P\0a\0s\0s\0:\0 \0 \0 \0 \00\0 \0 \0 \0\r\0
\0S\0k\0i\0p\0p\0e\0d\0:\0 \0 \0 \0 \0 \0 \0 \0 \0 \0 \0 \0 \04\01\0 \0 \0\r\0
\0T\0i\0m\0e\0o\0u\0t\0:\0 \0 \0 \0 \0 \0 \0 \0 \0 \0 \0 \0 \00\0 \0 \0 \0\r\0
\0\r\0
\0F\0u\0l\0l\0 \0l\0o\0g\0 \0w\0r\0i\0t\0t\0e\0n\0 \0t\0o\0 \0C\0:\0\\0U\0s\0e\0r\0s\0\\0b\0u\0i\0l\0d\0e\0r\0\\0j\0e\0n\0k\0i\0n\0s\0\\0w\0o\0r\0k\0s\0p\0a\0c\0e\0\\0G\0e\0n\0e\0r\0i\0c\0-\0V\0M\0-\0U\0n\0i\0t\0-\0T\0e\0s\0t\0-\0D\0P\0D\0K\0\\0d\0p\0d\0k\0\\0b\0u\0i\0l\0d\0\\0m\0e\0s\0o\0n\0-\0l\0o\0g\0s\0\\0t\0e\0s\0t\0l\0o\0g\0.\0t\0x\0t\0\r\0
\0
==== End log output ====
Ubuntu 20.04 ARM Clang Native
Kernel: 5.4.0-53-generic
Compiler: clang 10.0.0-4ubuntu1
Ubuntu 20.04 ARM GCC Native
Kernel: 5.4.0-53-generic
Compiler: gcc 9.3
Windows Server 2019
Kernel: 10.0
Compiler: clang 14.0 and gcc 8.1.0 (MinGW)
CentOS Stream 9
Kernel: 4.18.0-240.10.1.el8_3.x86_64
Compiler: gcc 11.3.1 20220421
Debian Buster
Kernel: 5.4.0-122-generic
Compiler: gcc 8.3.0-6
RHEL8
Kernel: 4.18.0-240.10.1.el8_3.x86_64
Compiler: gcc 8.3.1 20191121 (Red Hat 8.3.1-5)
RHEL 7
Kernel: 4.18.0-240.10.1.el8_3.x86_64
Compiler: gcc 4.8.5 20150623 (Red Hat 4.8.5-44)
openSUSE Leap 15
Kernel: 4.18.0-240.10.1.el8_3.x86_64
Compiler: gcc 7.5.0
To view detailed results, visit:
https://lab.dpdk.org/results/dashboard/patchsets/25306/
UNH-IOL DPDK Community Lab
To manage your email subscriptions, visit:
https://lab.dpdk.org/results/dashboard/preferences/subscriptions/
^ permalink raw reply [flat|nested] 13+ messages in thread
* |FAILURE| pw123506-123501 [PATCH] [v14, 6/6] test/memarea: support dump API test
@ 2023-02-10 12:17 dpdklab
0 siblings, 0 replies; 13+ messages in thread
From: dpdklab @ 2023-02-10 12:17 UTC (permalink / raw)
To: Test Report; +Cc: dpdklab, David Marchand, Thomas Monjalon, fengchengwen
[-- Attachment #1: Type: text/plain, Size: 4593 bytes --]
Test-Label: iol-x86_64-unit-testing
Test-Status: FAILURE
http://dpdk.org/patch/123501
_Testing issues_
Submitter: fengchengwen <fengchengwen@huawei.com>
Date: Thursday, February 09 2023 06:36:10
DPDK git baseline: Repo:dpdk
Branch: master
CommitID:a0c837ad1fb5b6a8b10a284ffeb5f9e31bd8ff00
123506-123501 --> testing fail
Test environment and result as below:
+---------------------+----------------+
| Environment | dpdk_unit_test |
+=====================+================+
| Windows Server 2019 | FAIL |
+---------------------+----------------+
| CentOS Stream 9 | PASS |
+---------------------+----------------+
| Debian Buster | PASS |
+---------------------+----------------+
| RHEL8 | PASS |
+---------------------+----------------+
| RHEL 7 | PASS |
+---------------------+----------------+
| openSUSE Leap 15 | PASS |
+---------------------+----------------+
| Ubuntu 22.04 | PASS |
+---------------------+----------------+
| Debian Bullseye | PASS |
+---------------------+----------------+
| CentOS Stream 8 | PASS |
+---------------------+----------------+
| Ubuntu 20.04 | PASS |
+---------------------+----------------+
==== 20 line log output for Windows Server 2019 (dpdk_unit_test): ====
\08\04\0/\09\02\0 \0D\0P\0D\0K\0:\0f\0a\0s\0t\0-\0t\0e\0s\0t\0s\0 \0/\0 \0p\0o\0w\0e\0r\0_\0a\0u\0t\0o\0t\0e\0s\0t\0 \0 \0 \0 \0 \0 \0 \0 \0 \0 \0 \0 \0 \0 \0 \0 \0 \0S\0K\0I\0P\0 \0 \0 \0 \0 \0 \0 \0 \0 \0 \0 \0 \0 \00\0.\01\02\0s\0 \0 \0 \0e\0x\0i\0t\0 \0s\0t\0a\0t\0u\0s\0 \07\07\0\r\0
\08\05\0/\09\02\0 \0D\0P\0D\0K\0:\0f\0a\0s\0t\0-\0t\0e\0s\0t\0s\0 \0/\0 \0p\0o\0w\0e\0r\0_\0k\0v\0m\0_\0v\0m\0_\0a\0u\0t\0o\0t\0e\0s\0t\0 \0 \0 \0 \0 \0 \0 \0 \0 \0 \0S\0K\0I\0P\0 \0 \0 \0 \0 \0 \0 \0 \0 \0 \0 \0 \0 \00\0.\02\02\0s\0 \0 \0 \0e\0x\0i\0t\0 \0s\0t\0a\0t\0u\0s\0 \07\07\0\r\0
\08\06\0/\09\02\0 \0D\0P\0D\0K\0:\0f\0a\0s\0t\0-\0t\0e\0s\0t\0s\0 \0/\0 \0p\0o\0w\0e\0r\0_\0i\0n\0t\0e\0l\0_\0u\0n\0c\0o\0r\0e\0_\0a\0u\0t\0o\0t\0e\0s\0t\0 \0 \0 \0 \0S\0K\0I\0P\0 \0 \0 \0 \0 \0 \0 \0 \0 \0 \0 \0 \0 \00\0.\01\02\0s\0 \0 \0 \0e\0x\0i\0t\0 \0s\0t\0a\0t\0u\0s\0 \07\07\0\r\0
\08\07\0/\09\02\0 \0D\0P\0D\0K\0:\0f\0a\0s\0t\0-\0t\0e\0s\0t\0s\0 \0/\0 \0r\0e\0o\0r\0d\0e\0r\0_\0a\0u\0t\0o\0t\0e\0s\0t\0 \0 \0 \0 \0 \0 \0 \0 \0 \0 \0 \0 \0 \0 \0 \0S\0K\0I\0P\0 \0 \0 \0 \0 \0 \0 \0 \0 \0 \0 \0 \0 \00\0.\01\02\0s\0 \0 \0 \0e\0x\0i\0t\0 \0s\0t\0a\0t\0u\0s\0 \07\07\0\r\0
\08\08\0/\09\02\0 \0D\0P\0D\0K\0:\0f\0a\0s\0t\0-\0t\0e\0s\0t\0s\0 \0/\0 \0s\0e\0r\0v\0i\0c\0e\0_\0a\0u\0t\0o\0t\0e\0s\0t\0 \0 \0 \0 \0 \0 \0 \0 \0 \0 \0 \0 \0 \0 \0 \0O\0K\0 \0 \0 \0 \0 \0 \0 \0 \0 \0 \0 \0 \0 \0 \0 \03\0.\07\04\0s\0\r\0
\08\09\0/\09\02\0 \0D\0P\0D\0K\0:\0f\0a\0s\0t\0-\0t\0e\0s\0t\0s\0 \0/\0 \0t\0h\0a\0s\0h\0_\0a\0u\0t\0o\0t\0e\0s\0t\0 \0 \0 \0 \0 \0 \0 \0 \0 \0 \0 \0 \0 \0 \0 \0 \0 \0O\0K\0 \0 \0 \0 \0 \0 \0 \0 \0 \0 \0 \0 \0 \0 \0 \00\0.\01\02\0s\0\r\0
\09\00\0/\09\02\0 \0D\0P\0D\0K\0:\0f\0a\0s\0t\0-\0t\0e\0s\0t\0s\0 \0/\0 \0t\0h\0r\0e\0a\0d\0s\0_\0a\0u\0t\0o\0t\0e\0s\0t\0 \0 \0 \0 \0 \0 \0 \0 \0 \0 \0 \0 \0 \0 \0 \0O\0K\0 \0 \0 \0 \0 \0 \0 \0 \0 \0 \0 \0 \0 \0 \0 \00\0.\08\02\0s\0\r\0
\09\01\0/\09\02\0 \0D\0P\0D\0K\0:\0f\0a\0s\0t\0-\0t\0e\0s\0t\0s\0 \0/\0 \0t\0r\0a\0c\0e\0_\0a\0u\0t\0o\0t\0e\0s\0t\0 \0 \0 \0 \0 \0 \0 \0 \0 \0 \0 \0 \0 \0 \0 \0 \0 \0S\0K\0I\0P\0 \0 \0 \0 \0 \0 \0 \0 \0 \0 \0 \0 \0 \00\0.\01\02\0s\0 \0 \0 \0e\0x\0i\0t\0 \0s\0t\0a\0t\0u\0s\0 \07\07\0\r\0
\09\02\0/\09\02\0 \0D\0P\0D\0K\0:\0f\0a\0s\0t\0-\0t\0e\0s\0t\0s\0 \0/\0 \0m\0e\0t\0r\0i\0c\0s\0_\0a\0u\0t\0o\0t\0e\0s\0t\0 \0 \0 \0 \0 \0 \0 \0 \0 \0 \0 \0 \0 \0 \0 \0O\0K\0 \0 \0 \0 \0 \0 \0 \0 \0 \0 \0 \0 \0 \0 \0 \00\0.\01\04\0s\0\r\0
\0\r\0
\0\r\0
\0O\0k\0:\0 \0 \0 \0 \0 \0 \0 \0 \0 \0 \0 \0 \0 \0 \0 \0 \0 \05\00\0 \0 \0\r\0
\0E\0x\0p\0e\0c\0t\0e\0d\0 \0F\0a\0i\0l\0:\0 \0 \0 \0 \0 \0 \00\0 \0 \0 \0\r\0
\0F\0a\0i\0l\0:\0 \0 \0 \0 \0 \0 \0 \0 \0 \0 \0 \0 \0 \0 \0 \01\0 \0 \0 \0\r\0
\0U\0n\0e\0x\0p\0e\0c\0t\0e\0d\0 \0P\0a\0s\0s\0:\0 \0 \0 \0 \00\0 \0 \0 \0\r\0
\0S\0k\0i\0p\0p\0e\0d\0:\0 \0 \0 \0 \0 \0 \0 \0 \0 \0 \0 \0 \04\01\0 \0 \0\r\0
\0T\0i\0m\0e\0o\0u\0t\0:\0 \0 \0 \0 \0 \0 \0 \0 \0 \0 \0 \0 \00\0 \0 \0 \0\r\0
\0\r\0
\0F\0u\0l\0l\0 \0l\0o\0g\0 \0w\0r\0i\0t\0t\0e\0n\0 \0t\0o\0 \0C\0:\0\\0U\0s\0e\0r\0s\0\\0b\0u\0i\0l\0d\0e\0r\0\\0j\0e\0n\0k\0i\0n\0s\0\\0w\0o\0r\0k\0s\0p\0a\0c\0e\0\\0G\0e\0n\0e\0r\0i\0c\0-\0V\0M\0-\0U\0n\0i\0t\0-\0T\0e\0s\0t\0-\0D\0P\0D\0K\0\\0d\0p\0d\0k\0\\0b\0u\0i\0l\0d\0\\0m\0e\0s\0o\0n\0-\0l\0o\0g\0s\0\\0t\0e\0s\0t\0l\0o\0g\0.\0t\0x\0t\0\r\0
\0
==== End log output ====
Windows Server 2019
Kernel: 10.0
Compiler: clang 14.0 and gcc 8.1.0 (MinGW)
CentOS Stream 9
Kernel: 4.18.0-240.10.1.el8_3.x86_64
Compiler: gcc 11.3.1 20220421
Debian Buster
Kernel: 5.4.0-122-generic
Compiler: gcc 8.3.0-6
RHEL8
Kernel: 4.18.0-240.10.1.el8_3.x86_64
Compiler: gcc 8.3.1 20191121 (Red Hat 8.3.1-5)
RHEL 7
Kernel: 4.18.0-240.10.1.el8_3.x86_64
Compiler: gcc 4.8.5 20150623 (Red Hat 4.8.5-44)
openSUSE Leap 15
Kernel: 4.18.0-240.10.1.el8_3.x86_64
Compiler: gcc 7.5.0
Ubuntu 22.04
Kernel: Container Host Kernel
Compiler: gcc 11.3.1-2
Debian Bullseye
Kernel: 5.4.0-122-generic
Compiler: gcc 10.2.1-6
CentOS Stream 8
Kernel: 4.18.0-240.10.1.el8_3.x86_64
Compiler: gcc 8.4.1 20200928
Ubuntu 20.04
Kernel: 4.18.0-240.10.1.el8_3.x86_64
Compiler: gcc 9.3.0-17ubuntu1~20.04
To view detailed results, visit:
https://lab.dpdk.org/results/dashboard/patchsets/25306/
UNH-IOL DPDK Community Lab
To manage your email subscriptions, visit:
https://lab.dpdk.org/results/dashboard/preferences/subscriptions/
^ permalink raw reply [flat|nested] 13+ messages in thread
* |FAILURE| pw123506-123501 [PATCH] [v14, 6/6] test/memarea: support dump API test
@ 2023-02-10 12:17 dpdklab
0 siblings, 0 replies; 13+ messages in thread
From: dpdklab @ 2023-02-10 12:17 UTC (permalink / raw)
To: Test Report; +Cc: dpdklab, David Marchand, Thomas Monjalon, fengchengwen
[-- Attachment #1: Type: text/plain, Size: 5179 bytes --]
Test-Label: iol-testing
Test-Status: FAILURE
http://dpdk.org/patch/123501
_Testing issues_
Submitter: fengchengwen <fengchengwen@huawei.com>
Date: Thursday, February 09 2023 06:36:10
DPDK git baseline: Repo:dpdk
Branch: master
CommitID:a0c837ad1fb5b6a8b10a284ffeb5f9e31bd8ff00
123506-123501 --> testing fail
Test environment and result as below:
+-------------------------------+----------------+
| Environment | dpdk_unit_test |
+===============================+================+
| Ubuntu 20.04 ARM Clang Native | PASS |
+-------------------------------+----------------+
| Ubuntu 20.04 ARM GCC Native | PASS |
+-------------------------------+----------------+
| Windows Server 2019 | FAIL |
+-------------------------------+----------------+
| CentOS Stream 9 | PASS |
+-------------------------------+----------------+
| Debian Buster | PASS |
+-------------------------------+----------------+
| RHEL8 | PASS |
+-------------------------------+----------------+
| RHEL 7 | PASS |
+-------------------------------+----------------+
| openSUSE Leap 15 | PASS |
+-------------------------------+----------------+
| Ubuntu 22.04 | PASS |
+-------------------------------+----------------+
| Debian Bullseye | PASS |
+-------------------------------+----------------+
| CentOS Stream 8 | PASS |
+-------------------------------+----------------+
| Ubuntu 20.04 | PASS |
+-------------------------------+----------------+
==== 20 line log output for Windows Server 2019 (dpdk_unit_test): ====
\08\04\0/\09\02\0 \0D\0P\0D\0K\0:\0f\0a\0s\0t\0-\0t\0e\0s\0t\0s\0 \0/\0 \0p\0o\0w\0e\0r\0_\0a\0u\0t\0o\0t\0e\0s\0t\0 \0 \0 \0 \0 \0 \0 \0 \0 \0 \0 \0 \0 \0 \0 \0 \0 \0S\0K\0I\0P\0 \0 \0 \0 \0 \0 \0 \0 \0 \0 \0 \0 \0 \00\0.\01\02\0s\0 \0 \0 \0e\0x\0i\0t\0 \0s\0t\0a\0t\0u\0s\0 \07\07\0\r\0
\08\05\0/\09\02\0 \0D\0P\0D\0K\0:\0f\0a\0s\0t\0-\0t\0e\0s\0t\0s\0 \0/\0 \0p\0o\0w\0e\0r\0_\0k\0v\0m\0_\0v\0m\0_\0a\0u\0t\0o\0t\0e\0s\0t\0 \0 \0 \0 \0 \0 \0 \0 \0 \0 \0S\0K\0I\0P\0 \0 \0 \0 \0 \0 \0 \0 \0 \0 \0 \0 \0 \00\0.\02\02\0s\0 \0 \0 \0e\0x\0i\0t\0 \0s\0t\0a\0t\0u\0s\0 \07\07\0\r\0
\08\06\0/\09\02\0 \0D\0P\0D\0K\0:\0f\0a\0s\0t\0-\0t\0e\0s\0t\0s\0 \0/\0 \0p\0o\0w\0e\0r\0_\0i\0n\0t\0e\0l\0_\0u\0n\0c\0o\0r\0e\0_\0a\0u\0t\0o\0t\0e\0s\0t\0 \0 \0 \0 \0S\0K\0I\0P\0 \0 \0 \0 \0 \0 \0 \0 \0 \0 \0 \0 \0 \00\0.\01\02\0s\0 \0 \0 \0e\0x\0i\0t\0 \0s\0t\0a\0t\0u\0s\0 \07\07\0\r\0
\08\07\0/\09\02\0 \0D\0P\0D\0K\0:\0f\0a\0s\0t\0-\0t\0e\0s\0t\0s\0 \0/\0 \0r\0e\0o\0r\0d\0e\0r\0_\0a\0u\0t\0o\0t\0e\0s\0t\0 \0 \0 \0 \0 \0 \0 \0 \0 \0 \0 \0 \0 \0 \0 \0S\0K\0I\0P\0 \0 \0 \0 \0 \0 \0 \0 \0 \0 \0 \0 \0 \00\0.\01\02\0s\0 \0 \0 \0e\0x\0i\0t\0 \0s\0t\0a\0t\0u\0s\0 \07\07\0\r\0
\08\08\0/\09\02\0 \0D\0P\0D\0K\0:\0f\0a\0s\0t\0-\0t\0e\0s\0t\0s\0 \0/\0 \0s\0e\0r\0v\0i\0c\0e\0_\0a\0u\0t\0o\0t\0e\0s\0t\0 \0 \0 \0 \0 \0 \0 \0 \0 \0 \0 \0 \0 \0 \0 \0O\0K\0 \0 \0 \0 \0 \0 \0 \0 \0 \0 \0 \0 \0 \0 \0 \03\0.\07\04\0s\0\r\0
\08\09\0/\09\02\0 \0D\0P\0D\0K\0:\0f\0a\0s\0t\0-\0t\0e\0s\0t\0s\0 \0/\0 \0t\0h\0a\0s\0h\0_\0a\0u\0t\0o\0t\0e\0s\0t\0 \0 \0 \0 \0 \0 \0 \0 \0 \0 \0 \0 \0 \0 \0 \0 \0 \0O\0K\0 \0 \0 \0 \0 \0 \0 \0 \0 \0 \0 \0 \0 \0 \0 \00\0.\01\02\0s\0\r\0
\09\00\0/\09\02\0 \0D\0P\0D\0K\0:\0f\0a\0s\0t\0-\0t\0e\0s\0t\0s\0 \0/\0 \0t\0h\0r\0e\0a\0d\0s\0_\0a\0u\0t\0o\0t\0e\0s\0t\0 \0 \0 \0 \0 \0 \0 \0 \0 \0 \0 \0 \0 \0 \0 \0O\0K\0 \0 \0 \0 \0 \0 \0 \0 \0 \0 \0 \0 \0 \0 \0 \00\0.\08\02\0s\0\r\0
\09\01\0/\09\02\0 \0D\0P\0D\0K\0:\0f\0a\0s\0t\0-\0t\0e\0s\0t\0s\0 \0/\0 \0t\0r\0a\0c\0e\0_\0a\0u\0t\0o\0t\0e\0s\0t\0 \0 \0 \0 \0 \0 \0 \0 \0 \0 \0 \0 \0 \0 \0 \0 \0 \0S\0K\0I\0P\0 \0 \0 \0 \0 \0 \0 \0 \0 \0 \0 \0 \0 \00\0.\01\02\0s\0 \0 \0 \0e\0x\0i\0t\0 \0s\0t\0a\0t\0u\0s\0 \07\07\0\r\0
\09\02\0/\09\02\0 \0D\0P\0D\0K\0:\0f\0a\0s\0t\0-\0t\0e\0s\0t\0s\0 \0/\0 \0m\0e\0t\0r\0i\0c\0s\0_\0a\0u\0t\0o\0t\0e\0s\0t\0 \0 \0 \0 \0 \0 \0 \0 \0 \0 \0 \0 \0 \0 \0 \0O\0K\0 \0 \0 \0 \0 \0 \0 \0 \0 \0 \0 \0 \0 \0 \0 \00\0.\01\04\0s\0\r\0
\0\r\0
\0\r\0
\0O\0k\0:\0 \0 \0 \0 \0 \0 \0 \0 \0 \0 \0 \0 \0 \0 \0 \0 \0 \05\00\0 \0 \0\r\0
\0E\0x\0p\0e\0c\0t\0e\0d\0 \0F\0a\0i\0l\0:\0 \0 \0 \0 \0 \0 \00\0 \0 \0 \0\r\0
\0F\0a\0i\0l\0:\0 \0 \0 \0 \0 \0 \0 \0 \0 \0 \0 \0 \0 \0 \0 \01\0 \0 \0 \0\r\0
\0U\0n\0e\0x\0p\0e\0c\0t\0e\0d\0 \0P\0a\0s\0s\0:\0 \0 \0 \0 \00\0 \0 \0 \0\r\0
\0S\0k\0i\0p\0p\0e\0d\0:\0 \0 \0 \0 \0 \0 \0 \0 \0 \0 \0 \0 \04\01\0 \0 \0\r\0
\0T\0i\0m\0e\0o\0u\0t\0:\0 \0 \0 \0 \0 \0 \0 \0 \0 \0 \0 \0 \00\0 \0 \0 \0\r\0
\0\r\0
\0F\0u\0l\0l\0 \0l\0o\0g\0 \0w\0r\0i\0t\0t\0e\0n\0 \0t\0o\0 \0C\0:\0\\0U\0s\0e\0r\0s\0\\0b\0u\0i\0l\0d\0e\0r\0\\0j\0e\0n\0k\0i\0n\0s\0\\0w\0o\0r\0k\0s\0p\0a\0c\0e\0\\0G\0e\0n\0e\0r\0i\0c\0-\0V\0M\0-\0U\0n\0i\0t\0-\0T\0e\0s\0t\0-\0D\0P\0D\0K\0\\0d\0p\0d\0k\0\\0b\0u\0i\0l\0d\0\\0m\0e\0s\0o\0n\0-\0l\0o\0g\0s\0\\0t\0e\0s\0t\0l\0o\0g\0.\0t\0x\0t\0\r\0
\0
==== End log output ====
Ubuntu 20.04 ARM Clang Native
Kernel: 5.4.0-53-generic
Compiler: clang 10.0.0-4ubuntu1
Ubuntu 20.04 ARM GCC Native
Kernel: 5.4.0-53-generic
Compiler: gcc 9.3
Windows Server 2019
Kernel: 10.0
Compiler: clang 14.0 and gcc 8.1.0 (MinGW)
CentOS Stream 9
Kernel: 4.18.0-240.10.1.el8_3.x86_64
Compiler: gcc 11.3.1 20220421
Debian Buster
Kernel: 5.4.0-122-generic
Compiler: gcc 8.3.0-6
RHEL8
Kernel: 4.18.0-240.10.1.el8_3.x86_64
Compiler: gcc 8.3.1 20191121 (Red Hat 8.3.1-5)
RHEL 7
Kernel: 4.18.0-240.10.1.el8_3.x86_64
Compiler: gcc 4.8.5 20150623 (Red Hat 4.8.5-44)
openSUSE Leap 15
Kernel: 4.18.0-240.10.1.el8_3.x86_64
Compiler: gcc 7.5.0
Ubuntu 22.04
Kernel: Container Host Kernel
Compiler: gcc 11.3.1-2
Debian Bullseye
Kernel: 5.4.0-122-generic
Compiler: gcc 10.2.1-6
CentOS Stream 8
Kernel: 4.18.0-240.10.1.el8_3.x86_64
Compiler: gcc 8.4.1 20200928
Ubuntu 20.04
Kernel: 4.18.0-240.10.1.el8_3.x86_64
Compiler: gcc 9.3.0-17ubuntu1~20.04
To view detailed results, visit:
https://lab.dpdk.org/results/dashboard/patchsets/25306/
UNH-IOL DPDK Community Lab
To manage your email subscriptions, visit:
https://lab.dpdk.org/results/dashboard/preferences/subscriptions/
^ permalink raw reply [flat|nested] 13+ messages in thread
* |FAILURE| pw123506-123501 [PATCH] [v14, 6/6] test/memarea: support dump API test
@ 2023-02-10 12:15 dpdklab
0 siblings, 0 replies; 13+ messages in thread
From: dpdklab @ 2023-02-10 12:15 UTC (permalink / raw)
To: Test Report; +Cc: dpdklab, David Marchand, Thomas Monjalon, fengchengwen
[-- Attachment #1: Type: text/plain, Size: 5179 bytes --]
Test-Label: iol-testing
Test-Status: FAILURE
http://dpdk.org/patch/123501
_Testing issues_
Submitter: fengchengwen <fengchengwen@huawei.com>
Date: Thursday, February 09 2023 06:36:10
DPDK git baseline: Repo:dpdk
Branch: master
CommitID:a0c837ad1fb5b6a8b10a284ffeb5f9e31bd8ff00
123506-123501 --> testing fail
Test environment and result as below:
+-------------------------------+----------------+
| Environment | dpdk_unit_test |
+===============================+================+
| Ubuntu 20.04 ARM Clang Native | PASS |
+-------------------------------+----------------+
| Ubuntu 20.04 ARM GCC Native | PASS |
+-------------------------------+----------------+
| Windows Server 2019 | FAIL |
+-------------------------------+----------------+
| CentOS Stream 9 | PASS |
+-------------------------------+----------------+
| Debian Buster | PASS |
+-------------------------------+----------------+
| RHEL8 | PASS |
+-------------------------------+----------------+
| RHEL 7 | PASS |
+-------------------------------+----------------+
| openSUSE Leap 15 | PASS |
+-------------------------------+----------------+
| Ubuntu 22.04 | PASS |
+-------------------------------+----------------+
| Debian Bullseye | PASS |
+-------------------------------+----------------+
| CentOS Stream 8 | PASS |
+-------------------------------+----------------+
| Ubuntu 20.04 | PASS |
+-------------------------------+----------------+
==== 20 line log output for Windows Server 2019 (dpdk_unit_test): ====
\08\04\0/\09\02\0 \0D\0P\0D\0K\0:\0f\0a\0s\0t\0-\0t\0e\0s\0t\0s\0 \0/\0 \0p\0o\0w\0e\0r\0_\0a\0u\0t\0o\0t\0e\0s\0t\0 \0 \0 \0 \0 \0 \0 \0 \0 \0 \0 \0 \0 \0 \0 \0 \0 \0S\0K\0I\0P\0 \0 \0 \0 \0 \0 \0 \0 \0 \0 \0 \0 \0 \00\0.\01\02\0s\0 \0 \0 \0e\0x\0i\0t\0 \0s\0t\0a\0t\0u\0s\0 \07\07\0\r\0
\08\05\0/\09\02\0 \0D\0P\0D\0K\0:\0f\0a\0s\0t\0-\0t\0e\0s\0t\0s\0 \0/\0 \0p\0o\0w\0e\0r\0_\0k\0v\0m\0_\0v\0m\0_\0a\0u\0t\0o\0t\0e\0s\0t\0 \0 \0 \0 \0 \0 \0 \0 \0 \0 \0S\0K\0I\0P\0 \0 \0 \0 \0 \0 \0 \0 \0 \0 \0 \0 \0 \00\0.\02\02\0s\0 \0 \0 \0e\0x\0i\0t\0 \0s\0t\0a\0t\0u\0s\0 \07\07\0\r\0
\08\06\0/\09\02\0 \0D\0P\0D\0K\0:\0f\0a\0s\0t\0-\0t\0e\0s\0t\0s\0 \0/\0 \0p\0o\0w\0e\0r\0_\0i\0n\0t\0e\0l\0_\0u\0n\0c\0o\0r\0e\0_\0a\0u\0t\0o\0t\0e\0s\0t\0 \0 \0 \0 \0S\0K\0I\0P\0 \0 \0 \0 \0 \0 \0 \0 \0 \0 \0 \0 \0 \00\0.\01\02\0s\0 \0 \0 \0e\0x\0i\0t\0 \0s\0t\0a\0t\0u\0s\0 \07\07\0\r\0
\08\07\0/\09\02\0 \0D\0P\0D\0K\0:\0f\0a\0s\0t\0-\0t\0e\0s\0t\0s\0 \0/\0 \0r\0e\0o\0r\0d\0e\0r\0_\0a\0u\0t\0o\0t\0e\0s\0t\0 \0 \0 \0 \0 \0 \0 \0 \0 \0 \0 \0 \0 \0 \0 \0S\0K\0I\0P\0 \0 \0 \0 \0 \0 \0 \0 \0 \0 \0 \0 \0 \00\0.\01\02\0s\0 \0 \0 \0e\0x\0i\0t\0 \0s\0t\0a\0t\0u\0s\0 \07\07\0\r\0
\08\08\0/\09\02\0 \0D\0P\0D\0K\0:\0f\0a\0s\0t\0-\0t\0e\0s\0t\0s\0 \0/\0 \0s\0e\0r\0v\0i\0c\0e\0_\0a\0u\0t\0o\0t\0e\0s\0t\0 \0 \0 \0 \0 \0 \0 \0 \0 \0 \0 \0 \0 \0 \0 \0O\0K\0 \0 \0 \0 \0 \0 \0 \0 \0 \0 \0 \0 \0 \0 \0 \03\0.\07\04\0s\0\r\0
\08\09\0/\09\02\0 \0D\0P\0D\0K\0:\0f\0a\0s\0t\0-\0t\0e\0s\0t\0s\0 \0/\0 \0t\0h\0a\0s\0h\0_\0a\0u\0t\0o\0t\0e\0s\0t\0 \0 \0 \0 \0 \0 \0 \0 \0 \0 \0 \0 \0 \0 \0 \0 \0 \0O\0K\0 \0 \0 \0 \0 \0 \0 \0 \0 \0 \0 \0 \0 \0 \0 \00\0.\01\02\0s\0\r\0
\09\00\0/\09\02\0 \0D\0P\0D\0K\0:\0f\0a\0s\0t\0-\0t\0e\0s\0t\0s\0 \0/\0 \0t\0h\0r\0e\0a\0d\0s\0_\0a\0u\0t\0o\0t\0e\0s\0t\0 \0 \0 \0 \0 \0 \0 \0 \0 \0 \0 \0 \0 \0 \0 \0O\0K\0 \0 \0 \0 \0 \0 \0 \0 \0 \0 \0 \0 \0 \0 \0 \00\0.\08\02\0s\0\r\0
\09\01\0/\09\02\0 \0D\0P\0D\0K\0:\0f\0a\0s\0t\0-\0t\0e\0s\0t\0s\0 \0/\0 \0t\0r\0a\0c\0e\0_\0a\0u\0t\0o\0t\0e\0s\0t\0 \0 \0 \0 \0 \0 \0 \0 \0 \0 \0 \0 \0 \0 \0 \0 \0 \0S\0K\0I\0P\0 \0 \0 \0 \0 \0 \0 \0 \0 \0 \0 \0 \0 \00\0.\01\02\0s\0 \0 \0 \0e\0x\0i\0t\0 \0s\0t\0a\0t\0u\0s\0 \07\07\0\r\0
\09\02\0/\09\02\0 \0D\0P\0D\0K\0:\0f\0a\0s\0t\0-\0t\0e\0s\0t\0s\0 \0/\0 \0m\0e\0t\0r\0i\0c\0s\0_\0a\0u\0t\0o\0t\0e\0s\0t\0 \0 \0 \0 \0 \0 \0 \0 \0 \0 \0 \0 \0 \0 \0 \0O\0K\0 \0 \0 \0 \0 \0 \0 \0 \0 \0 \0 \0 \0 \0 \0 \00\0.\01\04\0s\0\r\0
\0\r\0
\0\r\0
\0O\0k\0:\0 \0 \0 \0 \0 \0 \0 \0 \0 \0 \0 \0 \0 \0 \0 \0 \0 \05\00\0 \0 \0\r\0
\0E\0x\0p\0e\0c\0t\0e\0d\0 \0F\0a\0i\0l\0:\0 \0 \0 \0 \0 \0 \00\0 \0 \0 \0\r\0
\0F\0a\0i\0l\0:\0 \0 \0 \0 \0 \0 \0 \0 \0 \0 \0 \0 \0 \0 \0 \01\0 \0 \0 \0\r\0
\0U\0n\0e\0x\0p\0e\0c\0t\0e\0d\0 \0P\0a\0s\0s\0:\0 \0 \0 \0 \00\0 \0 \0 \0\r\0
\0S\0k\0i\0p\0p\0e\0d\0:\0 \0 \0 \0 \0 \0 \0 \0 \0 \0 \0 \0 \04\01\0 \0 \0\r\0
\0T\0i\0m\0e\0o\0u\0t\0:\0 \0 \0 \0 \0 \0 \0 \0 \0 \0 \0 \0 \00\0 \0 \0 \0\r\0
\0\r\0
\0F\0u\0l\0l\0 \0l\0o\0g\0 \0w\0r\0i\0t\0t\0e\0n\0 \0t\0o\0 \0C\0:\0\\0U\0s\0e\0r\0s\0\\0b\0u\0i\0l\0d\0e\0r\0\\0j\0e\0n\0k\0i\0n\0s\0\\0w\0o\0r\0k\0s\0p\0a\0c\0e\0\\0G\0e\0n\0e\0r\0i\0c\0-\0V\0M\0-\0U\0n\0i\0t\0-\0T\0e\0s\0t\0-\0D\0P\0D\0K\0\\0d\0p\0d\0k\0\\0b\0u\0i\0l\0d\0\\0m\0e\0s\0o\0n\0-\0l\0o\0g\0s\0\\0t\0e\0s\0t\0l\0o\0g\0.\0t\0x\0t\0\r\0
\0
==== End log output ====
Ubuntu 20.04 ARM Clang Native
Kernel: 5.4.0-53-generic
Compiler: clang 10.0.0-4ubuntu1
Ubuntu 20.04 ARM GCC Native
Kernel: 5.4.0-53-generic
Compiler: gcc 9.3
Windows Server 2019
Kernel: 10.0
Compiler: clang 14.0 and gcc 8.1.0 (MinGW)
CentOS Stream 9
Kernel: 4.18.0-240.10.1.el8_3.x86_64
Compiler: gcc 11.3.1 20220421
Debian Buster
Kernel: 5.4.0-122-generic
Compiler: gcc 8.3.0-6
RHEL8
Kernel: 4.18.0-240.10.1.el8_3.x86_64
Compiler: gcc 8.3.1 20191121 (Red Hat 8.3.1-5)
RHEL 7
Kernel: 4.18.0-240.10.1.el8_3.x86_64
Compiler: gcc 4.8.5 20150623 (Red Hat 4.8.5-44)
openSUSE Leap 15
Kernel: 4.18.0-240.10.1.el8_3.x86_64
Compiler: gcc 7.5.0
Ubuntu 22.04
Kernel: Container Host Kernel
Compiler: gcc 11.3.1-2
Debian Bullseye
Kernel: 5.4.0-122-generic
Compiler: gcc 10.2.1-6
CentOS Stream 8
Kernel: 4.18.0-240.10.1.el8_3.x86_64
Compiler: gcc 8.4.1 20200928
Ubuntu 20.04
Kernel: 4.18.0-240.10.1.el8_3.x86_64
Compiler: gcc 9.3.0-17ubuntu1~20.04
To view detailed results, visit:
https://lab.dpdk.org/results/dashboard/patchsets/25306/
UNH-IOL DPDK Community Lab
To manage your email subscriptions, visit:
https://lab.dpdk.org/results/dashboard/preferences/subscriptions/
^ permalink raw reply [flat|nested] 13+ messages in thread
* |FAILURE| pw123506-123501 [PATCH] [v14, 6/6] test/memarea: support dump API test
@ 2023-02-10 12:14 dpdklab
0 siblings, 0 replies; 13+ messages in thread
From: dpdklab @ 2023-02-10 12:14 UTC (permalink / raw)
To: Test Report; +Cc: dpdklab, David Marchand, Thomas Monjalon, fengchengwen
[-- Attachment #1: Type: text/plain, Size: 5179 bytes --]
Test-Label: iol-testing
Test-Status: FAILURE
http://dpdk.org/patch/123501
_Testing issues_
Submitter: fengchengwen <fengchengwen@huawei.com>
Date: Thursday, February 09 2023 06:36:10
DPDK git baseline: Repo:dpdk
Branch: master
CommitID:a0c837ad1fb5b6a8b10a284ffeb5f9e31bd8ff00
123506-123501 --> testing fail
Test environment and result as below:
+-------------------------------+----------------+
| Environment | dpdk_unit_test |
+===============================+================+
| Ubuntu 20.04 ARM Clang Native | PASS |
+-------------------------------+----------------+
| Ubuntu 20.04 ARM GCC Native | PASS |
+-------------------------------+----------------+
| Windows Server 2019 | FAIL |
+-------------------------------+----------------+
| CentOS Stream 9 | PASS |
+-------------------------------+----------------+
| Debian Buster | PASS |
+-------------------------------+----------------+
| RHEL8 | PASS |
+-------------------------------+----------------+
| RHEL 7 | PASS |
+-------------------------------+----------------+
| openSUSE Leap 15 | PASS |
+-------------------------------+----------------+
| Ubuntu 22.04 | PASS |
+-------------------------------+----------------+
| Debian Bullseye | PASS |
+-------------------------------+----------------+
| CentOS Stream 8 | PASS |
+-------------------------------+----------------+
| Ubuntu 20.04 | PASS |
+-------------------------------+----------------+
==== 20 line log output for Windows Server 2019 (dpdk_unit_test): ====
\08\04\0/\09\02\0 \0D\0P\0D\0K\0:\0f\0a\0s\0t\0-\0t\0e\0s\0t\0s\0 \0/\0 \0p\0o\0w\0e\0r\0_\0a\0u\0t\0o\0t\0e\0s\0t\0 \0 \0 \0 \0 \0 \0 \0 \0 \0 \0 \0 \0 \0 \0 \0 \0 \0S\0K\0I\0P\0 \0 \0 \0 \0 \0 \0 \0 \0 \0 \0 \0 \0 \00\0.\01\02\0s\0 \0 \0 \0e\0x\0i\0t\0 \0s\0t\0a\0t\0u\0s\0 \07\07\0\r\0
\08\05\0/\09\02\0 \0D\0P\0D\0K\0:\0f\0a\0s\0t\0-\0t\0e\0s\0t\0s\0 \0/\0 \0p\0o\0w\0e\0r\0_\0k\0v\0m\0_\0v\0m\0_\0a\0u\0t\0o\0t\0e\0s\0t\0 \0 \0 \0 \0 \0 \0 \0 \0 \0 \0S\0K\0I\0P\0 \0 \0 \0 \0 \0 \0 \0 \0 \0 \0 \0 \0 \00\0.\02\02\0s\0 \0 \0 \0e\0x\0i\0t\0 \0s\0t\0a\0t\0u\0s\0 \07\07\0\r\0
\08\06\0/\09\02\0 \0D\0P\0D\0K\0:\0f\0a\0s\0t\0-\0t\0e\0s\0t\0s\0 \0/\0 \0p\0o\0w\0e\0r\0_\0i\0n\0t\0e\0l\0_\0u\0n\0c\0o\0r\0e\0_\0a\0u\0t\0o\0t\0e\0s\0t\0 \0 \0 \0 \0S\0K\0I\0P\0 \0 \0 \0 \0 \0 \0 \0 \0 \0 \0 \0 \0 \00\0.\01\02\0s\0 \0 \0 \0e\0x\0i\0t\0 \0s\0t\0a\0t\0u\0s\0 \07\07\0\r\0
\08\07\0/\09\02\0 \0D\0P\0D\0K\0:\0f\0a\0s\0t\0-\0t\0e\0s\0t\0s\0 \0/\0 \0r\0e\0o\0r\0d\0e\0r\0_\0a\0u\0t\0o\0t\0e\0s\0t\0 \0 \0 \0 \0 \0 \0 \0 \0 \0 \0 \0 \0 \0 \0 \0S\0K\0I\0P\0 \0 \0 \0 \0 \0 \0 \0 \0 \0 \0 \0 \0 \00\0.\01\02\0s\0 \0 \0 \0e\0x\0i\0t\0 \0s\0t\0a\0t\0u\0s\0 \07\07\0\r\0
\08\08\0/\09\02\0 \0D\0P\0D\0K\0:\0f\0a\0s\0t\0-\0t\0e\0s\0t\0s\0 \0/\0 \0s\0e\0r\0v\0i\0c\0e\0_\0a\0u\0t\0o\0t\0e\0s\0t\0 \0 \0 \0 \0 \0 \0 \0 \0 \0 \0 \0 \0 \0 \0 \0O\0K\0 \0 \0 \0 \0 \0 \0 \0 \0 \0 \0 \0 \0 \0 \0 \03\0.\07\04\0s\0\r\0
\08\09\0/\09\02\0 \0D\0P\0D\0K\0:\0f\0a\0s\0t\0-\0t\0e\0s\0t\0s\0 \0/\0 \0t\0h\0a\0s\0h\0_\0a\0u\0t\0o\0t\0e\0s\0t\0 \0 \0 \0 \0 \0 \0 \0 \0 \0 \0 \0 \0 \0 \0 \0 \0 \0O\0K\0 \0 \0 \0 \0 \0 \0 \0 \0 \0 \0 \0 \0 \0 \0 \00\0.\01\02\0s\0\r\0
\09\00\0/\09\02\0 \0D\0P\0D\0K\0:\0f\0a\0s\0t\0-\0t\0e\0s\0t\0s\0 \0/\0 \0t\0h\0r\0e\0a\0d\0s\0_\0a\0u\0t\0o\0t\0e\0s\0t\0 \0 \0 \0 \0 \0 \0 \0 \0 \0 \0 \0 \0 \0 \0 \0O\0K\0 \0 \0 \0 \0 \0 \0 \0 \0 \0 \0 \0 \0 \0 \0 \00\0.\08\02\0s\0\r\0
\09\01\0/\09\02\0 \0D\0P\0D\0K\0:\0f\0a\0s\0t\0-\0t\0e\0s\0t\0s\0 \0/\0 \0t\0r\0a\0c\0e\0_\0a\0u\0t\0o\0t\0e\0s\0t\0 \0 \0 \0 \0 \0 \0 \0 \0 \0 \0 \0 \0 \0 \0 \0 \0 \0S\0K\0I\0P\0 \0 \0 \0 \0 \0 \0 \0 \0 \0 \0 \0 \0 \00\0.\01\02\0s\0 \0 \0 \0e\0x\0i\0t\0 \0s\0t\0a\0t\0u\0s\0 \07\07\0\r\0
\09\02\0/\09\02\0 \0D\0P\0D\0K\0:\0f\0a\0s\0t\0-\0t\0e\0s\0t\0s\0 \0/\0 \0m\0e\0t\0r\0i\0c\0s\0_\0a\0u\0t\0o\0t\0e\0s\0t\0 \0 \0 \0 \0 \0 \0 \0 \0 \0 \0 \0 \0 \0 \0 \0O\0K\0 \0 \0 \0 \0 \0 \0 \0 \0 \0 \0 \0 \0 \0 \0 \00\0.\01\04\0s\0\r\0
\0\r\0
\0\r\0
\0O\0k\0:\0 \0 \0 \0 \0 \0 \0 \0 \0 \0 \0 \0 \0 \0 \0 \0 \0 \05\00\0 \0 \0\r\0
\0E\0x\0p\0e\0c\0t\0e\0d\0 \0F\0a\0i\0l\0:\0 \0 \0 \0 \0 \0 \00\0 \0 \0 \0\r\0
\0F\0a\0i\0l\0:\0 \0 \0 \0 \0 \0 \0 \0 \0 \0 \0 \0 \0 \0 \0 \01\0 \0 \0 \0\r\0
\0U\0n\0e\0x\0p\0e\0c\0t\0e\0d\0 \0P\0a\0s\0s\0:\0 \0 \0 \0 \00\0 \0 \0 \0\r\0
\0S\0k\0i\0p\0p\0e\0d\0:\0 \0 \0 \0 \0 \0 \0 \0 \0 \0 \0 \0 \04\01\0 \0 \0\r\0
\0T\0i\0m\0e\0o\0u\0t\0:\0 \0 \0 \0 \0 \0 \0 \0 \0 \0 \0 \0 \00\0 \0 \0 \0\r\0
\0\r\0
\0F\0u\0l\0l\0 \0l\0o\0g\0 \0w\0r\0i\0t\0t\0e\0n\0 \0t\0o\0 \0C\0:\0\\0U\0s\0e\0r\0s\0\\0b\0u\0i\0l\0d\0e\0r\0\\0j\0e\0n\0k\0i\0n\0s\0\\0w\0o\0r\0k\0s\0p\0a\0c\0e\0\\0G\0e\0n\0e\0r\0i\0c\0-\0V\0M\0-\0U\0n\0i\0t\0-\0T\0e\0s\0t\0-\0D\0P\0D\0K\0\\0d\0p\0d\0k\0\\0b\0u\0i\0l\0d\0\\0m\0e\0s\0o\0n\0-\0l\0o\0g\0s\0\\0t\0e\0s\0t\0l\0o\0g\0.\0t\0x\0t\0\r\0
\0
==== End log output ====
Ubuntu 20.04 ARM Clang Native
Kernel: 5.4.0-53-generic
Compiler: clang 10.0.0-4ubuntu1
Ubuntu 20.04 ARM GCC Native
Kernel: 5.4.0-53-generic
Compiler: gcc 9.3
Windows Server 2019
Kernel: 10.0
Compiler: clang 14.0 and gcc 8.1.0 (MinGW)
CentOS Stream 9
Kernel: 4.18.0-240.10.1.el8_3.x86_64
Compiler: gcc 11.3.1 20220421
Debian Buster
Kernel: 5.4.0-122-generic
Compiler: gcc 8.3.0-6
RHEL8
Kernel: 4.18.0-240.10.1.el8_3.x86_64
Compiler: gcc 8.3.1 20191121 (Red Hat 8.3.1-5)
RHEL 7
Kernel: 4.18.0-240.10.1.el8_3.x86_64
Compiler: gcc 4.8.5 20150623 (Red Hat 4.8.5-44)
openSUSE Leap 15
Kernel: 4.18.0-240.10.1.el8_3.x86_64
Compiler: gcc 7.5.0
Ubuntu 22.04
Kernel: Container Host Kernel
Compiler: gcc 11.3.1-2
Debian Bullseye
Kernel: 5.4.0-122-generic
Compiler: gcc 10.2.1-6
CentOS Stream 8
Kernel: 4.18.0-240.10.1.el8_3.x86_64
Compiler: gcc 8.4.1 20200928
Ubuntu 20.04
Kernel: 4.18.0-240.10.1.el8_3.x86_64
Compiler: gcc 9.3.0-17ubuntu1~20.04
To view detailed results, visit:
https://lab.dpdk.org/results/dashboard/patchsets/25306/
UNH-IOL DPDK Community Lab
To manage your email subscriptions, visit:
https://lab.dpdk.org/results/dashboard/preferences/subscriptions/
^ permalink raw reply [flat|nested] 13+ messages in thread
* |FAILURE| pw123506-123501 [PATCH] [v14, 6/6] test/memarea: support dump API test
@ 2023-02-10 12:13 dpdklab
0 siblings, 0 replies; 13+ messages in thread
From: dpdklab @ 2023-02-10 12:13 UTC (permalink / raw)
To: Test Report; +Cc: dpdklab, David Marchand, Thomas Monjalon, fengchengwen
[-- Attachment #1: Type: text/plain, Size: 5179 bytes --]
Test-Label: iol-testing
Test-Status: FAILURE
http://dpdk.org/patch/123501
_Testing issues_
Submitter: fengchengwen <fengchengwen@huawei.com>
Date: Thursday, February 09 2023 06:36:10
DPDK git baseline: Repo:dpdk
Branch: master
CommitID:a0c837ad1fb5b6a8b10a284ffeb5f9e31bd8ff00
123506-123501 --> testing fail
Test environment and result as below:
+-------------------------------+----------------+
| Environment | dpdk_unit_test |
+===============================+================+
| Ubuntu 20.04 ARM Clang Native | PASS |
+-------------------------------+----------------+
| Ubuntu 20.04 ARM GCC Native | PASS |
+-------------------------------+----------------+
| Windows Server 2019 | FAIL |
+-------------------------------+----------------+
| CentOS Stream 9 | PASS |
+-------------------------------+----------------+
| Debian Buster | PASS |
+-------------------------------+----------------+
| RHEL8 | PASS |
+-------------------------------+----------------+
| RHEL 7 | PASS |
+-------------------------------+----------------+
| openSUSE Leap 15 | PASS |
+-------------------------------+----------------+
| Ubuntu 22.04 | PASS |
+-------------------------------+----------------+
| Debian Bullseye | PASS |
+-------------------------------+----------------+
| CentOS Stream 8 | PASS |
+-------------------------------+----------------+
| Ubuntu 20.04 | PASS |
+-------------------------------+----------------+
==== 20 line log output for Windows Server 2019 (dpdk_unit_test): ====
\08\04\0/\09\02\0 \0D\0P\0D\0K\0:\0f\0a\0s\0t\0-\0t\0e\0s\0t\0s\0 \0/\0 \0p\0o\0w\0e\0r\0_\0a\0u\0t\0o\0t\0e\0s\0t\0 \0 \0 \0 \0 \0 \0 \0 \0 \0 \0 \0 \0 \0 \0 \0 \0 \0S\0K\0I\0P\0 \0 \0 \0 \0 \0 \0 \0 \0 \0 \0 \0 \0 \00\0.\01\02\0s\0 \0 \0 \0e\0x\0i\0t\0 \0s\0t\0a\0t\0u\0s\0 \07\07\0\r\0
\08\05\0/\09\02\0 \0D\0P\0D\0K\0:\0f\0a\0s\0t\0-\0t\0e\0s\0t\0s\0 \0/\0 \0p\0o\0w\0e\0r\0_\0k\0v\0m\0_\0v\0m\0_\0a\0u\0t\0o\0t\0e\0s\0t\0 \0 \0 \0 \0 \0 \0 \0 \0 \0 \0S\0K\0I\0P\0 \0 \0 \0 \0 \0 \0 \0 \0 \0 \0 \0 \0 \00\0.\02\02\0s\0 \0 \0 \0e\0x\0i\0t\0 \0s\0t\0a\0t\0u\0s\0 \07\07\0\r\0
\08\06\0/\09\02\0 \0D\0P\0D\0K\0:\0f\0a\0s\0t\0-\0t\0e\0s\0t\0s\0 \0/\0 \0p\0o\0w\0e\0r\0_\0i\0n\0t\0e\0l\0_\0u\0n\0c\0o\0r\0e\0_\0a\0u\0t\0o\0t\0e\0s\0t\0 \0 \0 \0 \0S\0K\0I\0P\0 \0 \0 \0 \0 \0 \0 \0 \0 \0 \0 \0 \0 \00\0.\01\02\0s\0 \0 \0 \0e\0x\0i\0t\0 \0s\0t\0a\0t\0u\0s\0 \07\07\0\r\0
\08\07\0/\09\02\0 \0D\0P\0D\0K\0:\0f\0a\0s\0t\0-\0t\0e\0s\0t\0s\0 \0/\0 \0r\0e\0o\0r\0d\0e\0r\0_\0a\0u\0t\0o\0t\0e\0s\0t\0 \0 \0 \0 \0 \0 \0 \0 \0 \0 \0 \0 \0 \0 \0 \0S\0K\0I\0P\0 \0 \0 \0 \0 \0 \0 \0 \0 \0 \0 \0 \0 \00\0.\01\02\0s\0 \0 \0 \0e\0x\0i\0t\0 \0s\0t\0a\0t\0u\0s\0 \07\07\0\r\0
\08\08\0/\09\02\0 \0D\0P\0D\0K\0:\0f\0a\0s\0t\0-\0t\0e\0s\0t\0s\0 \0/\0 \0s\0e\0r\0v\0i\0c\0e\0_\0a\0u\0t\0o\0t\0e\0s\0t\0 \0 \0 \0 \0 \0 \0 \0 \0 \0 \0 \0 \0 \0 \0 \0O\0K\0 \0 \0 \0 \0 \0 \0 \0 \0 \0 \0 \0 \0 \0 \0 \03\0.\07\04\0s\0\r\0
\08\09\0/\09\02\0 \0D\0P\0D\0K\0:\0f\0a\0s\0t\0-\0t\0e\0s\0t\0s\0 \0/\0 \0t\0h\0a\0s\0h\0_\0a\0u\0t\0o\0t\0e\0s\0t\0 \0 \0 \0 \0 \0 \0 \0 \0 \0 \0 \0 \0 \0 \0 \0 \0 \0O\0K\0 \0 \0 \0 \0 \0 \0 \0 \0 \0 \0 \0 \0 \0 \0 \00\0.\01\02\0s\0\r\0
\09\00\0/\09\02\0 \0D\0P\0D\0K\0:\0f\0a\0s\0t\0-\0t\0e\0s\0t\0s\0 \0/\0 \0t\0h\0r\0e\0a\0d\0s\0_\0a\0u\0t\0o\0t\0e\0s\0t\0 \0 \0 \0 \0 \0 \0 \0 \0 \0 \0 \0 \0 \0 \0 \0O\0K\0 \0 \0 \0 \0 \0 \0 \0 \0 \0 \0 \0 \0 \0 \0 \00\0.\08\02\0s\0\r\0
\09\01\0/\09\02\0 \0D\0P\0D\0K\0:\0f\0a\0s\0t\0-\0t\0e\0s\0t\0s\0 \0/\0 \0t\0r\0a\0c\0e\0_\0a\0u\0t\0o\0t\0e\0s\0t\0 \0 \0 \0 \0 \0 \0 \0 \0 \0 \0 \0 \0 \0 \0 \0 \0 \0S\0K\0I\0P\0 \0 \0 \0 \0 \0 \0 \0 \0 \0 \0 \0 \0 \00\0.\01\02\0s\0 \0 \0 \0e\0x\0i\0t\0 \0s\0t\0a\0t\0u\0s\0 \07\07\0\r\0
\09\02\0/\09\02\0 \0D\0P\0D\0K\0:\0f\0a\0s\0t\0-\0t\0e\0s\0t\0s\0 \0/\0 \0m\0e\0t\0r\0i\0c\0s\0_\0a\0u\0t\0o\0t\0e\0s\0t\0 \0 \0 \0 \0 \0 \0 \0 \0 \0 \0 \0 \0 \0 \0 \0O\0K\0 \0 \0 \0 \0 \0 \0 \0 \0 \0 \0 \0 \0 \0 \0 \00\0.\01\04\0s\0\r\0
\0\r\0
\0\r\0
\0O\0k\0:\0 \0 \0 \0 \0 \0 \0 \0 \0 \0 \0 \0 \0 \0 \0 \0 \0 \05\00\0 \0 \0\r\0
\0E\0x\0p\0e\0c\0t\0e\0d\0 \0F\0a\0i\0l\0:\0 \0 \0 \0 \0 \0 \00\0 \0 \0 \0\r\0
\0F\0a\0i\0l\0:\0 \0 \0 \0 \0 \0 \0 \0 \0 \0 \0 \0 \0 \0 \0 \01\0 \0 \0 \0\r\0
\0U\0n\0e\0x\0p\0e\0c\0t\0e\0d\0 \0P\0a\0s\0s\0:\0 \0 \0 \0 \00\0 \0 \0 \0\r\0
\0S\0k\0i\0p\0p\0e\0d\0:\0 \0 \0 \0 \0 \0 \0 \0 \0 \0 \0 \0 \04\01\0 \0 \0\r\0
\0T\0i\0m\0e\0o\0u\0t\0:\0 \0 \0 \0 \0 \0 \0 \0 \0 \0 \0 \0 \00\0 \0 \0 \0\r\0
\0\r\0
\0F\0u\0l\0l\0 \0l\0o\0g\0 \0w\0r\0i\0t\0t\0e\0n\0 \0t\0o\0 \0C\0:\0\\0U\0s\0e\0r\0s\0\\0b\0u\0i\0l\0d\0e\0r\0\\0j\0e\0n\0k\0i\0n\0s\0\\0w\0o\0r\0k\0s\0p\0a\0c\0e\0\\0G\0e\0n\0e\0r\0i\0c\0-\0V\0M\0-\0U\0n\0i\0t\0-\0T\0e\0s\0t\0-\0D\0P\0D\0K\0\\0d\0p\0d\0k\0\\0b\0u\0i\0l\0d\0\\0m\0e\0s\0o\0n\0-\0l\0o\0g\0s\0\\0t\0e\0s\0t\0l\0o\0g\0.\0t\0x\0t\0\r\0
\0
==== End log output ====
Ubuntu 20.04 ARM Clang Native
Kernel: 5.4.0-53-generic
Compiler: clang 10.0.0-4ubuntu1
Ubuntu 20.04 ARM GCC Native
Kernel: 5.4.0-53-generic
Compiler: gcc 9.3
Windows Server 2019
Kernel: 10.0
Compiler: clang 14.0 and gcc 8.1.0 (MinGW)
CentOS Stream 9
Kernel: 4.18.0-240.10.1.el8_3.x86_64
Compiler: gcc 11.3.1 20220421
Debian Buster
Kernel: 5.4.0-122-generic
Compiler: gcc 8.3.0-6
RHEL8
Kernel: 4.18.0-240.10.1.el8_3.x86_64
Compiler: gcc 8.3.1 20191121 (Red Hat 8.3.1-5)
RHEL 7
Kernel: 4.18.0-240.10.1.el8_3.x86_64
Compiler: gcc 4.8.5 20150623 (Red Hat 4.8.5-44)
openSUSE Leap 15
Kernel: 4.18.0-240.10.1.el8_3.x86_64
Compiler: gcc 7.5.0
Ubuntu 22.04
Kernel: Container Host Kernel
Compiler: gcc 11.3.1-2
Debian Bullseye
Kernel: 5.4.0-122-generic
Compiler: gcc 10.2.1-6
CentOS Stream 8
Kernel: 4.18.0-240.10.1.el8_3.x86_64
Compiler: gcc 8.4.1 20200928
Ubuntu 20.04
Kernel: 4.18.0-240.10.1.el8_3.x86_64
Compiler: gcc 9.3.0-17ubuntu1~20.04
To view detailed results, visit:
https://lab.dpdk.org/results/dashboard/patchsets/25306/
UNH-IOL DPDK Community Lab
To manage your email subscriptions, visit:
https://lab.dpdk.org/results/dashboard/preferences/subscriptions/
^ permalink raw reply [flat|nested] 13+ messages in thread
* |FAILURE| pw123506-123501 [PATCH] [v14, 6/6] test/memarea: support dump API test
@ 2023-02-10 12:07 dpdklab
0 siblings, 0 replies; 13+ messages in thread
From: dpdklab @ 2023-02-10 12:07 UTC (permalink / raw)
To: Test Report; +Cc: dpdklab, David Marchand, Thomas Monjalon, fengchengwen
[-- Attachment #1: Type: text/plain, Size: 4988 bytes --]
Test-Label: iol-testing
Test-Status: FAILURE
http://dpdk.org/patch/123501
_Testing issues_
Submitter: fengchengwen <fengchengwen@huawei.com>
Date: Thursday, February 09 2023 06:36:10
DPDK git baseline: Repo:dpdk
Branch: master
CommitID:a0c837ad1fb5b6a8b10a284ffeb5f9e31bd8ff00
123506-123501 --> testing fail
Test environment and result as below:
+-------------------------------+----------------+
| Environment | dpdk_unit_test |
+===============================+================+
| Ubuntu 20.04 ARM Clang Native | PASS |
+-------------------------------+----------------+
| Ubuntu 20.04 ARM GCC Native | PASS |
+-------------------------------+----------------+
| Windows Server 2019 | FAIL |
+-------------------------------+----------------+
| CentOS Stream 9 | PASS |
+-------------------------------+----------------+
| Debian Buster | PASS |
+-------------------------------+----------------+
| RHEL8 | PASS |
+-------------------------------+----------------+
| RHEL 7 | PASS |
+-------------------------------+----------------+
| openSUSE Leap 15 | PASS |
+-------------------------------+----------------+
| Ubuntu 22.04 | PASS |
+-------------------------------+----------------+
| Debian Bullseye | PASS |
+-------------------------------+----------------+
| CentOS Stream 8 | PASS |
+-------------------------------+----------------+
==== 20 line log output for Windows Server 2019 (dpdk_unit_test): ====
\08\04\0/\09\02\0 \0D\0P\0D\0K\0:\0f\0a\0s\0t\0-\0t\0e\0s\0t\0s\0 \0/\0 \0p\0o\0w\0e\0r\0_\0a\0u\0t\0o\0t\0e\0s\0t\0 \0 \0 \0 \0 \0 \0 \0 \0 \0 \0 \0 \0 \0 \0 \0 \0 \0S\0K\0I\0P\0 \0 \0 \0 \0 \0 \0 \0 \0 \0 \0 \0 \0 \00\0.\01\02\0s\0 \0 \0 \0e\0x\0i\0t\0 \0s\0t\0a\0t\0u\0s\0 \07\07\0\r\0
\08\05\0/\09\02\0 \0D\0P\0D\0K\0:\0f\0a\0s\0t\0-\0t\0e\0s\0t\0s\0 \0/\0 \0p\0o\0w\0e\0r\0_\0k\0v\0m\0_\0v\0m\0_\0a\0u\0t\0o\0t\0e\0s\0t\0 \0 \0 \0 \0 \0 \0 \0 \0 \0 \0S\0K\0I\0P\0 \0 \0 \0 \0 \0 \0 \0 \0 \0 \0 \0 \0 \00\0.\02\02\0s\0 \0 \0 \0e\0x\0i\0t\0 \0s\0t\0a\0t\0u\0s\0 \07\07\0\r\0
\08\06\0/\09\02\0 \0D\0P\0D\0K\0:\0f\0a\0s\0t\0-\0t\0e\0s\0t\0s\0 \0/\0 \0p\0o\0w\0e\0r\0_\0i\0n\0t\0e\0l\0_\0u\0n\0c\0o\0r\0e\0_\0a\0u\0t\0o\0t\0e\0s\0t\0 \0 \0 \0 \0S\0K\0I\0P\0 \0 \0 \0 \0 \0 \0 \0 \0 \0 \0 \0 \0 \00\0.\01\02\0s\0 \0 \0 \0e\0x\0i\0t\0 \0s\0t\0a\0t\0u\0s\0 \07\07\0\r\0
\08\07\0/\09\02\0 \0D\0P\0D\0K\0:\0f\0a\0s\0t\0-\0t\0e\0s\0t\0s\0 \0/\0 \0r\0e\0o\0r\0d\0e\0r\0_\0a\0u\0t\0o\0t\0e\0s\0t\0 \0 \0 \0 \0 \0 \0 \0 \0 \0 \0 \0 \0 \0 \0 \0S\0K\0I\0P\0 \0 \0 \0 \0 \0 \0 \0 \0 \0 \0 \0 \0 \00\0.\01\02\0s\0 \0 \0 \0e\0x\0i\0t\0 \0s\0t\0a\0t\0u\0s\0 \07\07\0\r\0
\08\08\0/\09\02\0 \0D\0P\0D\0K\0:\0f\0a\0s\0t\0-\0t\0e\0s\0t\0s\0 \0/\0 \0s\0e\0r\0v\0i\0c\0e\0_\0a\0u\0t\0o\0t\0e\0s\0t\0 \0 \0 \0 \0 \0 \0 \0 \0 \0 \0 \0 \0 \0 \0 \0O\0K\0 \0 \0 \0 \0 \0 \0 \0 \0 \0 \0 \0 \0 \0 \0 \03\0.\07\04\0s\0\r\0
\08\09\0/\09\02\0 \0D\0P\0D\0K\0:\0f\0a\0s\0t\0-\0t\0e\0s\0t\0s\0 \0/\0 \0t\0h\0a\0s\0h\0_\0a\0u\0t\0o\0t\0e\0s\0t\0 \0 \0 \0 \0 \0 \0 \0 \0 \0 \0 \0 \0 \0 \0 \0 \0 \0O\0K\0 \0 \0 \0 \0 \0 \0 \0 \0 \0 \0 \0 \0 \0 \0 \00\0.\01\02\0s\0\r\0
\09\00\0/\09\02\0 \0D\0P\0D\0K\0:\0f\0a\0s\0t\0-\0t\0e\0s\0t\0s\0 \0/\0 \0t\0h\0r\0e\0a\0d\0s\0_\0a\0u\0t\0o\0t\0e\0s\0t\0 \0 \0 \0 \0 \0 \0 \0 \0 \0 \0 \0 \0 \0 \0 \0O\0K\0 \0 \0 \0 \0 \0 \0 \0 \0 \0 \0 \0 \0 \0 \0 \00\0.\08\02\0s\0\r\0
\09\01\0/\09\02\0 \0D\0P\0D\0K\0:\0f\0a\0s\0t\0-\0t\0e\0s\0t\0s\0 \0/\0 \0t\0r\0a\0c\0e\0_\0a\0u\0t\0o\0t\0e\0s\0t\0 \0 \0 \0 \0 \0 \0 \0 \0 \0 \0 \0 \0 \0 \0 \0 \0 \0S\0K\0I\0P\0 \0 \0 \0 \0 \0 \0 \0 \0 \0 \0 \0 \0 \00\0.\01\02\0s\0 \0 \0 \0e\0x\0i\0t\0 \0s\0t\0a\0t\0u\0s\0 \07\07\0\r\0
\09\02\0/\09\02\0 \0D\0P\0D\0K\0:\0f\0a\0s\0t\0-\0t\0e\0s\0t\0s\0 \0/\0 \0m\0e\0t\0r\0i\0c\0s\0_\0a\0u\0t\0o\0t\0e\0s\0t\0 \0 \0 \0 \0 \0 \0 \0 \0 \0 \0 \0 \0 \0 \0 \0O\0K\0 \0 \0 \0 \0 \0 \0 \0 \0 \0 \0 \0 \0 \0 \0 \00\0.\01\04\0s\0\r\0
\0\r\0
\0\r\0
\0O\0k\0:\0 \0 \0 \0 \0 \0 \0 \0 \0 \0 \0 \0 \0 \0 \0 \0 \0 \05\00\0 \0 \0\r\0
\0E\0x\0p\0e\0c\0t\0e\0d\0 \0F\0a\0i\0l\0:\0 \0 \0 \0 \0 \0 \00\0 \0 \0 \0\r\0
\0F\0a\0i\0l\0:\0 \0 \0 \0 \0 \0 \0 \0 \0 \0 \0 \0 \0 \0 \0 \01\0 \0 \0 \0\r\0
\0U\0n\0e\0x\0p\0e\0c\0t\0e\0d\0 \0P\0a\0s\0s\0:\0 \0 \0 \0 \00\0 \0 \0 \0\r\0
\0S\0k\0i\0p\0p\0e\0d\0:\0 \0 \0 \0 \0 \0 \0 \0 \0 \0 \0 \0 \04\01\0 \0 \0\r\0
\0T\0i\0m\0e\0o\0u\0t\0:\0 \0 \0 \0 \0 \0 \0 \0 \0 \0 \0 \0 \00\0 \0 \0 \0\r\0
\0\r\0
\0F\0u\0l\0l\0 \0l\0o\0g\0 \0w\0r\0i\0t\0t\0e\0n\0 \0t\0o\0 \0C\0:\0\\0U\0s\0e\0r\0s\0\\0b\0u\0i\0l\0d\0e\0r\0\\0j\0e\0n\0k\0i\0n\0s\0\\0w\0o\0r\0k\0s\0p\0a\0c\0e\0\\0G\0e\0n\0e\0r\0i\0c\0-\0V\0M\0-\0U\0n\0i\0t\0-\0T\0e\0s\0t\0-\0D\0P\0D\0K\0\\0d\0p\0d\0k\0\\0b\0u\0i\0l\0d\0\\0m\0e\0s\0o\0n\0-\0l\0o\0g\0s\0\\0t\0e\0s\0t\0l\0o\0g\0.\0t\0x\0t\0\r\0
\0
==== End log output ====
Ubuntu 20.04 ARM Clang Native
Kernel: 5.4.0-53-generic
Compiler: clang 10.0.0-4ubuntu1
Ubuntu 20.04 ARM GCC Native
Kernel: 5.4.0-53-generic
Compiler: gcc 9.3
Windows Server 2019
Kernel: 10.0
Compiler: clang 14.0 and gcc 8.1.0 (MinGW)
CentOS Stream 9
Kernel: 4.18.0-240.10.1.el8_3.x86_64
Compiler: gcc 11.3.1 20220421
Debian Buster
Kernel: 5.4.0-122-generic
Compiler: gcc 8.3.0-6
RHEL8
Kernel: 4.18.0-240.10.1.el8_3.x86_64
Compiler: gcc 8.3.1 20191121 (Red Hat 8.3.1-5)
RHEL 7
Kernel: 4.18.0-240.10.1.el8_3.x86_64
Compiler: gcc 4.8.5 20150623 (Red Hat 4.8.5-44)
openSUSE Leap 15
Kernel: 4.18.0-240.10.1.el8_3.x86_64
Compiler: gcc 7.5.0
Ubuntu 22.04
Kernel: Container Host Kernel
Compiler: gcc 11.3.1-2
Debian Bullseye
Kernel: 5.4.0-122-generic
Compiler: gcc 10.2.1-6
CentOS Stream 8
Kernel: 4.18.0-240.10.1.el8_3.x86_64
Compiler: gcc 8.4.1 20200928
To view detailed results, visit:
https://lab.dpdk.org/results/dashboard/patchsets/25306/
UNH-IOL DPDK Community Lab
To manage your email subscriptions, visit:
https://lab.dpdk.org/results/dashboard/preferences/subscriptions/
^ permalink raw reply [flat|nested] 13+ messages in thread
* |FAILURE| pw123506-123501 [PATCH] [v14, 6/6] test/memarea: support dump API test
@ 2023-02-10 12:03 dpdklab
0 siblings, 0 replies; 13+ messages in thread
From: dpdklab @ 2023-02-10 12:03 UTC (permalink / raw)
To: Test Report
Cc: fengchengwen, dpdklab, David Marchand, Thomas Monjalon, fengchengwen
[-- Attachment #1: Type: text/plain, Size: 4801 bytes --]
Test-Label: iol-testing
Test-Status: FAILURE
http://dpdk.org/patch/123501
_Testing issues_
Submitter: fengchengwen <fengchengwen@huawei.com>
Date: Thursday, February 09 2023 06:36:10
DPDK git baseline: Repo:dpdk
Branch: master
CommitID:a0c837ad1fb5b6a8b10a284ffeb5f9e31bd8ff00
123506-123501 --> testing fail
Test environment and result as below:
+-------------------------------+----------------+
| Environment | dpdk_unit_test |
+===============================+================+
| Ubuntu 20.04 ARM Clang Native | PASS |
+-------------------------------+----------------+
| Ubuntu 20.04 ARM GCC Native | PASS |
+-------------------------------+----------------+
| Windows Server 2019 | FAIL |
+-------------------------------+----------------+
| CentOS Stream 9 | PASS |
+-------------------------------+----------------+
| Debian Buster | PASS |
+-------------------------------+----------------+
| RHEL8 | PASS |
+-------------------------------+----------------+
| RHEL 7 | PASS |
+-------------------------------+----------------+
| openSUSE Leap 15 | PASS |
+-------------------------------+----------------+
| Ubuntu 22.04 | PASS |
+-------------------------------+----------------+
| Debian Bullseye | PASS |
+-------------------------------+----------------+
==== 20 line log output for Windows Server 2019 (dpdk_unit_test): ====
\08\04\0/\09\02\0 \0D\0P\0D\0K\0:\0f\0a\0s\0t\0-\0t\0e\0s\0t\0s\0 \0/\0 \0p\0o\0w\0e\0r\0_\0a\0u\0t\0o\0t\0e\0s\0t\0 \0 \0 \0 \0 \0 \0 \0 \0 \0 \0 \0 \0 \0 \0 \0 \0 \0S\0K\0I\0P\0 \0 \0 \0 \0 \0 \0 \0 \0 \0 \0 \0 \0 \00\0.\01\02\0s\0 \0 \0 \0e\0x\0i\0t\0 \0s\0t\0a\0t\0u\0s\0 \07\07\0\r\0
\08\05\0/\09\02\0 \0D\0P\0D\0K\0:\0f\0a\0s\0t\0-\0t\0e\0s\0t\0s\0 \0/\0 \0p\0o\0w\0e\0r\0_\0k\0v\0m\0_\0v\0m\0_\0a\0u\0t\0o\0t\0e\0s\0t\0 \0 \0 \0 \0 \0 \0 \0 \0 \0 \0S\0K\0I\0P\0 \0 \0 \0 \0 \0 \0 \0 \0 \0 \0 \0 \0 \00\0.\02\02\0s\0 \0 \0 \0e\0x\0i\0t\0 \0s\0t\0a\0t\0u\0s\0 \07\07\0\r\0
\08\06\0/\09\02\0 \0D\0P\0D\0K\0:\0f\0a\0s\0t\0-\0t\0e\0s\0t\0s\0 \0/\0 \0p\0o\0w\0e\0r\0_\0i\0n\0t\0e\0l\0_\0u\0n\0c\0o\0r\0e\0_\0a\0u\0t\0o\0t\0e\0s\0t\0 \0 \0 \0 \0S\0K\0I\0P\0 \0 \0 \0 \0 \0 \0 \0 \0 \0 \0 \0 \0 \00\0.\01\02\0s\0 \0 \0 \0e\0x\0i\0t\0 \0s\0t\0a\0t\0u\0s\0 \07\07\0\r\0
\08\07\0/\09\02\0 \0D\0P\0D\0K\0:\0f\0a\0s\0t\0-\0t\0e\0s\0t\0s\0 \0/\0 \0r\0e\0o\0r\0d\0e\0r\0_\0a\0u\0t\0o\0t\0e\0s\0t\0 \0 \0 \0 \0 \0 \0 \0 \0 \0 \0 \0 \0 \0 \0 \0S\0K\0I\0P\0 \0 \0 \0 \0 \0 \0 \0 \0 \0 \0 \0 \0 \00\0.\01\02\0s\0 \0 \0 \0e\0x\0i\0t\0 \0s\0t\0a\0t\0u\0s\0 \07\07\0\r\0
\08\08\0/\09\02\0 \0D\0P\0D\0K\0:\0f\0a\0s\0t\0-\0t\0e\0s\0t\0s\0 \0/\0 \0s\0e\0r\0v\0i\0c\0e\0_\0a\0u\0t\0o\0t\0e\0s\0t\0 \0 \0 \0 \0 \0 \0 \0 \0 \0 \0 \0 \0 \0 \0 \0O\0K\0 \0 \0 \0 \0 \0 \0 \0 \0 \0 \0 \0 \0 \0 \0 \03\0.\07\04\0s\0\r\0
\08\09\0/\09\02\0 \0D\0P\0D\0K\0:\0f\0a\0s\0t\0-\0t\0e\0s\0t\0s\0 \0/\0 \0t\0h\0a\0s\0h\0_\0a\0u\0t\0o\0t\0e\0s\0t\0 \0 \0 \0 \0 \0 \0 \0 \0 \0 \0 \0 \0 \0 \0 \0 \0 \0O\0K\0 \0 \0 \0 \0 \0 \0 \0 \0 \0 \0 \0 \0 \0 \0 \00\0.\01\02\0s\0\r\0
\09\00\0/\09\02\0 \0D\0P\0D\0K\0:\0f\0a\0s\0t\0-\0t\0e\0s\0t\0s\0 \0/\0 \0t\0h\0r\0e\0a\0d\0s\0_\0a\0u\0t\0o\0t\0e\0s\0t\0 \0 \0 \0 \0 \0 \0 \0 \0 \0 \0 \0 \0 \0 \0 \0O\0K\0 \0 \0 \0 \0 \0 \0 \0 \0 \0 \0 \0 \0 \0 \0 \00\0.\08\02\0s\0\r\0
\09\01\0/\09\02\0 \0D\0P\0D\0K\0:\0f\0a\0s\0t\0-\0t\0e\0s\0t\0s\0 \0/\0 \0t\0r\0a\0c\0e\0_\0a\0u\0t\0o\0t\0e\0s\0t\0 \0 \0 \0 \0 \0 \0 \0 \0 \0 \0 \0 \0 \0 \0 \0 \0 \0S\0K\0I\0P\0 \0 \0 \0 \0 \0 \0 \0 \0 \0 \0 \0 \0 \00\0.\01\02\0s\0 \0 \0 \0e\0x\0i\0t\0 \0s\0t\0a\0t\0u\0s\0 \07\07\0\r\0
\09\02\0/\09\02\0 \0D\0P\0D\0K\0:\0f\0a\0s\0t\0-\0t\0e\0s\0t\0s\0 \0/\0 \0m\0e\0t\0r\0i\0c\0s\0_\0a\0u\0t\0o\0t\0e\0s\0t\0 \0 \0 \0 \0 \0 \0 \0 \0 \0 \0 \0 \0 \0 \0 \0O\0K\0 \0 \0 \0 \0 \0 \0 \0 \0 \0 \0 \0 \0 \0 \0 \00\0.\01\04\0s\0\r\0
\0\r\0
\0\r\0
\0O\0k\0:\0 \0 \0 \0 \0 \0 \0 \0 \0 \0 \0 \0 \0 \0 \0 \0 \0 \05\00\0 \0 \0\r\0
\0E\0x\0p\0e\0c\0t\0e\0d\0 \0F\0a\0i\0l\0:\0 \0 \0 \0 \0 \0 \00\0 \0 \0 \0\r\0
\0F\0a\0i\0l\0:\0 \0 \0 \0 \0 \0 \0 \0 \0 \0 \0 \0 \0 \0 \0 \01\0 \0 \0 \0\r\0
\0U\0n\0e\0x\0p\0e\0c\0t\0e\0d\0 \0P\0a\0s\0s\0:\0 \0 \0 \0 \00\0 \0 \0 \0\r\0
\0S\0k\0i\0p\0p\0e\0d\0:\0 \0 \0 \0 \0 \0 \0 \0 \0 \0 \0 \0 \04\01\0 \0 \0\r\0
\0T\0i\0m\0e\0o\0u\0t\0:\0 \0 \0 \0 \0 \0 \0 \0 \0 \0 \0 \0 \00\0 \0 \0 \0\r\0
\0\r\0
\0F\0u\0l\0l\0 \0l\0o\0g\0 \0w\0r\0i\0t\0t\0e\0n\0 \0t\0o\0 \0C\0:\0\\0U\0s\0e\0r\0s\0\\0b\0u\0i\0l\0d\0e\0r\0\\0j\0e\0n\0k\0i\0n\0s\0\\0w\0o\0r\0k\0s\0p\0a\0c\0e\0\\0G\0e\0n\0e\0r\0i\0c\0-\0V\0M\0-\0U\0n\0i\0t\0-\0T\0e\0s\0t\0-\0D\0P\0D\0K\0\\0d\0p\0d\0k\0\\0b\0u\0i\0l\0d\0\\0m\0e\0s\0o\0n\0-\0l\0o\0g\0s\0\\0t\0e\0s\0t\0l\0o\0g\0.\0t\0x\0t\0\r\0
\0
==== End log output ====
Ubuntu 20.04 ARM Clang Native
Kernel: 5.4.0-53-generic
Compiler: clang 10.0.0-4ubuntu1
Ubuntu 20.04 ARM GCC Native
Kernel: 5.4.0-53-generic
Compiler: gcc 9.3
Windows Server 2019
Kernel: 10.0
Compiler: clang 14.0 and gcc 8.1.0 (MinGW)
CentOS Stream 9
Kernel: 4.18.0-240.10.1.el8_3.x86_64
Compiler: gcc 11.3.1 20220421
Debian Buster
Kernel: 5.4.0-122-generic
Compiler: gcc 8.3.0-6
RHEL8
Kernel: 4.18.0-240.10.1.el8_3.x86_64
Compiler: gcc 8.3.1 20191121 (Red Hat 8.3.1-5)
RHEL 7
Kernel: 4.18.0-240.10.1.el8_3.x86_64
Compiler: gcc 4.8.5 20150623 (Red Hat 4.8.5-44)
openSUSE Leap 15
Kernel: 4.18.0-240.10.1.el8_3.x86_64
Compiler: gcc 7.5.0
Ubuntu 22.04
Kernel: Container Host Kernel
Compiler: gcc 11.3.1-2
Debian Bullseye
Kernel: 5.4.0-122-generic
Compiler: gcc 10.2.1-6
To view detailed results, visit:
https://lab.dpdk.org/results/dashboard/patchsets/25306/
UNH-IOL DPDK Community Lab
To manage your email subscriptions, visit:
https://lab.dpdk.org/results/dashboard/preferences/subscriptions/
^ permalink raw reply [flat|nested] 13+ messages in thread
* |FAILURE| pw123506-123501 [PATCH] [v14, 6/6] test/memarea: support dump API test
@ 2023-02-10 12:02 dpdklab
0 siblings, 0 replies; 13+ messages in thread
From: dpdklab @ 2023-02-10 12:02 UTC (permalink / raw)
To: Test Report; +Cc: dpdklab, David Marchand, Thomas Monjalon, fengchengwen
[-- Attachment #1: Type: text/plain, Size: 4631 bytes --]
Test-Label: iol-testing
Test-Status: FAILURE
http://dpdk.org/patch/123501
_Testing issues_
Submitter: fengchengwen <fengchengwen@huawei.com>
Date: Thursday, February 09 2023 06:36:10
DPDK git baseline: Repo:dpdk
Branch: master
CommitID:a0c837ad1fb5b6a8b10a284ffeb5f9e31bd8ff00
123506-123501 --> testing fail
Test environment and result as below:
+-------------------------------+----------------+
| Environment | dpdk_unit_test |
+===============================+================+
| Ubuntu 20.04 ARM Clang Native | PASS |
+-------------------------------+----------------+
| Ubuntu 20.04 ARM GCC Native | PASS |
+-------------------------------+----------------+
| Windows Server 2019 | FAIL |
+-------------------------------+----------------+
| CentOS Stream 9 | PASS |
+-------------------------------+----------------+
| Debian Buster | PASS |
+-------------------------------+----------------+
| RHEL8 | PASS |
+-------------------------------+----------------+
| RHEL 7 | PASS |
+-------------------------------+----------------+
| openSUSE Leap 15 | PASS |
+-------------------------------+----------------+
| Ubuntu 22.04 | PASS |
+-------------------------------+----------------+
==== 20 line log output for Windows Server 2019 (dpdk_unit_test): ====
\08\04\0/\09\02\0 \0D\0P\0D\0K\0:\0f\0a\0s\0t\0-\0t\0e\0s\0t\0s\0 \0/\0 \0p\0o\0w\0e\0r\0_\0a\0u\0t\0o\0t\0e\0s\0t\0 \0 \0 \0 \0 \0 \0 \0 \0 \0 \0 \0 \0 \0 \0 \0 \0 \0S\0K\0I\0P\0 \0 \0 \0 \0 \0 \0 \0 \0 \0 \0 \0 \0 \00\0.\01\02\0s\0 \0 \0 \0e\0x\0i\0t\0 \0s\0t\0a\0t\0u\0s\0 \07\07\0\r\0
\08\05\0/\09\02\0 \0D\0P\0D\0K\0:\0f\0a\0s\0t\0-\0t\0e\0s\0t\0s\0 \0/\0 \0p\0o\0w\0e\0r\0_\0k\0v\0m\0_\0v\0m\0_\0a\0u\0t\0o\0t\0e\0s\0t\0 \0 \0 \0 \0 \0 \0 \0 \0 \0 \0S\0K\0I\0P\0 \0 \0 \0 \0 \0 \0 \0 \0 \0 \0 \0 \0 \00\0.\02\02\0s\0 \0 \0 \0e\0x\0i\0t\0 \0s\0t\0a\0t\0u\0s\0 \07\07\0\r\0
\08\06\0/\09\02\0 \0D\0P\0D\0K\0:\0f\0a\0s\0t\0-\0t\0e\0s\0t\0s\0 \0/\0 \0p\0o\0w\0e\0r\0_\0i\0n\0t\0e\0l\0_\0u\0n\0c\0o\0r\0e\0_\0a\0u\0t\0o\0t\0e\0s\0t\0 \0 \0 \0 \0S\0K\0I\0P\0 \0 \0 \0 \0 \0 \0 \0 \0 \0 \0 \0 \0 \00\0.\01\02\0s\0 \0 \0 \0e\0x\0i\0t\0 \0s\0t\0a\0t\0u\0s\0 \07\07\0\r\0
\08\07\0/\09\02\0 \0D\0P\0D\0K\0:\0f\0a\0s\0t\0-\0t\0e\0s\0t\0s\0 \0/\0 \0r\0e\0o\0r\0d\0e\0r\0_\0a\0u\0t\0o\0t\0e\0s\0t\0 \0 \0 \0 \0 \0 \0 \0 \0 \0 \0 \0 \0 \0 \0 \0S\0K\0I\0P\0 \0 \0 \0 \0 \0 \0 \0 \0 \0 \0 \0 \0 \00\0.\01\02\0s\0 \0 \0 \0e\0x\0i\0t\0 \0s\0t\0a\0t\0u\0s\0 \07\07\0\r\0
\08\08\0/\09\02\0 \0D\0P\0D\0K\0:\0f\0a\0s\0t\0-\0t\0e\0s\0t\0s\0 \0/\0 \0s\0e\0r\0v\0i\0c\0e\0_\0a\0u\0t\0o\0t\0e\0s\0t\0 \0 \0 \0 \0 \0 \0 \0 \0 \0 \0 \0 \0 \0 \0 \0O\0K\0 \0 \0 \0 \0 \0 \0 \0 \0 \0 \0 \0 \0 \0 \0 \03\0.\07\04\0s\0\r\0
\08\09\0/\09\02\0 \0D\0P\0D\0K\0:\0f\0a\0s\0t\0-\0t\0e\0s\0t\0s\0 \0/\0 \0t\0h\0a\0s\0h\0_\0a\0u\0t\0o\0t\0e\0s\0t\0 \0 \0 \0 \0 \0 \0 \0 \0 \0 \0 \0 \0 \0 \0 \0 \0 \0O\0K\0 \0 \0 \0 \0 \0 \0 \0 \0 \0 \0 \0 \0 \0 \0 \00\0.\01\02\0s\0\r\0
\09\00\0/\09\02\0 \0D\0P\0D\0K\0:\0f\0a\0s\0t\0-\0t\0e\0s\0t\0s\0 \0/\0 \0t\0h\0r\0e\0a\0d\0s\0_\0a\0u\0t\0o\0t\0e\0s\0t\0 \0 \0 \0 \0 \0 \0 \0 \0 \0 \0 \0 \0 \0 \0 \0O\0K\0 \0 \0 \0 \0 \0 \0 \0 \0 \0 \0 \0 \0 \0 \0 \00\0.\08\02\0s\0\r\0
\09\01\0/\09\02\0 \0D\0P\0D\0K\0:\0f\0a\0s\0t\0-\0t\0e\0s\0t\0s\0 \0/\0 \0t\0r\0a\0c\0e\0_\0a\0u\0t\0o\0t\0e\0s\0t\0 \0 \0 \0 \0 \0 \0 \0 \0 \0 \0 \0 \0 \0 \0 \0 \0 \0S\0K\0I\0P\0 \0 \0 \0 \0 \0 \0 \0 \0 \0 \0 \0 \0 \00\0.\01\02\0s\0 \0 \0 \0e\0x\0i\0t\0 \0s\0t\0a\0t\0u\0s\0 \07\07\0\r\0
\09\02\0/\09\02\0 \0D\0P\0D\0K\0:\0f\0a\0s\0t\0-\0t\0e\0s\0t\0s\0 \0/\0 \0m\0e\0t\0r\0i\0c\0s\0_\0a\0u\0t\0o\0t\0e\0s\0t\0 \0 \0 \0 \0 \0 \0 \0 \0 \0 \0 \0 \0 \0 \0 \0O\0K\0 \0 \0 \0 \0 \0 \0 \0 \0 \0 \0 \0 \0 \0 \0 \00\0.\01\04\0s\0\r\0
\0\r\0
\0\r\0
\0O\0k\0:\0 \0 \0 \0 \0 \0 \0 \0 \0 \0 \0 \0 \0 \0 \0 \0 \0 \05\00\0 \0 \0\r\0
\0E\0x\0p\0e\0c\0t\0e\0d\0 \0F\0a\0i\0l\0:\0 \0 \0 \0 \0 \0 \00\0 \0 \0 \0\r\0
\0F\0a\0i\0l\0:\0 \0 \0 \0 \0 \0 \0 \0 \0 \0 \0 \0 \0 \0 \0 \01\0 \0 \0 \0\r\0
\0U\0n\0e\0x\0p\0e\0c\0t\0e\0d\0 \0P\0a\0s\0s\0:\0 \0 \0 \0 \00\0 \0 \0 \0\r\0
\0S\0k\0i\0p\0p\0e\0d\0:\0 \0 \0 \0 \0 \0 \0 \0 \0 \0 \0 \0 \04\01\0 \0 \0\r\0
\0T\0i\0m\0e\0o\0u\0t\0:\0 \0 \0 \0 \0 \0 \0 \0 \0 \0 \0 \0 \00\0 \0 \0 \0\r\0
\0\r\0
\0F\0u\0l\0l\0 \0l\0o\0g\0 \0w\0r\0i\0t\0t\0e\0n\0 \0t\0o\0 \0C\0:\0\\0U\0s\0e\0r\0s\0\\0b\0u\0i\0l\0d\0e\0r\0\\0j\0e\0n\0k\0i\0n\0s\0\\0w\0o\0r\0k\0s\0p\0a\0c\0e\0\\0G\0e\0n\0e\0r\0i\0c\0-\0V\0M\0-\0U\0n\0i\0t\0-\0T\0e\0s\0t\0-\0D\0P\0D\0K\0\\0d\0p\0d\0k\0\\0b\0u\0i\0l\0d\0\\0m\0e\0s\0o\0n\0-\0l\0o\0g\0s\0\\0t\0e\0s\0t\0l\0o\0g\0.\0t\0x\0t\0\r\0
\0
==== End log output ====
Ubuntu 20.04 ARM Clang Native
Kernel: 5.4.0-53-generic
Compiler: clang 10.0.0-4ubuntu1
Ubuntu 20.04 ARM GCC Native
Kernel: 5.4.0-53-generic
Compiler: gcc 9.3
Windows Server 2019
Kernel: 10.0
Compiler: clang 14.0 and gcc 8.1.0 (MinGW)
CentOS Stream 9
Kernel: 4.18.0-240.10.1.el8_3.x86_64
Compiler: gcc 11.3.1 20220421
Debian Buster
Kernel: 5.4.0-122-generic
Compiler: gcc 8.3.0-6
RHEL8
Kernel: 4.18.0-240.10.1.el8_3.x86_64
Compiler: gcc 8.3.1 20191121 (Red Hat 8.3.1-5)
RHEL 7
Kernel: 4.18.0-240.10.1.el8_3.x86_64
Compiler: gcc 4.8.5 20150623 (Red Hat 4.8.5-44)
openSUSE Leap 15
Kernel: 4.18.0-240.10.1.el8_3.x86_64
Compiler: gcc 7.5.0
Ubuntu 22.04
Kernel: Container Host Kernel
Compiler: gcc 11.3.1-2
To view detailed results, visit:
https://lab.dpdk.org/results/dashboard/patchsets/25306/
UNH-IOL DPDK Community Lab
To manage your email subscriptions, visit:
https://lab.dpdk.org/results/dashboard/preferences/subscriptions/
^ permalink raw reply [flat|nested] 13+ messages in thread
* |FAILURE| pw123506-123501 [PATCH] [v14, 6/6] test/memarea: support dump API test
@ 2023-02-10 11:49 dpdklab
0 siblings, 0 replies; 13+ messages in thread
From: dpdklab @ 2023-02-10 11:49 UTC (permalink / raw)
To: Test Report; +Cc: dpdklab, David Marchand, Thomas Monjalon, fengchengwen
[-- Attachment #1: Type: text/plain, Size: 4281 bytes --]
Test-Label: iol-testing
Test-Status: FAILURE
http://dpdk.org/patch/123501
_Testing issues_
Submitter: fengchengwen <fengchengwen@huawei.com>
Date: Thursday, February 09 2023 06:36:10
DPDK git baseline: Repo:dpdk
Branch: master
CommitID:a0c837ad1fb5b6a8b10a284ffeb5f9e31bd8ff00
123506-123501 --> testing fail
Test environment and result as below:
+-------------------------------+----------------+
| Environment | dpdk_unit_test |
+===============================+================+
| Ubuntu 20.04 ARM Clang Native | PASS |
+-------------------------------+----------------+
| Ubuntu 20.04 ARM GCC Native | PASS |
+-------------------------------+----------------+
| Windows Server 2019 | FAIL |
+-------------------------------+----------------+
| CentOS Stream 9 | PASS |
+-------------------------------+----------------+
| Debian Buster | PASS |
+-------------------------------+----------------+
| RHEL8 | PASS |
+-------------------------------+----------------+
| RHEL 7 | PASS |
+-------------------------------+----------------+
==== 20 line log output for Windows Server 2019 (dpdk_unit_test): ====
\08\04\0/\09\02\0 \0D\0P\0D\0K\0:\0f\0a\0s\0t\0-\0t\0e\0s\0t\0s\0 \0/\0 \0p\0o\0w\0e\0r\0_\0a\0u\0t\0o\0t\0e\0s\0t\0 \0 \0 \0 \0 \0 \0 \0 \0 \0 \0 \0 \0 \0 \0 \0 \0 \0S\0K\0I\0P\0 \0 \0 \0 \0 \0 \0 \0 \0 \0 \0 \0 \0 \00\0.\01\02\0s\0 \0 \0 \0e\0x\0i\0t\0 \0s\0t\0a\0t\0u\0s\0 \07\07\0\r\0
\08\05\0/\09\02\0 \0D\0P\0D\0K\0:\0f\0a\0s\0t\0-\0t\0e\0s\0t\0s\0 \0/\0 \0p\0o\0w\0e\0r\0_\0k\0v\0m\0_\0v\0m\0_\0a\0u\0t\0o\0t\0e\0s\0t\0 \0 \0 \0 \0 \0 \0 \0 \0 \0 \0S\0K\0I\0P\0 \0 \0 \0 \0 \0 \0 \0 \0 \0 \0 \0 \0 \00\0.\02\02\0s\0 \0 \0 \0e\0x\0i\0t\0 \0s\0t\0a\0t\0u\0s\0 \07\07\0\r\0
\08\06\0/\09\02\0 \0D\0P\0D\0K\0:\0f\0a\0s\0t\0-\0t\0e\0s\0t\0s\0 \0/\0 \0p\0o\0w\0e\0r\0_\0i\0n\0t\0e\0l\0_\0u\0n\0c\0o\0r\0e\0_\0a\0u\0t\0o\0t\0e\0s\0t\0 \0 \0 \0 \0S\0K\0I\0P\0 \0 \0 \0 \0 \0 \0 \0 \0 \0 \0 \0 \0 \00\0.\01\02\0s\0 \0 \0 \0e\0x\0i\0t\0 \0s\0t\0a\0t\0u\0s\0 \07\07\0\r\0
\08\07\0/\09\02\0 \0D\0P\0D\0K\0:\0f\0a\0s\0t\0-\0t\0e\0s\0t\0s\0 \0/\0 \0r\0e\0o\0r\0d\0e\0r\0_\0a\0u\0t\0o\0t\0e\0s\0t\0 \0 \0 \0 \0 \0 \0 \0 \0 \0 \0 \0 \0 \0 \0 \0S\0K\0I\0P\0 \0 \0 \0 \0 \0 \0 \0 \0 \0 \0 \0 \0 \00\0.\01\02\0s\0 \0 \0 \0e\0x\0i\0t\0 \0s\0t\0a\0t\0u\0s\0 \07\07\0\r\0
\08\08\0/\09\02\0 \0D\0P\0D\0K\0:\0f\0a\0s\0t\0-\0t\0e\0s\0t\0s\0 \0/\0 \0s\0e\0r\0v\0i\0c\0e\0_\0a\0u\0t\0o\0t\0e\0s\0t\0 \0 \0 \0 \0 \0 \0 \0 \0 \0 \0 \0 \0 \0 \0 \0O\0K\0 \0 \0 \0 \0 \0 \0 \0 \0 \0 \0 \0 \0 \0 \0 \03\0.\07\04\0s\0\r\0
\08\09\0/\09\02\0 \0D\0P\0D\0K\0:\0f\0a\0s\0t\0-\0t\0e\0s\0t\0s\0 \0/\0 \0t\0h\0a\0s\0h\0_\0a\0u\0t\0o\0t\0e\0s\0t\0 \0 \0 \0 \0 \0 \0 \0 \0 \0 \0 \0 \0 \0 \0 \0 \0 \0O\0K\0 \0 \0 \0 \0 \0 \0 \0 \0 \0 \0 \0 \0 \0 \0 \00\0.\01\02\0s\0\r\0
\09\00\0/\09\02\0 \0D\0P\0D\0K\0:\0f\0a\0s\0t\0-\0t\0e\0s\0t\0s\0 \0/\0 \0t\0h\0r\0e\0a\0d\0s\0_\0a\0u\0t\0o\0t\0e\0s\0t\0 \0 \0 \0 \0 \0 \0 \0 \0 \0 \0 \0 \0 \0 \0 \0O\0K\0 \0 \0 \0 \0 \0 \0 \0 \0 \0 \0 \0 \0 \0 \0 \00\0.\08\02\0s\0\r\0
\09\01\0/\09\02\0 \0D\0P\0D\0K\0:\0f\0a\0s\0t\0-\0t\0e\0s\0t\0s\0 \0/\0 \0t\0r\0a\0c\0e\0_\0a\0u\0t\0o\0t\0e\0s\0t\0 \0 \0 \0 \0 \0 \0 \0 \0 \0 \0 \0 \0 \0 \0 \0 \0 \0S\0K\0I\0P\0 \0 \0 \0 \0 \0 \0 \0 \0 \0 \0 \0 \0 \00\0.\01\02\0s\0 \0 \0 \0e\0x\0i\0t\0 \0s\0t\0a\0t\0u\0s\0 \07\07\0\r\0
\09\02\0/\09\02\0 \0D\0P\0D\0K\0:\0f\0a\0s\0t\0-\0t\0e\0s\0t\0s\0 \0/\0 \0m\0e\0t\0r\0i\0c\0s\0_\0a\0u\0t\0o\0t\0e\0s\0t\0 \0 \0 \0 \0 \0 \0 \0 \0 \0 \0 \0 \0 \0 \0 \0O\0K\0 \0 \0 \0 \0 \0 \0 \0 \0 \0 \0 \0 \0 \0 \0 \00\0.\01\04\0s\0\r\0
\0\r\0
\0\r\0
\0O\0k\0:\0 \0 \0 \0 \0 \0 \0 \0 \0 \0 \0 \0 \0 \0 \0 \0 \0 \05\00\0 \0 \0\r\0
\0E\0x\0p\0e\0c\0t\0e\0d\0 \0F\0a\0i\0l\0:\0 \0 \0 \0 \0 \0 \00\0 \0 \0 \0\r\0
\0F\0a\0i\0l\0:\0 \0 \0 \0 \0 \0 \0 \0 \0 \0 \0 \0 \0 \0 \0 \01\0 \0 \0 \0\r\0
\0U\0n\0e\0x\0p\0e\0c\0t\0e\0d\0 \0P\0a\0s\0s\0:\0 \0 \0 \0 \00\0 \0 \0 \0\r\0
\0S\0k\0i\0p\0p\0e\0d\0:\0 \0 \0 \0 \0 \0 \0 \0 \0 \0 \0 \0 \04\01\0 \0 \0\r\0
\0T\0i\0m\0e\0o\0u\0t\0:\0 \0 \0 \0 \0 \0 \0 \0 \0 \0 \0 \0 \00\0 \0 \0 \0\r\0
\0\r\0
\0F\0u\0l\0l\0 \0l\0o\0g\0 \0w\0r\0i\0t\0t\0e\0n\0 \0t\0o\0 \0C\0:\0\\0U\0s\0e\0r\0s\0\\0b\0u\0i\0l\0d\0e\0r\0\\0j\0e\0n\0k\0i\0n\0s\0\\0w\0o\0r\0k\0s\0p\0a\0c\0e\0\\0G\0e\0n\0e\0r\0i\0c\0-\0V\0M\0-\0U\0n\0i\0t\0-\0T\0e\0s\0t\0-\0D\0P\0D\0K\0\\0d\0p\0d\0k\0\\0b\0u\0i\0l\0d\0\\0m\0e\0s\0o\0n\0-\0l\0o\0g\0s\0\\0t\0e\0s\0t\0l\0o\0g\0.\0t\0x\0t\0\r\0
\0
==== End log output ====
Ubuntu 20.04 ARM Clang Native
Kernel: 5.4.0-53-generic
Compiler: clang 10.0.0-4ubuntu1
Ubuntu 20.04 ARM GCC Native
Kernel: 5.4.0-53-generic
Compiler: gcc 9.3
Windows Server 2019
Kernel: 10.0
Compiler: clang 14.0 and gcc 8.1.0 (MinGW)
CentOS Stream 9
Kernel: 4.18.0-240.10.1.el8_3.x86_64
Compiler: gcc 11.3.1 20220421
Debian Buster
Kernel: 5.4.0-122-generic
Compiler: gcc 8.3.0-6
RHEL8
Kernel: 4.18.0-240.10.1.el8_3.x86_64
Compiler: gcc 8.3.1 20191121 (Red Hat 8.3.1-5)
RHEL 7
Kernel: 4.18.0-240.10.1.el8_3.x86_64
Compiler: gcc 4.8.5 20150623 (Red Hat 4.8.5-44)
To view detailed results, visit:
https://lab.dpdk.org/results/dashboard/patchsets/25306/
UNH-IOL DPDK Community Lab
To manage your email subscriptions, visit:
https://lab.dpdk.org/results/dashboard/preferences/subscriptions/
^ permalink raw reply [flat|nested] 13+ messages in thread
* |FAILURE| pw123506-123501 [PATCH] [v14, 6/6] test/memarea: support dump API test
@ 2023-02-10 11:37 dpdklab
0 siblings, 0 replies; 13+ messages in thread
From: dpdklab @ 2023-02-10 11:37 UTC (permalink / raw)
To: Test Report; +Cc: dpdklab, David Marchand, Thomas Monjalon, fengchengwen
[-- Attachment #1: Type: text/plain, Size: 4084 bytes --]
Test-Label: iol-testing
Test-Status: FAILURE
http://dpdk.org/patch/123501
_Testing issues_
Submitter: fengchengwen <fengchengwen@huawei.com>
Date: Thursday, February 09 2023 06:36:10
DPDK git baseline: Repo:dpdk
Branch: master
CommitID:a0c837ad1fb5b6a8b10a284ffeb5f9e31bd8ff00
123506-123501 --> testing fail
Test environment and result as below:
+-------------------------------+----------------+
| Environment | dpdk_unit_test |
+===============================+================+
| Ubuntu 20.04 ARM Clang Native | PASS |
+-------------------------------+----------------+
| Ubuntu 20.04 ARM GCC Native | PASS |
+-------------------------------+----------------+
| Windows Server 2019 | FAIL |
+-------------------------------+----------------+
| CentOS Stream 9 | PASS |
+-------------------------------+----------------+
| Debian Buster | PASS |
+-------------------------------+----------------+
| RHEL8 | PASS |
+-------------------------------+----------------+
==== 20 line log output for Windows Server 2019 (dpdk_unit_test): ====
\08\04\0/\09\02\0 \0D\0P\0D\0K\0:\0f\0a\0s\0t\0-\0t\0e\0s\0t\0s\0 \0/\0 \0p\0o\0w\0e\0r\0_\0a\0u\0t\0o\0t\0e\0s\0t\0 \0 \0 \0 \0 \0 \0 \0 \0 \0 \0 \0 \0 \0 \0 \0 \0 \0S\0K\0I\0P\0 \0 \0 \0 \0 \0 \0 \0 \0 \0 \0 \0 \0 \00\0.\01\02\0s\0 \0 \0 \0e\0x\0i\0t\0 \0s\0t\0a\0t\0u\0s\0 \07\07\0\r\0
\08\05\0/\09\02\0 \0D\0P\0D\0K\0:\0f\0a\0s\0t\0-\0t\0e\0s\0t\0s\0 \0/\0 \0p\0o\0w\0e\0r\0_\0k\0v\0m\0_\0v\0m\0_\0a\0u\0t\0o\0t\0e\0s\0t\0 \0 \0 \0 \0 \0 \0 \0 \0 \0 \0S\0K\0I\0P\0 \0 \0 \0 \0 \0 \0 \0 \0 \0 \0 \0 \0 \00\0.\02\02\0s\0 \0 \0 \0e\0x\0i\0t\0 \0s\0t\0a\0t\0u\0s\0 \07\07\0\r\0
\08\06\0/\09\02\0 \0D\0P\0D\0K\0:\0f\0a\0s\0t\0-\0t\0e\0s\0t\0s\0 \0/\0 \0p\0o\0w\0e\0r\0_\0i\0n\0t\0e\0l\0_\0u\0n\0c\0o\0r\0e\0_\0a\0u\0t\0o\0t\0e\0s\0t\0 \0 \0 \0 \0S\0K\0I\0P\0 \0 \0 \0 \0 \0 \0 \0 \0 \0 \0 \0 \0 \00\0.\01\02\0s\0 \0 \0 \0e\0x\0i\0t\0 \0s\0t\0a\0t\0u\0s\0 \07\07\0\r\0
\08\07\0/\09\02\0 \0D\0P\0D\0K\0:\0f\0a\0s\0t\0-\0t\0e\0s\0t\0s\0 \0/\0 \0r\0e\0o\0r\0d\0e\0r\0_\0a\0u\0t\0o\0t\0e\0s\0t\0 \0 \0 \0 \0 \0 \0 \0 \0 \0 \0 \0 \0 \0 \0 \0S\0K\0I\0P\0 \0 \0 \0 \0 \0 \0 \0 \0 \0 \0 \0 \0 \00\0.\01\02\0s\0 \0 \0 \0e\0x\0i\0t\0 \0s\0t\0a\0t\0u\0s\0 \07\07\0\r\0
\08\08\0/\09\02\0 \0D\0P\0D\0K\0:\0f\0a\0s\0t\0-\0t\0e\0s\0t\0s\0 \0/\0 \0s\0e\0r\0v\0i\0c\0e\0_\0a\0u\0t\0o\0t\0e\0s\0t\0 \0 \0 \0 \0 \0 \0 \0 \0 \0 \0 \0 \0 \0 \0 \0O\0K\0 \0 \0 \0 \0 \0 \0 \0 \0 \0 \0 \0 \0 \0 \0 \03\0.\07\04\0s\0\r\0
\08\09\0/\09\02\0 \0D\0P\0D\0K\0:\0f\0a\0s\0t\0-\0t\0e\0s\0t\0s\0 \0/\0 \0t\0h\0a\0s\0h\0_\0a\0u\0t\0o\0t\0e\0s\0t\0 \0 \0 \0 \0 \0 \0 \0 \0 \0 \0 \0 \0 \0 \0 \0 \0 \0O\0K\0 \0 \0 \0 \0 \0 \0 \0 \0 \0 \0 \0 \0 \0 \0 \00\0.\01\02\0s\0\r\0
\09\00\0/\09\02\0 \0D\0P\0D\0K\0:\0f\0a\0s\0t\0-\0t\0e\0s\0t\0s\0 \0/\0 \0t\0h\0r\0e\0a\0d\0s\0_\0a\0u\0t\0o\0t\0e\0s\0t\0 \0 \0 \0 \0 \0 \0 \0 \0 \0 \0 \0 \0 \0 \0 \0O\0K\0 \0 \0 \0 \0 \0 \0 \0 \0 \0 \0 \0 \0 \0 \0 \00\0.\08\02\0s\0\r\0
\09\01\0/\09\02\0 \0D\0P\0D\0K\0:\0f\0a\0s\0t\0-\0t\0e\0s\0t\0s\0 \0/\0 \0t\0r\0a\0c\0e\0_\0a\0u\0t\0o\0t\0e\0s\0t\0 \0 \0 \0 \0 \0 \0 \0 \0 \0 \0 \0 \0 \0 \0 \0 \0 \0S\0K\0I\0P\0 \0 \0 \0 \0 \0 \0 \0 \0 \0 \0 \0 \0 \00\0.\01\02\0s\0 \0 \0 \0e\0x\0i\0t\0 \0s\0t\0a\0t\0u\0s\0 \07\07\0\r\0
\09\02\0/\09\02\0 \0D\0P\0D\0K\0:\0f\0a\0s\0t\0-\0t\0e\0s\0t\0s\0 \0/\0 \0m\0e\0t\0r\0i\0c\0s\0_\0a\0u\0t\0o\0t\0e\0s\0t\0 \0 \0 \0 \0 \0 \0 \0 \0 \0 \0 \0 \0 \0 \0 \0O\0K\0 \0 \0 \0 \0 \0 \0 \0 \0 \0 \0 \0 \0 \0 \0 \00\0.\01\04\0s\0\r\0
\0\r\0
\0\r\0
\0O\0k\0:\0 \0 \0 \0 \0 \0 \0 \0 \0 \0 \0 \0 \0 \0 \0 \0 \0 \05\00\0 \0 \0\r\0
\0E\0x\0p\0e\0c\0t\0e\0d\0 \0F\0a\0i\0l\0:\0 \0 \0 \0 \0 \0 \00\0 \0 \0 \0\r\0
\0F\0a\0i\0l\0:\0 \0 \0 \0 \0 \0 \0 \0 \0 \0 \0 \0 \0 \0 \0 \01\0 \0 \0 \0\r\0
\0U\0n\0e\0x\0p\0e\0c\0t\0e\0d\0 \0P\0a\0s\0s\0:\0 \0 \0 \0 \00\0 \0 \0 \0\r\0
\0S\0k\0i\0p\0p\0e\0d\0:\0 \0 \0 \0 \0 \0 \0 \0 \0 \0 \0 \0 \04\01\0 \0 \0\r\0
\0T\0i\0m\0e\0o\0u\0t\0:\0 \0 \0 \0 \0 \0 \0 \0 \0 \0 \0 \0 \00\0 \0 \0 \0\r\0
\0\r\0
\0F\0u\0l\0l\0 \0l\0o\0g\0 \0w\0r\0i\0t\0t\0e\0n\0 \0t\0o\0 \0C\0:\0\\0U\0s\0e\0r\0s\0\\0b\0u\0i\0l\0d\0e\0r\0\\0j\0e\0n\0k\0i\0n\0s\0\\0w\0o\0r\0k\0s\0p\0a\0c\0e\0\\0G\0e\0n\0e\0r\0i\0c\0-\0V\0M\0-\0U\0n\0i\0t\0-\0T\0e\0s\0t\0-\0D\0P\0D\0K\0\\0d\0p\0d\0k\0\\0b\0u\0i\0l\0d\0\\0m\0e\0s\0o\0n\0-\0l\0o\0g\0s\0\\0t\0e\0s\0t\0l\0o\0g\0.\0t\0x\0t\0\r\0
\0
==== End log output ====
Ubuntu 20.04 ARM Clang Native
Kernel: 5.4.0-53-generic
Compiler: clang 10.0.0-4ubuntu1
Ubuntu 20.04 ARM GCC Native
Kernel: 5.4.0-53-generic
Compiler: gcc 9.3
Windows Server 2019
Kernel: 10.0
Compiler: clang 14.0 and gcc 8.1.0 (MinGW)
CentOS Stream 9
Kernel: 4.18.0-240.10.1.el8_3.x86_64
Compiler: gcc 11.3.1 20220421
Debian Buster
Kernel: 5.4.0-122-generic
Compiler: gcc 8.3.0-6
RHEL8
Kernel: 4.18.0-240.10.1.el8_3.x86_64
Compiler: gcc 8.3.1 20191121 (Red Hat 8.3.1-5)
To view detailed results, visit:
https://lab.dpdk.org/results/dashboard/patchsets/25306/
UNH-IOL DPDK Community Lab
To manage your email subscriptions, visit:
https://lab.dpdk.org/results/dashboard/preferences/subscriptions/
^ permalink raw reply [flat|nested] 13+ messages in thread
* |FAILURE| pw123506-123501 [PATCH] [v14, 6/6] test/memarea: support dump API test
@ 2023-02-10 11:15 dpdklab
0 siblings, 0 replies; 13+ messages in thread
From: dpdklab @ 2023-02-10 11:15 UTC (permalink / raw)
To: Test Report
Cc: fengchengwen, dpdklab, David Marchand, Thomas Monjalon, fengchengwen
[-- Attachment #1: Type: text/plain, Size: 3889 bytes --]
Test-Label: iol-testing
Test-Status: FAILURE
http://dpdk.org/patch/123501
_Testing issues_
Submitter: fengchengwen <fengchengwen@huawei.com>
Date: Thursday, February 09 2023 06:36:10
DPDK git baseline: Repo:dpdk
Branch: master
CommitID:a0c837ad1fb5b6a8b10a284ffeb5f9e31bd8ff00
123506-123501 --> testing fail
Test environment and result as below:
+-------------------------------+----------------+
| Environment | dpdk_unit_test |
+===============================+================+
| Ubuntu 20.04 ARM Clang Native | PASS |
+-------------------------------+----------------+
| Ubuntu 20.04 ARM GCC Native | PASS |
+-------------------------------+----------------+
| Windows Server 2019 | FAIL |
+-------------------------------+----------------+
| CentOS Stream 9 | PASS |
+-------------------------------+----------------+
| Debian Buster | PASS |
+-------------------------------+----------------+
==== 20 line log output for Windows Server 2019 (dpdk_unit_test): ====
\08\04\0/\09\02\0 \0D\0P\0D\0K\0:\0f\0a\0s\0t\0-\0t\0e\0s\0t\0s\0 \0/\0 \0p\0o\0w\0e\0r\0_\0a\0u\0t\0o\0t\0e\0s\0t\0 \0 \0 \0 \0 \0 \0 \0 \0 \0 \0 \0 \0 \0 \0 \0 \0 \0S\0K\0I\0P\0 \0 \0 \0 \0 \0 \0 \0 \0 \0 \0 \0 \0 \00\0.\01\02\0s\0 \0 \0 \0e\0x\0i\0t\0 \0s\0t\0a\0t\0u\0s\0 \07\07\0\r\0
\08\05\0/\09\02\0 \0D\0P\0D\0K\0:\0f\0a\0s\0t\0-\0t\0e\0s\0t\0s\0 \0/\0 \0p\0o\0w\0e\0r\0_\0k\0v\0m\0_\0v\0m\0_\0a\0u\0t\0o\0t\0e\0s\0t\0 \0 \0 \0 \0 \0 \0 \0 \0 \0 \0S\0K\0I\0P\0 \0 \0 \0 \0 \0 \0 \0 \0 \0 \0 \0 \0 \00\0.\02\02\0s\0 \0 \0 \0e\0x\0i\0t\0 \0s\0t\0a\0t\0u\0s\0 \07\07\0\r\0
\08\06\0/\09\02\0 \0D\0P\0D\0K\0:\0f\0a\0s\0t\0-\0t\0e\0s\0t\0s\0 \0/\0 \0p\0o\0w\0e\0r\0_\0i\0n\0t\0e\0l\0_\0u\0n\0c\0o\0r\0e\0_\0a\0u\0t\0o\0t\0e\0s\0t\0 \0 \0 \0 \0S\0K\0I\0P\0 \0 \0 \0 \0 \0 \0 \0 \0 \0 \0 \0 \0 \00\0.\01\02\0s\0 \0 \0 \0e\0x\0i\0t\0 \0s\0t\0a\0t\0u\0s\0 \07\07\0\r\0
\08\07\0/\09\02\0 \0D\0P\0D\0K\0:\0f\0a\0s\0t\0-\0t\0e\0s\0t\0s\0 \0/\0 \0r\0e\0o\0r\0d\0e\0r\0_\0a\0u\0t\0o\0t\0e\0s\0t\0 \0 \0 \0 \0 \0 \0 \0 \0 \0 \0 \0 \0 \0 \0 \0S\0K\0I\0P\0 \0 \0 \0 \0 \0 \0 \0 \0 \0 \0 \0 \0 \00\0.\01\02\0s\0 \0 \0 \0e\0x\0i\0t\0 \0s\0t\0a\0t\0u\0s\0 \07\07\0\r\0
\08\08\0/\09\02\0 \0D\0P\0D\0K\0:\0f\0a\0s\0t\0-\0t\0e\0s\0t\0s\0 \0/\0 \0s\0e\0r\0v\0i\0c\0e\0_\0a\0u\0t\0o\0t\0e\0s\0t\0 \0 \0 \0 \0 \0 \0 \0 \0 \0 \0 \0 \0 \0 \0 \0O\0K\0 \0 \0 \0 \0 \0 \0 \0 \0 \0 \0 \0 \0 \0 \0 \03\0.\07\04\0s\0\r\0
\08\09\0/\09\02\0 \0D\0P\0D\0K\0:\0f\0a\0s\0t\0-\0t\0e\0s\0t\0s\0 \0/\0 \0t\0h\0a\0s\0h\0_\0a\0u\0t\0o\0t\0e\0s\0t\0 \0 \0 \0 \0 \0 \0 \0 \0 \0 \0 \0 \0 \0 \0 \0 \0 \0O\0K\0 \0 \0 \0 \0 \0 \0 \0 \0 \0 \0 \0 \0 \0 \0 \00\0.\01\02\0s\0\r\0
\09\00\0/\09\02\0 \0D\0P\0D\0K\0:\0f\0a\0s\0t\0-\0t\0e\0s\0t\0s\0 \0/\0 \0t\0h\0r\0e\0a\0d\0s\0_\0a\0u\0t\0o\0t\0e\0s\0t\0 \0 \0 \0 \0 \0 \0 \0 \0 \0 \0 \0 \0 \0 \0 \0O\0K\0 \0 \0 \0 \0 \0 \0 \0 \0 \0 \0 \0 \0 \0 \0 \00\0.\08\02\0s\0\r\0
\09\01\0/\09\02\0 \0D\0P\0D\0K\0:\0f\0a\0s\0t\0-\0t\0e\0s\0t\0s\0 \0/\0 \0t\0r\0a\0c\0e\0_\0a\0u\0t\0o\0t\0e\0s\0t\0 \0 \0 \0 \0 \0 \0 \0 \0 \0 \0 \0 \0 \0 \0 \0 \0 \0S\0K\0I\0P\0 \0 \0 \0 \0 \0 \0 \0 \0 \0 \0 \0 \0 \00\0.\01\02\0s\0 \0 \0 \0e\0x\0i\0t\0 \0s\0t\0a\0t\0u\0s\0 \07\07\0\r\0
\09\02\0/\09\02\0 \0D\0P\0D\0K\0:\0f\0a\0s\0t\0-\0t\0e\0s\0t\0s\0 \0/\0 \0m\0e\0t\0r\0i\0c\0s\0_\0a\0u\0t\0o\0t\0e\0s\0t\0 \0 \0 \0 \0 \0 \0 \0 \0 \0 \0 \0 \0 \0 \0 \0O\0K\0 \0 \0 \0 \0 \0 \0 \0 \0 \0 \0 \0 \0 \0 \0 \00\0.\01\04\0s\0\r\0
\0\r\0
\0\r\0
\0O\0k\0:\0 \0 \0 \0 \0 \0 \0 \0 \0 \0 \0 \0 \0 \0 \0 \0 \0 \05\00\0 \0 \0\r\0
\0E\0x\0p\0e\0c\0t\0e\0d\0 \0F\0a\0i\0l\0:\0 \0 \0 \0 \0 \0 \00\0 \0 \0 \0\r\0
\0F\0a\0i\0l\0:\0 \0 \0 \0 \0 \0 \0 \0 \0 \0 \0 \0 \0 \0 \0 \01\0 \0 \0 \0\r\0
\0U\0n\0e\0x\0p\0e\0c\0t\0e\0d\0 \0P\0a\0s\0s\0:\0 \0 \0 \0 \00\0 \0 \0 \0\r\0
\0S\0k\0i\0p\0p\0e\0d\0:\0 \0 \0 \0 \0 \0 \0 \0 \0 \0 \0 \0 \04\01\0 \0 \0\r\0
\0T\0i\0m\0e\0o\0u\0t\0:\0 \0 \0 \0 \0 \0 \0 \0 \0 \0 \0 \0 \00\0 \0 \0 \0\r\0
\0\r\0
\0F\0u\0l\0l\0 \0l\0o\0g\0 \0w\0r\0i\0t\0t\0e\0n\0 \0t\0o\0 \0C\0:\0\\0U\0s\0e\0r\0s\0\\0b\0u\0i\0l\0d\0e\0r\0\\0j\0e\0n\0k\0i\0n\0s\0\\0w\0o\0r\0k\0s\0p\0a\0c\0e\0\\0G\0e\0n\0e\0r\0i\0c\0-\0V\0M\0-\0U\0n\0i\0t\0-\0T\0e\0s\0t\0-\0D\0P\0D\0K\0\\0d\0p\0d\0k\0\\0b\0u\0i\0l\0d\0\\0m\0e\0s\0o\0n\0-\0l\0o\0g\0s\0\\0t\0e\0s\0t\0l\0o\0g\0.\0t\0x\0t\0\r\0
\0
==== End log output ====
Ubuntu 20.04 ARM Clang Native
Kernel: 5.4.0-53-generic
Compiler: clang 10.0.0-4ubuntu1
Ubuntu 20.04 ARM GCC Native
Kernel: 5.4.0-53-generic
Compiler: gcc 9.3
Windows Server 2019
Kernel: 10.0
Compiler: clang 14.0 and gcc 8.1.0 (MinGW)
CentOS Stream 9
Kernel: 4.18.0-240.10.1.el8_3.x86_64
Compiler: gcc 11.3.1 20220421
Debian Buster
Kernel: 5.4.0-122-generic
Compiler: gcc 8.3.0-6
To view detailed results, visit:
https://lab.dpdk.org/results/dashboard/patchsets/25306/
UNH-IOL DPDK Community Lab
To manage your email subscriptions, visit:
https://lab.dpdk.org/results/dashboard/preferences/subscriptions/
^ permalink raw reply [flat|nested] 13+ messages in thread
* |FAILURE| pw123506-123501 [PATCH] [v14, 6/6] test/memarea: support dump API test
@ 2023-02-10 11:14 dpdklab
0 siblings, 0 replies; 13+ messages in thread
From: dpdklab @ 2023-02-10 11:14 UTC (permalink / raw)
To: Test Report; +Cc: dpdklab, David Marchand, Thomas Monjalon, fengchengwen
[-- Attachment #1: Type: text/plain, Size: 3722 bytes --]
Test-Label: iol-testing
Test-Status: FAILURE
http://dpdk.org/patch/123501
_Testing issues_
Submitter: fengchengwen <fengchengwen@huawei.com>
Date: Thursday, February 09 2023 06:36:10
DPDK git baseline: Repo:dpdk
Branch: master
CommitID:a0c837ad1fb5b6a8b10a284ffeb5f9e31bd8ff00
123506-123501 --> testing fail
Test environment and result as below:
+-------------------------------+----------------+
| Environment | dpdk_unit_test |
+===============================+================+
| Ubuntu 20.04 ARM Clang Native | PASS |
+-------------------------------+----------------+
| Ubuntu 20.04 ARM GCC Native | PASS |
+-------------------------------+----------------+
| Windows Server 2019 | FAIL |
+-------------------------------+----------------+
| CentOS Stream 9 | PASS |
+-------------------------------+----------------+
==== 20 line log output for Windows Server 2019 (dpdk_unit_test): ====
\08\04\0/\09\02\0 \0D\0P\0D\0K\0:\0f\0a\0s\0t\0-\0t\0e\0s\0t\0s\0 \0/\0 \0p\0o\0w\0e\0r\0_\0a\0u\0t\0o\0t\0e\0s\0t\0 \0 \0 \0 \0 \0 \0 \0 \0 \0 \0 \0 \0 \0 \0 \0 \0 \0S\0K\0I\0P\0 \0 \0 \0 \0 \0 \0 \0 \0 \0 \0 \0 \0 \00\0.\01\02\0s\0 \0 \0 \0e\0x\0i\0t\0 \0s\0t\0a\0t\0u\0s\0 \07\07\0\r\0
\08\05\0/\09\02\0 \0D\0P\0D\0K\0:\0f\0a\0s\0t\0-\0t\0e\0s\0t\0s\0 \0/\0 \0p\0o\0w\0e\0r\0_\0k\0v\0m\0_\0v\0m\0_\0a\0u\0t\0o\0t\0e\0s\0t\0 \0 \0 \0 \0 \0 \0 \0 \0 \0 \0S\0K\0I\0P\0 \0 \0 \0 \0 \0 \0 \0 \0 \0 \0 \0 \0 \00\0.\02\02\0s\0 \0 \0 \0e\0x\0i\0t\0 \0s\0t\0a\0t\0u\0s\0 \07\07\0\r\0
\08\06\0/\09\02\0 \0D\0P\0D\0K\0:\0f\0a\0s\0t\0-\0t\0e\0s\0t\0s\0 \0/\0 \0p\0o\0w\0e\0r\0_\0i\0n\0t\0e\0l\0_\0u\0n\0c\0o\0r\0e\0_\0a\0u\0t\0o\0t\0e\0s\0t\0 \0 \0 \0 \0S\0K\0I\0P\0 \0 \0 \0 \0 \0 \0 \0 \0 \0 \0 \0 \0 \00\0.\01\02\0s\0 \0 \0 \0e\0x\0i\0t\0 \0s\0t\0a\0t\0u\0s\0 \07\07\0\r\0
\08\07\0/\09\02\0 \0D\0P\0D\0K\0:\0f\0a\0s\0t\0-\0t\0e\0s\0t\0s\0 \0/\0 \0r\0e\0o\0r\0d\0e\0r\0_\0a\0u\0t\0o\0t\0e\0s\0t\0 \0 \0 \0 \0 \0 \0 \0 \0 \0 \0 \0 \0 \0 \0 \0S\0K\0I\0P\0 \0 \0 \0 \0 \0 \0 \0 \0 \0 \0 \0 \0 \00\0.\01\02\0s\0 \0 \0 \0e\0x\0i\0t\0 \0s\0t\0a\0t\0u\0s\0 \07\07\0\r\0
\08\08\0/\09\02\0 \0D\0P\0D\0K\0:\0f\0a\0s\0t\0-\0t\0e\0s\0t\0s\0 \0/\0 \0s\0e\0r\0v\0i\0c\0e\0_\0a\0u\0t\0o\0t\0e\0s\0t\0 \0 \0 \0 \0 \0 \0 \0 \0 \0 \0 \0 \0 \0 \0 \0O\0K\0 \0 \0 \0 \0 \0 \0 \0 \0 \0 \0 \0 \0 \0 \0 \03\0.\07\04\0s\0\r\0
\08\09\0/\09\02\0 \0D\0P\0D\0K\0:\0f\0a\0s\0t\0-\0t\0e\0s\0t\0s\0 \0/\0 \0t\0h\0a\0s\0h\0_\0a\0u\0t\0o\0t\0e\0s\0t\0 \0 \0 \0 \0 \0 \0 \0 \0 \0 \0 \0 \0 \0 \0 \0 \0 \0O\0K\0 \0 \0 \0 \0 \0 \0 \0 \0 \0 \0 \0 \0 \0 \0 \00\0.\01\02\0s\0\r\0
\09\00\0/\09\02\0 \0D\0P\0D\0K\0:\0f\0a\0s\0t\0-\0t\0e\0s\0t\0s\0 \0/\0 \0t\0h\0r\0e\0a\0d\0s\0_\0a\0u\0t\0o\0t\0e\0s\0t\0 \0 \0 \0 \0 \0 \0 \0 \0 \0 \0 \0 \0 \0 \0 \0O\0K\0 \0 \0 \0 \0 \0 \0 \0 \0 \0 \0 \0 \0 \0 \0 \00\0.\08\02\0s\0\r\0
\09\01\0/\09\02\0 \0D\0P\0D\0K\0:\0f\0a\0s\0t\0-\0t\0e\0s\0t\0s\0 \0/\0 \0t\0r\0a\0c\0e\0_\0a\0u\0t\0o\0t\0e\0s\0t\0 \0 \0 \0 \0 \0 \0 \0 \0 \0 \0 \0 \0 \0 \0 \0 \0 \0S\0K\0I\0P\0 \0 \0 \0 \0 \0 \0 \0 \0 \0 \0 \0 \0 \00\0.\01\02\0s\0 \0 \0 \0e\0x\0i\0t\0 \0s\0t\0a\0t\0u\0s\0 \07\07\0\r\0
\09\02\0/\09\02\0 \0D\0P\0D\0K\0:\0f\0a\0s\0t\0-\0t\0e\0s\0t\0s\0 \0/\0 \0m\0e\0t\0r\0i\0c\0s\0_\0a\0u\0t\0o\0t\0e\0s\0t\0 \0 \0 \0 \0 \0 \0 \0 \0 \0 \0 \0 \0 \0 \0 \0O\0K\0 \0 \0 \0 \0 \0 \0 \0 \0 \0 \0 \0 \0 \0 \0 \00\0.\01\04\0s\0\r\0
\0\r\0
\0\r\0
\0O\0k\0:\0 \0 \0 \0 \0 \0 \0 \0 \0 \0 \0 \0 \0 \0 \0 \0 \0 \05\00\0 \0 \0\r\0
\0E\0x\0p\0e\0c\0t\0e\0d\0 \0F\0a\0i\0l\0:\0 \0 \0 \0 \0 \0 \00\0 \0 \0 \0\r\0
\0F\0a\0i\0l\0:\0 \0 \0 \0 \0 \0 \0 \0 \0 \0 \0 \0 \0 \0 \0 \01\0 \0 \0 \0\r\0
\0U\0n\0e\0x\0p\0e\0c\0t\0e\0d\0 \0P\0a\0s\0s\0:\0 \0 \0 \0 \00\0 \0 \0 \0\r\0
\0S\0k\0i\0p\0p\0e\0d\0:\0 \0 \0 \0 \0 \0 \0 \0 \0 \0 \0 \0 \04\01\0 \0 \0\r\0
\0T\0i\0m\0e\0o\0u\0t\0:\0 \0 \0 \0 \0 \0 \0 \0 \0 \0 \0 \0 \00\0 \0 \0 \0\r\0
\0\r\0
\0F\0u\0l\0l\0 \0l\0o\0g\0 \0w\0r\0i\0t\0t\0e\0n\0 \0t\0o\0 \0C\0:\0\\0U\0s\0e\0r\0s\0\\0b\0u\0i\0l\0d\0e\0r\0\\0j\0e\0n\0k\0i\0n\0s\0\\0w\0o\0r\0k\0s\0p\0a\0c\0e\0\\0G\0e\0n\0e\0r\0i\0c\0-\0V\0M\0-\0U\0n\0i\0t\0-\0T\0e\0s\0t\0-\0D\0P\0D\0K\0\\0d\0p\0d\0k\0\\0b\0u\0i\0l\0d\0\\0m\0e\0s\0o\0n\0-\0l\0o\0g\0s\0\\0t\0e\0s\0t\0l\0o\0g\0.\0t\0x\0t\0\r\0
\0
==== End log output ====
Ubuntu 20.04 ARM Clang Native
Kernel: 5.4.0-53-generic
Compiler: clang 10.0.0-4ubuntu1
Ubuntu 20.04 ARM GCC Native
Kernel: 5.4.0-53-generic
Compiler: gcc 9.3
Windows Server 2019
Kernel: 10.0
Compiler: clang 14.0 and gcc 8.1.0 (MinGW)
CentOS Stream 9
Kernel: 4.18.0-240.10.1.el8_3.x86_64
Compiler: gcc 11.3.1 20220421
To view detailed results, visit:
https://lab.dpdk.org/results/dashboard/patchsets/25306/
UNH-IOL DPDK Community Lab
To manage your email subscriptions, visit:
https://lab.dpdk.org/results/dashboard/preferences/subscriptions/
^ permalink raw reply [flat|nested] 13+ messages in thread
end of thread, other threads:[~2023-02-10 12:17 UTC | newest]
Thread overview: 13+ messages (download: mbox.gz / follow: Atom feed)
-- links below jump to the message on this page --
2023-02-10 12:02 |FAILURE| pw123506-123501 [PATCH] [v14, 6/6] test/memarea: support dump API test dpdklab
-- strict thread matches above, loose matches on Subject: below --
2023-02-10 12:17 dpdklab
2023-02-10 12:17 dpdklab
2023-02-10 12:15 dpdklab
2023-02-10 12:14 dpdklab
2023-02-10 12:13 dpdklab
2023-02-10 12:07 dpdklab
2023-02-10 12:03 dpdklab
2023-02-10 12:02 dpdklab
2023-02-10 11:49 dpdklab
2023-02-10 11:37 dpdklab
2023-02-10 11:15 dpdklab
2023-02-10 11:14 dpdklab
This is a public inbox, see mirroring instructions
for how to clone and mirror all data and code used for this inbox;
as well as URLs for NNTP newsgroup(s).