* |FAILURE| pw123419-123423 [PATCH] [5/5] ipsec: fix usage of RTE_LOGTYPE_USER1
@ 2023-02-12 12:16 dpdklab
0 siblings, 0 replies; 23+ messages in thread
From: dpdklab @ 2023-02-12 12:16 UTC (permalink / raw)
To: Test Report
Cc: dpdk-test-reports, David Marchand, Thomas Monjalon, Stephen Hemminger
[-- Attachment #1: Type: text/plain, Size: 8846 bytes --]
Test-Label: iol-testing
Test-Status: FAILURE
http://dpdk.org/patch/123423
_Testing issues_
Submitter: Stephen Hemminger <stephen@networkplumber.org>
Date: Wednesday, February 08 2023 04:48:25
DPDK git baseline: Repo:dpdk
Branch: master
CommitID:a0c837ad1fb5b6a8b10a284ffeb5f9e31bd8ff00
123419-123423 --> testing fail
Test environment and result as below:
+----------------------------------------+----------------+--------------------+----------------------+
| Environment | dpdk_unit_test | dpdk_meson_compile | dpdk_mingw64_compile |
+========================================+================+====================+======================+
| Ubuntu 20.04 ARM Clang Native | FAIL | FAIL | SKIPPED |
+----------------------------------------+----------------+--------------------+----------------------+
| Ubuntu 20.04 ARM GCC Native | FAIL | FAIL | SKIPPED |
+----------------------------------------+----------------+--------------------+----------------------+
| Windows Server 2019 | PASS | PASS | PASS |
+----------------------------------------+----------------+--------------------+----------------------+
| CentOS Stream 9 | FAIL | FAIL | SKIPPED |
+----------------------------------------+----------------+--------------------+----------------------+
| CentOS Stream 8 | FAIL | FAIL | SKIPPED |
+----------------------------------------+----------------+--------------------+----------------------+
| Debian Bullseye | FAIL | FAIL | SKIPPED |
+----------------------------------------+----------------+--------------------+----------------------+
| Ubuntu 22.04 | FAIL | FAIL | SKIPPED |
+----------------------------------------+----------------+--------------------+----------------------+
| RHEL 7 | FAIL | FAIL | SKIPPED |
+----------------------------------------+----------------+--------------------+----------------------+
| Ubuntu 20.04 | FAIL | FAIL | SKIPPED |
+----------------------------------------+----------------+--------------------+----------------------+
| RHEL8 | FAIL | FAIL | SKIPPED |
+----------------------------------------+----------------+--------------------+----------------------+
| openSUSE Leap 15 | FAIL | FAIL | SKIPPED |
+----------------------------------------+----------------+--------------------+----------------------+
| Debian Buster | FAIL | FAIL | SKIPPED |
+----------------------------------------+----------------+--------------------+----------------------+
| FreeBSD 13 | SKIPPED | FAIL | SKIPPED |
+----------------------------------------+----------------+--------------------+----------------------+
| Ubuntu 20.04 ARM GCC Cross Compile | SKIPPED | FAIL | SKIPPED |
+----------------------------------------+----------------+--------------------+----------------------+
| Ubuntu 20.04 ARM Clang Cross Compile | SKIPPED | FAIL | SKIPPED |
+----------------------------------------+----------------+--------------------+----------------------+
| Ubuntu 20.04 aarch32 GCC Cross Compile | SKIPPED | FAIL | SKIPPED |
+----------------------------------------+----------------+--------------------+----------------------+
| Ubuntu 20.04 ARM SVE | SKIPPED | FAIL | SKIPPED |
+----------------------------------------+----------------+--------------------+----------------------+
==== 20 line log output for Ubuntu 20.04 ARM SVE (dpdk_meson_compile): ====
[244/634] Compiling C object 'lib/76b5a35@@rte_eventdev@sta/eventdev_rte_event_timer_adapter.c.o'.
[245/634] Compiling C object 'lib/76b5a35@@rte_eventdev@sta/eventdev_rte_eventdev.c.o'.
[246/634] Linking static target lib/librte_eventdev.a.
[247/634] Generating eventdev.sym_chk with a meson_exe.py custom command.
[248/634] Compiling C object 'lib/76b5a35@@rte_ip_frag@sta/ip_frag_rte_ipv6_fragmentation.c.o'.
[249/634] Compiling C object 'lib/76b5a35@@rte_ip_frag@sta/ip_frag_rte_ipv4_fragmentation.c.o'.
[250/634] Compiling C object 'lib/76b5a35@@rte_ip_frag@sta/ip_frag_rte_ipv4_reassembly.c.o'.
[251/634] Linking target lib/librte_eventdev.so.23.1.
[252/634] Generating symbol file 'lib/76b5a35@@rte_eventdev@sha/librte_eventdev.so.23.1.symbols'.
[253/634] Compiling C object 'lib/76b5a35@@rte_ip_frag@sta/ip_frag_rte_ipv6_reassembly.c.o'.
[254/634] Compiling C object 'lib/76b5a35@@rte_ip_frag@sta/ip_frag_rte_ip_frag_common.c.o'.
[255/634] Compiling C object 'lib/76b5a35@@rte_ip_frag@sta/ip_frag_ip_frag_internal.c.o'.
FAILED: lib/76b5a35@@rte_ip_frag@sta/ip_frag_ip_frag_internal.c.o
gcc-10 -Ilib/76b5a35@@rte_ip_frag@sta -Ilib -I../lib -Ilib/ip_frag -I../lib/ip_frag -I. -I../ -Iconfig -I../config -Ilib/eal/include -I../lib/eal/include -Ilib/eal/linux/include -I../lib/eal/linux/include -Ilib/eal/arm/include -I../lib/eal/arm/include -Ilib/eal/common -I../lib/eal/common -Ilib/eal -I../lib/eal -Ilib/kvargs -I../lib/kvargs -I../lib/telemetry/../metrics -Ilib/telemetry -I../lib/telemetry -Ilib/ethdev -I../lib/ethdev -Ilib/net -I../lib/net -Ilib/mbuf -I../lib/mbuf -Ilib/mempool -I../lib/mempool -Ilib/ring -I../lib/ring -Ilib/meter -I../lib/meter -Ilib/hash -I../lib/hash -Ilib/rcu -I../lib/rcu -fdiagnostics-color=always -pipe -D_FILE_OFFSET_BITS=64 -Wall -Winvalid-pch -Wextra -Werror -O3 -include rte_config.h -Wcast-qual -Wdeprecated -Wformat -Wformat-nonliteral -Wformat-security -Wmissing-declarations -Wmissing-prototypes -Wnested-externs -Wold-style-definition -Wpointer-arith -Wsign-compare -Wstrict-prototypes -Wundef -Wwrite-strings -Wno-address-of-packed-member -Wno-packed-not-aligned -Wno-missing-field-initializers -Wno-zero-length-bounds -D_GNU_SOURCE -fPIC -march=armv8.2-a+crypto+sve -DALLOW_EXPERIMENTAL_API -DALLOW_INTERNAL_API -Wno-format-truncation -DRTE_LOG_DEFAULT_LOGTYPE=lib.ip_frag -MD -MQ 'lib/76b5a35@@rte_ip_frag@sta/ip_frag_ip_frag_internal.c.o' -MF 'lib/76b5a35@@rte_ip_frag@sta/ip_frag_ip_frag_internal.c.o.d' -o 'lib/76b5a35@@rte_ip_frag@sta/ip_frag_ip_frag_internal.c.o' -c ../lib/ip_frag/ip_frag_internal.c
../lib/ip_frag/ip_frag_internal.c: In function 'ip_frag_process':
../lib/ip_frag/ip_frag_internal.c:185:9: error: missing terminating " character [-Werror]
185 | "last fragment: ofs: %u, len: %u\n,
| ^
cc1: all warnings being treated as errors
ninja: build stopped: subcommand failed.
==== End log output ====
Ubuntu 20.04 ARM Clang Native
Kernel: 5.4.0-53-generic
Compiler: clang 10.0.0-4ubuntu1
Ubuntu 20.04 ARM GCC Native
Kernel: 5.4.0-53-generic
Compiler: gcc 9.3
Windows Server 2019
Kernel: 10.0
Compiler: clang 14.0 and gcc 8.1.0 (MinGW)
CentOS Stream 9
Kernel: 4.18.0-240.10.1.el8_3.x86_64
Compiler: gcc 11.3.1 20220421
CentOS Stream 8
Kernel: 4.18.0-240.10.1.el8_3.x86_64
Compiler: gcc 8.4.1 20200928
Debian Bullseye
Kernel: 5.4.0-122-generic
Compiler: gcc 10.2.1-6
Ubuntu 22.04
Kernel: Container Host Kernel
Compiler: gcc 12.2.1-2
RHEL 7
Kernel: 4.18.0-240.10.1.el8_3.x86_64
Compiler: gcc 4.8.5 20150623 (Red Hat 4.8.5-44)
Ubuntu 20.04
Kernel: 4.18.0-240.10.1.el8_3.x86_64
Compiler: gcc 9.3.0-17ubuntu1~20.04
RHEL8
Kernel: 4.18.0-240.10.1.el8_3.x86_64
Compiler: gcc 8.3.1 20191121 (Red Hat 8.3.1-5)
openSUSE Leap 15
Kernel: 4.18.0-240.10.1.el8_3.x86_64
Compiler: gcc 7.5.0
Debian Buster
Kernel: 5.4.0-122-generic
Compiler: gcc 8.3.0-6
FreeBSD 13
Kernel: 13.0
Compiler: clang 11.0.1
Ubuntu 20.04 ARM GCC Cross Compile
Kernel: 5.4.0-72-generic
Compiler: aarch64-linux-gnu-gcc (Ubuntu 9.3.0-17ubuntu1~20.04) 9.3.0
Ubuntu 20.04 ARM Clang Cross Compile
Kernel: 5.4.0-72-generic
Compiler: clang version 10.0.0-4ubuntu1
Ubuntu 20.04 aarch32 GCC Cross Compile
Kernel: 5.4.0-72-generic
Compiler: gcc 9.3.0
Ubuntu 20.04 ARM SVE
Kernel: 5.4.0-80-generic
Compiler: gcc 10.3.0 (Ubuntu 10.3.0-1ubuntu1~20.04)
To view detailed results, visit:
https://lab.dpdk.org/results/dashboard/patchsets/25284/
UNH-IOL DPDK Community Lab
To manage your email subscriptions, visit:
https://lab.dpdk.org/results/dashboard/preferences/subscriptions/
^ permalink raw reply [flat|nested] 23+ messages in thread
* |FAILURE| pw123419-123423 [PATCH] [5/5] ipsec: fix usage of RTE_LOGTYPE_USER1
@ 2023-02-12 12:17 dpdklab
0 siblings, 0 replies; 23+ messages in thread
From: dpdklab @ 2023-02-12 12:17 UTC (permalink / raw)
To: Test Report
Cc: Stephen Hemminger, dpdklab, David Marchand, Thomas Monjalon,
Stephen Hemminger
[-- Attachment #1: Type: text/plain, Size: 5215 bytes --]
Test-Label: iol-x86_64-unit-testing
Test-Status: FAILURE
http://dpdk.org/patch/123423
_Testing issues_
Submitter: Stephen Hemminger <stephen@networkplumber.org>
Date: Wednesday, February 08 2023 04:48:25
DPDK git baseline: Repo:dpdk
Branch: master
CommitID:a0c837ad1fb5b6a8b10a284ffeb5f9e31bd8ff00
123419-123423 --> testing fail
Test environment and result as below:
+---------------------+----------------+
| Environment | dpdk_unit_test |
+=====================+================+
| Windows Server 2019 | PASS |
+---------------------+----------------+
| CentOS Stream 9 | FAIL |
+---------------------+----------------+
| CentOS Stream 8 | FAIL |
+---------------------+----------------+
| Debian Bullseye | FAIL |
+---------------------+----------------+
| Ubuntu 22.04 | FAIL |
+---------------------+----------------+
| RHEL 7 | FAIL |
+---------------------+----------------+
| Ubuntu 20.04 | FAIL |
+---------------------+----------------+
| RHEL8 | FAIL |
+---------------------+----------------+
| openSUSE Leap 15 | FAIL |
+---------------------+----------------+
| Debian Buster | FAIL |
+---------------------+----------------+
==== 20 line log output for Debian Buster (dpdk_unit_test): ====
[284/3125] Linking static target lib/librte_gso.a.
[285/3125] Compiling C object 'lib/76b5a35@@rte_ip_frag@sta/ip_frag_rte_ipv6_fragmentation.c.o'.
[286/3125] Compiling C object 'lib/76b5a35@@rte_ip_frag@sta/ip_frag_rte_ipv4_fragmentation.c.o'.
[287/3125] Generating gso.sym_chk with a meson_exe.py custom command.
[288/3125] Linking target lib/librte_gso.so.23.1.
[289/3125] Compiling C object 'lib/76b5a35@@rte_ip_frag@sta/ip_frag_rte_ipv4_reassembly.c.o'.
[290/3125] Generating symbol file 'lib/76b5a35@@rte_gso@sha/librte_gso.so.23.1.symbols'.
[291/3125] Compiling C object 'lib/76b5a35@@rte_ip_frag@sta/ip_frag_rte_ipv6_reassembly.c.o'.
[292/3125] Compiling C object 'lib/76b5a35@@rte_ip_frag@sta/ip_frag_ip_frag_internal.c.o'.
FAILED: lib/76b5a35@@rte_ip_frag@sta/ip_frag_ip_frag_internal.c.o
ccache cc -Ilib/76b5a35@@rte_ip_frag@sta -Ilib -I../lib -Ilib/ip_frag -I../lib/ip_frag -I. -I../ -Iconfig -I../config -Ilib/eal/include -I../lib/eal/include -Ilib/eal/linux/include -I../lib/eal/linux/include -Ilib/eal/x86/include -I../lib/eal/x86/include -Ilib/eal/common -I../lib/eal/common -Ilib/eal -I../lib/eal -Ilib/kvargs -I../lib/kvargs -Ilib/telemetry/../metrics -I../lib/telemetry/../metrics -Ilib/telemetry -I../lib/telemetry -Ilib/ethdev -I../lib/ethdev -Ilib/net -I../lib/net -Ilib/mbuf -I../lib/mbuf -Ilib/mempool -I../lib/mempool -Ilib/ring -I../lib/ring -Ilib/meter -I../lib/meter -Ilib/hash -I../lib/hash -Ilib/rcu -I../lib/rcu -fdiagnostics-color=always -pipe -D_FILE_OFFSET_BITS=64 -Wall -Winvalid-pch -Wextra -Werror -O3 -include rte_config.h -Wcast-qual -Wdeprecated -Wformat -Wformat-nonliteral -Wformat-security -Wmissing-declarations -Wmissing-prototypes -Wnested-externs -Wold-style-definition -Wpointer-arith -Wsign-compare -Wstrict-prototypes -Wundef -Wwrite-strings -Wno-packed-not-aligned -Wno-missing-field-initializers -D_GNU_SOURCE -fPIC -march=native -DALLOW_EXPERIMENTAL_API -DALLOW_INTERNAL_API -Wno-format-truncation -DRTE_LOG_DEFAULT_LOGTYPE=lib.ip_frag -MD -MQ 'lib/76b5a35@@rte_ip_frag@sta/ip_frag_ip_frag_internal.c.o' -MF 'lib/76b5a35@@rte_ip_frag@sta/ip_frag_ip_frag_internal.c.o.d' -o 'lib/76b5a35@@rte_ip_frag@sta/ip_frag_ip_frag_internal.c.o' -c ../lib/ip_frag/ip_frag_internal.c
../lib/ip_frag/ip_frag_internal.c: In function 'ip_frag_process':
../lib/ip_frag/ip_frag_internal.c:185:9: error: missing terminating " character [-Werror]
"last fragment: ofs: %u, len: %u\n,
^
cc1: all warnings being treated as errors
[293/3125] Compiling C object 'lib/76b5a35@@rte_ip_frag@sta/ip_frag_rte_ip_frag_common.c.o'.
[294/3125] Compiling C object 'lib/76b5a35@@rte_latencystats@sta/latencystats_rte_latencystats.c.o'.
[295/3125] Generating eventdev.sym_chk with a meson_exe.py custom command.
ninja: build stopped: subcommand failed.
==== End log output ====
Windows Server 2019
Kernel: 10.0
Compiler: clang 14.0 and gcc 8.1.0 (MinGW)
CentOS Stream 9
Kernel: 4.18.0-240.10.1.el8_3.x86_64
Compiler: gcc 11.3.1 20220421
CentOS Stream 8
Kernel: 4.18.0-240.10.1.el8_3.x86_64
Compiler: gcc 8.4.1 20200928
Debian Bullseye
Kernel: 5.4.0-122-generic
Compiler: gcc 10.2.1-6
Ubuntu 22.04
Kernel: Container Host Kernel
Compiler: gcc 12.2.1-2
RHEL 7
Kernel: 4.18.0-240.10.1.el8_3.x86_64
Compiler: gcc 4.8.5 20150623 (Red Hat 4.8.5-44)
Ubuntu 20.04
Kernel: 4.18.0-240.10.1.el8_3.x86_64
Compiler: gcc 9.3.0-17ubuntu1~20.04
RHEL8
Kernel: 4.18.0-240.10.1.el8_3.x86_64
Compiler: gcc 8.3.1 20191121 (Red Hat 8.3.1-5)
openSUSE Leap 15
Kernel: 4.18.0-240.10.1.el8_3.x86_64
Compiler: gcc 7.5.0
Debian Buster
Kernel: 5.4.0-122-generic
Compiler: gcc 8.3.0-6
To view detailed results, visit:
https://lab.dpdk.org/results/dashboard/patchsets/25284/
UNH-IOL DPDK Community Lab
To manage your email subscriptions, visit:
https://lab.dpdk.org/results/dashboard/preferences/subscriptions/
^ permalink raw reply [flat|nested] 23+ messages in thread
* |FAILURE| pw123419-123423 [PATCH] [5/5] ipsec: fix usage of RTE_LOGTYPE_USER1
@ 2023-02-12 12:15 dpdklab
0 siblings, 0 replies; 23+ messages in thread
From: dpdklab @ 2023-02-12 12:15 UTC (permalink / raw)
To: Test Report
Cc: dpdk-test-reports, David Marchand, Thomas Monjalon, Stephen Hemminger
[-- Attachment #1: Type: text/plain, Size: 8846 bytes --]
Test-Label: iol-testing
Test-Status: FAILURE
http://dpdk.org/patch/123423
_Testing issues_
Submitter: Stephen Hemminger <stephen@networkplumber.org>
Date: Wednesday, February 08 2023 04:48:25
DPDK git baseline: Repo:dpdk
Branch: master
CommitID:a0c837ad1fb5b6a8b10a284ffeb5f9e31bd8ff00
123419-123423 --> testing fail
Test environment and result as below:
+----------------------------------------+----------------+--------------------+----------------------+
| Environment | dpdk_unit_test | dpdk_meson_compile | dpdk_mingw64_compile |
+========================================+================+====================+======================+
| Ubuntu 20.04 ARM Clang Native | FAIL | FAIL | SKIPPED |
+----------------------------------------+----------------+--------------------+----------------------+
| Ubuntu 20.04 ARM GCC Native | FAIL | FAIL | SKIPPED |
+----------------------------------------+----------------+--------------------+----------------------+
| Windows Server 2019 | PASS | PASS | PASS |
+----------------------------------------+----------------+--------------------+----------------------+
| CentOS Stream 9 | FAIL | FAIL | SKIPPED |
+----------------------------------------+----------------+--------------------+----------------------+
| CentOS Stream 8 | FAIL | FAIL | SKIPPED |
+----------------------------------------+----------------+--------------------+----------------------+
| Debian Bullseye | FAIL | FAIL | SKIPPED |
+----------------------------------------+----------------+--------------------+----------------------+
| Ubuntu 22.04 | FAIL | FAIL | SKIPPED |
+----------------------------------------+----------------+--------------------+----------------------+
| RHEL 7 | FAIL | FAIL | SKIPPED |
+----------------------------------------+----------------+--------------------+----------------------+
| Ubuntu 20.04 | FAIL | FAIL | SKIPPED |
+----------------------------------------+----------------+--------------------+----------------------+
| RHEL8 | FAIL | FAIL | SKIPPED |
+----------------------------------------+----------------+--------------------+----------------------+
| openSUSE Leap 15 | FAIL | FAIL | SKIPPED |
+----------------------------------------+----------------+--------------------+----------------------+
| Debian Buster | FAIL | FAIL | SKIPPED |
+----------------------------------------+----------------+--------------------+----------------------+
| FreeBSD 13 | SKIPPED | FAIL | SKIPPED |
+----------------------------------------+----------------+--------------------+----------------------+
| Ubuntu 20.04 ARM GCC Cross Compile | SKIPPED | FAIL | SKIPPED |
+----------------------------------------+----------------+--------------------+----------------------+
| Ubuntu 20.04 ARM Clang Cross Compile | SKIPPED | FAIL | SKIPPED |
+----------------------------------------+----------------+--------------------+----------------------+
| Ubuntu 20.04 aarch32 GCC Cross Compile | SKIPPED | FAIL | SKIPPED |
+----------------------------------------+----------------+--------------------+----------------------+
| Ubuntu 20.04 ARM SVE | SKIPPED | FAIL | SKIPPED |
+----------------------------------------+----------------+--------------------+----------------------+
==== 20 line log output for Ubuntu 20.04 ARM SVE (dpdk_meson_compile): ====
[244/634] Compiling C object 'lib/76b5a35@@rte_eventdev@sta/eventdev_rte_event_timer_adapter.c.o'.
[245/634] Compiling C object 'lib/76b5a35@@rte_eventdev@sta/eventdev_rte_eventdev.c.o'.
[246/634] Linking static target lib/librte_eventdev.a.
[247/634] Generating eventdev.sym_chk with a meson_exe.py custom command.
[248/634] Compiling C object 'lib/76b5a35@@rte_ip_frag@sta/ip_frag_rte_ipv6_fragmentation.c.o'.
[249/634] Compiling C object 'lib/76b5a35@@rte_ip_frag@sta/ip_frag_rte_ipv4_fragmentation.c.o'.
[250/634] Compiling C object 'lib/76b5a35@@rte_ip_frag@sta/ip_frag_rte_ipv4_reassembly.c.o'.
[251/634] Linking target lib/librte_eventdev.so.23.1.
[252/634] Generating symbol file 'lib/76b5a35@@rte_eventdev@sha/librte_eventdev.so.23.1.symbols'.
[253/634] Compiling C object 'lib/76b5a35@@rte_ip_frag@sta/ip_frag_rte_ipv6_reassembly.c.o'.
[254/634] Compiling C object 'lib/76b5a35@@rte_ip_frag@sta/ip_frag_rte_ip_frag_common.c.o'.
[255/634] Compiling C object 'lib/76b5a35@@rte_ip_frag@sta/ip_frag_ip_frag_internal.c.o'.
FAILED: lib/76b5a35@@rte_ip_frag@sta/ip_frag_ip_frag_internal.c.o
gcc-10 -Ilib/76b5a35@@rte_ip_frag@sta -Ilib -I../lib -Ilib/ip_frag -I../lib/ip_frag -I. -I../ -Iconfig -I../config -Ilib/eal/include -I../lib/eal/include -Ilib/eal/linux/include -I../lib/eal/linux/include -Ilib/eal/arm/include -I../lib/eal/arm/include -Ilib/eal/common -I../lib/eal/common -Ilib/eal -I../lib/eal -Ilib/kvargs -I../lib/kvargs -I../lib/telemetry/../metrics -Ilib/telemetry -I../lib/telemetry -Ilib/ethdev -I../lib/ethdev -Ilib/net -I../lib/net -Ilib/mbuf -I../lib/mbuf -Ilib/mempool -I../lib/mempool -Ilib/ring -I../lib/ring -Ilib/meter -I../lib/meter -Ilib/hash -I../lib/hash -Ilib/rcu -I../lib/rcu -fdiagnostics-color=always -pipe -D_FILE_OFFSET_BITS=64 -Wall -Winvalid-pch -Wextra -Werror -O3 -include rte_config.h -Wcast-qual -Wdeprecated -Wformat -Wformat-nonliteral -Wformat-security -Wmissing-declarations -Wmissing-prototypes -Wnested-externs -Wold-style-definition -Wpointer-arith -Wsign-compare -Wstrict-prototypes -Wundef -Wwrite-strings -Wno-address-of-packed-member -Wno-packed-not-aligned -Wno-missing-field-initializers -Wno-zero-length-bounds -D_GNU_SOURCE -fPIC -march=armv8.2-a+crypto+sve -DALLOW_EXPERIMENTAL_API -DALLOW_INTERNAL_API -Wno-format-truncation -DRTE_LOG_DEFAULT_LOGTYPE=lib.ip_frag -MD -MQ 'lib/76b5a35@@rte_ip_frag@sta/ip_frag_ip_frag_internal.c.o' -MF 'lib/76b5a35@@rte_ip_frag@sta/ip_frag_ip_frag_internal.c.o.d' -o 'lib/76b5a35@@rte_ip_frag@sta/ip_frag_ip_frag_internal.c.o' -c ../lib/ip_frag/ip_frag_internal.c
../lib/ip_frag/ip_frag_internal.c: In function 'ip_frag_process':
../lib/ip_frag/ip_frag_internal.c:185:9: error: missing terminating " character [-Werror]
185 | "last fragment: ofs: %u, len: %u\n,
| ^
cc1: all warnings being treated as errors
ninja: build stopped: subcommand failed.
==== End log output ====
Ubuntu 20.04 ARM Clang Native
Kernel: 5.4.0-53-generic
Compiler: clang 10.0.0-4ubuntu1
Ubuntu 20.04 ARM GCC Native
Kernel: 5.4.0-53-generic
Compiler: gcc 9.3
Windows Server 2019
Kernel: 10.0
Compiler: clang 14.0 and gcc 8.1.0 (MinGW)
CentOS Stream 9
Kernel: 4.18.0-240.10.1.el8_3.x86_64
Compiler: gcc 11.3.1 20220421
CentOS Stream 8
Kernel: 4.18.0-240.10.1.el8_3.x86_64
Compiler: gcc 8.4.1 20200928
Debian Bullseye
Kernel: 5.4.0-122-generic
Compiler: gcc 10.2.1-6
Ubuntu 22.04
Kernel: Container Host Kernel
Compiler: gcc 12.2.1-2
RHEL 7
Kernel: 4.18.0-240.10.1.el8_3.x86_64
Compiler: gcc 4.8.5 20150623 (Red Hat 4.8.5-44)
Ubuntu 20.04
Kernel: 4.18.0-240.10.1.el8_3.x86_64
Compiler: gcc 9.3.0-17ubuntu1~20.04
RHEL8
Kernel: 4.18.0-240.10.1.el8_3.x86_64
Compiler: gcc 8.3.1 20191121 (Red Hat 8.3.1-5)
openSUSE Leap 15
Kernel: 4.18.0-240.10.1.el8_3.x86_64
Compiler: gcc 7.5.0
Debian Buster
Kernel: 5.4.0-122-generic
Compiler: gcc 8.3.0-6
FreeBSD 13
Kernel: 13.0
Compiler: clang 11.0.1
Ubuntu 20.04 ARM GCC Cross Compile
Kernel: 5.4.0-72-generic
Compiler: aarch64-linux-gnu-gcc (Ubuntu 9.3.0-17ubuntu1~20.04) 9.3.0
Ubuntu 20.04 ARM Clang Cross Compile
Kernel: 5.4.0-72-generic
Compiler: clang version 10.0.0-4ubuntu1
Ubuntu 20.04 aarch32 GCC Cross Compile
Kernel: 5.4.0-72-generic
Compiler: gcc 9.3.0
Ubuntu 20.04 ARM SVE
Kernel: 5.4.0-80-generic
Compiler: gcc 10.3.0 (Ubuntu 10.3.0-1ubuntu1~20.04)
To view detailed results, visit:
https://lab.dpdk.org/results/dashboard/patchsets/25284/
UNH-IOL DPDK Community Lab
To manage your email subscriptions, visit:
https://lab.dpdk.org/results/dashboard/preferences/subscriptions/
^ permalink raw reply [flat|nested] 23+ messages in thread
* |FAILURE| pw123419-123423 [PATCH] [5/5] ipsec: fix usage of RTE_LOGTYPE_USER1
@ 2023-02-12 12:14 dpdklab
0 siblings, 0 replies; 23+ messages in thread
From: dpdklab @ 2023-02-12 12:14 UTC (permalink / raw)
To: Test Report
Cc: dpdk-test-reports, David Marchand, Thomas Monjalon, Stephen Hemminger
[-- Attachment #1: Type: text/plain, Size: 8846 bytes --]
Test-Label: iol-testing
Test-Status: FAILURE
http://dpdk.org/patch/123423
_Testing issues_
Submitter: Stephen Hemminger <stephen@networkplumber.org>
Date: Wednesday, February 08 2023 04:48:25
DPDK git baseline: Repo:dpdk
Branch: master
CommitID:a0c837ad1fb5b6a8b10a284ffeb5f9e31bd8ff00
123419-123423 --> testing fail
Test environment and result as below:
+----------------------------------------+----------------+--------------------+----------------------+
| Environment | dpdk_unit_test | dpdk_meson_compile | dpdk_mingw64_compile |
+========================================+================+====================+======================+
| Ubuntu 20.04 ARM Clang Native | FAIL | FAIL | SKIPPED |
+----------------------------------------+----------------+--------------------+----------------------+
| Ubuntu 20.04 ARM GCC Native | FAIL | FAIL | SKIPPED |
+----------------------------------------+----------------+--------------------+----------------------+
| Windows Server 2019 | PASS | PASS | PASS |
+----------------------------------------+----------------+--------------------+----------------------+
| CentOS Stream 9 | FAIL | FAIL | SKIPPED |
+----------------------------------------+----------------+--------------------+----------------------+
| CentOS Stream 8 | FAIL | FAIL | SKIPPED |
+----------------------------------------+----------------+--------------------+----------------------+
| Debian Bullseye | FAIL | FAIL | SKIPPED |
+----------------------------------------+----------------+--------------------+----------------------+
| Ubuntu 22.04 | FAIL | FAIL | SKIPPED |
+----------------------------------------+----------------+--------------------+----------------------+
| RHEL 7 | FAIL | FAIL | SKIPPED |
+----------------------------------------+----------------+--------------------+----------------------+
| Ubuntu 20.04 | FAIL | FAIL | SKIPPED |
+----------------------------------------+----------------+--------------------+----------------------+
| RHEL8 | FAIL | FAIL | SKIPPED |
+----------------------------------------+----------------+--------------------+----------------------+
| openSUSE Leap 15 | FAIL | FAIL | SKIPPED |
+----------------------------------------+----------------+--------------------+----------------------+
| Debian Buster | FAIL | FAIL | SKIPPED |
+----------------------------------------+----------------+--------------------+----------------------+
| FreeBSD 13 | SKIPPED | FAIL | SKIPPED |
+----------------------------------------+----------------+--------------------+----------------------+
| Ubuntu 20.04 ARM GCC Cross Compile | SKIPPED | FAIL | SKIPPED |
+----------------------------------------+----------------+--------------------+----------------------+
| Ubuntu 20.04 ARM Clang Cross Compile | SKIPPED | FAIL | SKIPPED |
+----------------------------------------+----------------+--------------------+----------------------+
| Ubuntu 20.04 aarch32 GCC Cross Compile | SKIPPED | FAIL | SKIPPED |
+----------------------------------------+----------------+--------------------+----------------------+
| Ubuntu 20.04 ARM SVE | SKIPPED | FAIL | SKIPPED |
+----------------------------------------+----------------+--------------------+----------------------+
==== 20 line log output for Ubuntu 20.04 ARM SVE (dpdk_meson_compile): ====
[244/634] Compiling C object 'lib/76b5a35@@rte_eventdev@sta/eventdev_rte_event_timer_adapter.c.o'.
[245/634] Compiling C object 'lib/76b5a35@@rte_eventdev@sta/eventdev_rte_eventdev.c.o'.
[246/634] Linking static target lib/librte_eventdev.a.
[247/634] Generating eventdev.sym_chk with a meson_exe.py custom command.
[248/634] Compiling C object 'lib/76b5a35@@rte_ip_frag@sta/ip_frag_rte_ipv6_fragmentation.c.o'.
[249/634] Compiling C object 'lib/76b5a35@@rte_ip_frag@sta/ip_frag_rte_ipv4_fragmentation.c.o'.
[250/634] Compiling C object 'lib/76b5a35@@rte_ip_frag@sta/ip_frag_rte_ipv4_reassembly.c.o'.
[251/634] Linking target lib/librte_eventdev.so.23.1.
[252/634] Generating symbol file 'lib/76b5a35@@rte_eventdev@sha/librte_eventdev.so.23.1.symbols'.
[253/634] Compiling C object 'lib/76b5a35@@rte_ip_frag@sta/ip_frag_rte_ipv6_reassembly.c.o'.
[254/634] Compiling C object 'lib/76b5a35@@rte_ip_frag@sta/ip_frag_rte_ip_frag_common.c.o'.
[255/634] Compiling C object 'lib/76b5a35@@rte_ip_frag@sta/ip_frag_ip_frag_internal.c.o'.
FAILED: lib/76b5a35@@rte_ip_frag@sta/ip_frag_ip_frag_internal.c.o
gcc-10 -Ilib/76b5a35@@rte_ip_frag@sta -Ilib -I../lib -Ilib/ip_frag -I../lib/ip_frag -I. -I../ -Iconfig -I../config -Ilib/eal/include -I../lib/eal/include -Ilib/eal/linux/include -I../lib/eal/linux/include -Ilib/eal/arm/include -I../lib/eal/arm/include -Ilib/eal/common -I../lib/eal/common -Ilib/eal -I../lib/eal -Ilib/kvargs -I../lib/kvargs -I../lib/telemetry/../metrics -Ilib/telemetry -I../lib/telemetry -Ilib/ethdev -I../lib/ethdev -Ilib/net -I../lib/net -Ilib/mbuf -I../lib/mbuf -Ilib/mempool -I../lib/mempool -Ilib/ring -I../lib/ring -Ilib/meter -I../lib/meter -Ilib/hash -I../lib/hash -Ilib/rcu -I../lib/rcu -fdiagnostics-color=always -pipe -D_FILE_OFFSET_BITS=64 -Wall -Winvalid-pch -Wextra -Werror -O3 -include rte_config.h -Wcast-qual -Wdeprecated -Wformat -Wformat-nonliteral -Wformat-security -Wmissing-declarations -Wmissing-prototypes -Wnested-externs -Wold-style-definition -Wpointer-arith -Wsign-compare -Wstrict-prototypes -Wundef -Wwrite-strings -Wno-address-of-packed-member -Wno-packed-not-aligned -Wno-missing-field-initializers -Wno-zero-length-bounds -D_GNU_SOURCE -fPIC -march=armv8.2-a+crypto+sve -DALLOW_EXPERIMENTAL_API -DALLOW_INTERNAL_API -Wno-format-truncation -DRTE_LOG_DEFAULT_LOGTYPE=lib.ip_frag -MD -MQ 'lib/76b5a35@@rte_ip_frag@sta/ip_frag_ip_frag_internal.c.o' -MF 'lib/76b5a35@@rte_ip_frag@sta/ip_frag_ip_frag_internal.c.o.d' -o 'lib/76b5a35@@rte_ip_frag@sta/ip_frag_ip_frag_internal.c.o' -c ../lib/ip_frag/ip_frag_internal.c
../lib/ip_frag/ip_frag_internal.c: In function 'ip_frag_process':
../lib/ip_frag/ip_frag_internal.c:185:9: error: missing terminating " character [-Werror]
185 | "last fragment: ofs: %u, len: %u\n,
| ^
cc1: all warnings being treated as errors
ninja: build stopped: subcommand failed.
==== End log output ====
Ubuntu 20.04 ARM Clang Native
Kernel: 5.4.0-53-generic
Compiler: clang 10.0.0-4ubuntu1
Ubuntu 20.04 ARM GCC Native
Kernel: 5.4.0-53-generic
Compiler: gcc 9.3
Windows Server 2019
Kernel: 10.0
Compiler: clang 14.0 and gcc 8.1.0 (MinGW)
CentOS Stream 9
Kernel: 4.18.0-240.10.1.el8_3.x86_64
Compiler: gcc 11.3.1 20220421
CentOS Stream 8
Kernel: 4.18.0-240.10.1.el8_3.x86_64
Compiler: gcc 8.4.1 20200928
Debian Bullseye
Kernel: 5.4.0-122-generic
Compiler: gcc 10.2.1-6
Ubuntu 22.04
Kernel: Container Host Kernel
Compiler: gcc 12.2.1-2
RHEL 7
Kernel: 4.18.0-240.10.1.el8_3.x86_64
Compiler: gcc 4.8.5 20150623 (Red Hat 4.8.5-44)
Ubuntu 20.04
Kernel: 4.18.0-240.10.1.el8_3.x86_64
Compiler: gcc 9.3.0-17ubuntu1~20.04
RHEL8
Kernel: 4.18.0-240.10.1.el8_3.x86_64
Compiler: gcc 8.3.1 20191121 (Red Hat 8.3.1-5)
openSUSE Leap 15
Kernel: 4.18.0-240.10.1.el8_3.x86_64
Compiler: gcc 7.5.0
Debian Buster
Kernel: 5.4.0-122-generic
Compiler: gcc 8.3.0-6
FreeBSD 13
Kernel: 13.0
Compiler: clang 11.0.1
Ubuntu 20.04 ARM GCC Cross Compile
Kernel: 5.4.0-72-generic
Compiler: aarch64-linux-gnu-gcc (Ubuntu 9.3.0-17ubuntu1~20.04) 9.3.0
Ubuntu 20.04 ARM Clang Cross Compile
Kernel: 5.4.0-72-generic
Compiler: clang version 10.0.0-4ubuntu1
Ubuntu 20.04 aarch32 GCC Cross Compile
Kernel: 5.4.0-72-generic
Compiler: gcc 9.3.0
Ubuntu 20.04 ARM SVE
Kernel: 5.4.0-80-generic
Compiler: gcc 10.3.0 (Ubuntu 10.3.0-1ubuntu1~20.04)
To view detailed results, visit:
https://lab.dpdk.org/results/dashboard/patchsets/25284/
UNH-IOL DPDK Community Lab
To manage your email subscriptions, visit:
https://lab.dpdk.org/results/dashboard/preferences/subscriptions/
^ permalink raw reply [flat|nested] 23+ messages in thread
* |FAILURE| pw123419-123423 [PATCH] [5/5] ipsec: fix usage of RTE_LOGTYPE_USER1
@ 2023-02-12 12:13 dpdklab
0 siblings, 0 replies; 23+ messages in thread
From: dpdklab @ 2023-02-12 12:13 UTC (permalink / raw)
To: Test Report
Cc: dpdk-test-reports, David Marchand, Thomas Monjalon, Stephen Hemminger
[-- Attachment #1: Type: text/plain, Size: 8846 bytes --]
Test-Label: iol-testing
Test-Status: FAILURE
http://dpdk.org/patch/123423
_Testing issues_
Submitter: Stephen Hemminger <stephen@networkplumber.org>
Date: Wednesday, February 08 2023 04:48:25
DPDK git baseline: Repo:dpdk
Branch: master
CommitID:a0c837ad1fb5b6a8b10a284ffeb5f9e31bd8ff00
123419-123423 --> testing fail
Test environment and result as below:
+----------------------------------------+----------------+--------------------+----------------------+
| Environment | dpdk_unit_test | dpdk_meson_compile | dpdk_mingw64_compile |
+========================================+================+====================+======================+
| Ubuntu 20.04 ARM Clang Native | FAIL | FAIL | SKIPPED |
+----------------------------------------+----------------+--------------------+----------------------+
| Ubuntu 20.04 ARM GCC Native | FAIL | FAIL | SKIPPED |
+----------------------------------------+----------------+--------------------+----------------------+
| Windows Server 2019 | PASS | PASS | PASS |
+----------------------------------------+----------------+--------------------+----------------------+
| CentOS Stream 9 | FAIL | FAIL | SKIPPED |
+----------------------------------------+----------------+--------------------+----------------------+
| CentOS Stream 8 | FAIL | FAIL | SKIPPED |
+----------------------------------------+----------------+--------------------+----------------------+
| Debian Bullseye | FAIL | FAIL | SKIPPED |
+----------------------------------------+----------------+--------------------+----------------------+
| Ubuntu 22.04 | FAIL | FAIL | SKIPPED |
+----------------------------------------+----------------+--------------------+----------------------+
| RHEL 7 | FAIL | FAIL | SKIPPED |
+----------------------------------------+----------------+--------------------+----------------------+
| Ubuntu 20.04 | FAIL | FAIL | SKIPPED |
+----------------------------------------+----------------+--------------------+----------------------+
| RHEL8 | FAIL | FAIL | SKIPPED |
+----------------------------------------+----------------+--------------------+----------------------+
| openSUSE Leap 15 | FAIL | FAIL | SKIPPED |
+----------------------------------------+----------------+--------------------+----------------------+
| Debian Buster | FAIL | FAIL | SKIPPED |
+----------------------------------------+----------------+--------------------+----------------------+
| FreeBSD 13 | SKIPPED | FAIL | SKIPPED |
+----------------------------------------+----------------+--------------------+----------------------+
| Ubuntu 20.04 ARM GCC Cross Compile | SKIPPED | FAIL | SKIPPED |
+----------------------------------------+----------------+--------------------+----------------------+
| Ubuntu 20.04 ARM Clang Cross Compile | SKIPPED | FAIL | SKIPPED |
+----------------------------------------+----------------+--------------------+----------------------+
| Ubuntu 20.04 aarch32 GCC Cross Compile | SKIPPED | FAIL | SKIPPED |
+----------------------------------------+----------------+--------------------+----------------------+
| Ubuntu 20.04 ARM SVE | SKIPPED | FAIL | SKIPPED |
+----------------------------------------+----------------+--------------------+----------------------+
==== 20 line log output for Ubuntu 20.04 ARM SVE (dpdk_meson_compile): ====
[244/634] Compiling C object 'lib/76b5a35@@rte_eventdev@sta/eventdev_rte_event_timer_adapter.c.o'.
[245/634] Compiling C object 'lib/76b5a35@@rte_eventdev@sta/eventdev_rte_eventdev.c.o'.
[246/634] Linking static target lib/librte_eventdev.a.
[247/634] Generating eventdev.sym_chk with a meson_exe.py custom command.
[248/634] Compiling C object 'lib/76b5a35@@rte_ip_frag@sta/ip_frag_rte_ipv6_fragmentation.c.o'.
[249/634] Compiling C object 'lib/76b5a35@@rte_ip_frag@sta/ip_frag_rte_ipv4_fragmentation.c.o'.
[250/634] Compiling C object 'lib/76b5a35@@rte_ip_frag@sta/ip_frag_rte_ipv4_reassembly.c.o'.
[251/634] Linking target lib/librte_eventdev.so.23.1.
[252/634] Generating symbol file 'lib/76b5a35@@rte_eventdev@sha/librte_eventdev.so.23.1.symbols'.
[253/634] Compiling C object 'lib/76b5a35@@rte_ip_frag@sta/ip_frag_rte_ipv6_reassembly.c.o'.
[254/634] Compiling C object 'lib/76b5a35@@rte_ip_frag@sta/ip_frag_rte_ip_frag_common.c.o'.
[255/634] Compiling C object 'lib/76b5a35@@rte_ip_frag@sta/ip_frag_ip_frag_internal.c.o'.
FAILED: lib/76b5a35@@rte_ip_frag@sta/ip_frag_ip_frag_internal.c.o
gcc-10 -Ilib/76b5a35@@rte_ip_frag@sta -Ilib -I../lib -Ilib/ip_frag -I../lib/ip_frag -I. -I../ -Iconfig -I../config -Ilib/eal/include -I../lib/eal/include -Ilib/eal/linux/include -I../lib/eal/linux/include -Ilib/eal/arm/include -I../lib/eal/arm/include -Ilib/eal/common -I../lib/eal/common -Ilib/eal -I../lib/eal -Ilib/kvargs -I../lib/kvargs -I../lib/telemetry/../metrics -Ilib/telemetry -I../lib/telemetry -Ilib/ethdev -I../lib/ethdev -Ilib/net -I../lib/net -Ilib/mbuf -I../lib/mbuf -Ilib/mempool -I../lib/mempool -Ilib/ring -I../lib/ring -Ilib/meter -I../lib/meter -Ilib/hash -I../lib/hash -Ilib/rcu -I../lib/rcu -fdiagnostics-color=always -pipe -D_FILE_OFFSET_BITS=64 -Wall -Winvalid-pch -Wextra -Werror -O3 -include rte_config.h -Wcast-qual -Wdeprecated -Wformat -Wformat-nonliteral -Wformat-security -Wmissing-declarations -Wmissing-prototypes -Wnested-externs -Wold-style-definition -Wpointer-arith -Wsign-compare -Wstrict-prototypes -Wundef -Wwrite-strings -Wno-address-of-packed-member -Wno-packed-not-aligned -Wno-missing-field-initializers -Wno-zero-length-bounds -D_GNU_SOURCE -fPIC -march=armv8.2-a+crypto+sve -DALLOW_EXPERIMENTAL_API -DALLOW_INTERNAL_API -Wno-format-truncation -DRTE_LOG_DEFAULT_LOGTYPE=lib.ip_frag -MD -MQ 'lib/76b5a35@@rte_ip_frag@sta/ip_frag_ip_frag_internal.c.o' -MF 'lib/76b5a35@@rte_ip_frag@sta/ip_frag_ip_frag_internal.c.o.d' -o 'lib/76b5a35@@rte_ip_frag@sta/ip_frag_ip_frag_internal.c.o' -c ../lib/ip_frag/ip_frag_internal.c
../lib/ip_frag/ip_frag_internal.c: In function 'ip_frag_process':
../lib/ip_frag/ip_frag_internal.c:185:9: error: missing terminating " character [-Werror]
185 | "last fragment: ofs: %u, len: %u\n,
| ^
cc1: all warnings being treated as errors
ninja: build stopped: subcommand failed.
==== End log output ====
Ubuntu 20.04 ARM Clang Native
Kernel: 5.4.0-53-generic
Compiler: clang 10.0.0-4ubuntu1
Ubuntu 20.04 ARM GCC Native
Kernel: 5.4.0-53-generic
Compiler: gcc 9.3
Windows Server 2019
Kernel: 10.0
Compiler: clang 14.0 and gcc 8.1.0 (MinGW)
CentOS Stream 9
Kernel: 4.18.0-240.10.1.el8_3.x86_64
Compiler: gcc 11.3.1 20220421
CentOS Stream 8
Kernel: 4.18.0-240.10.1.el8_3.x86_64
Compiler: gcc 8.4.1 20200928
Debian Bullseye
Kernel: 5.4.0-122-generic
Compiler: gcc 10.2.1-6
Ubuntu 22.04
Kernel: Container Host Kernel
Compiler: gcc 12.2.1-2
RHEL 7
Kernel: 4.18.0-240.10.1.el8_3.x86_64
Compiler: gcc 4.8.5 20150623 (Red Hat 4.8.5-44)
Ubuntu 20.04
Kernel: 4.18.0-240.10.1.el8_3.x86_64
Compiler: gcc 9.3.0-17ubuntu1~20.04
RHEL8
Kernel: 4.18.0-240.10.1.el8_3.x86_64
Compiler: gcc 8.3.1 20191121 (Red Hat 8.3.1-5)
openSUSE Leap 15
Kernel: 4.18.0-240.10.1.el8_3.x86_64
Compiler: gcc 7.5.0
Debian Buster
Kernel: 5.4.0-122-generic
Compiler: gcc 8.3.0-6
FreeBSD 13
Kernel: 13.0
Compiler: clang 11.0.1
Ubuntu 20.04 ARM GCC Cross Compile
Kernel: 5.4.0-72-generic
Compiler: aarch64-linux-gnu-gcc (Ubuntu 9.3.0-17ubuntu1~20.04) 9.3.0
Ubuntu 20.04 ARM Clang Cross Compile
Kernel: 5.4.0-72-generic
Compiler: clang version 10.0.0-4ubuntu1
Ubuntu 20.04 aarch32 GCC Cross Compile
Kernel: 5.4.0-72-generic
Compiler: gcc 9.3.0
Ubuntu 20.04 ARM SVE
Kernel: 5.4.0-80-generic
Compiler: gcc 10.3.0 (Ubuntu 10.3.0-1ubuntu1~20.04)
To view detailed results, visit:
https://lab.dpdk.org/results/dashboard/patchsets/25284/
UNH-IOL DPDK Community Lab
To manage your email subscriptions, visit:
https://lab.dpdk.org/results/dashboard/preferences/subscriptions/
^ permalink raw reply [flat|nested] 23+ messages in thread
* |FAILURE| pw123419-123423 [PATCH] [5/5] ipsec: fix usage of RTE_LOGTYPE_USER1
@ 2023-02-12 12:11 dpdklab
0 siblings, 0 replies; 23+ messages in thread
From: dpdklab @ 2023-02-12 12:11 UTC (permalink / raw)
To: Test Report
Cc: dpdk-test-reports, David Marchand, Thomas Monjalon, Stephen Hemminger
[-- Attachment #1: Type: text/plain, Size: 8846 bytes --]
Test-Label: iol-testing
Test-Status: FAILURE
http://dpdk.org/patch/123423
_Testing issues_
Submitter: Stephen Hemminger <stephen@networkplumber.org>
Date: Wednesday, February 08 2023 04:48:25
DPDK git baseline: Repo:dpdk
Branch: master
CommitID:a0c837ad1fb5b6a8b10a284ffeb5f9e31bd8ff00
123419-123423 --> testing fail
Test environment and result as below:
+----------------------------------------+----------------+--------------------+----------------------+
| Environment | dpdk_unit_test | dpdk_meson_compile | dpdk_mingw64_compile |
+========================================+================+====================+======================+
| Ubuntu 20.04 ARM Clang Native | FAIL | FAIL | SKIPPED |
+----------------------------------------+----------------+--------------------+----------------------+
| Ubuntu 20.04 ARM GCC Native | FAIL | FAIL | SKIPPED |
+----------------------------------------+----------------+--------------------+----------------------+
| Windows Server 2019 | PASS | PASS | PASS |
+----------------------------------------+----------------+--------------------+----------------------+
| CentOS Stream 9 | FAIL | FAIL | SKIPPED |
+----------------------------------------+----------------+--------------------+----------------------+
| CentOS Stream 8 | FAIL | FAIL | SKIPPED |
+----------------------------------------+----------------+--------------------+----------------------+
| Debian Bullseye | FAIL | FAIL | SKIPPED |
+----------------------------------------+----------------+--------------------+----------------------+
| Ubuntu 22.04 | FAIL | FAIL | SKIPPED |
+----------------------------------------+----------------+--------------------+----------------------+
| RHEL 7 | FAIL | FAIL | SKIPPED |
+----------------------------------------+----------------+--------------------+----------------------+
| Ubuntu 20.04 | FAIL | FAIL | SKIPPED |
+----------------------------------------+----------------+--------------------+----------------------+
| RHEL8 | FAIL | FAIL | SKIPPED |
+----------------------------------------+----------------+--------------------+----------------------+
| openSUSE Leap 15 | FAIL | FAIL | SKIPPED |
+----------------------------------------+----------------+--------------------+----------------------+
| Debian Buster | FAIL | FAIL | SKIPPED |
+----------------------------------------+----------------+--------------------+----------------------+
| FreeBSD 13 | SKIPPED | FAIL | SKIPPED |
+----------------------------------------+----------------+--------------------+----------------------+
| Ubuntu 20.04 ARM GCC Cross Compile | SKIPPED | FAIL | SKIPPED |
+----------------------------------------+----------------+--------------------+----------------------+
| Ubuntu 20.04 ARM Clang Cross Compile | SKIPPED | FAIL | SKIPPED |
+----------------------------------------+----------------+--------------------+----------------------+
| Ubuntu 20.04 aarch32 GCC Cross Compile | SKIPPED | FAIL | SKIPPED |
+----------------------------------------+----------------+--------------------+----------------------+
| Ubuntu 20.04 ARM SVE | SKIPPED | FAIL | SKIPPED |
+----------------------------------------+----------------+--------------------+----------------------+
==== 20 line log output for Ubuntu 20.04 ARM SVE (dpdk_meson_compile): ====
[244/634] Compiling C object 'lib/76b5a35@@rte_eventdev@sta/eventdev_rte_event_timer_adapter.c.o'.
[245/634] Compiling C object 'lib/76b5a35@@rte_eventdev@sta/eventdev_rte_eventdev.c.o'.
[246/634] Linking static target lib/librte_eventdev.a.
[247/634] Generating eventdev.sym_chk with a meson_exe.py custom command.
[248/634] Compiling C object 'lib/76b5a35@@rte_ip_frag@sta/ip_frag_rte_ipv6_fragmentation.c.o'.
[249/634] Compiling C object 'lib/76b5a35@@rte_ip_frag@sta/ip_frag_rte_ipv4_fragmentation.c.o'.
[250/634] Compiling C object 'lib/76b5a35@@rte_ip_frag@sta/ip_frag_rte_ipv4_reassembly.c.o'.
[251/634] Linking target lib/librte_eventdev.so.23.1.
[252/634] Generating symbol file 'lib/76b5a35@@rte_eventdev@sha/librte_eventdev.so.23.1.symbols'.
[253/634] Compiling C object 'lib/76b5a35@@rte_ip_frag@sta/ip_frag_rte_ipv6_reassembly.c.o'.
[254/634] Compiling C object 'lib/76b5a35@@rte_ip_frag@sta/ip_frag_rte_ip_frag_common.c.o'.
[255/634] Compiling C object 'lib/76b5a35@@rte_ip_frag@sta/ip_frag_ip_frag_internal.c.o'.
FAILED: lib/76b5a35@@rte_ip_frag@sta/ip_frag_ip_frag_internal.c.o
gcc-10 -Ilib/76b5a35@@rte_ip_frag@sta -Ilib -I../lib -Ilib/ip_frag -I../lib/ip_frag -I. -I../ -Iconfig -I../config -Ilib/eal/include -I../lib/eal/include -Ilib/eal/linux/include -I../lib/eal/linux/include -Ilib/eal/arm/include -I../lib/eal/arm/include -Ilib/eal/common -I../lib/eal/common -Ilib/eal -I../lib/eal -Ilib/kvargs -I../lib/kvargs -I../lib/telemetry/../metrics -Ilib/telemetry -I../lib/telemetry -Ilib/ethdev -I../lib/ethdev -Ilib/net -I../lib/net -Ilib/mbuf -I../lib/mbuf -Ilib/mempool -I../lib/mempool -Ilib/ring -I../lib/ring -Ilib/meter -I../lib/meter -Ilib/hash -I../lib/hash -Ilib/rcu -I../lib/rcu -fdiagnostics-color=always -pipe -D_FILE_OFFSET_BITS=64 -Wall -Winvalid-pch -Wextra -Werror -O3 -include rte_config.h -Wcast-qual -Wdeprecated -Wformat -Wformat-nonliteral -Wformat-security -Wmissing-declarations -Wmissing-prototypes -Wnested-externs -Wold-style-definition -Wpointer-arith -Wsign-compare -Wstrict-prototypes -Wundef -Wwrite-strings -Wno-address-of-packed-member -Wno-packed-not-aligned -Wno-missing-field-initializers -Wno-zero-length-bounds -D_GNU_SOURCE -fPIC -march=armv8.2-a+crypto+sve -DALLOW_EXPERIMENTAL_API -DALLOW_INTERNAL_API -Wno-format-truncation -DRTE_LOG_DEFAULT_LOGTYPE=lib.ip_frag -MD -MQ 'lib/76b5a35@@rte_ip_frag@sta/ip_frag_ip_frag_internal.c.o' -MF 'lib/76b5a35@@rte_ip_frag@sta/ip_frag_ip_frag_internal.c.o.d' -o 'lib/76b5a35@@rte_ip_frag@sta/ip_frag_ip_frag_internal.c.o' -c ../lib/ip_frag/ip_frag_internal.c
../lib/ip_frag/ip_frag_internal.c: In function 'ip_frag_process':
../lib/ip_frag/ip_frag_internal.c:185:9: error: missing terminating " character [-Werror]
185 | "last fragment: ofs: %u, len: %u\n,
| ^
cc1: all warnings being treated as errors
ninja: build stopped: subcommand failed.
==== End log output ====
Ubuntu 20.04 ARM Clang Native
Kernel: 5.4.0-53-generic
Compiler: clang 10.0.0-4ubuntu1
Ubuntu 20.04 ARM GCC Native
Kernel: 5.4.0-53-generic
Compiler: gcc 9.3
Windows Server 2019
Kernel: 10.0
Compiler: clang 14.0 and gcc 8.1.0 (MinGW)
CentOS Stream 9
Kernel: 4.18.0-240.10.1.el8_3.x86_64
Compiler: gcc 11.3.1 20220421
CentOS Stream 8
Kernel: 4.18.0-240.10.1.el8_3.x86_64
Compiler: gcc 8.4.1 20200928
Debian Bullseye
Kernel: 5.4.0-122-generic
Compiler: gcc 10.2.1-6
Ubuntu 22.04
Kernel: Container Host Kernel
Compiler: gcc 12.2.1-2
RHEL 7
Kernel: 4.18.0-240.10.1.el8_3.x86_64
Compiler: gcc 4.8.5 20150623 (Red Hat 4.8.5-44)
Ubuntu 20.04
Kernel: 4.18.0-240.10.1.el8_3.x86_64
Compiler: gcc 9.3.0-17ubuntu1~20.04
RHEL8
Kernel: 4.18.0-240.10.1.el8_3.x86_64
Compiler: gcc 8.3.1 20191121 (Red Hat 8.3.1-5)
openSUSE Leap 15
Kernel: 4.18.0-240.10.1.el8_3.x86_64
Compiler: gcc 7.5.0
Debian Buster
Kernel: 5.4.0-122-generic
Compiler: gcc 8.3.0-6
FreeBSD 13
Kernel: 13.0
Compiler: clang 11.0.1
Ubuntu 20.04 ARM GCC Cross Compile
Kernel: 5.4.0-72-generic
Compiler: aarch64-linux-gnu-gcc (Ubuntu 9.3.0-17ubuntu1~20.04) 9.3.0
Ubuntu 20.04 ARM Clang Cross Compile
Kernel: 5.4.0-72-generic
Compiler: clang version 10.0.0-4ubuntu1
Ubuntu 20.04 aarch32 GCC Cross Compile
Kernel: 5.4.0-72-generic
Compiler: gcc 9.3.0
Ubuntu 20.04 ARM SVE
Kernel: 5.4.0-80-generic
Compiler: gcc 10.3.0 (Ubuntu 10.3.0-1ubuntu1~20.04)
To view detailed results, visit:
https://lab.dpdk.org/results/dashboard/patchsets/25284/
UNH-IOL DPDK Community Lab
To manage your email subscriptions, visit:
https://lab.dpdk.org/results/dashboard/preferences/subscriptions/
^ permalink raw reply [flat|nested] 23+ messages in thread
* |FAILURE| pw123419-123423 [PATCH] [5/5] ipsec: fix usage of RTE_LOGTYPE_USER1
@ 2023-02-12 12:11 dpdklab
0 siblings, 0 replies; 23+ messages in thread
From: dpdklab @ 2023-02-12 12:11 UTC (permalink / raw)
To: Test Report
Cc: dpdk-test-reports, David Marchand, Thomas Monjalon, Stephen Hemminger
[-- Attachment #1: Type: text/plain, Size: 8846 bytes --]
Test-Label: iol-testing
Test-Status: FAILURE
http://dpdk.org/patch/123423
_Testing issues_
Submitter: Stephen Hemminger <stephen@networkplumber.org>
Date: Wednesday, February 08 2023 04:48:25
DPDK git baseline: Repo:dpdk
Branch: master
CommitID:a0c837ad1fb5b6a8b10a284ffeb5f9e31bd8ff00
123419-123423 --> testing fail
Test environment and result as below:
+----------------------------------------+----------------+--------------------+----------------------+
| Environment | dpdk_unit_test | dpdk_meson_compile | dpdk_mingw64_compile |
+========================================+================+====================+======================+
| Ubuntu 20.04 ARM Clang Native | FAIL | FAIL | SKIPPED |
+----------------------------------------+----------------+--------------------+----------------------+
| Ubuntu 20.04 ARM GCC Native | FAIL | FAIL | SKIPPED |
+----------------------------------------+----------------+--------------------+----------------------+
| Windows Server 2019 | PASS | PASS | PASS |
+----------------------------------------+----------------+--------------------+----------------------+
| CentOS Stream 9 | FAIL | FAIL | SKIPPED |
+----------------------------------------+----------------+--------------------+----------------------+
| CentOS Stream 8 | FAIL | FAIL | SKIPPED |
+----------------------------------------+----------------+--------------------+----------------------+
| Debian Bullseye | FAIL | FAIL | SKIPPED |
+----------------------------------------+----------------+--------------------+----------------------+
| Ubuntu 22.04 | FAIL | FAIL | SKIPPED |
+----------------------------------------+----------------+--------------------+----------------------+
| RHEL 7 | FAIL | FAIL | SKIPPED |
+----------------------------------------+----------------+--------------------+----------------------+
| Ubuntu 20.04 | FAIL | FAIL | SKIPPED |
+----------------------------------------+----------------+--------------------+----------------------+
| RHEL8 | FAIL | FAIL | SKIPPED |
+----------------------------------------+----------------+--------------------+----------------------+
| openSUSE Leap 15 | FAIL | FAIL | SKIPPED |
+----------------------------------------+----------------+--------------------+----------------------+
| Debian Buster | FAIL | FAIL | SKIPPED |
+----------------------------------------+----------------+--------------------+----------------------+
| FreeBSD 13 | SKIPPED | FAIL | SKIPPED |
+----------------------------------------+----------------+--------------------+----------------------+
| Ubuntu 20.04 ARM GCC Cross Compile | SKIPPED | FAIL | SKIPPED |
+----------------------------------------+----------------+--------------------+----------------------+
| Ubuntu 20.04 ARM Clang Cross Compile | SKIPPED | FAIL | SKIPPED |
+----------------------------------------+----------------+--------------------+----------------------+
| Ubuntu 20.04 aarch32 GCC Cross Compile | SKIPPED | FAIL | SKIPPED |
+----------------------------------------+----------------+--------------------+----------------------+
| Ubuntu 20.04 ARM SVE | SKIPPED | FAIL | SKIPPED |
+----------------------------------------+----------------+--------------------+----------------------+
==== 20 line log output for Ubuntu 20.04 ARM SVE (dpdk_meson_compile): ====
[244/634] Compiling C object 'lib/76b5a35@@rte_eventdev@sta/eventdev_rte_event_timer_adapter.c.o'.
[245/634] Compiling C object 'lib/76b5a35@@rte_eventdev@sta/eventdev_rte_eventdev.c.o'.
[246/634] Linking static target lib/librte_eventdev.a.
[247/634] Generating eventdev.sym_chk with a meson_exe.py custom command.
[248/634] Compiling C object 'lib/76b5a35@@rte_ip_frag@sta/ip_frag_rte_ipv6_fragmentation.c.o'.
[249/634] Compiling C object 'lib/76b5a35@@rte_ip_frag@sta/ip_frag_rte_ipv4_fragmentation.c.o'.
[250/634] Compiling C object 'lib/76b5a35@@rte_ip_frag@sta/ip_frag_rte_ipv4_reassembly.c.o'.
[251/634] Linking target lib/librte_eventdev.so.23.1.
[252/634] Generating symbol file 'lib/76b5a35@@rte_eventdev@sha/librte_eventdev.so.23.1.symbols'.
[253/634] Compiling C object 'lib/76b5a35@@rte_ip_frag@sta/ip_frag_rte_ipv6_reassembly.c.o'.
[254/634] Compiling C object 'lib/76b5a35@@rte_ip_frag@sta/ip_frag_rte_ip_frag_common.c.o'.
[255/634] Compiling C object 'lib/76b5a35@@rte_ip_frag@sta/ip_frag_ip_frag_internal.c.o'.
FAILED: lib/76b5a35@@rte_ip_frag@sta/ip_frag_ip_frag_internal.c.o
gcc-10 -Ilib/76b5a35@@rte_ip_frag@sta -Ilib -I../lib -Ilib/ip_frag -I../lib/ip_frag -I. -I../ -Iconfig -I../config -Ilib/eal/include -I../lib/eal/include -Ilib/eal/linux/include -I../lib/eal/linux/include -Ilib/eal/arm/include -I../lib/eal/arm/include -Ilib/eal/common -I../lib/eal/common -Ilib/eal -I../lib/eal -Ilib/kvargs -I../lib/kvargs -I../lib/telemetry/../metrics -Ilib/telemetry -I../lib/telemetry -Ilib/ethdev -I../lib/ethdev -Ilib/net -I../lib/net -Ilib/mbuf -I../lib/mbuf -Ilib/mempool -I../lib/mempool -Ilib/ring -I../lib/ring -Ilib/meter -I../lib/meter -Ilib/hash -I../lib/hash -Ilib/rcu -I../lib/rcu -fdiagnostics-color=always -pipe -D_FILE_OFFSET_BITS=64 -Wall -Winvalid-pch -Wextra -Werror -O3 -include rte_config.h -Wcast-qual -Wdeprecated -Wformat -Wformat-nonliteral -Wformat-security -Wmissing-declarations -Wmissing-prototypes -Wnested-externs -Wold-style-definition -Wpointer-arith -Wsign-compare -Wstrict-prototypes -Wundef -Wwrite-strings -Wno-address-of-packed-member -Wno-packed-not-aligned -Wno-missing-field-initializers -Wno-zero-length-bounds -D_GNU_SOURCE -fPIC -march=armv8.2-a+crypto+sve -DALLOW_EXPERIMENTAL_API -DALLOW_INTERNAL_API -Wno-format-truncation -DRTE_LOG_DEFAULT_LOGTYPE=lib.ip_frag -MD -MQ 'lib/76b5a35@@rte_ip_frag@sta/ip_frag_ip_frag_internal.c.o' -MF 'lib/76b5a35@@rte_ip_frag@sta/ip_frag_ip_frag_internal.c.o.d' -o 'lib/76b5a35@@rte_ip_frag@sta/ip_frag_ip_frag_internal.c.o' -c ../lib/ip_frag/ip_frag_internal.c
../lib/ip_frag/ip_frag_internal.c: In function 'ip_frag_process':
../lib/ip_frag/ip_frag_internal.c:185:9: error: missing terminating " character [-Werror]
185 | "last fragment: ofs: %u, len: %u\n,
| ^
cc1: all warnings being treated as errors
ninja: build stopped: subcommand failed.
==== End log output ====
Ubuntu 20.04 ARM Clang Native
Kernel: 5.4.0-53-generic
Compiler: clang 10.0.0-4ubuntu1
Ubuntu 20.04 ARM GCC Native
Kernel: 5.4.0-53-generic
Compiler: gcc 9.3
Windows Server 2019
Kernel: 10.0
Compiler: clang 14.0 and gcc 8.1.0 (MinGW)
CentOS Stream 9
Kernel: 4.18.0-240.10.1.el8_3.x86_64
Compiler: gcc 11.3.1 20220421
CentOS Stream 8
Kernel: 4.18.0-240.10.1.el8_3.x86_64
Compiler: gcc 8.4.1 20200928
Debian Bullseye
Kernel: 5.4.0-122-generic
Compiler: gcc 10.2.1-6
Ubuntu 22.04
Kernel: Container Host Kernel
Compiler: gcc 12.2.1-2
RHEL 7
Kernel: 4.18.0-240.10.1.el8_3.x86_64
Compiler: gcc 4.8.5 20150623 (Red Hat 4.8.5-44)
Ubuntu 20.04
Kernel: 4.18.0-240.10.1.el8_3.x86_64
Compiler: gcc 9.3.0-17ubuntu1~20.04
RHEL8
Kernel: 4.18.0-240.10.1.el8_3.x86_64
Compiler: gcc 8.3.1 20191121 (Red Hat 8.3.1-5)
openSUSE Leap 15
Kernel: 4.18.0-240.10.1.el8_3.x86_64
Compiler: gcc 7.5.0
Debian Buster
Kernel: 5.4.0-122-generic
Compiler: gcc 8.3.0-6
FreeBSD 13
Kernel: 13.0
Compiler: clang 11.0.1
Ubuntu 20.04 ARM GCC Cross Compile
Kernel: 5.4.0-72-generic
Compiler: aarch64-linux-gnu-gcc (Ubuntu 9.3.0-17ubuntu1~20.04) 9.3.0
Ubuntu 20.04 ARM Clang Cross Compile
Kernel: 5.4.0-72-generic
Compiler: clang version 10.0.0-4ubuntu1
Ubuntu 20.04 aarch32 GCC Cross Compile
Kernel: 5.4.0-72-generic
Compiler: gcc 9.3.0
Ubuntu 20.04 ARM SVE
Kernel: 5.4.0-80-generic
Compiler: gcc 10.3.0 (Ubuntu 10.3.0-1ubuntu1~20.04)
To view detailed results, visit:
https://lab.dpdk.org/results/dashboard/patchsets/25284/
UNH-IOL DPDK Community Lab
To manage your email subscriptions, visit:
https://lab.dpdk.org/results/dashboard/preferences/subscriptions/
^ permalink raw reply [flat|nested] 23+ messages in thread
* |FAILURE| pw123419-123423 [PATCH] [5/5] ipsec: fix usage of RTE_LOGTYPE_USER1
@ 2023-02-12 12:11 dpdklab
0 siblings, 0 replies; 23+ messages in thread
From: dpdklab @ 2023-02-12 12:11 UTC (permalink / raw)
To: Test Report
Cc: dpdk-test-reports, David Marchand, Thomas Monjalon, Stephen Hemminger
[-- Attachment #1: Type: text/plain, Size: 8846 bytes --]
Test-Label: iol-testing
Test-Status: FAILURE
http://dpdk.org/patch/123423
_Testing issues_
Submitter: Stephen Hemminger <stephen@networkplumber.org>
Date: Wednesday, February 08 2023 04:48:25
DPDK git baseline: Repo:dpdk
Branch: master
CommitID:a0c837ad1fb5b6a8b10a284ffeb5f9e31bd8ff00
123419-123423 --> testing fail
Test environment and result as below:
+----------------------------------------+----------------+--------------------+----------------------+
| Environment | dpdk_unit_test | dpdk_meson_compile | dpdk_mingw64_compile |
+========================================+================+====================+======================+
| Ubuntu 20.04 ARM Clang Native | FAIL | FAIL | SKIPPED |
+----------------------------------------+----------------+--------------------+----------------------+
| Ubuntu 20.04 ARM GCC Native | FAIL | FAIL | SKIPPED |
+----------------------------------------+----------------+--------------------+----------------------+
| Windows Server 2019 | PASS | PASS | PASS |
+----------------------------------------+----------------+--------------------+----------------------+
| CentOS Stream 9 | FAIL | FAIL | SKIPPED |
+----------------------------------------+----------------+--------------------+----------------------+
| CentOS Stream 8 | FAIL | FAIL | SKIPPED |
+----------------------------------------+----------------+--------------------+----------------------+
| Debian Bullseye | FAIL | FAIL | SKIPPED |
+----------------------------------------+----------------+--------------------+----------------------+
| Ubuntu 22.04 | FAIL | FAIL | SKIPPED |
+----------------------------------------+----------------+--------------------+----------------------+
| RHEL 7 | FAIL | FAIL | SKIPPED |
+----------------------------------------+----------------+--------------------+----------------------+
| Ubuntu 20.04 | FAIL | FAIL | SKIPPED |
+----------------------------------------+----------------+--------------------+----------------------+
| RHEL8 | FAIL | FAIL | SKIPPED |
+----------------------------------------+----------------+--------------------+----------------------+
| openSUSE Leap 15 | FAIL | FAIL | SKIPPED |
+----------------------------------------+----------------+--------------------+----------------------+
| Debian Buster | FAIL | FAIL | SKIPPED |
+----------------------------------------+----------------+--------------------+----------------------+
| FreeBSD 13 | SKIPPED | FAIL | SKIPPED |
+----------------------------------------+----------------+--------------------+----------------------+
| Ubuntu 20.04 ARM GCC Cross Compile | SKIPPED | FAIL | SKIPPED |
+----------------------------------------+----------------+--------------------+----------------------+
| Ubuntu 20.04 ARM Clang Cross Compile | SKIPPED | FAIL | SKIPPED |
+----------------------------------------+----------------+--------------------+----------------------+
| Ubuntu 20.04 aarch32 GCC Cross Compile | SKIPPED | FAIL | SKIPPED |
+----------------------------------------+----------------+--------------------+----------------------+
| Ubuntu 20.04 ARM SVE | SKIPPED | FAIL | SKIPPED |
+----------------------------------------+----------------+--------------------+----------------------+
==== 20 line log output for Ubuntu 20.04 ARM SVE (dpdk_meson_compile): ====
[244/634] Compiling C object 'lib/76b5a35@@rte_eventdev@sta/eventdev_rte_event_timer_adapter.c.o'.
[245/634] Compiling C object 'lib/76b5a35@@rte_eventdev@sta/eventdev_rte_eventdev.c.o'.
[246/634] Linking static target lib/librte_eventdev.a.
[247/634] Generating eventdev.sym_chk with a meson_exe.py custom command.
[248/634] Compiling C object 'lib/76b5a35@@rte_ip_frag@sta/ip_frag_rte_ipv6_fragmentation.c.o'.
[249/634] Compiling C object 'lib/76b5a35@@rte_ip_frag@sta/ip_frag_rte_ipv4_fragmentation.c.o'.
[250/634] Compiling C object 'lib/76b5a35@@rte_ip_frag@sta/ip_frag_rte_ipv4_reassembly.c.o'.
[251/634] Linking target lib/librte_eventdev.so.23.1.
[252/634] Generating symbol file 'lib/76b5a35@@rte_eventdev@sha/librte_eventdev.so.23.1.symbols'.
[253/634] Compiling C object 'lib/76b5a35@@rte_ip_frag@sta/ip_frag_rte_ipv6_reassembly.c.o'.
[254/634] Compiling C object 'lib/76b5a35@@rte_ip_frag@sta/ip_frag_rte_ip_frag_common.c.o'.
[255/634] Compiling C object 'lib/76b5a35@@rte_ip_frag@sta/ip_frag_ip_frag_internal.c.o'.
FAILED: lib/76b5a35@@rte_ip_frag@sta/ip_frag_ip_frag_internal.c.o
gcc-10 -Ilib/76b5a35@@rte_ip_frag@sta -Ilib -I../lib -Ilib/ip_frag -I../lib/ip_frag -I. -I../ -Iconfig -I../config -Ilib/eal/include -I../lib/eal/include -Ilib/eal/linux/include -I../lib/eal/linux/include -Ilib/eal/arm/include -I../lib/eal/arm/include -Ilib/eal/common -I../lib/eal/common -Ilib/eal -I../lib/eal -Ilib/kvargs -I../lib/kvargs -I../lib/telemetry/../metrics -Ilib/telemetry -I../lib/telemetry -Ilib/ethdev -I../lib/ethdev -Ilib/net -I../lib/net -Ilib/mbuf -I../lib/mbuf -Ilib/mempool -I../lib/mempool -Ilib/ring -I../lib/ring -Ilib/meter -I../lib/meter -Ilib/hash -I../lib/hash -Ilib/rcu -I../lib/rcu -fdiagnostics-color=always -pipe -D_FILE_OFFSET_BITS=64 -Wall -Winvalid-pch -Wextra -Werror -O3 -include rte_config.h -Wcast-qual -Wdeprecated -Wformat -Wformat-nonliteral -Wformat-security -Wmissing-declarations -Wmissing-prototypes -Wnested-externs -Wold-style-definition -Wpointer-arith -Wsign-compare -Wstrict-prototypes -Wundef -Wwrite-strings -Wno-address-of-packed-member -Wno-packed-not-aligned -Wno-missing-field-initializers -Wno-zero-length-bounds -D_GNU_SOURCE -fPIC -march=armv8.2-a+crypto+sve -DALLOW_EXPERIMENTAL_API -DALLOW_INTERNAL_API -Wno-format-truncation -DRTE_LOG_DEFAULT_LOGTYPE=lib.ip_frag -MD -MQ 'lib/76b5a35@@rte_ip_frag@sta/ip_frag_ip_frag_internal.c.o' -MF 'lib/76b5a35@@rte_ip_frag@sta/ip_frag_ip_frag_internal.c.o.d' -o 'lib/76b5a35@@rte_ip_frag@sta/ip_frag_ip_frag_internal.c.o' -c ../lib/ip_frag/ip_frag_internal.c
../lib/ip_frag/ip_frag_internal.c: In function 'ip_frag_process':
../lib/ip_frag/ip_frag_internal.c:185:9: error: missing terminating " character [-Werror]
185 | "last fragment: ofs: %u, len: %u\n,
| ^
cc1: all warnings being treated as errors
ninja: build stopped: subcommand failed.
==== End log output ====
Ubuntu 20.04 ARM Clang Native
Kernel: 5.4.0-53-generic
Compiler: clang 10.0.0-4ubuntu1
Ubuntu 20.04 ARM GCC Native
Kernel: 5.4.0-53-generic
Compiler: gcc 9.3
Windows Server 2019
Kernel: 10.0
Compiler: clang 14.0 and gcc 8.1.0 (MinGW)
CentOS Stream 9
Kernel: 4.18.0-240.10.1.el8_3.x86_64
Compiler: gcc 11.3.1 20220421
CentOS Stream 8
Kernel: 4.18.0-240.10.1.el8_3.x86_64
Compiler: gcc 8.4.1 20200928
Debian Bullseye
Kernel: 5.4.0-122-generic
Compiler: gcc 10.2.1-6
Ubuntu 22.04
Kernel: Container Host Kernel
Compiler: gcc 12.2.1-2
RHEL 7
Kernel: 4.18.0-240.10.1.el8_3.x86_64
Compiler: gcc 4.8.5 20150623 (Red Hat 4.8.5-44)
Ubuntu 20.04
Kernel: 4.18.0-240.10.1.el8_3.x86_64
Compiler: gcc 9.3.0-17ubuntu1~20.04
RHEL8
Kernel: 4.18.0-240.10.1.el8_3.x86_64
Compiler: gcc 8.3.1 20191121 (Red Hat 8.3.1-5)
openSUSE Leap 15
Kernel: 4.18.0-240.10.1.el8_3.x86_64
Compiler: gcc 7.5.0
Debian Buster
Kernel: 5.4.0-122-generic
Compiler: gcc 8.3.0-6
FreeBSD 13
Kernel: 13.0
Compiler: clang 11.0.1
Ubuntu 20.04 ARM GCC Cross Compile
Kernel: 5.4.0-72-generic
Compiler: aarch64-linux-gnu-gcc (Ubuntu 9.3.0-17ubuntu1~20.04) 9.3.0
Ubuntu 20.04 ARM Clang Cross Compile
Kernel: 5.4.0-72-generic
Compiler: clang version 10.0.0-4ubuntu1
Ubuntu 20.04 aarch32 GCC Cross Compile
Kernel: 5.4.0-72-generic
Compiler: gcc 9.3.0
Ubuntu 20.04 ARM SVE
Kernel: 5.4.0-80-generic
Compiler: gcc 10.3.0 (Ubuntu 10.3.0-1ubuntu1~20.04)
To view detailed results, visit:
https://lab.dpdk.org/results/dashboard/patchsets/25284/
UNH-IOL DPDK Community Lab
To manage your email subscriptions, visit:
https://lab.dpdk.org/results/dashboard/preferences/subscriptions/
^ permalink raw reply [flat|nested] 23+ messages in thread
* |FAILURE| pw123419-123423 [PATCH] [5/5] ipsec: fix usage of RTE_LOGTYPE_USER1
@ 2023-02-12 12:09 dpdklab
0 siblings, 0 replies; 23+ messages in thread
From: dpdklab @ 2023-02-12 12:09 UTC (permalink / raw)
To: Test Report
Cc: dpdk-test-reports, David Marchand, Thomas Monjalon, Stephen Hemminger
[-- Attachment #1: Type: text/plain, Size: 8846 bytes --]
Test-Label: iol-testing
Test-Status: FAILURE
http://dpdk.org/patch/123423
_Testing issues_
Submitter: Stephen Hemminger <stephen@networkplumber.org>
Date: Wednesday, February 08 2023 04:48:25
DPDK git baseline: Repo:dpdk
Branch: master
CommitID:a0c837ad1fb5b6a8b10a284ffeb5f9e31bd8ff00
123419-123423 --> testing fail
Test environment and result as below:
+----------------------------------------+----------------+--------------------+----------------------+
| Environment | dpdk_unit_test | dpdk_meson_compile | dpdk_mingw64_compile |
+========================================+================+====================+======================+
| Ubuntu 20.04 ARM Clang Native | FAIL | FAIL | SKIPPED |
+----------------------------------------+----------------+--------------------+----------------------+
| Ubuntu 20.04 ARM GCC Native | FAIL | FAIL | SKIPPED |
+----------------------------------------+----------------+--------------------+----------------------+
| Windows Server 2019 | PASS | PASS | PASS |
+----------------------------------------+----------------+--------------------+----------------------+
| CentOS Stream 9 | FAIL | FAIL | SKIPPED |
+----------------------------------------+----------------+--------------------+----------------------+
| CentOS Stream 8 | FAIL | FAIL | SKIPPED |
+----------------------------------------+----------------+--------------------+----------------------+
| Debian Bullseye | FAIL | FAIL | SKIPPED |
+----------------------------------------+----------------+--------------------+----------------------+
| Ubuntu 22.04 | FAIL | FAIL | SKIPPED |
+----------------------------------------+----------------+--------------------+----------------------+
| RHEL 7 | FAIL | FAIL | SKIPPED |
+----------------------------------------+----------------+--------------------+----------------------+
| Ubuntu 20.04 | FAIL | FAIL | SKIPPED |
+----------------------------------------+----------------+--------------------+----------------------+
| RHEL8 | FAIL | FAIL | SKIPPED |
+----------------------------------------+----------------+--------------------+----------------------+
| openSUSE Leap 15 | FAIL | FAIL | SKIPPED |
+----------------------------------------+----------------+--------------------+----------------------+
| Debian Buster | FAIL | FAIL | SKIPPED |
+----------------------------------------+----------------+--------------------+----------------------+
| FreeBSD 13 | SKIPPED | FAIL | SKIPPED |
+----------------------------------------+----------------+--------------------+----------------------+
| Ubuntu 20.04 ARM GCC Cross Compile | SKIPPED | FAIL | SKIPPED |
+----------------------------------------+----------------+--------------------+----------------------+
| Ubuntu 20.04 ARM Clang Cross Compile | SKIPPED | FAIL | SKIPPED |
+----------------------------------------+----------------+--------------------+----------------------+
| Ubuntu 20.04 aarch32 GCC Cross Compile | SKIPPED | FAIL | SKIPPED |
+----------------------------------------+----------------+--------------------+----------------------+
| Ubuntu 20.04 ARM SVE | SKIPPED | FAIL | SKIPPED |
+----------------------------------------+----------------+--------------------+----------------------+
==== 20 line log output for Ubuntu 20.04 ARM SVE (dpdk_meson_compile): ====
[244/634] Compiling C object 'lib/76b5a35@@rte_eventdev@sta/eventdev_rte_event_timer_adapter.c.o'.
[245/634] Compiling C object 'lib/76b5a35@@rte_eventdev@sta/eventdev_rte_eventdev.c.o'.
[246/634] Linking static target lib/librte_eventdev.a.
[247/634] Generating eventdev.sym_chk with a meson_exe.py custom command.
[248/634] Compiling C object 'lib/76b5a35@@rte_ip_frag@sta/ip_frag_rte_ipv6_fragmentation.c.o'.
[249/634] Compiling C object 'lib/76b5a35@@rte_ip_frag@sta/ip_frag_rte_ipv4_fragmentation.c.o'.
[250/634] Compiling C object 'lib/76b5a35@@rte_ip_frag@sta/ip_frag_rte_ipv4_reassembly.c.o'.
[251/634] Linking target lib/librte_eventdev.so.23.1.
[252/634] Generating symbol file 'lib/76b5a35@@rte_eventdev@sha/librte_eventdev.so.23.1.symbols'.
[253/634] Compiling C object 'lib/76b5a35@@rte_ip_frag@sta/ip_frag_rte_ipv6_reassembly.c.o'.
[254/634] Compiling C object 'lib/76b5a35@@rte_ip_frag@sta/ip_frag_rte_ip_frag_common.c.o'.
[255/634] Compiling C object 'lib/76b5a35@@rte_ip_frag@sta/ip_frag_ip_frag_internal.c.o'.
FAILED: lib/76b5a35@@rte_ip_frag@sta/ip_frag_ip_frag_internal.c.o
gcc-10 -Ilib/76b5a35@@rte_ip_frag@sta -Ilib -I../lib -Ilib/ip_frag -I../lib/ip_frag -I. -I../ -Iconfig -I../config -Ilib/eal/include -I../lib/eal/include -Ilib/eal/linux/include -I../lib/eal/linux/include -Ilib/eal/arm/include -I../lib/eal/arm/include -Ilib/eal/common -I../lib/eal/common -Ilib/eal -I../lib/eal -Ilib/kvargs -I../lib/kvargs -I../lib/telemetry/../metrics -Ilib/telemetry -I../lib/telemetry -Ilib/ethdev -I../lib/ethdev -Ilib/net -I../lib/net -Ilib/mbuf -I../lib/mbuf -Ilib/mempool -I../lib/mempool -Ilib/ring -I../lib/ring -Ilib/meter -I../lib/meter -Ilib/hash -I../lib/hash -Ilib/rcu -I../lib/rcu -fdiagnostics-color=always -pipe -D_FILE_OFFSET_BITS=64 -Wall -Winvalid-pch -Wextra -Werror -O3 -include rte_config.h -Wcast-qual -Wdeprecated -Wformat -Wformat-nonliteral -Wformat-security -Wmissing-declarations -Wmissing-prototypes -Wnested-externs -Wold-style-definition -Wpointer-arith -Wsign-compare -Wstrict-prototypes -Wundef -Wwrite-strings -Wno-address-of-packed-member -Wno-packed-not-aligned -Wno-missing-field-initializers -Wno-zero-length-bounds -D_GNU_SOURCE -fPIC -march=armv8.2-a+crypto+sve -DALLOW_EXPERIMENTAL_API -DALLOW_INTERNAL_API -Wno-format-truncation -DRTE_LOG_DEFAULT_LOGTYPE=lib.ip_frag -MD -MQ 'lib/76b5a35@@rte_ip_frag@sta/ip_frag_ip_frag_internal.c.o' -MF 'lib/76b5a35@@rte_ip_frag@sta/ip_frag_ip_frag_internal.c.o.d' -o 'lib/76b5a35@@rte_ip_frag@sta/ip_frag_ip_frag_internal.c.o' -c ../lib/ip_frag/ip_frag_internal.c
../lib/ip_frag/ip_frag_internal.c: In function 'ip_frag_process':
../lib/ip_frag/ip_frag_internal.c:185:9: error: missing terminating " character [-Werror]
185 | "last fragment: ofs: %u, len: %u\n,
| ^
cc1: all warnings being treated as errors
ninja: build stopped: subcommand failed.
==== End log output ====
Ubuntu 20.04 ARM Clang Native
Kernel: 5.4.0-53-generic
Compiler: clang 10.0.0-4ubuntu1
Ubuntu 20.04 ARM GCC Native
Kernel: 5.4.0-53-generic
Compiler: gcc 9.3
Windows Server 2019
Kernel: 10.0
Compiler: clang 14.0 and gcc 8.1.0 (MinGW)
CentOS Stream 9
Kernel: 4.18.0-240.10.1.el8_3.x86_64
Compiler: gcc 11.3.1 20220421
CentOS Stream 8
Kernel: 4.18.0-240.10.1.el8_3.x86_64
Compiler: gcc 8.4.1 20200928
Debian Bullseye
Kernel: 5.4.0-122-generic
Compiler: gcc 10.2.1-6
Ubuntu 22.04
Kernel: Container Host Kernel
Compiler: gcc 12.2.1-2
RHEL 7
Kernel: 4.18.0-240.10.1.el8_3.x86_64
Compiler: gcc 4.8.5 20150623 (Red Hat 4.8.5-44)
Ubuntu 20.04
Kernel: 4.18.0-240.10.1.el8_3.x86_64
Compiler: gcc 9.3.0-17ubuntu1~20.04
RHEL8
Kernel: 4.18.0-240.10.1.el8_3.x86_64
Compiler: gcc 8.3.1 20191121 (Red Hat 8.3.1-5)
openSUSE Leap 15
Kernel: 4.18.0-240.10.1.el8_3.x86_64
Compiler: gcc 7.5.0
Debian Buster
Kernel: 5.4.0-122-generic
Compiler: gcc 8.3.0-6
FreeBSD 13
Kernel: 13.0
Compiler: clang 11.0.1
Ubuntu 20.04 ARM GCC Cross Compile
Kernel: 5.4.0-72-generic
Compiler: aarch64-linux-gnu-gcc (Ubuntu 9.3.0-17ubuntu1~20.04) 9.3.0
Ubuntu 20.04 ARM Clang Cross Compile
Kernel: 5.4.0-72-generic
Compiler: clang version 10.0.0-4ubuntu1
Ubuntu 20.04 aarch32 GCC Cross Compile
Kernel: 5.4.0-72-generic
Compiler: gcc 9.3.0
Ubuntu 20.04 ARM SVE
Kernel: 5.4.0-80-generic
Compiler: gcc 10.3.0 (Ubuntu 10.3.0-1ubuntu1~20.04)
To view detailed results, visit:
https://lab.dpdk.org/results/dashboard/patchsets/25284/
UNH-IOL DPDK Community Lab
To manage your email subscriptions, visit:
https://lab.dpdk.org/results/dashboard/preferences/subscriptions/
^ permalink raw reply [flat|nested] 23+ messages in thread
* |FAILURE| pw123419-123423 [PATCH] [5/5] ipsec: fix usage of RTE_LOGTYPE_USER1
@ 2023-02-10 8:26 dpdklab
0 siblings, 0 replies; 23+ messages in thread
From: dpdklab @ 2023-02-10 8:26 UTC (permalink / raw)
To: Test Report; +Cc: dpdklab, David Marchand, Thomas Monjalon, Stephen Hemminger
[-- Attachment #1: Type: text/plain, Size: 5118 bytes --]
Test-Label: iol-aarch64-compile-testing
Test-Status: FAILURE
http://dpdk.org/patch/123423
_Testing issues_
Submitter: Stephen Hemminger <stephen@networkplumber.org>
Date: Wednesday, February 08 2023 04:48:25
DPDK git baseline: Repo:dpdk
Branch: master
CommitID:a0c837ad1fb5b6a8b10a284ffeb5f9e31bd8ff00
123419-123423 --> testing fail
Test environment and result as below:
+----------------------------------------+--------------------+
| Environment | dpdk_meson_compile |
+========================================+====================+
| Ubuntu 20.04 ARM GCC Native | FAIL |
+----------------------------------------+--------------------+
| Ubuntu 20.04 ARM Clang Native | FAIL |
+----------------------------------------+--------------------+
| Ubuntu 20.04 ARM GCC Cross Compile | FAIL |
+----------------------------------------+--------------------+
| Ubuntu 20.04 ARM Clang Cross Compile | FAIL |
+----------------------------------------+--------------------+
| Ubuntu 20.04 aarch32 GCC Cross Compile | FAIL |
+----------------------------------------+--------------------+
| Ubuntu 20.04 ARM SVE | FAIL |
+----------------------------------------+--------------------+
==== 20 line log output for Ubuntu 20.04 ARM SVE (dpdk_meson_compile): ====
[244/634] Compiling C object 'lib/76b5a35@@rte_eventdev@sta/eventdev_rte_event_timer_adapter.c.o'.
[245/634] Compiling C object 'lib/76b5a35@@rte_eventdev@sta/eventdev_rte_eventdev.c.o'.
[246/634] Linking static target lib/librte_eventdev.a.
[247/634] Generating eventdev.sym_chk with a meson_exe.py custom command.
[248/634] Compiling C object 'lib/76b5a35@@rte_ip_frag@sta/ip_frag_rte_ipv6_fragmentation.c.o'.
[249/634] Compiling C object 'lib/76b5a35@@rte_ip_frag@sta/ip_frag_rte_ipv4_fragmentation.c.o'.
[250/634] Compiling C object 'lib/76b5a35@@rte_ip_frag@sta/ip_frag_rte_ipv4_reassembly.c.o'.
[251/634] Linking target lib/librte_eventdev.so.23.1.
[252/634] Generating symbol file 'lib/76b5a35@@rte_eventdev@sha/librte_eventdev.so.23.1.symbols'.
[253/634] Compiling C object 'lib/76b5a35@@rte_ip_frag@sta/ip_frag_rte_ipv6_reassembly.c.o'.
[254/634] Compiling C object 'lib/76b5a35@@rte_ip_frag@sta/ip_frag_rte_ip_frag_common.c.o'.
[255/634] Compiling C object 'lib/76b5a35@@rte_ip_frag@sta/ip_frag_ip_frag_internal.c.o'.
FAILED: lib/76b5a35@@rte_ip_frag@sta/ip_frag_ip_frag_internal.c.o
gcc-10 -Ilib/76b5a35@@rte_ip_frag@sta -Ilib -I../lib -Ilib/ip_frag -I../lib/ip_frag -I. -I../ -Iconfig -I../config -Ilib/eal/include -I../lib/eal/include -Ilib/eal/linux/include -I../lib/eal/linux/include -Ilib/eal/arm/include -I../lib/eal/arm/include -Ilib/eal/common -I../lib/eal/common -Ilib/eal -I../lib/eal -Ilib/kvargs -I../lib/kvargs -I../lib/telemetry/../metrics -Ilib/telemetry -I../lib/telemetry -Ilib/ethdev -I../lib/ethdev -Ilib/net -I../lib/net -Ilib/mbuf -I../lib/mbuf -Ilib/mempool -I../lib/mempool -Ilib/ring -I../lib/ring -Ilib/meter -I../lib/meter -Ilib/hash -I../lib/hash -Ilib/rcu -I../lib/rcu -fdiagnostics-color=always -pipe -D_FILE_OFFSET_BITS=64 -Wall -Winvalid-pch -Wextra -Werror -O3 -include rte_config.h -Wcast-qual -Wdeprecated -Wformat -Wformat-nonliteral -Wformat-security -Wmissing-declarations -Wmissing-prototypes -Wnested-externs -Wold-style-definition -Wpointer-arith -Wsign-compare -Wstrict-prototypes -Wundef -Wwrite-strings -Wno-address-of-packed-member -Wno-packed-not-aligned -Wno-missing-field-initializers -Wno-zero-length-bounds -D_GNU_SOURCE -fPIC -march=armv8.2-a+crypto+sve -DALLOW_EXPERIMENTAL_API -DALLOW_INTERNAL_API -Wno-format-truncation -DRTE_LOG_DEFAULT_LOGTYPE=lib.ip_frag -MD -MQ 'lib/76b5a35@@rte_ip_frag@sta/ip_frag_ip_frag_internal.c.o' -MF 'lib/76b5a35@@rte_ip_frag@sta/ip_frag_ip_frag_internal.c.o.d' -o 'lib/76b5a35@@rte_ip_frag@sta/ip_frag_ip_frag_internal.c.o' -c ../lib/ip_frag/ip_frag_internal.c
../lib/ip_frag/ip_frag_internal.c: In function 'ip_frag_process':
../lib/ip_frag/ip_frag_internal.c:185:9: error: missing terminating " character [-Werror]
185 | "last fragment: ofs: %u, len: %u\n,
| ^
cc1: all warnings being treated as errors
ninja: build stopped: subcommand failed.
==== End log output ====
Ubuntu 20.04 ARM GCC Native
Kernel: 5.4.0-53-generic
Compiler: gcc 9.3
Ubuntu 20.04 ARM Clang Native
Kernel: 5.4.0-53-generic
Compiler: clang 10.0.0-4ubuntu1
Ubuntu 20.04 ARM GCC Cross Compile
Kernel: 5.4.0-72-generic
Compiler: aarch64-linux-gnu-gcc (Ubuntu 9.3.0-17ubuntu1~20.04) 9.3.0
Ubuntu 20.04 ARM Clang Cross Compile
Kernel: 5.4.0-72-generic
Compiler: clang version 10.0.0-4ubuntu1
Ubuntu 20.04 aarch32 GCC Cross Compile
Kernel: 5.4.0-72-generic
Compiler: gcc 9.3.0
Ubuntu 20.04 ARM SVE
Kernel: 5.4.0-80-generic
Compiler: gcc 10.3.0 (Ubuntu 10.3.0-1ubuntu1~20.04)
To view detailed results, visit:
https://lab.dpdk.org/results/dashboard/patchsets/25284/
UNH-IOL DPDK Community Lab
To manage your email subscriptions, visit:
https://lab.dpdk.org/results/dashboard/preferences/subscriptions/
^ permalink raw reply [flat|nested] 23+ messages in thread
* |FAILURE| pw123419-123423 [PATCH] [5/5] ipsec: fix usage of RTE_LOGTYPE_USER1
@ 2023-02-09 18:57 dpdklab
0 siblings, 0 replies; 23+ messages in thread
From: dpdklab @ 2023-02-09 18:57 UTC (permalink / raw)
To: Test Report; +Cc: dpdklab, David Marchand, Thomas Monjalon, Stephen Hemminger
[-- Attachment #1: Type: text/plain, Size: 5195 bytes --]
Test-Label: iol-x86_64-compile-testing
Test-Status: FAILURE
http://dpdk.org/patch/123423
_Testing issues_
Submitter: Stephen Hemminger <stephen@networkplumber.org>
Date: Wednesday, February 08 2023 04:48:25
DPDK git baseline: Repo:dpdk
Branch: master
CommitID:a0c837ad1fb5b6a8b10a284ffeb5f9e31bd8ff00
123419-123423 --> testing fail
Test environment and result as below:
+------------------+--------------------+
| Environment | dpdk_meson_compile |
+==================+====================+
| Debian Buster | FAIL |
+------------------+--------------------+
| CentOS Stream 8 | FAIL |
+------------------+--------------------+
| FreeBSD 13 | FAIL |
+------------------+--------------------+
| Debian Bullseye | FAIL |
+------------------+--------------------+
| openSUSE Leap 15 | FAIL |
+------------------+--------------------+
| Ubuntu 20.04 | FAIL |
+------------------+--------------------+
| Ubuntu 22.04 | FAIL |
+------------------+--------------------+
| CentOS Stream 9 | FAIL |
+------------------+--------------------+
| RHEL 7 | FAIL |
+------------------+--------------------+
| RHEL8 | FAIL |
+------------------+--------------------+
==== 20 line log output for RHEL8 (dpdk_meson_compile): ====
[288/3160] Compiling C object 'lib/76b5a35@@rte_gso@sta/gso_gso_tunnel_udp4.c.o'.
[289/3160] Compiling C object 'lib/76b5a35@@rte_gso@sta/gso_rte_gso.c.o'.
[290/3160] Linking static target lib/librte_gso.a.
[291/3160] Generating gso.sym_chk with a meson_exe.py custom command.
[292/3160] Compiling C object 'lib/76b5a35@@rte_ip_frag@sta/ip_frag_rte_ipv6_fragmentation.c.o'.
[293/3160] Linking target lib/librte_gso.so.23.1.
[294/3160] Generating symbol file 'lib/76b5a35@@rte_gso@sha/librte_gso.so.23.1.symbols'.
[295/3160] Compiling C object 'lib/76b5a35@@rte_ip_frag@sta/ip_frag_rte_ipv4_fragmentation.c.o'.
[296/3160] Compiling C object 'lib/76b5a35@@rte_ip_frag@sta/ip_frag_rte_ipv4_reassembly.c.o'.
[297/3160] Compiling C object 'lib/76b5a35@@rte_ip_frag@sta/ip_frag_rte_ipv6_reassembly.c.o'.
[298/3160] Compiling C object 'lib/76b5a35@@rte_ip_frag@sta/ip_frag_rte_ip_frag_common.c.o'.
[299/3160] Compiling C object 'lib/76b5a35@@rte_ip_frag@sta/ip_frag_ip_frag_internal.c.o'.
FAILED: lib/76b5a35@@rte_ip_frag@sta/ip_frag_ip_frag_internal.c.o
ccache cc -Ilib/76b5a35@@rte_ip_frag@sta -Ilib -I../lib -Ilib/ip_frag -I../lib/ip_frag -I. -I../ -Iconfig -I../config -Ilib/eal/include -I../lib/eal/include -Ilib/eal/linux/include -I../lib/eal/linux/include -Ilib/eal/x86/include -I../lib/eal/x86/include -Ilib/eal/common -I../lib/eal/common -Ilib/eal -I../lib/eal -Ilib/kvargs -I../lib/kvargs -Ilib/telemetry/../metrics -I../lib/telemetry/../metrics -Ilib/telemetry -I../lib/telemetry -Ilib/ethdev -I../lib/ethdev -Ilib/net -I../lib/net -Ilib/mbuf -I../lib/mbuf -Ilib/mempool -I../lib/mempool -Ilib/ring -I../lib/ring -Ilib/meter -I../lib/meter -Ilib/hash -I../lib/hash -Ilib/rcu -I../lib/rcu -fdiagnostics-color=always -pipe -D_FILE_OFFSET_BITS=64 -Wall -Winvalid-pch -Wextra -Werror -O3 -include rte_config.h -Wcast-qual -Wdeprecated -Wformat -Wformat-nonliteral -Wformat-security -Wmissing-declarations -Wmissing-prototypes -Wnested-externs -Wold-style-definition -Wpointer-arith -Wsign-compare -Wstrict-prototypes -Wundef -Wwrite-strings -Wno-packed-not-aligned -Wno-missing-field-initializers -D_GNU_SOURCE -fPIC -march=native -DALLOW_EXPERIMENTAL_API -DALLOW_INTERNAL_API -Wno-format-truncation -DRTE_LOG_DEFAULT_LOGTYPE=lib.ip_frag -MD -MQ 'lib/76b5a35@@rte_ip_frag@sta/ip_frag_ip_frag_internal.c.o' -MF 'lib/76b5a35@@rte_ip_frag@sta/ip_frag_ip_frag_internal.c.o.d' -o 'lib/76b5a35@@rte_ip_frag@sta/ip_frag_ip_frag_internal.c.o' -c ../lib/ip_frag/ip_frag_internal.c
../lib/ip_frag/ip_frag_internal.c: In function 'ip_frag_process':
../lib/ip_frag/ip_frag_internal.c:185:9: error: missing terminating " character [-Werror]
"last fragment: ofs: %u, len: %u\n,
^
cc1: all warnings being treated as errors
ninja: build stopped: subcommand failed.
==== End log output ====
Debian Buster
Kernel: 5.4.0-122-generic
Compiler: gcc 8.3.0-6
CentOS Stream 8
Kernel: 4.18.0-240.10.1.el8_3.x86_64
Compiler: gcc 8.4.1 20200928
FreeBSD 13
Kernel: 13.0
Compiler: clang 11.0.1
Debian Bullseye
Kernel: 5.4.0-122-generic
Compiler: gcc 10.2.1-6
openSUSE Leap 15
Kernel: 4.18.0-240.10.1.el8_3.x86_64
Compiler: gcc 7.5.0
Ubuntu 20.04
Kernel: 4.18.0-240.10.1.el8_3.x86_64
Compiler: gcc 9.3.0-17ubuntu1~20.04
Ubuntu 22.04
Kernel: Container Host Kernel
Compiler: clang 14.0.5-1.fc36
CentOS Stream 9
Kernel: 4.18.0-240.10.1.el8_3.x86_64
Compiler: gcc 11.3.1 20220421
RHEL 7
Kernel: 4.18.0-240.10.1.el8_3.x86_64
Compiler: gcc 4.8.5 20150623 (Red Hat 4.8.5-44)
RHEL8
Kernel: 4.18.0-240.10.1.el8_3.x86_64
Compiler: gcc 8.3.1 20191121 (Red Hat 8.3.1-5)
To view detailed results, visit:
https://lab.dpdk.org/results/dashboard/patchsets/25284/
UNH-IOL DPDK Community Lab
To manage your email subscriptions, visit:
https://lab.dpdk.org/results/dashboard/preferences/subscriptions/
^ permalink raw reply [flat|nested] 23+ messages in thread
* |FAILURE| pw123419-123423 [PATCH] [5/5] ipsec: fix usage of RTE_LOGTYPE_USER1
@ 2023-02-09 9:32 dpdklab
0 siblings, 0 replies; 23+ messages in thread
From: dpdklab @ 2023-02-09 9:32 UTC (permalink / raw)
To: Test Report
Cc: Stephen Hemminger, dpdklab, David Marchand, Thomas Monjalon,
Stephen Hemminger
[-- Attachment #1: Type: text/plain, Size: 5199 bytes --]
Test-Label: iol-x86_64-unit-testing
Test-Status: FAILURE
http://dpdk.org/patch/123423
_Testing issues_
Submitter: Stephen Hemminger <stephen@networkplumber.org>
Date: Wednesday, February 08 2023 04:48:25
DPDK git baseline: Repo:dpdk
Branch: master
CommitID:a0c837ad1fb5b6a8b10a284ffeb5f9e31bd8ff00
123419-123423 --> testing fail
Test environment and result as below:
+---------------------+----------------+
| Environment | dpdk_unit_test |
+=====================+================+
| Windows Server 2019 | PASS |
+---------------------+----------------+
| CentOS Stream 9 | FAIL |
+---------------------+----------------+
| CentOS Stream 8 | FAIL |
+---------------------+----------------+
| Debian Bullseye | FAIL |
+---------------------+----------------+
| Ubuntu 22.04 | FAIL |
+---------------------+----------------+
| RHEL 7 | FAIL |
+---------------------+----------------+
| Ubuntu 20.04 | FAIL |
+---------------------+----------------+
| RHEL8 | FAIL |
+---------------------+----------------+
| openSUSE Leap 15 | FAIL |
+---------------------+----------------+
| Debian Buster | FAIL |
+---------------------+----------------+
==== 20 line log output for Debian Buster (dpdk_unit_test): ====
[283/3125] Compiling C object 'lib/76b5a35@@rte_table@sta/table_rte_swx_keycmp.c.o'.
[284/3125] Linking static target lib/librte_gso.a.
[285/3125] Compiling C object 'lib/76b5a35@@rte_ip_frag@sta/ip_frag_rte_ipv6_fragmentation.c.o'.
[286/3125] Generating gso.sym_chk with a meson_exe.py custom command.
[287/3125] Linking target lib/librte_gso.so.23.1.
[288/3125] Compiling C object 'lib/76b5a35@@rte_ip_frag@sta/ip_frag_rte_ipv4_reassembly.c.o'.
[289/3125] Compiling C object 'lib/76b5a35@@rte_ip_frag@sta/ip_frag_rte_ipv4_fragmentation.c.o'.
[290/3125] Generating symbol file 'lib/76b5a35@@rte_gso@sha/librte_gso.so.23.1.symbols'.
[291/3125] Compiling C object 'lib/76b5a35@@rte_ip_frag@sta/ip_frag_ip_frag_internal.c.o'.
FAILED: lib/76b5a35@@rte_ip_frag@sta/ip_frag_ip_frag_internal.c.o
ccache cc -Ilib/76b5a35@@rte_ip_frag@sta -Ilib -I../lib -Ilib/ip_frag -I../lib/ip_frag -I. -I../ -Iconfig -I../config -Ilib/eal/include -I../lib/eal/include -Ilib/eal/linux/include -I../lib/eal/linux/include -Ilib/eal/x86/include -I../lib/eal/x86/include -Ilib/eal/common -I../lib/eal/common -Ilib/eal -I../lib/eal -Ilib/kvargs -I../lib/kvargs -Ilib/telemetry/../metrics -I../lib/telemetry/../metrics -Ilib/telemetry -I../lib/telemetry -Ilib/ethdev -I../lib/ethdev -Ilib/net -I../lib/net -Ilib/mbuf -I../lib/mbuf -Ilib/mempool -I../lib/mempool -Ilib/ring -I../lib/ring -Ilib/meter -I../lib/meter -Ilib/hash -I../lib/hash -Ilib/rcu -I../lib/rcu -fdiagnostics-color=always -pipe -D_FILE_OFFSET_BITS=64 -Wall -Winvalid-pch -Wextra -Werror -O3 -include rte_config.h -Wcast-qual -Wdeprecated -Wformat -Wformat-nonliteral -Wformat-security -Wmissing-declarations -Wmissing-prototypes -Wnested-externs -Wold-style-definition -Wpointer-arith -Wsign-compare -Wstrict-prototypes -Wundef -Wwrite-strings -Wno-packed-not-aligned -Wno-missing-field-initializers -D_GNU_SOURCE -fPIC -march=native -DALLOW_EXPERIMENTAL_API -DALLOW_INTERNAL_API -Wno-format-truncation -DRTE_LOG_DEFAULT_LOGTYPE=lib.ip_frag -MD -MQ 'lib/76b5a35@@rte_ip_frag@sta/ip_frag_ip_frag_internal.c.o' -MF 'lib/76b5a35@@rte_ip_frag@sta/ip_frag_ip_frag_internal.c.o.d' -o 'lib/76b5a35@@rte_ip_frag@sta/ip_frag_ip_frag_internal.c.o' -c ../lib/ip_frag/ip_frag_internal.c
../lib/ip_frag/ip_frag_internal.c: In function 'ip_frag_process':
../lib/ip_frag/ip_frag_internal.c:185:9: error: missing terminating " character [-Werror]
"last fragment: ofs: %u, len: %u\n,
^
cc1: all warnings being treated as errors
[292/3125] Compiling C object 'lib/76b5a35@@rte_ip_frag@sta/ip_frag_rte_ipv6_reassembly.c.o'.
[293/3125] Compiling C object 'lib/76b5a35@@rte_ip_frag@sta/ip_frag_rte_ip_frag_common.c.o'.
[294/3125] Generating eventdev.sym_chk with a meson_exe.py custom command.
ninja: build stopped: subcommand failed.
==== End log output ====
Windows Server 2019
Kernel: 10.0
Compiler: clang 14.0 and gcc 8.1.0 (MinGW)
CentOS Stream 9
Kernel: 4.18.0-240.10.1.el8_3.x86_64
Compiler: gcc 11.3.1 20220421
CentOS Stream 8
Kernel: 4.18.0-240.10.1.el8_3.x86_64
Compiler: gcc 8.4.1 20200928
Debian Bullseye
Kernel: 5.4.0-122-generic
Compiler: gcc 10.2.1-6
Ubuntu 22.04
Kernel: Container Host Kernel
Compiler: gcc 12.2.1-2
RHEL 7
Kernel: 4.18.0-240.10.1.el8_3.x86_64
Compiler: gcc 4.8.5 20150623 (Red Hat 4.8.5-44)
Ubuntu 20.04
Kernel: 4.18.0-240.10.1.el8_3.x86_64
Compiler: gcc 9.3.0-17ubuntu1~20.04
RHEL8
Kernel: 4.18.0-240.10.1.el8_3.x86_64
Compiler: gcc 8.3.1 20191121 (Red Hat 8.3.1-5)
openSUSE Leap 15
Kernel: 4.18.0-240.10.1.el8_3.x86_64
Compiler: gcc 7.5.0
Debian Buster
Kernel: 5.4.0-122-generic
Compiler: gcc 8.3.0-6
To view detailed results, visit:
https://lab.dpdk.org/results/dashboard/patchsets/25284/
UNH-IOL DPDK Community Lab
To manage your email subscriptions, visit:
https://lab.dpdk.org/results/dashboard/preferences/subscriptions/
^ permalink raw reply [flat|nested] 23+ messages in thread
* |FAILURE| pw123419-123423 [PATCH] [5/5] ipsec: fix usage of RTE_LOGTYPE_USER1
@ 2023-02-09 9:31 dpdklab
0 siblings, 0 replies; 23+ messages in thread
From: dpdklab @ 2023-02-09 9:31 UTC (permalink / raw)
To: Test Report
Cc: Stephen Hemminger, dpdklab, David Marchand, Thomas Monjalon,
Stephen Hemminger
[-- Attachment #1: Type: text/plain, Size: 5785 bytes --]
Test-Label: iol-testing
Test-Status: FAILURE
http://dpdk.org/patch/123423
_Testing issues_
Submitter: Stephen Hemminger <stephen@networkplumber.org>
Date: Wednesday, February 08 2023 04:48:25
DPDK git baseline: Repo:dpdk
Branch: master
CommitID:a0c837ad1fb5b6a8b10a284ffeb5f9e31bd8ff00
123419-123423 --> testing fail
Test environment and result as below:
+-------------------------------+----------------+
| Environment | dpdk_unit_test |
+===============================+================+
| Ubuntu 20.04 ARM Clang Native | FAIL |
+-------------------------------+----------------+
| Ubuntu 20.04 ARM GCC Native | FAIL |
+-------------------------------+----------------+
| Windows Server 2019 | PASS |
+-------------------------------+----------------+
| CentOS Stream 9 | FAIL |
+-------------------------------+----------------+
| CentOS Stream 8 | FAIL |
+-------------------------------+----------------+
| Debian Bullseye | FAIL |
+-------------------------------+----------------+
| Ubuntu 22.04 | FAIL |
+-------------------------------+----------------+
| RHEL 7 | FAIL |
+-------------------------------+----------------+
| Ubuntu 20.04 | FAIL |
+-------------------------------+----------------+
| RHEL8 | FAIL |
+-------------------------------+----------------+
| openSUSE Leap 15 | FAIL |
+-------------------------------+----------------+
| Debian Buster | FAIL |
+-------------------------------+----------------+
==== 20 line log output for Debian Buster (dpdk_unit_test): ====
[283/3125] Compiling C object 'lib/76b5a35@@rte_table@sta/table_rte_swx_keycmp.c.o'.
[284/3125] Linking static target lib/librte_gso.a.
[285/3125] Compiling C object 'lib/76b5a35@@rte_ip_frag@sta/ip_frag_rte_ipv6_fragmentation.c.o'.
[286/3125] Generating gso.sym_chk with a meson_exe.py custom command.
[287/3125] Linking target lib/librte_gso.so.23.1.
[288/3125] Compiling C object 'lib/76b5a35@@rte_ip_frag@sta/ip_frag_rte_ipv4_reassembly.c.o'.
[289/3125] Compiling C object 'lib/76b5a35@@rte_ip_frag@sta/ip_frag_rte_ipv4_fragmentation.c.o'.
[290/3125] Generating symbol file 'lib/76b5a35@@rte_gso@sha/librte_gso.so.23.1.symbols'.
[291/3125] Compiling C object 'lib/76b5a35@@rte_ip_frag@sta/ip_frag_ip_frag_internal.c.o'.
FAILED: lib/76b5a35@@rte_ip_frag@sta/ip_frag_ip_frag_internal.c.o
ccache cc -Ilib/76b5a35@@rte_ip_frag@sta -Ilib -I../lib -Ilib/ip_frag -I../lib/ip_frag -I. -I../ -Iconfig -I../config -Ilib/eal/include -I../lib/eal/include -Ilib/eal/linux/include -I../lib/eal/linux/include -Ilib/eal/x86/include -I../lib/eal/x86/include -Ilib/eal/common -I../lib/eal/common -Ilib/eal -I../lib/eal -Ilib/kvargs -I../lib/kvargs -Ilib/telemetry/../metrics -I../lib/telemetry/../metrics -Ilib/telemetry -I../lib/telemetry -Ilib/ethdev -I../lib/ethdev -Ilib/net -I../lib/net -Ilib/mbuf -I../lib/mbuf -Ilib/mempool -I../lib/mempool -Ilib/ring -I../lib/ring -Ilib/meter -I../lib/meter -Ilib/hash -I../lib/hash -Ilib/rcu -I../lib/rcu -fdiagnostics-color=always -pipe -D_FILE_OFFSET_BITS=64 -Wall -Winvalid-pch -Wextra -Werror -O3 -include rte_config.h -Wcast-qual -Wdeprecated -Wformat -Wformat-nonliteral -Wformat-security -Wmissing-declarations -Wmissing-prototypes -Wnested-externs -Wold-style-definition -Wpointer-arith -Wsign-compare -Wstrict-prototypes -Wundef -Wwrite-strings -Wno-packed-not-aligned -Wno-missing-field-initializers -D_GNU_SOURCE -fPIC -march=native -DALLOW_EXPERIMENTAL_API -DALLOW_INTERNAL_API -Wno-format-truncation -DRTE_LOG_DEFAULT_LOGTYPE=lib.ip_frag -MD -MQ 'lib/76b5a35@@rte_ip_frag@sta/ip_frag_ip_frag_internal.c.o' -MF 'lib/76b5a35@@rte_ip_frag@sta/ip_frag_ip_frag_internal.c.o.d' -o 'lib/76b5a35@@rte_ip_frag@sta/ip_frag_ip_frag_internal.c.o' -c ../lib/ip_frag/ip_frag_internal.c
../lib/ip_frag/ip_frag_internal.c: In function 'ip_frag_process':
../lib/ip_frag/ip_frag_internal.c:185:9: error: missing terminating " character [-Werror]
"last fragment: ofs: %u, len: %u\n,
^
cc1: all warnings being treated as errors
[292/3125] Compiling C object 'lib/76b5a35@@rte_ip_frag@sta/ip_frag_rte_ipv6_reassembly.c.o'.
[293/3125] Compiling C object 'lib/76b5a35@@rte_ip_frag@sta/ip_frag_rte_ip_frag_common.c.o'.
[294/3125] Generating eventdev.sym_chk with a meson_exe.py custom command.
ninja: build stopped: subcommand failed.
==== End log output ====
Ubuntu 20.04 ARM Clang Native
Kernel: 5.4.0-53-generic
Compiler: clang 10.0.0-4ubuntu1
Ubuntu 20.04 ARM GCC Native
Kernel: 5.4.0-53-generic
Compiler: gcc 9.3
Windows Server 2019
Kernel: 10.0
Compiler: clang 14.0 and gcc 8.1.0 (MinGW)
CentOS Stream 9
Kernel: 4.18.0-240.10.1.el8_3.x86_64
Compiler: gcc 11.3.1 20220421
CentOS Stream 8
Kernel: 4.18.0-240.10.1.el8_3.x86_64
Compiler: gcc 8.4.1 20200928
Debian Bullseye
Kernel: 5.4.0-122-generic
Compiler: gcc 10.2.1-6
Ubuntu 22.04
Kernel: Container Host Kernel
Compiler: gcc 12.2.1-2
RHEL 7
Kernel: 4.18.0-240.10.1.el8_3.x86_64
Compiler: gcc 4.8.5 20150623 (Red Hat 4.8.5-44)
Ubuntu 20.04
Kernel: 4.18.0-240.10.1.el8_3.x86_64
Compiler: gcc 9.3.0-17ubuntu1~20.04
RHEL8
Kernel: 4.18.0-240.10.1.el8_3.x86_64
Compiler: gcc 8.3.1 20191121 (Red Hat 8.3.1-5)
openSUSE Leap 15
Kernel: 4.18.0-240.10.1.el8_3.x86_64
Compiler: gcc 7.5.0
Debian Buster
Kernel: 5.4.0-122-generic
Compiler: gcc 8.3.0-6
To view detailed results, visit:
https://lab.dpdk.org/results/dashboard/patchsets/25284/
UNH-IOL DPDK Community Lab
To manage your email subscriptions, visit:
https://lab.dpdk.org/results/dashboard/preferences/subscriptions/
^ permalink raw reply [flat|nested] 23+ messages in thread
* |FAILURE| pw123419-123423 [PATCH] [5/5] ipsec: fix usage of RTE_LOGTYPE_USER1
@ 2023-02-09 9:15 dpdklab
0 siblings, 0 replies; 23+ messages in thread
From: dpdklab @ 2023-02-09 9:15 UTC (permalink / raw)
To: Test Report; +Cc: dpdklab, David Marchand, Thomas Monjalon, Stephen Hemminger
[-- Attachment #1: Type: text/plain, Size: 5448 bytes --]
Test-Label: iol-testing
Test-Status: FAILURE
http://dpdk.org/patch/123423
_Testing issues_
Submitter: Stephen Hemminger <stephen@networkplumber.org>
Date: Wednesday, February 08 2023 04:48:25
DPDK git baseline: Repo:dpdk
Branch: master
CommitID:a0c837ad1fb5b6a8b10a284ffeb5f9e31bd8ff00
123419-123423 --> testing fail
Test environment and result as below:
+-------------------------------+----------------+
| Environment | dpdk_unit_test |
+===============================+================+
| Ubuntu 20.04 ARM Clang Native | FAIL |
+-------------------------------+----------------+
| Ubuntu 20.04 ARM GCC Native | FAIL |
+-------------------------------+----------------+
| Windows Server 2019 | PASS |
+-------------------------------+----------------+
| CentOS Stream 9 | FAIL |
+-------------------------------+----------------+
| CentOS Stream 8 | FAIL |
+-------------------------------+----------------+
| Debian Bullseye | FAIL |
+-------------------------------+----------------+
| Ubuntu 22.04 | FAIL |
+-------------------------------+----------------+
| RHEL 7 | FAIL |
+-------------------------------+----------------+
| Ubuntu 20.04 | FAIL |
+-------------------------------+----------------+
| RHEL8 | FAIL |
+-------------------------------+----------------+
==== 20 line log output for RHEL8 (dpdk_unit_test): ====
[279/3132] Compiling C object 'lib/76b5a35@@rte_table@sta/table_rte_swx_keycmp.c.o'.
[280/3132] Generating gso.sym_chk with a meson_exe.py custom command.
[281/3132] Linking target lib/librte_gso.so.23.1.
[282/3132] Generating symbol file 'lib/76b5a35@@rte_gso@sha/librte_gso.so.23.1.symbols'.
[283/3132] Compiling C object 'lib/76b5a35@@rte_ip_frag@sta/ip_frag_rte_ipv4_fragmentation.c.o'.
[284/3132] Compiling C object 'lib/76b5a35@@rte_ip_frag@sta/ip_frag_rte_ipv4_reassembly.c.o'.
[285/3132] Compiling C object 'lib/76b5a35@@rte_ip_frag@sta/ip_frag_rte_ipv6_reassembly.c.o'.
[286/3132] Compiling C object 'lib/76b5a35@@rte_ip_frag@sta/ip_frag_rte_ip_frag_common.c.o'.
[287/3132] Compiling C object 'lib/76b5a35@@rte_ip_frag@sta/ip_frag_ip_frag_internal.c.o'.
FAILED: lib/76b5a35@@rte_ip_frag@sta/ip_frag_ip_frag_internal.c.o
ccache cc -Ilib/76b5a35@@rte_ip_frag@sta -Ilib -I../lib -Ilib/ip_frag -I../lib/ip_frag -I. -I../ -Iconfig -I../config -Ilib/eal/include -I../lib/eal/include -Ilib/eal/linux/include -I../lib/eal/linux/include -Ilib/eal/x86/include -I../lib/eal/x86/include -Ilib/eal/common -I../lib/eal/common -Ilib/eal -I../lib/eal -Ilib/kvargs -I../lib/kvargs -Ilib/telemetry/../metrics -I../lib/telemetry/../metrics -Ilib/telemetry -I../lib/telemetry -Ilib/ethdev -I../lib/ethdev -Ilib/net -I../lib/net -Ilib/mbuf -I../lib/mbuf -Ilib/mempool -I../lib/mempool -Ilib/ring -I../lib/ring -Ilib/meter -I../lib/meter -Ilib/hash -I../lib/hash -Ilib/rcu -I../lib/rcu -fdiagnostics-color=always -pipe -D_FILE_OFFSET_BITS=64 -Wall -Winvalid-pch -Wextra -Werror -O3 -include rte_config.h -Wcast-qual -Wdeprecated -Wformat -Wformat-nonliteral -Wformat-security -Wmissing-declarations -Wmissing-prototypes -Wnested-externs -Wold-style-definition -Wpointer-arith -Wsign-compare -Wstrict-prototypes -Wundef -Wwrite-strings -Wno-packed-not-aligned -Wno-missing-field-initializers -D_GNU_SOURCE -fPIC -march=native -DALLOW_EXPERIMENTAL_API -DALLOW_INTERNAL_API -Wno-format-truncation -DRTE_LOG_DEFAULT_LOGTYPE=lib.ip_frag -MD -MQ 'lib/76b5a35@@rte_ip_frag@sta/ip_frag_ip_frag_internal.c.o' -MF 'lib/76b5a35@@rte_ip_frag@sta/ip_frag_ip_frag_internal.c.o.d' -o 'lib/76b5a35@@rte_ip_frag@sta/ip_frag_ip_frag_internal.c.o' -c ../lib/ip_frag/ip_frag_internal.c
../lib/ip_frag/ip_frag_internal.c: In function 'ip_frag_process':
../lib/ip_frag/ip_frag_internal.c:185:9: error: missing terminating " character [-Werror]
"last fragment: ofs: %u, len: %u\n,
^
cc1: all warnings being treated as errors
[288/3132] Compiling C object 'lib/76b5a35@@rte_jobstats@sta/jobstats_rte_jobstats.c.o'.
[289/3132] Generating cryptodev.sym_chk with a meson_exe.py custom command.
[290/3132] Generating eventdev.sym_chk with a meson_exe.py custom command.
ninja: build stopped: subcommand failed.
==== End log output ====
Ubuntu 20.04 ARM Clang Native
Kernel: 5.4.0-53-generic
Compiler: clang 10.0.0-4ubuntu1
Ubuntu 20.04 ARM GCC Native
Kernel: 5.4.0-53-generic
Compiler: gcc 9.3
Windows Server 2019
Kernel: 10.0
Compiler: clang 14.0 and gcc 8.1.0 (MinGW)
CentOS Stream 9
Kernel: 4.18.0-240.10.1.el8_3.x86_64
Compiler: gcc 11.3.1 20220421
CentOS Stream 8
Kernel: 4.18.0-240.10.1.el8_3.x86_64
Compiler: gcc 8.4.1 20200928
Debian Bullseye
Kernel: 5.4.0-122-generic
Compiler: gcc 10.2.1-6
Ubuntu 22.04
Kernel: Container Host Kernel
Compiler: gcc 12.2.1-2
RHEL 7
Kernel: 4.18.0-240.10.1.el8_3.x86_64
Compiler: gcc 4.8.5 20150623 (Red Hat 4.8.5-44)
Ubuntu 20.04
Kernel: 4.18.0-240.10.1.el8_3.x86_64
Compiler: gcc 9.3.0-17ubuntu1~20.04
RHEL8
Kernel: 4.18.0-240.10.1.el8_3.x86_64
Compiler: gcc 8.3.1 20191121 (Red Hat 8.3.1-5)
To view detailed results, visit:
https://lab.dpdk.org/results/dashboard/patchsets/25284/
UNH-IOL DPDK Community Lab
To manage your email subscriptions, visit:
https://lab.dpdk.org/results/dashboard/preferences/subscriptions/
^ permalink raw reply [flat|nested] 23+ messages in thread
* |FAILURE| pw123419-123423 [PATCH] [5/5] ipsec: fix usage of RTE_LOGTYPE_USER1
@ 2023-02-09 9:06 dpdklab
0 siblings, 0 replies; 23+ messages in thread
From: dpdklab @ 2023-02-09 9:06 UTC (permalink / raw)
To: Test Report; +Cc: dpdklab, David Marchand, Thomas Monjalon, Stephen Hemminger
[-- Attachment #1: Type: text/plain, Size: 5306 bytes --]
Test-Label: iol-testing
Test-Status: FAILURE
http://dpdk.org/patch/123423
_Testing issues_
Submitter: Stephen Hemminger <stephen@networkplumber.org>
Date: Wednesday, February 08 2023 04:48:25
DPDK git baseline: Repo:dpdk
Branch: master
CommitID:a0c837ad1fb5b6a8b10a284ffeb5f9e31bd8ff00
123419-123423 --> testing fail
Test environment and result as below:
+-------------------------------+----------------+
| Environment | dpdk_unit_test |
+===============================+================+
| Ubuntu 20.04 ARM Clang Native | FAIL |
+-------------------------------+----------------+
| Ubuntu 20.04 ARM GCC Native | FAIL |
+-------------------------------+----------------+
| Windows Server 2019 | PASS |
+-------------------------------+----------------+
| CentOS Stream 9 | FAIL |
+-------------------------------+----------------+
| CentOS Stream 8 | FAIL |
+-------------------------------+----------------+
| Debian Bullseye | FAIL |
+-------------------------------+----------------+
| Ubuntu 22.04 | FAIL |
+-------------------------------+----------------+
| RHEL 7 | FAIL |
+-------------------------------+----------------+
| Ubuntu 20.04 | FAIL |
+-------------------------------+----------------+
==== 20 line log output for Ubuntu 20.04 (dpdk_unit_test): ====
[283/3132] Linking target lib/librte_cryptodev.so.23.1.
[284/3132] Compiling C object 'lib/76b5a35@@rte_table@sta/table_rte_swx_keycmp.c.o'.
[285/3132] Generating symbol file 'lib/76b5a35@@rte_cryptodev@sha/librte_cryptodev.so.23.1.symbols'.
[286/3132] Generating gso.sym_chk with a meson_exe.py custom command.
[287/3132] Linking target lib/librte_gso.so.23.1.
[288/3132] Compiling C object 'lib/76b5a35@@rte_ip_frag@sta/ip_frag_rte_ipv4_fragmentation.c.o'.
[289/3132] Compiling C object 'lib/76b5a35@@rte_ip_frag@sta/ip_frag_rte_ipv4_reassembly.c.o'.
[290/3132] Generating symbol file 'lib/76b5a35@@rte_gso@sha/librte_gso.so.23.1.symbols'.
[291/3132] Compiling C object 'lib/76b5a35@@rte_ip_frag@sta/ip_frag_ip_frag_internal.c.o'.
FAILED: lib/76b5a35@@rte_ip_frag@sta/ip_frag_ip_frag_internal.c.o
ccache cc -Ilib/76b5a35@@rte_ip_frag@sta -Ilib -I../lib -Ilib/ip_frag -I../lib/ip_frag -I. -I../ -Iconfig -I../config -Ilib/eal/include -I../lib/eal/include -Ilib/eal/linux/include -I../lib/eal/linux/include -Ilib/eal/x86/include -I../lib/eal/x86/include -Ilib/eal/common -I../lib/eal/common -Ilib/eal -I../lib/eal -Ilib/kvargs -I../lib/kvargs -Ilib/telemetry/../metrics -I../lib/telemetry/../metrics -Ilib/telemetry -I../lib/telemetry -Ilib/ethdev -I../lib/ethdev -Ilib/net -I../lib/net -Ilib/mbuf -I../lib/mbuf -Ilib/mempool -I../lib/mempool -Ilib/ring -I../lib/ring -Ilib/meter -I../lib/meter -Ilib/hash -I../lib/hash -Ilib/rcu -I../lib/rcu -fdiagnostics-color=always -pipe -D_FILE_OFFSET_BITS=64 -Wall -Winvalid-pch -Wextra -Werror -O3 -include rte_config.h -Wcast-qual -Wdeprecated -Wformat -Wformat-nonliteral -Wformat-security -Wmissing-declarations -Wmissing-prototypes -Wnested-externs -Wold-style-definition -Wpointer-arith -Wsign-compare -Wstrict-prototypes -Wundef -Wwrite-strings -Wno-address-of-packed-member -Wno-packed-not-aligned -Wno-missing-field-initializers -D_GNU_SOURCE -fPIC -march=native -DALLOW_EXPERIMENTAL_API -DALLOW_INTERNAL_API -Wno-format-truncation -DRTE_LOG_DEFAULT_LOGTYPE=lib.ip_frag -MD -MQ 'lib/76b5a35@@rte_ip_frag@sta/ip_frag_ip_frag_internal.c.o' -MF 'lib/76b5a35@@rte_ip_frag@sta/ip_frag_ip_frag_internal.c.o.d' -o 'lib/76b5a35@@rte_ip_frag@sta/ip_frag_ip_frag_internal.c.o' -c ../lib/ip_frag/ip_frag_internal.c
../lib/ip_frag/ip_frag_internal.c: In function 'ip_frag_process':
../lib/ip_frag/ip_frag_internal.c:185:9: error: missing terminating " character [-Werror]
185 | "last fragment: ofs: %u, len: %u\n,
| ^
cc1: all warnings being treated as errors
[292/3132] Compiling C object 'lib/76b5a35@@rte_ip_frag@sta/ip_frag_rte_ipv6_reassembly.c.o'.
[293/3132] Compiling C object 'lib/76b5a35@@rte_ip_frag@sta/ip_frag_rte_ip_frag_common.c.o'.
[294/3132] Generating eventdev.sym_chk with a meson_exe.py custom command.
ninja: build stopped: subcommand failed.
==== End log output ====
Ubuntu 20.04 ARM Clang Native
Kernel: 5.4.0-53-generic
Compiler: clang 10.0.0-4ubuntu1
Ubuntu 20.04 ARM GCC Native
Kernel: 5.4.0-53-generic
Compiler: gcc 9.3
Windows Server 2019
Kernel: 10.0
Compiler: clang 14.0 and gcc 8.1.0 (MinGW)
CentOS Stream 9
Kernel: 4.18.0-240.10.1.el8_3.x86_64
Compiler: gcc 11.3.1 20220421
CentOS Stream 8
Kernel: 4.18.0-240.10.1.el8_3.x86_64
Compiler: gcc 8.4.1 20200928
Debian Bullseye
Kernel: 5.4.0-122-generic
Compiler: gcc 10.2.1-6
Ubuntu 22.04
Kernel: Container Host Kernel
Compiler: gcc 12.2.1-2
RHEL 7
Kernel: 4.18.0-240.10.1.el8_3.x86_64
Compiler: gcc 4.8.5 20150623 (Red Hat 4.8.5-44)
Ubuntu 20.04
Kernel: 4.18.0-240.10.1.el8_3.x86_64
Compiler: gcc 9.3.0-17ubuntu1~20.04
To view detailed results, visit:
https://lab.dpdk.org/results/dashboard/patchsets/25284/
UNH-IOL DPDK Community Lab
To manage your email subscriptions, visit:
https://lab.dpdk.org/results/dashboard/preferences/subscriptions/
^ permalink raw reply [flat|nested] 23+ messages in thread
* |FAILURE| pw123419-123423 [PATCH] [5/5] ipsec: fix usage of RTE_LOGTYPE_USER1
@ 2023-02-09 9:06 dpdklab
0 siblings, 0 replies; 23+ messages in thread
From: dpdklab @ 2023-02-09 9:06 UTC (permalink / raw)
To: Test Report; +Cc: dpdklab, David Marchand, Thomas Monjalon, Stephen Hemminger
[-- Attachment #1: Type: text/plain, Size: 5022 bytes --]
Test-Label: iol-testing
Test-Status: FAILURE
http://dpdk.org/patch/123423
_Testing issues_
Submitter: Stephen Hemminger <stephen@networkplumber.org>
Date: Wednesday, February 08 2023 04:48:25
DPDK git baseline: Repo:dpdk
Branch: master
CommitID:a0c837ad1fb5b6a8b10a284ffeb5f9e31bd8ff00
123419-123423 --> testing fail
Test environment and result as below:
+-------------------------------+----------------+
| Environment | dpdk_unit_test |
+===============================+================+
| Ubuntu 20.04 ARM Clang Native | FAIL |
+-------------------------------+----------------+
| Ubuntu 20.04 ARM GCC Native | FAIL |
+-------------------------------+----------------+
| Windows Server 2019 | PASS |
+-------------------------------+----------------+
| CentOS Stream 9 | FAIL |
+-------------------------------+----------------+
| CentOS Stream 8 | FAIL |
+-------------------------------+----------------+
| Debian Bullseye | FAIL |
+-------------------------------+----------------+
| Ubuntu 22.04 | FAIL |
+-------------------------------+----------------+
| RHEL 7 | FAIL |
+-------------------------------+----------------+
==== 20 line log output for RHEL 7 (dpdk_unit_test): ====
[282/3108] Compiling C object 'lib/76b5a35@@rte_ip_frag@sta/ip_frag_rte_ipv6_fragmentation.c.o'.
[283/3108] Generating gpudev.sym_chk with a meson_exe.py custom command.
[284/3108] Linking target lib/librte_gpudev.so.23.1.
[285/3108] Compiling C object 'lib/76b5a35@@rte_table@sta/table_rte_swx_table_em.c.o'.
[286/3108] Generating symbol file 'lib/76b5a35@@rte_gso@sha/librte_gso.so.23.1.symbols'.
[287/3108] Compiling C object 'lib/76b5a35@@rte_ip_frag@sta/ip_frag_rte_ipv6_reassembly.c.o'.
[288/3108] Compiling C object 'lib/76b5a35@@rte_ip_frag@sta/ip_frag_rte_ipv4_reassembly.c.o'.
[289/3108] Compiling C object 'lib/76b5a35@@rte_ip_frag@sta/ip_frag_rte_ip_frag_common.c.o'.
[290/3108] Compiling C object 'lib/76b5a35@@rte_ip_frag@sta/ip_frag_ip_frag_internal.c.o'.
FAILED: lib/76b5a35@@rte_ip_frag@sta/ip_frag_ip_frag_internal.c.o
ccache cc -Ilib/76b5a35@@rte_ip_frag@sta -Ilib -I../lib -Ilib/ip_frag -I../lib/ip_frag -I. -I../ -Iconfig -I../config -Ilib/eal/include -I../lib/eal/include -Ilib/eal/linux/include -I../lib/eal/linux/include -Ilib/eal/x86/include -I../lib/eal/x86/include -Ilib/eal/common -I../lib/eal/common -Ilib/eal -I../lib/eal -Ilib/kvargs -I../lib/kvargs -Ilib/telemetry/../metrics -I../lib/telemetry/../metrics -Ilib/telemetry -I../lib/telemetry -Ilib/ethdev -I../lib/ethdev -Ilib/net -I../lib/net -Ilib/mbuf -I../lib/mbuf -Ilib/mempool -I../lib/mempool -Ilib/ring -I../lib/ring -Ilib/meter -I../lib/meter -Ilib/hash -I../lib/hash -Ilib/rcu -I../lib/rcu -pipe -D_FILE_OFFSET_BITS=64 -Wall -Winvalid-pch -Wextra -Werror -O3 -include rte_config.h -Wcast-qual -Wdeprecated -Wformat -Wformat-nonliteral -Wformat-security -Wmissing-declarations -Wmissing-prototypes -Wnested-externs -Wold-style-definition -Wpointer-arith -Wsign-compare -Wstrict-prototypes -Wundef -Wwrite-strings -Wno-missing-field-initializers -D_GNU_SOURCE -fPIC -march=native -DALLOW_EXPERIMENTAL_API -DALLOW_INTERNAL_API -DRTE_LOG_DEFAULT_LOGTYPE=lib.ip_frag -MD -MQ 'lib/76b5a35@@rte_ip_frag@sta/ip_frag_ip_frag_internal.c.o' -MF 'lib/76b5a35@@rte_ip_frag@sta/ip_frag_ip_frag_internal.c.o.d' -o 'lib/76b5a35@@rte_ip_frag@sta/ip_frag_ip_frag_internal.c.o' -c ../lib/ip_frag/ip_frag_internal.c
../lib/ip_frag/ip_frag_internal.c: In function 'ip_frag_process':
../lib/ip_frag/ip_frag_internal.c:185:9: error: missing terminating " character [-Werror]
"last fragment: ofs: %u, len: %u\n,
^
cc1: all warnings being treated as errors
[291/3108] Compiling C object 'lib/76b5a35@@rte_jobstats@sta/jobstats_rte_jobstats.c.o'.
[292/3108] Compiling C object 'lib/76b5a35@@rte_latencystats@sta/latencystats_rte_latencystats.c.o'.
[293/3108] Generating eventdev.sym_chk with a meson_exe.py custom command.
ninja: build stopped: subcommand failed.
==== End log output ====
Ubuntu 20.04 ARM Clang Native
Kernel: 5.4.0-53-generic
Compiler: clang 10.0.0-4ubuntu1
Ubuntu 20.04 ARM GCC Native
Kernel: 5.4.0-53-generic
Compiler: gcc 9.3
Windows Server 2019
Kernel: 10.0
Compiler: clang 14.0 and gcc 8.1.0 (MinGW)
CentOS Stream 9
Kernel: 4.18.0-240.10.1.el8_3.x86_64
Compiler: gcc 11.3.1 20220421
CentOS Stream 8
Kernel: 4.18.0-240.10.1.el8_3.x86_64
Compiler: gcc 8.4.1 20200928
Debian Bullseye
Kernel: 5.4.0-122-generic
Compiler: gcc 10.2.1-6
Ubuntu 22.04
Kernel: Container Host Kernel
Compiler: gcc 12.2.1-2
RHEL 7
Kernel: 4.18.0-240.10.1.el8_3.x86_64
Compiler: gcc 4.8.5 20150623 (Red Hat 4.8.5-44)
To view detailed results, visit:
https://lab.dpdk.org/results/dashboard/patchsets/25284/
UNH-IOL DPDK Community Lab
To manage your email subscriptions, visit:
https://lab.dpdk.org/results/dashboard/preferences/subscriptions/
^ permalink raw reply [flat|nested] 23+ messages in thread
* |FAILURE| pw123419-123423 [PATCH] [5/5] ipsec: fix usage of RTE_LOGTYPE_USER1
@ 2023-02-09 9:06 dpdklab
0 siblings, 0 replies; 23+ messages in thread
From: dpdklab @ 2023-02-09 9:06 UTC (permalink / raw)
To: Test Report; +Cc: dpdklab, David Marchand, Thomas Monjalon, Stephen Hemminger
[-- Attachment #1: Type: text/plain, Size: 5022 bytes --]
Test-Label: iol-testing
Test-Status: FAILURE
http://dpdk.org/patch/123423
_Testing issues_
Submitter: Stephen Hemminger <stephen@networkplumber.org>
Date: Wednesday, February 08 2023 04:48:25
DPDK git baseline: Repo:dpdk
Branch: master
CommitID:a0c837ad1fb5b6a8b10a284ffeb5f9e31bd8ff00
123419-123423 --> testing fail
Test environment and result as below:
+-------------------------------+----------------+
| Environment | dpdk_unit_test |
+===============================+================+
| Ubuntu 20.04 ARM Clang Native | FAIL |
+-------------------------------+----------------+
| Ubuntu 20.04 ARM GCC Native | FAIL |
+-------------------------------+----------------+
| Windows Server 2019 | PASS |
+-------------------------------+----------------+
| CentOS Stream 9 | FAIL |
+-------------------------------+----------------+
| CentOS Stream 8 | FAIL |
+-------------------------------+----------------+
| Debian Bullseye | FAIL |
+-------------------------------+----------------+
| Ubuntu 22.04 | FAIL |
+-------------------------------+----------------+
| RHEL 7 | FAIL |
+-------------------------------+----------------+
==== 20 line log output for RHEL 7 (dpdk_unit_test): ====
[282/3108] Compiling C object 'lib/76b5a35@@rte_ip_frag@sta/ip_frag_rte_ipv6_fragmentation.c.o'.
[283/3108] Generating gpudev.sym_chk with a meson_exe.py custom command.
[284/3108] Linking target lib/librte_gpudev.so.23.1.
[285/3108] Compiling C object 'lib/76b5a35@@rte_table@sta/table_rte_swx_table_em.c.o'.
[286/3108] Generating symbol file 'lib/76b5a35@@rte_gso@sha/librte_gso.so.23.1.symbols'.
[287/3108] Compiling C object 'lib/76b5a35@@rte_ip_frag@sta/ip_frag_rte_ipv6_reassembly.c.o'.
[288/3108] Compiling C object 'lib/76b5a35@@rte_ip_frag@sta/ip_frag_rte_ipv4_reassembly.c.o'.
[289/3108] Compiling C object 'lib/76b5a35@@rte_ip_frag@sta/ip_frag_rte_ip_frag_common.c.o'.
[290/3108] Compiling C object 'lib/76b5a35@@rte_ip_frag@sta/ip_frag_ip_frag_internal.c.o'.
FAILED: lib/76b5a35@@rte_ip_frag@sta/ip_frag_ip_frag_internal.c.o
ccache cc -Ilib/76b5a35@@rte_ip_frag@sta -Ilib -I../lib -Ilib/ip_frag -I../lib/ip_frag -I. -I../ -Iconfig -I../config -Ilib/eal/include -I../lib/eal/include -Ilib/eal/linux/include -I../lib/eal/linux/include -Ilib/eal/x86/include -I../lib/eal/x86/include -Ilib/eal/common -I../lib/eal/common -Ilib/eal -I../lib/eal -Ilib/kvargs -I../lib/kvargs -Ilib/telemetry/../metrics -I../lib/telemetry/../metrics -Ilib/telemetry -I../lib/telemetry -Ilib/ethdev -I../lib/ethdev -Ilib/net -I../lib/net -Ilib/mbuf -I../lib/mbuf -Ilib/mempool -I../lib/mempool -Ilib/ring -I../lib/ring -Ilib/meter -I../lib/meter -Ilib/hash -I../lib/hash -Ilib/rcu -I../lib/rcu -pipe -D_FILE_OFFSET_BITS=64 -Wall -Winvalid-pch -Wextra -Werror -O3 -include rte_config.h -Wcast-qual -Wdeprecated -Wformat -Wformat-nonliteral -Wformat-security -Wmissing-declarations -Wmissing-prototypes -Wnested-externs -Wold-style-definition -Wpointer-arith -Wsign-compare -Wstrict-prototypes -Wundef -Wwrite-strings -Wno-missing-field-initializers -D_GNU_SOURCE -fPIC -march=native -DALLOW_EXPERIMENTAL_API -DALLOW_INTERNAL_API -DRTE_LOG_DEFAULT_LOGTYPE=lib.ip_frag -MD -MQ 'lib/76b5a35@@rte_ip_frag@sta/ip_frag_ip_frag_internal.c.o' -MF 'lib/76b5a35@@rte_ip_frag@sta/ip_frag_ip_frag_internal.c.o.d' -o 'lib/76b5a35@@rte_ip_frag@sta/ip_frag_ip_frag_internal.c.o' -c ../lib/ip_frag/ip_frag_internal.c
../lib/ip_frag/ip_frag_internal.c: In function 'ip_frag_process':
../lib/ip_frag/ip_frag_internal.c:185:9: error: missing terminating " character [-Werror]
"last fragment: ofs: %u, len: %u\n,
^
cc1: all warnings being treated as errors
[291/3108] Compiling C object 'lib/76b5a35@@rte_jobstats@sta/jobstats_rte_jobstats.c.o'.
[292/3108] Compiling C object 'lib/76b5a35@@rte_latencystats@sta/latencystats_rte_latencystats.c.o'.
[293/3108] Generating eventdev.sym_chk with a meson_exe.py custom command.
ninja: build stopped: subcommand failed.
==== End log output ====
Ubuntu 20.04 ARM Clang Native
Kernel: 5.4.0-53-generic
Compiler: clang 10.0.0-4ubuntu1
Ubuntu 20.04 ARM GCC Native
Kernel: 5.4.0-53-generic
Compiler: gcc 9.3
Windows Server 2019
Kernel: 10.0
Compiler: clang 14.0 and gcc 8.1.0 (MinGW)
CentOS Stream 9
Kernel: 4.18.0-240.10.1.el8_3.x86_64
Compiler: gcc 11.3.1 20220421
CentOS Stream 8
Kernel: 4.18.0-240.10.1.el8_3.x86_64
Compiler: gcc 8.4.1 20200928
Debian Bullseye
Kernel: 5.4.0-122-generic
Compiler: gcc 10.2.1-6
Ubuntu 22.04
Kernel: Container Host Kernel
Compiler: gcc 12.2.1-2
RHEL 7
Kernel: 4.18.0-240.10.1.el8_3.x86_64
Compiler: gcc 4.8.5 20150623 (Red Hat 4.8.5-44)
To view detailed results, visit:
https://lab.dpdk.org/results/dashboard/patchsets/25284/
UNH-IOL DPDK Community Lab
To manage your email subscriptions, visit:
https://lab.dpdk.org/results/dashboard/preferences/subscriptions/
^ permalink raw reply [flat|nested] 23+ messages in thread
* |FAILURE| pw123419-123423 [PATCH] [5/5] ipsec: fix usage of RTE_LOGTYPE_USER1
@ 2023-02-09 9:05 dpdklab
0 siblings, 0 replies; 23+ messages in thread
From: dpdklab @ 2023-02-09 9:05 UTC (permalink / raw)
To: Test Report; +Cc: dpdklab, David Marchand, Thomas Monjalon, Stephen Hemminger
[-- Attachment #1: Type: text/plain, Size: 5022 bytes --]
Test-Label: iol-testing
Test-Status: FAILURE
http://dpdk.org/patch/123423
_Testing issues_
Submitter: Stephen Hemminger <stephen@networkplumber.org>
Date: Wednesday, February 08 2023 04:48:25
DPDK git baseline: Repo:dpdk
Branch: master
CommitID:a0c837ad1fb5b6a8b10a284ffeb5f9e31bd8ff00
123419-123423 --> testing fail
Test environment and result as below:
+-------------------------------+----------------+
| Environment | dpdk_unit_test |
+===============================+================+
| Ubuntu 20.04 ARM Clang Native | FAIL |
+-------------------------------+----------------+
| Ubuntu 20.04 ARM GCC Native | FAIL |
+-------------------------------+----------------+
| Windows Server 2019 | PASS |
+-------------------------------+----------------+
| CentOS Stream 9 | FAIL |
+-------------------------------+----------------+
| CentOS Stream 8 | FAIL |
+-------------------------------+----------------+
| Debian Bullseye | FAIL |
+-------------------------------+----------------+
| Ubuntu 22.04 | FAIL |
+-------------------------------+----------------+
| RHEL 7 | FAIL |
+-------------------------------+----------------+
==== 20 line log output for RHEL 7 (dpdk_unit_test): ====
[282/3108] Compiling C object 'lib/76b5a35@@rte_ip_frag@sta/ip_frag_rte_ipv6_fragmentation.c.o'.
[283/3108] Generating gpudev.sym_chk with a meson_exe.py custom command.
[284/3108] Linking target lib/librte_gpudev.so.23.1.
[285/3108] Compiling C object 'lib/76b5a35@@rte_table@sta/table_rte_swx_table_em.c.o'.
[286/3108] Generating symbol file 'lib/76b5a35@@rte_gso@sha/librte_gso.so.23.1.symbols'.
[287/3108] Compiling C object 'lib/76b5a35@@rte_ip_frag@sta/ip_frag_rte_ipv6_reassembly.c.o'.
[288/3108] Compiling C object 'lib/76b5a35@@rte_ip_frag@sta/ip_frag_rte_ipv4_reassembly.c.o'.
[289/3108] Compiling C object 'lib/76b5a35@@rte_ip_frag@sta/ip_frag_rte_ip_frag_common.c.o'.
[290/3108] Compiling C object 'lib/76b5a35@@rte_ip_frag@sta/ip_frag_ip_frag_internal.c.o'.
FAILED: lib/76b5a35@@rte_ip_frag@sta/ip_frag_ip_frag_internal.c.o
ccache cc -Ilib/76b5a35@@rte_ip_frag@sta -Ilib -I../lib -Ilib/ip_frag -I../lib/ip_frag -I. -I../ -Iconfig -I../config -Ilib/eal/include -I../lib/eal/include -Ilib/eal/linux/include -I../lib/eal/linux/include -Ilib/eal/x86/include -I../lib/eal/x86/include -Ilib/eal/common -I../lib/eal/common -Ilib/eal -I../lib/eal -Ilib/kvargs -I../lib/kvargs -Ilib/telemetry/../metrics -I../lib/telemetry/../metrics -Ilib/telemetry -I../lib/telemetry -Ilib/ethdev -I../lib/ethdev -Ilib/net -I../lib/net -Ilib/mbuf -I../lib/mbuf -Ilib/mempool -I../lib/mempool -Ilib/ring -I../lib/ring -Ilib/meter -I../lib/meter -Ilib/hash -I../lib/hash -Ilib/rcu -I../lib/rcu -pipe -D_FILE_OFFSET_BITS=64 -Wall -Winvalid-pch -Wextra -Werror -O3 -include rte_config.h -Wcast-qual -Wdeprecated -Wformat -Wformat-nonliteral -Wformat-security -Wmissing-declarations -Wmissing-prototypes -Wnested-externs -Wold-style-definition -Wpointer-arith -Wsign-compare -Wstrict-prototypes -Wundef -Wwrite-strings -Wno-missing-field-initializers -D_GNU_SOURCE -fPIC -march=native -DALLOW_EXPERIMENTAL_API -DALLOW_INTERNAL_API -DRTE_LOG_DEFAULT_LOGTYPE=lib.ip_frag -MD -MQ 'lib/76b5a35@@rte_ip_frag@sta/ip_frag_ip_frag_internal.c.o' -MF 'lib/76b5a35@@rte_ip_frag@sta/ip_frag_ip_frag_internal.c.o.d' -o 'lib/76b5a35@@rte_ip_frag@sta/ip_frag_ip_frag_internal.c.o' -c ../lib/ip_frag/ip_frag_internal.c
../lib/ip_frag/ip_frag_internal.c: In function 'ip_frag_process':
../lib/ip_frag/ip_frag_internal.c:185:9: error: missing terminating " character [-Werror]
"last fragment: ofs: %u, len: %u\n,
^
cc1: all warnings being treated as errors
[291/3108] Compiling C object 'lib/76b5a35@@rte_jobstats@sta/jobstats_rte_jobstats.c.o'.
[292/3108] Compiling C object 'lib/76b5a35@@rte_latencystats@sta/latencystats_rte_latencystats.c.o'.
[293/3108] Generating eventdev.sym_chk with a meson_exe.py custom command.
ninja: build stopped: subcommand failed.
==== End log output ====
Ubuntu 20.04 ARM Clang Native
Kernel: 5.4.0-53-generic
Compiler: clang 10.0.0-4ubuntu1
Ubuntu 20.04 ARM GCC Native
Kernel: 5.4.0-53-generic
Compiler: gcc 9.3
Windows Server 2019
Kernel: 10.0
Compiler: clang 14.0 and gcc 8.1.0 (MinGW)
CentOS Stream 9
Kernel: 4.18.0-240.10.1.el8_3.x86_64
Compiler: gcc 11.3.1 20220421
CentOS Stream 8
Kernel: 4.18.0-240.10.1.el8_3.x86_64
Compiler: gcc 8.4.1 20200928
Debian Bullseye
Kernel: 5.4.0-122-generic
Compiler: gcc 10.2.1-6
Ubuntu 22.04
Kernel: Container Host Kernel
Compiler: gcc 12.2.1-2
RHEL 7
Kernel: 4.18.0-240.10.1.el8_3.x86_64
Compiler: gcc 4.8.5 20150623 (Red Hat 4.8.5-44)
To view detailed results, visit:
https://lab.dpdk.org/results/dashboard/patchsets/25284/
UNH-IOL DPDK Community Lab
To manage your email subscriptions, visit:
https://lab.dpdk.org/results/dashboard/preferences/subscriptions/
^ permalink raw reply [flat|nested] 23+ messages in thread
* |FAILURE| pw123419-123423 [PATCH] [5/5] ipsec: fix usage of RTE_LOGTYPE_USER1
@ 2023-02-09 8:39 dpdklab
0 siblings, 0 replies; 23+ messages in thread
From: dpdklab @ 2023-02-09 8:39 UTC (permalink / raw)
To: Test Report
Cc: Stephen Hemminger, dpdklab, David Marchand, Thomas Monjalon,
Stephen Hemminger
[-- Attachment #1: Type: text/plain, Size: 4780 bytes --]
Test-Label: iol-testing
Test-Status: FAILURE
http://dpdk.org/patch/123423
_Testing issues_
Submitter: Stephen Hemminger <stephen@networkplumber.org>
Date: Wednesday, February 08 2023 04:48:25
DPDK git baseline: Repo:dpdk
Branch: master
CommitID:a0c837ad1fb5b6a8b10a284ffeb5f9e31bd8ff00
123419-123423 --> testing fail
Test environment and result as below:
+-------------------------------+----------------+
| Environment | dpdk_unit_test |
+===============================+================+
| Ubuntu 20.04 ARM Clang Native | FAIL |
+-------------------------------+----------------+
| Ubuntu 20.04 ARM GCC Native | FAIL |
+-------------------------------+----------------+
| Windows Server 2019 | PASS |
+-------------------------------+----------------+
| CentOS Stream 9 | FAIL |
+-------------------------------+----------------+
| CentOS Stream 8 | FAIL |
+-------------------------------+----------------+
| Debian Bullseye | FAIL |
+-------------------------------+----------------+
==== 20 line log output for Debian Bullseye (dpdk_unit_test): ====
[288/3132] Generating cryptodev.sym_chk with a meson_exe.py custom command.
[289/3132] Compiling C object 'lib/76b5a35@@rte_ip_frag@sta/ip_frag_rte_ipv4_reassembly.c.o'.
[290/3132] Linking target lib/librte_cryptodev.so.23.1.
[291/3132] Compiling C object 'lib/76b5a35@@rte_ip_frag@sta/ip_frag_rte_ipv6_reassembly.c.o'.
[292/3132] Generating symbol file 'lib/76b5a35@@rte_cryptodev@sha/librte_cryptodev.so.23.1.symbols'.
[293/3132] Compiling C object 'lib/76b5a35@@rte_ip_frag@sta/ip_frag_rte_ip_frag_common.c.o'.
[294/3132] Compiling C object 'lib/76b5a35@@rte_jobstats@sta/jobstats_rte_jobstats.c.o'.
[295/3132] Linking static target lib/librte_jobstats.a.
[296/3132] Compiling C object 'lib/76b5a35@@rte_ip_frag@sta/ip_frag_ip_frag_internal.c.o'.
FAILED: lib/76b5a35@@rte_ip_frag@sta/ip_frag_ip_frag_internal.c.o
ccache cc -Ilib/76b5a35@@rte_ip_frag@sta -Ilib -I../lib -Ilib/ip_frag -I../lib/ip_frag -I. -I../ -Iconfig -I../config -Ilib/eal/include -I../lib/eal/include -Ilib/eal/linux/include -I../lib/eal/linux/include -Ilib/eal/x86/include -I../lib/eal/x86/include -Ilib/eal/common -I../lib/eal/common -Ilib/eal -I../lib/eal -Ilib/kvargs -I../lib/kvargs -Ilib/telemetry/../metrics -I../lib/telemetry/../metrics -Ilib/telemetry -I../lib/telemetry -Ilib/ethdev -I../lib/ethdev -Ilib/net -I../lib/net -Ilib/mbuf -I../lib/mbuf -Ilib/mempool -I../lib/mempool -Ilib/ring -I../lib/ring -Ilib/meter -I../lib/meter -Ilib/hash -I../lib/hash -Ilib/rcu -I../lib/rcu -fdiagnostics-color=always -pipe -D_FILE_OFFSET_BITS=64 -Wall -Winvalid-pch -Wextra -Werror -O3 -include rte_config.h -Wcast-qual -Wdeprecated -Wformat -Wformat-nonliteral -Wformat-security -Wmissing-declarations -Wmissing-prototypes -Wnested-externs -Wold-style-definition -Wpointer-arith -Wsign-compare -Wstrict-prototypes -Wundef -Wwrite-strings -Wno-address-of-packed-member -Wno-packed-not-aligned -Wno-missing-field-initializers -Wno-zero-length-bounds -D_GNU_SOURCE -fPIC -march=native -DALLOW_EXPERIMENTAL_API -DALLOW_INTERNAL_API -Wno-format-truncation -DRTE_LOG_DEFAULT_LOGTYPE=lib.ip_frag -MD -MQ 'lib/76b5a35@@rte_ip_frag@sta/ip_frag_ip_frag_internal.c.o' -MF 'lib/76b5a35@@rte_ip_frag@sta/ip_frag_ip_frag_internal.c.o.d' -o 'lib/76b5a35@@rte_ip_frag@sta/ip_frag_ip_frag_internal.c.o' -c ../lib/ip_frag/ip_frag_internal.c
../lib/ip_frag/ip_frag_internal.c: In function 'ip_frag_process':
../lib/ip_frag/ip_frag_internal.c:185:9: error: missing terminating " character [-Werror]
185 | "last fragment: ofs: %u, len: %u\n,
| ^
cc1: all warnings being treated as errors
[297/3132] Compiling C object 'lib/76b5a35@@rte_latencystats@sta/latencystats_rte_latencystats.c.o'.
[298/3132] Generating jobstats.sym_chk with a meson_exe.py custom command.
[299/3132] Generating eventdev.sym_chk with a meson_exe.py custom command.
ninja: build stopped: subcommand failed.
==== End log output ====
Ubuntu 20.04 ARM Clang Native
Kernel: 5.4.0-53-generic
Compiler: clang 10.0.0-4ubuntu1
Ubuntu 20.04 ARM GCC Native
Kernel: 5.4.0-53-generic
Compiler: gcc 9.3
Windows Server 2019
Kernel: 10.0
Compiler: clang 14.0 and gcc 8.1.0 (MinGW)
CentOS Stream 9
Kernel: 4.18.0-240.10.1.el8_3.x86_64
Compiler: gcc 11.3.1 20220421
CentOS Stream 8
Kernel: 4.18.0-240.10.1.el8_3.x86_64
Compiler: gcc 8.4.1 20200928
Debian Bullseye
Kernel: 5.4.0-122-generic
Compiler: gcc 10.2.1-6
To view detailed results, visit:
https://lab.dpdk.org/results/dashboard/patchsets/25284/
UNH-IOL DPDK Community Lab
To manage your email subscriptions, visit:
https://lab.dpdk.org/results/dashboard/preferences/subscriptions/
^ permalink raw reply [flat|nested] 23+ messages in thread
* |FAILURE| pw123419-123423 [PATCH] [5/5] ipsec: fix usage of RTE_LOGTYPE_USER1
@ 2023-02-09 8:29 dpdklab
0 siblings, 0 replies; 23+ messages in thread
From: dpdklab @ 2023-02-09 8:29 UTC (permalink / raw)
To: Test Report; +Cc: dpdklab, David Marchand, Thomas Monjalon, Stephen Hemminger
[-- Attachment #1: Type: text/plain, Size: 4558 bytes --]
Test-Label: iol-testing
Test-Status: FAILURE
http://dpdk.org/patch/123423
_Testing issues_
Submitter: Stephen Hemminger <stephen@networkplumber.org>
Date: Wednesday, February 08 2023 04:48:25
DPDK git baseline: Repo:dpdk
Branch: master
CommitID:a0c837ad1fb5b6a8b10a284ffeb5f9e31bd8ff00
123419-123423 --> testing fail
Test environment and result as below:
+-------------------------------+----------------+
| Environment | dpdk_unit_test |
+===============================+================+
| Ubuntu 20.04 ARM Clang Native | FAIL |
+-------------------------------+----------------+
| Ubuntu 20.04 ARM GCC Native | FAIL |
+-------------------------------+----------------+
| Windows Server 2019 | PASS |
+-------------------------------+----------------+
| CentOS Stream 9 | FAIL |
+-------------------------------+----------------+
| CentOS Stream 8 | FAIL |
+-------------------------------+----------------+
==== 20 line log output for CentOS Stream 8 (dpdk_unit_test): ====
[279/3132] Compiling C object 'lib/76b5a35@@rte_ip_frag@sta/ip_frag_rte_ipv6_fragmentation.c.o'.
[280/3132] Generating cryptodev.sym_chk with a meson_exe.py custom command.
[281/3132] Compiling C object 'lib/76b5a35@@rte_ip_frag@sta/ip_frag_rte_ipv4_reassembly.c.o'.
[282/3132] Linking target lib/librte_cryptodev.so.23.1.
[283/3132] Compiling C object 'lib/76b5a35@@rte_ip_frag@sta/ip_frag_rte_ipv6_reassembly.c.o'.
[284/3132] Generating symbol file 'lib/76b5a35@@rte_cryptodev@sha/librte_cryptodev.so.23.1.symbols'.
[285/3132] Compiling C object 'lib/76b5a35@@rte_ip_frag@sta/ip_frag_rte_ip_frag_common.c.o'.
[286/3132] Compiling C object 'lib/76b5a35@@rte_jobstats@sta/jobstats_rte_jobstats.c.o'.
[287/3132] Compiling C object 'lib/76b5a35@@rte_ip_frag@sta/ip_frag_ip_frag_internal.c.o'.
FAILED: lib/76b5a35@@rte_ip_frag@sta/ip_frag_ip_frag_internal.c.o
ccache cc -Ilib/76b5a35@@rte_ip_frag@sta -Ilib -I../lib -Ilib/ip_frag -I../lib/ip_frag -I. -I../ -Iconfig -I../config -Ilib/eal/include -I../lib/eal/include -Ilib/eal/linux/include -I../lib/eal/linux/include -Ilib/eal/x86/include -I../lib/eal/x86/include -Ilib/eal/common -I../lib/eal/common -Ilib/eal -I../lib/eal -Ilib/kvargs -I../lib/kvargs -Ilib/telemetry/../metrics -I../lib/telemetry/../metrics -Ilib/telemetry -I../lib/telemetry -Ilib/ethdev -I../lib/ethdev -Ilib/net -I../lib/net -Ilib/mbuf -I../lib/mbuf -Ilib/mempool -I../lib/mempool -Ilib/ring -I../lib/ring -Ilib/meter -I../lib/meter -Ilib/hash -I../lib/hash -Ilib/rcu -I../lib/rcu -fdiagnostics-color=always -pipe -D_FILE_OFFSET_BITS=64 -Wall -Winvalid-pch -Wextra -Werror -O3 -include rte_config.h -Wcast-qual -Wdeprecated -Wformat -Wformat-nonliteral -Wformat-security -Wmissing-declarations -Wmissing-prototypes -Wnested-externs -Wold-style-definition -Wpointer-arith -Wsign-compare -Wstrict-prototypes -Wundef -Wwrite-strings -Wno-packed-not-aligned -Wno-missing-field-initializers -D_GNU_SOURCE -fPIC -march=native -DALLOW_EXPERIMENTAL_API -DALLOW_INTERNAL_API -Wno-format-truncation -DRTE_LOG_DEFAULT_LOGTYPE=lib.ip_frag -MD -MQ 'lib/76b5a35@@rte_ip_frag@sta/ip_frag_ip_frag_internal.c.o' -MF 'lib/76b5a35@@rte_ip_frag@sta/ip_frag_ip_frag_internal.c.o.d' -o 'lib/76b5a35@@rte_ip_frag@sta/ip_frag_ip_frag_internal.c.o' -c ../lib/ip_frag/ip_frag_internal.c
../lib/ip_frag/ip_frag_internal.c: In function ‘ip_frag_process’:
../lib/ip_frag/ip_frag_internal.c:185:9: error: missing terminating " character [-Werror]
"last fragment: ofs: %u, len: %u\n,
^
cc1: all warnings being treated as errors
[288/3132] Linking static target lib/librte_jobstats.a.
[289/3132] Compiling C object 'lib/76b5a35@@rte_latencystats@sta/latencystats_rte_latencystats.c.o'.
[290/3132] Generating eventdev.sym_chk with a meson_exe.py custom command.
ninja: build stopped: subcommand failed.
==== End log output ====
Ubuntu 20.04 ARM Clang Native
Kernel: 5.4.0-53-generic
Compiler: clang 10.0.0-4ubuntu1
Ubuntu 20.04 ARM GCC Native
Kernel: 5.4.0-53-generic
Compiler: gcc 9.3
Windows Server 2019
Kernel: 10.0
Compiler: clang 14.0 and gcc 8.1.0 (MinGW)
CentOS Stream 9
Kernel: 4.18.0-240.10.1.el8_3.x86_64
Compiler: gcc 11.3.1 20220421
CentOS Stream 8
Kernel: 4.18.0-240.10.1.el8_3.x86_64
Compiler: gcc 8.4.1 20200928
To view detailed results, visit:
https://lab.dpdk.org/results/dashboard/patchsets/25284/
UNH-IOL DPDK Community Lab
To manage your email subscriptions, visit:
https://lab.dpdk.org/results/dashboard/preferences/subscriptions/
^ permalink raw reply [flat|nested] 23+ messages in thread
* |FAILURE| pw123419-123423 [PATCH] [5/5] ipsec: fix usage of RTE_LOGTYPE_USER1
@ 2023-02-09 8:23 dpdklab
0 siblings, 0 replies; 23+ messages in thread
From: dpdklab @ 2023-02-09 8:23 UTC (permalink / raw)
To: Test Report; +Cc: dpdklab, David Marchand, Thomas Monjalon, Stephen Hemminger
[-- Attachment #1: Type: text/plain, Size: 4462 bytes --]
Test-Label: iol-testing
Test-Status: FAILURE
http://dpdk.org/patch/123423
_Testing issues_
Submitter: Stephen Hemminger <stephen@networkplumber.org>
Date: Wednesday, February 08 2023 04:48:25
DPDK git baseline: Repo:dpdk
Branch: master
CommitID:a0c837ad1fb5b6a8b10a284ffeb5f9e31bd8ff00
123419-123423 --> testing fail
Test environment and result as below:
+-------------------------------+----------------+
| Environment | dpdk_unit_test |
+===============================+================+
| Ubuntu 20.04 ARM Clang Native | FAIL |
+-------------------------------+----------------+
| Ubuntu 20.04 ARM GCC Native | FAIL |
+-------------------------------+----------------+
| Windows Server 2019 | PASS |
+-------------------------------+----------------+
| CentOS Stream 9 | FAIL |
+-------------------------------+----------------+
==== 20 line log output for CentOS Stream 9 (dpdk_unit_test): ====
[277/3132] Linking target lib/librte_gso.so.23.1.
[278/3132] Generating symbol file 'lib/76b5a35@@rte_gso@sha/librte_gso.so.23.1.symbols'.
[279/3132] Compiling C object 'lib/76b5a35@@rte_ip_frag@sta/ip_frag_rte_ipv6_fragmentation.c.o'.
[280/3132] Compiling C object 'lib/76b5a35@@rte_ip_frag@sta/ip_frag_rte_ipv4_reassembly.c.o'.
[281/3132] Compiling C object 'lib/76b5a35@@rte_ip_frag@sta/ip_frag_rte_ipv6_reassembly.c.o'.
[282/3132] Compiling C object 'lib/76b5a35@@rte_ip_frag@sta/ip_frag_rte_ip_frag_common.c.o'.
[283/3132] Compiling C object 'lib/76b5a35@@rte_jobstats@sta/jobstats_rte_jobstats.c.o'.
[284/3132] Linking static target lib/librte_jobstats.a.
[285/3132] Compiling C object 'lib/76b5a35@@rte_ip_frag@sta/ip_frag_ip_frag_internal.c.o'.
FAILED: lib/76b5a35@@rte_ip_frag@sta/ip_frag_ip_frag_internal.c.o
ccache cc -Ilib/76b5a35@@rte_ip_frag@sta -Ilib -I../lib -Ilib/ip_frag -I../lib/ip_frag -I. -I../ -Iconfig -I../config -Ilib/eal/include -I../lib/eal/include -Ilib/eal/linux/include -I../lib/eal/linux/include -Ilib/eal/x86/include -I../lib/eal/x86/include -Ilib/eal/common -I../lib/eal/common -Ilib/eal -I../lib/eal -Ilib/kvargs -I../lib/kvargs -Ilib/telemetry/../metrics -I../lib/telemetry/../metrics -Ilib/telemetry -I../lib/telemetry -Ilib/ethdev -I../lib/ethdev -Ilib/net -I../lib/net -Ilib/mbuf -I../lib/mbuf -Ilib/mempool -I../lib/mempool -Ilib/ring -I../lib/ring -Ilib/meter -I../lib/meter -Ilib/hash -I../lib/hash -Ilib/rcu -I../lib/rcu -fdiagnostics-color=always -pipe -D_FILE_OFFSET_BITS=64 -Wall -Winvalid-pch -Wextra -Werror -O3 -include rte_config.h -Wcast-qual -Wdeprecated -Wformat -Wformat-nonliteral -Wformat-security -Wmissing-declarations -Wmissing-prototypes -Wnested-externs -Wold-style-definition -Wpointer-arith -Wsign-compare -Wstrict-prototypes -Wundef -Wwrite-strings -Wno-address-of-packed-member -Wno-packed-not-aligned -Wno-missing-field-initializers -Wno-zero-length-bounds -D_GNU_SOURCE -fPIC -march=native -DALLOW_EXPERIMENTAL_API -DALLOW_INTERNAL_API -Wno-format-truncation -DRTE_LOG_DEFAULT_LOGTYPE=lib.ip_frag -MD -MQ 'lib/76b5a35@@rte_ip_frag@sta/ip_frag_ip_frag_internal.c.o' -MF 'lib/76b5a35@@rte_ip_frag@sta/ip_frag_ip_frag_internal.c.o.d' -o 'lib/76b5a35@@rte_ip_frag@sta/ip_frag_ip_frag_internal.c.o' -c ../lib/ip_frag/ip_frag_internal.c
../lib/ip_frag/ip_frag_internal.c: In function ‘ip_frag_process’:
../lib/ip_frag/ip_frag_internal.c:185:37: error: missing terminating " character [-Werror]
185 | "last fragment: ofs: %u, len: %u\n,
| ^
cc1: all warnings being treated as errors
[286/3132] Generating jobstats.sym_chk with a meson_exe.py custom command.
[287/3132] Generating eventdev.sym_chk with a meson_exe.py custom command.
[288/3132] Generating cryptodev.sym_chk with a meson_exe.py custom command.
ninja: build stopped: subcommand failed.
==== End log output ====
Ubuntu 20.04 ARM Clang Native
Kernel: 5.4.0-53-generic
Compiler: clang 10.0.0-4ubuntu1
Ubuntu 20.04 ARM GCC Native
Kernel: 5.4.0-53-generic
Compiler: gcc 9.3
Windows Server 2019
Kernel: 10.0
Compiler: clang 14.0 and gcc 8.1.0 (MinGW)
CentOS Stream 9
Kernel: 4.18.0-240.10.1.el8_3.x86_64
Compiler: gcc 11.3.1 20220421
To view detailed results, visit:
https://lab.dpdk.org/results/dashboard/patchsets/25284/
UNH-IOL DPDK Community Lab
To manage your email subscriptions, visit:
https://lab.dpdk.org/results/dashboard/preferences/subscriptions/
^ permalink raw reply [flat|nested] 23+ messages in thread
* |FAILURE| pw123419-123423 [PATCH] [5/5] ipsec: fix usage of RTE_LOGTYPE_USER1
@ 2023-02-08 6:10 dpdklab
0 siblings, 0 replies; 23+ messages in thread
From: dpdklab @ 2023-02-08 6:10 UTC (permalink / raw)
To: Test Report; +Cc: dpdklab, David Marchand, Thomas Monjalon, Stephen Hemminger
[-- Attachment #1: Type: text/plain, Size: 4415 bytes --]
Test-Label: iol-aarch64-unit-testing
Test-Status: FAILURE
http://dpdk.org/patch/123423
_Testing issues_
Submitter: Stephen Hemminger <stephen@networkplumber.org>
Date: Wednesday, February 08 2023 04:48:25
DPDK git baseline: Repo:dpdk
Branch: master
CommitID:a0c837ad1fb5b6a8b10a284ffeb5f9e31bd8ff00
123419-123423 --> testing fail
Test environment and result as below:
+-------------------------------+----------------+--------------+
| Environment | dpdk_unit_test | lpm_autotest |
+===============================+================+==============+
| Ubuntu 20.04 ARM Clang Native | FAIL | SKIPPED |
+-------------------------------+----------------+--------------+
| Ubuntu 20.04 ARM GCC Native | FAIL | SKIPPED |
+-------------------------------+----------------+--------------+
| Ubuntu 20.04 ARM SVE | SKIPPED | FAIL |
+-------------------------------+----------------+--------------+
==== 20 line log output for Ubuntu 20.04 ARM SVE (lpm_autotest): ====
[242/634] Compiling C object 'lib/76b5a35@@rte_eventdev@sta/eventdev_rte_event_timer_adapter.c.o'.
[243/634] Compiling C object 'lib/76b5a35@@rte_ip_frag@sta/ip_frag_rte_ipv6_fragmentation.c.o'.
[244/634] Compiling C object 'lib/76b5a35@@rte_ip_frag@sta/ip_frag_rte_ipv4_reassembly.c.o'.
[245/634] Compiling C object 'lib/76b5a35@@rte_ip_frag@sta/ip_frag_rte_ipv6_reassembly.c.o'.
[246/634] Compiling C object 'lib/76b5a35@@rte_ip_frag@sta/ip_frag_rte_ipv4_fragmentation.c.o'.
[247/634] Compiling C object 'lib/76b5a35@@rte_ip_frag@sta/ip_frag_rte_ip_frag_common.c.o'.
[248/634] Compiling C object 'lib/76b5a35@@rte_eventdev@sta/eventdev_rte_eventdev.c.o'.
[249/634] Linking static target lib/librte_eventdev.a.
[250/634] Compiling C object 'lib/76b5a35@@rte_ip_frag@sta/ip_frag_ip_frag_internal.c.o'.
FAILED: lib/76b5a35@@rte_ip_frag@sta/ip_frag_ip_frag_internal.c.o
gcc-10 -Ilib/76b5a35@@rte_ip_frag@sta -Ilib -I../lib -Ilib/ip_frag -I../lib/ip_frag -I. -I../ -Iconfig -I../config -Ilib/eal/include -I../lib/eal/include -Ilib/eal/linux/include -I../lib/eal/linux/include -Ilib/eal/arm/include -I../lib/eal/arm/include -Ilib/eal/common -I../lib/eal/common -Ilib/eal -I../lib/eal -Ilib/kvargs -I../lib/kvargs -I../lib/telemetry/../metrics -Ilib/telemetry -I../lib/telemetry -Ilib/ethdev -I../lib/ethdev -Ilib/net -I../lib/net -Ilib/mbuf -I../lib/mbuf -Ilib/mempool -I../lib/mempool -Ilib/ring -I../lib/ring -Ilib/meter -I../lib/meter -Ilib/hash -I../lib/hash -Ilib/rcu -I../lib/rcu -fdiagnostics-color=always -pipe -D_FILE_OFFSET_BITS=64 -Wall -Winvalid-pch -Wextra -Werror -O3 -include rte_config.h -Wcast-qual -Wdeprecated -Wformat -Wformat-nonliteral -Wformat-security -Wmissing-declarations -Wmissing-prototypes -Wnested-externs -Wold-style-definition -Wpointer-arith -Wsign-compare -Wstrict-prototypes -Wundef -Wwrite-strings -Wno-address-of-packed-member -Wno-packed-not-aligned -Wno-missing-field-initializers -Wno-zero-length-bounds -D_GNU_SOURCE -fPIC -march=armv8.2-a+crypto+sve -DALLOW_EXPERIMENTAL_API -DALLOW_INTERNAL_API -Wno-format-truncation -DRTE_LOG_DEFAULT_LOGTYPE=lib.ip_frag -MD -MQ 'lib/76b5a35@@rte_ip_frag@sta/ip_frag_ip_frag_internal.c.o' -MF 'lib/76b5a35@@rte_ip_frag@sta/ip_frag_ip_frag_internal.c.o.d' -o 'lib/76b5a35@@rte_ip_frag@sta/ip_frag_ip_frag_internal.c.o' -c ../lib/ip_frag/ip_frag_internal.c
../lib/ip_frag/ip_frag_internal.c: In function 'ip_frag_process':
../lib/ip_frag/ip_frag_internal.c:185:9: error: missing terminating " character [-Werror]
185 | "last fragment: ofs: %u, len: %u\n,
| ^
cc1: all warnings being treated as errors
[251/634] Generating cryptodev.sym_chk with a meson_exe.py custom command.
[252/634] Compiling C object 'lib/76b5a35@@rte_lpm@sta/lpm_rte_lpm.c.o'.
[253/634] Generating eventdev.sym_chk with a meson_exe.py custom command.
ninja: build stopped: subcommand failed.
==== End log output ====
Ubuntu 20.04 ARM Clang Native
Kernel: 5.4.0-53-generic
Compiler: clang 10.0.0-4ubuntu1
Ubuntu 20.04 ARM GCC Native
Kernel: 5.4.0-53-generic
Compiler: gcc 9.3
Ubuntu 20.04 ARM SVE
Kernel: 5.4.0-80-generic
Compiler: gcc 10.3.0 (Ubuntu 10.3.0-1ubuntu1~20.04)
To view detailed results, visit:
https://lab.dpdk.org/results/dashboard/patchsets/25284/
UNH-IOL DPDK Community Lab
To manage your email subscriptions, visit:
https://lab.dpdk.org/results/dashboard/preferences/subscriptions/
^ permalink raw reply [flat|nested] 23+ messages in thread
* |FAILURE| pw123419-123423 [PATCH] [5/5] ipsec: fix usage of RTE_LOGTYPE_USER1
@ 2023-02-08 5:44 dpdklab
0 siblings, 0 replies; 23+ messages in thread
From: dpdklab @ 2023-02-08 5:44 UTC (permalink / raw)
To: Patrick Robb, Test Report
Cc: dpdk-test-reports, David Marchand, Thomas Monjalon, Stephen Hemminger
[-- Attachment #1: Type: text/plain, Size: 1717 bytes --]
Test-Label: iol-broadcom-Performance
Test-Status: FAILURE
http://dpdk.org/patch/123423
_Performance Testing issues_
Submitter: Stephen Hemminger <stephen@networkplumber.org>
Date: Wednesday, February 08 2023 04:48:25
DPDK git baseline: Repo:dpdk
Branch: master
CommitID:a0c837ad1fb5b6a8b10a284ffeb5f9e31bd8ff00
123419-123423 --> performance testing fail
Test environment and result as below:
Ubuntu 22.04
Kernel: 5.15.0-39-generic
Compiler: gcc gcc (Ubuntu 11.2.0-19ubuntu1) 11.2.0
NIC: Broadcom Inc. and subsidiaries BCM57414 NetXtreme-E 10Gb/25Gb RDMA Ethernet Controller 16d7 25 Mbps
Target: x86_64-native-linuxapp-gcc
Fail/Total: 1/3
Detail performance results:
+------------+---------+----------+-------------+------------------------------+
| frame_size | txd/rxd | num_cpus | num_threads | throughput difference from |
| | | | | expected |
+============+=========+==========+=============+==============================+
| 64 | 128 | 1 | 1 | -0.0% |
+------------+---------+----------+-------------+------------------------------+
| 64 | 512 | 1 | 1 | -3.7% |
+------------+---------+----------+-------------+------------------------------+
| 64 | 2048 | 1 | 1 | -6.5% |
+------------+---------+----------+-------------+------------------------------+
To view detailed results, visit:
https://lab.dpdk.org/results/dashboard/patchsets/25284/
UNH-IOL DPDK Community Lab
To manage your email subscriptions, visit:
https://lab.dpdk.org/results/dashboard/preferences/subscriptions/
^ permalink raw reply [flat|nested] 23+ messages in thread
end of thread, other threads:[~2023-02-12 12:34 UTC | newest]
Thread overview: 23+ messages (download: mbox.gz / follow: Atom feed)
-- links below jump to the message on this page --
2023-02-12 12:16 |FAILURE| pw123419-123423 [PATCH] [5/5] ipsec: fix usage of RTE_LOGTYPE_USER1 dpdklab
-- strict thread matches above, loose matches on Subject: below --
2023-02-12 12:17 dpdklab
2023-02-12 12:15 dpdklab
2023-02-12 12:14 dpdklab
2023-02-12 12:13 dpdklab
2023-02-12 12:11 dpdklab
2023-02-12 12:11 dpdklab
2023-02-12 12:11 dpdklab
2023-02-12 12:09 dpdklab
2023-02-10 8:26 dpdklab
2023-02-09 18:57 dpdklab
2023-02-09 9:32 dpdklab
2023-02-09 9:31 dpdklab
2023-02-09 9:15 dpdklab
2023-02-09 9:06 dpdklab
2023-02-09 9:06 dpdklab
2023-02-09 9:06 dpdklab
2023-02-09 9:05 dpdklab
2023-02-09 8:39 dpdklab
2023-02-09 8:29 dpdklab
2023-02-09 8:23 dpdklab
2023-02-08 6:10 dpdklab
2023-02-08 5:44 dpdklab
This is a public inbox, see mirroring instructions
for how to clone and mirror all data and code used for this inbox;
as well as URLs for NNTP newsgroup(s).