* |SUCCESS| pw124224-124245 [PATCH v8 22/22] hash: convert RTE_LOGTYPE_HASH to dynamic type
[not found] <20230220233556.168553-23-stephen@networkplumber.org>
@ 2023-02-20 23:28 ` qemudev
2023-02-20 23:32 ` qemudev
` (2 subsequent siblings)
3 siblings, 0 replies; 4+ messages in thread
From: qemudev @ 2023-02-20 23:28 UTC (permalink / raw)
To: test-report
Test-Label: loongarch-compilation
Test-Status: SUCCESS
http://dpdk.org/patch/124245
_Compilation OK_
Submitter: Stephen Hemminger <stephen@networkplumber.org>
Date: Mon, 20 Feb 2023 15:35:35 -0800
DPDK git baseline: Repo:dpdk
Branch: main
CommitID: 9bd5ebca59c865aead7096358fb733e53a72007b
124224-124245 --> meson & ninja build successfully
Test environment and result as below:
+---------------------+----------------+
| Environment | compilation |
+---------------------+----------------+
| Loongnix-Server 8.3 | PASS |
+---------------------+----------------+
Loongnix-Server 8.3
Kernel: 4.19.190+
Compiler: gcc 8.3
^ permalink raw reply [flat|nested] 4+ messages in thread
* |SUCCESS| pw124224-124245 [PATCH v8 22/22] hash: convert RTE_LOGTYPE_HASH to dynamic type
[not found] <20230220233556.168553-23-stephen@networkplumber.org>
2023-02-20 23:28 ` |SUCCESS| pw124224-124245 [PATCH v8 22/22] hash: convert RTE_LOGTYPE_HASH to dynamic type qemudev
@ 2023-02-20 23:32 ` qemudev
2023-02-20 23:38 ` |SUCCESS| pw124245 " checkpatch
2023-02-21 2:19 ` |FAILURE| " 0-day Robot
3 siblings, 0 replies; 4+ messages in thread
From: qemudev @ 2023-02-20 23:32 UTC (permalink / raw)
To: test-report
Test-Label: loongarch-unit-testing
Test-Status: SUCCESS
http://dpdk.org/patch/124245
_Unit Testing PASS_
Submitter: Stephen Hemminger <stephen@networkplumber.org>
Date: Mon, 20 Feb 2023 15:35:35 -0800
DPDK git baseline: Repo:dpdk
Branch: main
CommitID: 9bd5ebca59c865aead7096358fb733e53a72007b
124224-124245 --> testing pass
Test environment and result as below:
+---------------------+----------------+
| Environment | dpdk_unit_test |
+---------------------+----------------+
| Loongnix-Server 8.3 | PASS |
+---------------------+----------------+
Loongnix-Server 8.3
Kernel: 4.19.190+
Compiler: gcc 8.3
Test result details:
1/103 DPDK:fast-tests / acl_autotest OK 2.83s
2/103 DPDK:fast-tests / atomic_autotest OK 7.43s
3/103 DPDK:fast-tests / bitmap_autotest OK 0.07s
4/103 DPDK:fast-tests / bpf_autotest OK 0.07s
5/103 DPDK:fast-tests / bpf_convert_autotest OK 0.07s
6/103 DPDK:fast-tests / bitops_autotest OK 0.07s
7/103 DPDK:fast-tests / byteorder_autotest OK 0.07s
8/103 DPDK:fast-tests / cksum_autotest OK 0.07s
9/103 DPDK:fast-tests / cmdline_autotest OK 0.07s
10/103 DPDK:fast-tests / common_autotest OK 0.92s
11/103 DPDK:fast-tests / cpuflags_autotest OK 0.07s
12/103 DPDK:fast-tests / debug_autotest OK 0.67s
13/103 DPDK:fast-tests / devargs_autotest OK 0.07s
14/103 DPDK:fast-tests / eal_flags_c_opt_autotest OK 0.67s
15/103 DPDK:fast-tests / eal_flags_main_opt_autotest OK 0.22s
16/103 DPDK:fast-tests / eal_flags_n_opt_autotest OK 0.22s
17/103 DPDK:fast-tests / eal_flags_hpet_autotest OK 0.17s
18/103 DPDK:fast-tests / eal_flags_no_huge_autotest OK 0.22s
19/103 DPDK:fast-tests / eal_flags_a_opt_autotest OK 0.27s
20/103 DPDK:fast-tests / eal_flags_b_opt_autotest OK 0.22s
21/103 DPDK:fast-tests / eal_flags_vdev_opt_autotest OK 0.17s
22/103 DPDK:fast-tests / eal_flags_r_opt_autotest OK 0.17s
23/103 DPDK:fast-tests / eal_flags_mem_autotest OK 0.57s
24/103 DPDK:fast-tests / eal_flags_file_prefix_autotest OK 22.26s
25/103 DPDK:fast-tests / eal_flags_misc_autotest OK 0.77s
26/103 DPDK:fast-tests / eal_fs_autotest OK 0.07s
27/103 DPDK:fast-tests / errno_autotest OK 0.07s
28/103 DPDK:fast-tests / ethdev_link_status OK 0.07s
29/103 DPDK:fast-tests / event_ring_autotest OK 0.07s
30/103 DPDK:fast-tests / fib_autotest OK 0.87s
31/103 DPDK:fast-tests / fib6_autotest OK 0.92s
32/103 DPDK:fast-tests / func_reentrancy_autotest OK 2.13s
33/103 DPDK:fast-tests / hash_autotest OK 1.02s
34/103 DPDK:fast-tests / interrupt_autotest OK 1.37s
35/103 DPDK:fast-tests / ipfrag_autotest OK 0.07s
36/103 DPDK:fast-tests / lcores_autotest OK 1.02s
37/103 DPDK:fast-tests / logs_autotest OK 0.07s
38/103 DPDK:fast-tests / lpm_autotest OK 5.95s
39/103 DPDK:fast-tests / lpm6_autotest OK 8.91s
40/103 DPDK:fast-tests / malloc_autotest OK 59.25s
41/103 DPDK:fast-tests / mbuf_autotest OK 7.28s
42/103 DPDK:fast-tests / mcslock_autotest OK 3.67s
43/103 DPDK:fast-tests / memcpy_autotest OK 6.68s
44/103 DPDK:fast-tests / memory_autotest OK 0.12s
45/103 DPDK:fast-tests / mempool_autotest OK 0.47s
46/103 DPDK:fast-tests / memzone_autotest OK 0.17s
47/103 DPDK:fast-tests / meter_autotest OK 0.07s
48/103 DPDK:fast-tests / multiprocess_autotest OK 0.17s
49/103 DPDK:fast-tests / per_lcore_autotest OK 0.17s
50/103 DPDK:fast-tests / pflock_autotest OK 0.87s
51/103 DPDK:fast-tests / prefetch_autotest OK 0.07s
52/103 DPDK:fast-tests / rcu_qsbr_autotest OK 0.57s
53/103 DPDK:fast-tests / pie_autotest OK 0.07s
54/103 DPDK:fast-tests / rib_autotest OK 10.29s
55/103 DPDK:fast-tests / rib6_autotest OK 10.29s
56/103 DPDK:fast-tests / ring_autotest OK 0.12s
57/103 DPDK:fast-tests / rwlock_test1_autotest OK 0.82s
58/103 DPDK:fast-tests / rwlock_rda_autotest OK 5.07s
59/103 DPDK:fast-tests / rwlock_rds_wrm_autotest OK 5.07s
60/103 DPDK:fast-tests / rwlock_rde_wro_autotest OK 5.07s
61/103 DPDK:fast-tests / sched_autotest OK 0.07s
62/103 DPDK:fast-tests / security_autotest OK 0.07s
63/103 DPDK:fast-tests / seqlock_autotest OK 2.07s
64/103 DPDK:fast-tests / spinlock_autotest OK 0.17s
65/103 DPDK:fast-tests / stack_autotest OK 0.87s
66/103 DPDK:fast-tests / stack_lf_autotest SKIP 0.07s exit status 77
67/103 DPDK:fast-tests / string_autotest OK 0.07s
68/103 DPDK:fast-tests / tailq_autotest OK 0.07s
69/103 DPDK:fast-tests / ticketlock_autotest OK 0.22s
70/103 DPDK:fast-tests / timer_autotest OK 3.87s
71/103 DPDK:fast-tests / user_delay_us OK 0.07s
72/103 DPDK:fast-tests / version_autotest OK 0.07s
73/103 DPDK:fast-tests / crc_autotest OK 0.07s
74/103 DPDK:fast-tests / distributor_autotest OK 1.22s
75/103 DPDK:fast-tests / eventdev_common_autotest OK 0.07s
76/103 DPDK:fast-tests / fbarray_autotest OK 0.07s
77/103 DPDK:fast-tests / hash_readwrite_func_autotest OK 6.43s
78/103 DPDK:fast-tests / ipsec_autotest SKIP 0.07s exit status 77
79/103 DPDK:fast-tests / kni_autotest SKIP 0.07s exit status 77
80/103 DPDK:fast-tests / kvargs_autotest OK 0.07s
81/103 DPDK:fast-tests / member_autotest OK 1.22s
82/103 DPDK:fast-tests / power_cpufreq_autotest SKIP 0.07s exit status 77
83/103 DPDK:fast-tests / power_autotest OK 0.07s
84/103 DPDK:fast-tests / power_kvm_vm_autotest SKIP 0.07s exit status 77
85/103 DPDK:fast-tests / power_intel_uncore_autotest SKIP 0.07s exit status 77
86/103 DPDK:fast-tests / reorder_autotest OK 0.12s
87/103 DPDK:fast-tests / service_autotest OK 3.57s
88/103 DPDK:fast-tests / thash_autotest OK 0.07s
89/103 DPDK:fast-tests / threads_autotest OK 0.27s
90/103 DPDK:fast-tests / trace_autotest OK 0.07s
91/103 DPDK:fast-tests / trace_autotest_with_traces OK 0.12s
92/103 DPDK:fast-tests / metrics_autotest OK 0.07s
93/103 DPDK:fast-tests / telemetry_json_autotest OK 0.07s
94/103 DPDK:fast-tests / telemetry_data_autotest OK 0.07s
95/103 DPDK:fast-tests / table_autotest OK 10.29s
96/103 DPDK:fast-tests / ring_pmd_autotest OK 0.07s
97/103 DPDK:fast-tests / event_eth_tx_adapter_autotest OK 1.47s
98/103 DPDK:fast-tests / bitratestats_autotest OK 0.07s
99/103 DPDK:fast-tests / latencystats_autotest OK 0.07s
100/103 DPDK:fast-tests / pdump_autotest OK 5.17s
101/103 DPDK:fast-tests / vdev_autotest OK 0.07s
102/103 DPDK:fast-tests / compressdev_autotest SKIP 0.07s exit status 77
103/103 DPDK:fast-tests / telemetry_all OK 14.90s
Ok: 96
Expected Fail: 0
Fail: 0
Unexpected Pass: 0
Skipped: 7
Timeout: 0
^ permalink raw reply [flat|nested] 4+ messages in thread
* |SUCCESS| pw124245 [PATCH v8 22/22] hash: convert RTE_LOGTYPE_HASH to dynamic type
[not found] <20230220233556.168553-23-stephen@networkplumber.org>
2023-02-20 23:28 ` |SUCCESS| pw124224-124245 [PATCH v8 22/22] hash: convert RTE_LOGTYPE_HASH to dynamic type qemudev
2023-02-20 23:32 ` qemudev
@ 2023-02-20 23:38 ` checkpatch
2023-02-21 2:19 ` |FAILURE| " 0-day Robot
3 siblings, 0 replies; 4+ messages in thread
From: checkpatch @ 2023-02-20 23:38 UTC (permalink / raw)
To: test-report
Test-Label: checkpatch
Test-Status: SUCCESS
http://dpdk.org/patch/124245
_coding style OK_
^ permalink raw reply [flat|nested] 4+ messages in thread
* |FAILURE| pw124245 [PATCH v8 22/22] hash: convert RTE_LOGTYPE_HASH to dynamic type
[not found] <20230220233556.168553-23-stephen@networkplumber.org>
` (2 preceding siblings ...)
2023-02-20 23:38 ` |SUCCESS| pw124245 " checkpatch
@ 2023-02-21 2:19 ` 0-day Robot
3 siblings, 0 replies; 4+ messages in thread
From: 0-day Robot @ 2023-02-21 2:19 UTC (permalink / raw)
To: test-report; +Cc: stephen, robot
From: robot@bytheb.org
Test-Label: github-robot: build
Test-Status: FAILURE
http://patchwork.dpdk.org/patch/124245/
_github build: failed_
Build URL: https://github.com/ovsrobot/dpdk/actions/runs/4227946336
Build Logs:
-----------------------Summary of failed steps-----------------------
"ubuntu-20.04-gcc-aarch64" failed at step Build and test
"ubuntu-20.04-gcc-ppc64le" failed at step Build and test
"ubuntu-20.04-gcc-riscv64" failed at step Build and test
----------------------End summary of failed steps--------------------
-------------------------------BEGIN LOGS----------------------------
####################################################################################
#### [Begin job log] "ubuntu-20.04-gcc-aarch64" at step Build and test
####################################################################################
/home/runner/work/dpdk/dpdk/lib/hash/rte_thash_gfni.h:37:1: error: expected ‘=’, ‘,’, ‘;’, ‘asm’ or ‘__attribute__’ before ‘rte_thash_gfni’
37 | rte_thash_gfni(const uint64_t *mtrx, const uint8_t *key, int len);
| ^~~~~~~~~~~~~~
/home/runner/work/dpdk/dpdk/lib/hash/rte_thash_gfni.h:59:19: error: expected ‘;’ before ‘void’
59 | __rte_experimental
| ^
| ;
60 | void
| ~~~~
/home/runner/work/dpdk/dpdk/lib/hash/rte_thash_gfni.h:61:27: error: unknown type name ‘uint64_t’
61 | rte_thash_gfni_bulk(const uint64_t *mtrx, int len, uint8_t *tuple[],
| ^~~~~~~~
/home/runner/work/dpdk/dpdk/lib/hash/rte_thash_gfni.h:61:52: error: unknown type name ‘uint8_t’
61 | rte_thash_gfni_bulk(const uint64_t *mtrx, int len, uint8_t *tuple[],
| ^~~~~~~
/home/runner/work/dpdk/dpdk/lib/hash/rte_thash_gfni.h:62:7: error: unknown type name ‘uint32_t’
62 | uint32_t val[], uint32_t num);
| ^~~~~~~~
/home/runner/work/dpdk/dpdk/lib/hash/rte_thash_gfni.h:62:23: error: unknown type name ‘uint32_t’
62 | uint32_t val[], uint32_t num);
| ^~~~~~~~
[3309/3911] Linking target examples/dpdk-l3fwd.
[3310/3911] Linking target app/test/dpdk-test.
ninja: build stopped: subcommand failed.
##[error]Process completed with exit code 1.
####################################################################################
#### [End job log] "ubuntu-20.04-gcc-aarch64" at step Build and test
####################################################################################
####################################################################################
#### [Begin job log] "ubuntu-20.04-gcc-ppc64le" at step Build and test
####################################################################################
[170/3761] Generating cmdline.sym_chk with a meson_exe.py custom command.
[171/3761] Linking target lib/librte_cmdline.so.23.1.
[172/3761] Generating symbol file 'lib/76b5a35@@rte_cmdline@sha/librte_cmdline.so.23.1.symbols'.
[173/3761] Compiling C object 'lib/76b5a35@@rte_hash@sta/hash_rte_hash_crc.c.o'.
[174/3761] Compiling C object 'lib/76b5a35@@rte_hash@sta/hash_rte_fbk_hash.c.o'.
FAILED: lib/76b5a35@@rte_hash@sta/hash_rte_fbk_hash.c.o
ccache powerpc64le-linux-gnu-gcc -Ilib/76b5a35@@rte_hash@sta -Ilib -I../lib -Ilib/hash -I../lib/hash -I. -I../ -Iconfig -I../config -Ilib/eal/include -I../lib/eal/include -Ilib/eal/linux/include -I../lib/eal/linux/include -Ilib/eal/ppc/include -I../lib/eal/ppc/include -Ilib/eal/common -I../lib/eal/common -Ilib/eal -I../lib/eal -Ilib/kvargs -I../lib/kvargs -Ilib/telemetry/../metrics -I../lib/telemetry/../metrics -Ilib/telemetry -I../lib/telemetry -Ilib/net -I../lib/net -Ilib/mbuf -I../lib/mbuf -Ilib/mempool -I../lib/mempool -Ilib/ring -I../lib/ring -Ilib/rcu -I../lib/rcu -fdiagnostics-color=always -pipe -D_FILE_OFFSET_BITS=64 -Wall -Winvalid-pch -Wextra -Werror -O2 -g -include rte_config.h -Wcast-qual -Wdeprecated -Wformat -Wformat-nonliteral -Wformat-security -Wmissing-declarations -Wmissing-prototypes -Wnested-externs -Wold-style-definition -Wpointer-arith -Wsign-compare -Wstrict-prototypes -Wundef -Wwrite-strings -Wno-address-of-packed-member -Wno-packed-not-aligned -Wno-missing-field-initializers -D_GNU_SOURCE -fPIC -mcpu=power8 -mtune=power8 -DALLOW_EXPERIMENTAL_API -DALLOW_INTERNAL_API -Wno-format-truncation -DRTE_LOG_DEFAULT_LOGTYPE=lib.hash -MD -MQ 'lib/76b5a35@@rte_hash@sta/hash_rte_fbk_hash.c.o' -MF 'lib/76b5a35@@rte_hash@sta/hash_rte_fbk_hash.c.o.d' -o 'lib/76b5a35@@rte_hash@sta/hash_rte_fbk_hash.c.o' -c ../lib/hash/rte_fbk_hash.c
In file included from ../lib/hash/rte_fbk_hash.h:27,
from ../lib/hash/rte_fbk_hash.c:21:
../lib/hash/rte_hash_crc.h:32:16: error: ‘crc32_alg’ defined but not used [-Werror=unused-variable]
32 | static uint8_t crc32_alg = CRC32_SW;
| ^~~~~~~~~
cc1: all warnings being treated as errors
[175/3761] Compiling C object 'lib/76b5a35@@rte_hash@sta/hash_rte_cuckoo_hash.c.o'.
FAILED: lib/76b5a35@@rte_hash@sta/hash_rte_cuckoo_hash.c.o
ccache powerpc64le-linux-gnu-gcc -Ilib/76b5a35@@rte_hash@sta -Ilib -I../lib -Ilib/hash -I../lib/hash -I. -I../ -Iconfig -I../config -Ilib/eal/include -I../lib/eal/include -Ilib/eal/linux/include -I../lib/eal/linux/include -Ilib/eal/ppc/include -I../lib/eal/ppc/include -Ilib/eal/common -I../lib/eal/common -Ilib/eal -I../lib/eal -Ilib/kvargs -I../lib/kvargs -Ilib/telemetry/../metrics -I../lib/telemetry/../metrics -Ilib/telemetry -I../lib/telemetry -Ilib/net -I../lib/net -Ilib/mbuf -I../lib/mbuf -Ilib/mempool -I../lib/mempool -Ilib/ring -I../lib/ring -Ilib/rcu -I../lib/rcu -fdiagnostics-color=always -pipe -D_FILE_OFFSET_BITS=64 -Wall -Winvalid-pch -Wextra -Werror -O2 -g -include rte_config.h -Wcast-qual -Wdeprecated -Wformat -Wformat-nonliteral -Wformat-security -Wmissing-declarations -Wmissing-prototypes -Wnested-externs -Wold-style-definition -Wpointer-arith -Wsign-compare -Wstrict-prototypes -Wundef -Wwrite-strings -Wno-address-of-packed-member -Wno-packed-not-aligned -Wno-missing-field-initializers -D_GNU_SOURCE -fPIC -mcpu=power8 -mtune=power8 -DALLOW_EXPERIMENTAL_API -DALLOW_INTERNAL_API -Wno-format-truncation -DRTE_LOG_DEFAULT_LOGTYPE=lib.hash -MD -MQ 'lib/76b5a35@@rte_hash@sta/hash_rte_cuckoo_hash.c.o' -MF 'lib/76b5a35@@rte_hash@sta/hash_rte_cuckoo_hash.c.o.d' -o 'lib/76b5a35@@rte_hash@sta/hash_rte_cuckoo_hash.c.o' -c ../lib/hash/rte_cuckoo_hash.c
In file included from ../lib/hash/rte_cuckoo_hash.h:43,
from ../lib/hash/rte_cuckoo_hash.c:32:
../lib/hash/rte_hash_crc.h:32:16: error: ‘crc32_alg’ defined but not used [-Werror=unused-variable]
32 | static uint8_t crc32_alg = CRC32_SW;
| ^~~~~~~~~
cc1: all warnings being treated as errors
[176/3761] Generating ethdev.sym_chk with a meson_exe.py custom command.
ninja: build stopped: subcommand failed.
##[error]Process completed with exit code 1.
####################################################################################
#### [End job log] "ubuntu-20.04-gcc-ppc64le" at step Build and test
####################################################################################
####################################################################################
#### [Begin job log] "ubuntu-20.04-gcc-riscv64" at step Build and test
####################################################################################
[171/3733] Linking static target lib/librte_metrics.a.
[172/3733] Generating metrics.sym_chk with a meson_exe.py custom command.
[173/3733] Compiling C object 'lib/76b5a35@@rte_timer@sta/timer_rte_timer.c.o'.
[174/3733] Compiling C object 'lib/76b5a35@@rte_hash@sta/hash_rte_hash_crc.c.o'.
[175/3733] Compiling C object 'lib/76b5a35@@rte_hash@sta/hash_rte_fbk_hash.c.o'.
FAILED: lib/76b5a35@@rte_hash@sta/hash_rte_fbk_hash.c.o
ccache riscv64-linux-gnu-gcc -Ilib/76b5a35@@rte_hash@sta -Ilib -I../lib -Ilib/hash -I../lib/hash -I. -I../ -Iconfig -I../config -Ilib/eal/include -I../lib/eal/include -Ilib/eal/linux/include -I../lib/eal/linux/include -Ilib/eal/riscv/include -I../lib/eal/riscv/include -Ilib/eal/common -I../lib/eal/common -Ilib/eal -I../lib/eal -Ilib/kvargs -I../lib/kvargs -Ilib/telemetry/../metrics -I../lib/telemetry/../metrics -Ilib/telemetry -I../lib/telemetry -Ilib/net -I../lib/net -Ilib/mbuf -I../lib/mbuf -Ilib/mempool -I../lib/mempool -Ilib/ring -I../lib/ring -Ilib/rcu -I../lib/rcu -fdiagnostics-color=always -pipe -D_FILE_OFFSET_BITS=64 -Wall -Winvalid-pch -Wextra -Werror -O2 -g -include rte_config.h -Wcast-qual -Wdeprecated -Wformat -Wformat-nonliteral -Wformat-security -Wmissing-declarations -Wmissing-prototypes -Wnested-externs -Wold-style-definition -Wpointer-arith -Wsign-compare -Wstrict-prototypes -Wundef -Wwrite-strings -Wno-address-of-packed-member -Wno-packed-not-aligned -Wno-missing-field-initializers -D_GNU_SOURCE -fPIC -march=rv64gc -DALLOW_EXPERIMENTAL_API -DALLOW_INTERNAL_API -Wno-format-truncation -DRTE_LOG_DEFAULT_LOGTYPE=lib.hash -MD -MQ 'lib/76b5a35@@rte_hash@sta/hash_rte_fbk_hash.c.o' -MF 'lib/76b5a35@@rte_hash@sta/hash_rte_fbk_hash.c.o.d' -o 'lib/76b5a35@@rte_hash@sta/hash_rte_fbk_hash.c.o' -c ../lib/hash/rte_fbk_hash.c
In file included from ../lib/hash/rte_fbk_hash.h:27,
from ../lib/hash/rte_fbk_hash.c:21:
../lib/hash/rte_hash_crc.h:32:16: error: ‘crc32_alg’ defined but not used [-Werror=unused-variable]
32 | static uint8_t crc32_alg = CRC32_SW;
| ^~~~~~~~~
cc1: all warnings being treated as errors
[176/3733] Compiling C object 'lib/76b5a35@@rte_hash@sta/hash_rte_cuckoo_hash.c.o'.
FAILED: lib/76b5a35@@rte_hash@sta/hash_rte_cuckoo_hash.c.o
ccache riscv64-linux-gnu-gcc -Ilib/76b5a35@@rte_hash@sta -Ilib -I../lib -Ilib/hash -I../lib/hash -I. -I../ -Iconfig -I../config -Ilib/eal/include -I../lib/eal/include -Ilib/eal/linux/include -I../lib/eal/linux/include -Ilib/eal/riscv/include -I../lib/eal/riscv/include -Ilib/eal/common -I../lib/eal/common -Ilib/eal -I../lib/eal -Ilib/kvargs -I../lib/kvargs -Ilib/telemetry/../metrics -I../lib/telemetry/../metrics -Ilib/telemetry -I../lib/telemetry -Ilib/net -I../lib/net -Ilib/mbuf -I../lib/mbuf -Ilib/mempool -I../lib/mempool -Ilib/ring -I../lib/ring -Ilib/rcu -I../lib/rcu -fdiagnostics-color=always -pipe -D_FILE_OFFSET_BITS=64 -Wall -Winvalid-pch -Wextra -Werror -O2 -g -include rte_config.h -Wcast-qual -Wdeprecated -Wformat -Wformat-nonliteral -Wformat-security -Wmissing-declarations -Wmissing-prototypes -Wnested-externs -Wold-style-definition -Wpointer-arith -Wsign-compare -Wstrict-prototypes -Wundef -Wwrite-strings -Wno-address-of-packed-member -Wno-packed-not-aligned -Wno-missing-field-initializers -D_GNU_SOURCE -fPIC -march=rv64gc -DALLOW_EXPERIMENTAL_API -DALLOW_INTERNAL_API -Wno-format-truncation -DRTE_LOG_DEFAULT_LOGTYPE=lib.hash -MD -MQ 'lib/76b5a35@@rte_hash@sta/hash_rte_cuckoo_hash.c.o' -MF 'lib/76b5a35@@rte_hash@sta/hash_rte_cuckoo_hash.c.o.d' -o 'lib/76b5a35@@rte_hash@sta/hash_rte_cuckoo_hash.c.o' -c ../lib/hash/rte_cuckoo_hash.c
In file included from ../lib/hash/rte_cuckoo_hash.h:43,
from ../lib/hash/rte_cuckoo_hash.c:32:
../lib/hash/rte_hash_crc.h:32:16: error: ‘crc32_alg’ defined but not used [-Werror=unused-variable]
32 | static uint8_t crc32_alg = CRC32_SW;
| ^~~~~~~~~
cc1: all warnings being treated as errors
[177/3733] Generating ethdev.sym_chk with a meson_exe.py custom command.
ninja: build stopped: subcommand failed.
##[error]Process completed with exit code 1.
####################################################################################
#### [End job log] "ubuntu-20.04-gcc-riscv64" at step Build and test
####################################################################################
--------------------------------END LOGS-----------------------------
^ permalink raw reply [flat|nested] 4+ messages in thread
end of thread, other threads:[~2023-02-21 1:19 UTC | newest]
Thread overview: 4+ messages (download: mbox.gz / follow: Atom feed)
-- links below jump to the message on this page --
[not found] <20230220233556.168553-23-stephen@networkplumber.org>
2023-02-20 23:28 ` |SUCCESS| pw124224-124245 [PATCH v8 22/22] hash: convert RTE_LOGTYPE_HASH to dynamic type qemudev
2023-02-20 23:32 ` qemudev
2023-02-20 23:38 ` |SUCCESS| pw124245 " checkpatch
2023-02-21 2:19 ` |FAILURE| " 0-day Robot
This is a public inbox, see mirroring instructions
for how to clone and mirror all data and code used for this inbox;
as well as URLs for NNTP newsgroup(s).