* |FAILURE| pw124300 [PATCH] [v4] net/ark: support for single function with multiple port
@ 2023-02-21 18:41 dpdklab
0 siblings, 0 replies; 13+ messages in thread
From: dpdklab @ 2023-02-21 18:41 UTC (permalink / raw)
To: Test Report; +Cc: dpdklab, David Marchand, Thomas Monjalon, Ed Czeck
[-- Attachment #1: Type: text/plain, Size: 4632 bytes --]
Test-Label: iol-testing
Test-Status: FAILURE
http://dpdk.org/patch/124300
_Testing issues_
Submitter: Ed Czeck <ed.czeck@atomicrules.com>
Date: Tuesday, February 21 2023 16:30:06
DPDK git baseline: Repo:dpdk
Branch: master
CommitID:9bd5ebca59c865aead7096358fb733e53a72007b
124300 --> testing fail
Test environment and result as below:
+---------------------+--------------------+----------------------+----------------+
| Environment | dpdk_meson_compile | dpdk_mingw64_compile | dpdk_unit_test |
+=====================+====================+======================+================+
| FreeBSD 13 | PASS | SKIPPED | SKIPPED |
+---------------------+--------------------+----------------------+----------------+
| Windows Server 2019 | PASS | PASS | PASS |
+---------------------+--------------------+----------------------+----------------+
| CentOS Stream 9 | PASS | SKIPPED | SKIPPED |
+---------------------+--------------------+----------------------+----------------+
| Debian Bullseye | PASS | SKIPPED | SKIPPED |
+---------------------+--------------------+----------------------+----------------+
| Ubuntu 22.04 | PASS | SKIPPED | PASS |
+---------------------+--------------------+----------------------+----------------+
| Ubuntu 20.04 | PASS | SKIPPED | SKIPPED |
+---------------------+--------------------+----------------------+----------------+
| Debian Buster | PASS | SKIPPED | SKIPPED |
+---------------------+--------------------+----------------------+----------------+
| openSUSE Leap 15 | PASS | SKIPPED | SKIPPED |
+---------------------+--------------------+----------------------+----------------+
| RHEL 7 | PASS | SKIPPED | FAIL |
+---------------------+--------------------+----------------------+----------------+
| RHEL8 | PASS | SKIPPED | SKIPPED |
+---------------------+--------------------+----------------------+----------------+
| CentOS Stream 8 | PASS | SKIPPED | PASS |
+---------------------+--------------------+----------------------+----------------+
==== 20 line log output for RHEL 7 (dpdk_unit_test): ====
93/103 DPDK:fast-tests / telemetry_json_autotest OK 0.56 s
94/103 DPDK:fast-tests / telemetry_data_autotest OK 0.53 s
95/103 DPDK:fast-tests / table_autotest OK 19.50 s
96/103 DPDK:fast-tests / ring_pmd_autotest OK 0.50 s
97/103 DPDK:fast-tests / event_eth_tx_adapter_autotest OK 1.28 s
98/103 DPDK:fast-tests / bitratestats_autotest OK 0.57 s
99/103 DPDK:fast-tests / latencystats_autotest OK 0.64 s
100/103 DPDK:fast-tests / pdump_autotest OK 6.23 s
101/103 DPDK:fast-tests / vdev_autotest OK 0.54 s
102/103 DPDK:fast-tests / compressdev_autotest SKIP 0.18 s
103/103 DPDK:fast-tests / telemetry_all SKIP 0.01 s
Ok: 93
Expected Fail: 0
Fail: 0
Unexpected Pass: 0
Skipped: 9
Timeout: 1
Full log written to /home-local/jenkins-local/jenkins-agent/workspace/Generic-Unit-Test-DPDK/dpdk/build/meson-logs/testlog.txt
==== End log output ====
FreeBSD 13
Kernel: 13.0
Compiler: clang 11.0.1
Windows Server 2019
Kernel: 10.0
Compiler: clang 14.0 and gcc 8.1.0 (MinGW)
CentOS Stream 9
Kernel: 4.18.0-240.10.1.el8_3.x86_64
Compiler: gcc 11.3.1 20220421
Debian Bullseye
Kernel: 5.4.0-122-generic
Compiler: gcc 10.2.1-6
Ubuntu 22.04
Kernel: Container Host Kernel
Compiler: gcc 11.3.1-2
Ubuntu 20.04
Kernel: 4.18.0-240.10.1.el8_3.x86_64
Compiler: gcc 9.3.0-17ubuntu1~20.04
Debian Buster
Kernel: 5.4.0-122-generic
Compiler: gcc 8.3.0-6
openSUSE Leap 15
Kernel: 4.18.0-240.10.1.el8_3.x86_64
Compiler: gcc 7.5.0
RHEL 7
Kernel: 4.18.0-240.10.1.el8_3.x86_64
Compiler: gcc 4.8.5 20150623 (Red Hat 4.8.5-44)
RHEL8
Kernel: 4.18.0-240.10.1.el8_3.x86_64
Compiler: gcc 8.3.1 20191121 (Red Hat 8.3.1-5)
CentOS Stream 8
Kernel: 4.18.0-240.10.1.el8_3.x86_64
Compiler: gcc 8.4.1 20200928
To view detailed results, visit:
https://lab.dpdk.org/results/dashboard/patchsets/25496/
UNH-IOL DPDK Community Lab
To manage your email subscriptions, visit:
https://lab.dpdk.org/results/dashboard/preferences/subscriptions/
^ permalink raw reply [flat|nested] 13+ messages in thread
* |FAILURE| pw124300 [PATCH] [v4] net/ark: support for single function with multiple port
@ 2023-02-21 19:03 dpdklab
0 siblings, 0 replies; 13+ messages in thread
From: dpdklab @ 2023-02-21 19:03 UTC (permalink / raw)
To: Test Report; +Cc: dpdklab, David Marchand, Thomas Monjalon, Ed Czeck
[-- Attachment #1: Type: text/plain, Size: 3419 bytes --]
Test-Label: iol-x86_64-unit-testing
Test-Status: FAILURE
http://dpdk.org/patch/124300
_Testing issues_
Submitter: Ed Czeck <ed.czeck@atomicrules.com>
Date: Tuesday, February 21 2023 16:30:06
DPDK git baseline: Repo:dpdk
Branch: master
CommitID:9bd5ebca59c865aead7096358fb733e53a72007b
124300 --> testing fail
Test environment and result as below:
+---------------------+----------------+
| Environment | dpdk_unit_test |
+=====================+================+
| Windows Server 2019 | PASS |
+---------------------+----------------+
| RHEL 7 | FAIL |
+---------------------+----------------+
| Ubuntu 22.04 | PASS |
+---------------------+----------------+
| CentOS Stream 8 | PASS |
+---------------------+----------------+
| CentOS Stream 9 | PASS |
+---------------------+----------------+
| Debian Buster | PASS |
+---------------------+----------------+
| openSUSE Leap 15 | PASS |
+---------------------+----------------+
| Debian Bullseye | PASS |
+---------------------+----------------+
| RHEL8 | PASS |
+---------------------+----------------+
| Ubuntu 20.04 | PASS |
+---------------------+----------------+
==== 20 line log output for RHEL 7 (dpdk_unit_test): ====
93/103 DPDK:fast-tests / telemetry_json_autotest OK 0.56 s
94/103 DPDK:fast-tests / telemetry_data_autotest OK 0.53 s
95/103 DPDK:fast-tests / table_autotest OK 19.50 s
96/103 DPDK:fast-tests / ring_pmd_autotest OK 0.50 s
97/103 DPDK:fast-tests / event_eth_tx_adapter_autotest OK 1.28 s
98/103 DPDK:fast-tests / bitratestats_autotest OK 0.57 s
99/103 DPDK:fast-tests / latencystats_autotest OK 0.64 s
100/103 DPDK:fast-tests / pdump_autotest OK 6.23 s
101/103 DPDK:fast-tests / vdev_autotest OK 0.54 s
102/103 DPDK:fast-tests / compressdev_autotest SKIP 0.18 s
103/103 DPDK:fast-tests / telemetry_all SKIP 0.01 s
Ok: 93
Expected Fail: 0
Fail: 0
Unexpected Pass: 0
Skipped: 9
Timeout: 1
Full log written to /home-local/jenkins-local/jenkins-agent/workspace/Generic-Unit-Test-DPDK/dpdk/build/meson-logs/testlog.txt
==== End log output ====
Windows Server 2019
Kernel: 10.0
Compiler: clang 14.0 and gcc 8.1.0 (MinGW)
RHEL 7
Kernel: 4.18.0-240.10.1.el8_3.x86_64
Compiler: gcc 4.8.5 20150623 (Red Hat 4.8.5-44)
Ubuntu 22.04
Kernel: Container Host Kernel
Compiler: clang 14.0.5-1.fc36
CentOS Stream 8
Kernel: 4.18.0-240.10.1.el8_3.x86_64
Compiler: gcc 8.4.1 20200928
CentOS Stream 9
Kernel: 4.18.0-240.10.1.el8_3.x86_64
Compiler: gcc 11.3.1 20220421
Debian Buster
Kernel: 5.4.0-122-generic
Compiler: gcc 8.3.0-6
openSUSE Leap 15
Kernel: 4.18.0-240.10.1.el8_3.x86_64
Compiler: gcc 7.5.0
Debian Bullseye
Kernel: 5.4.0-122-generic
Compiler: gcc 10.2.1-6
RHEL8
Kernel: 4.18.0-240.10.1.el8_3.x86_64
Compiler: gcc 8.3.1 20191121 (Red Hat 8.3.1-5)
Ubuntu 20.04
Kernel: 4.18.0-240.10.1.el8_3.x86_64
Compiler: gcc 9.3.0-17ubuntu1~20.04
To view detailed results, visit:
https://lab.dpdk.org/results/dashboard/patchsets/25496/
UNH-IOL DPDK Community Lab
To manage your email subscriptions, visit:
https://lab.dpdk.org/results/dashboard/preferences/subscriptions/
^ permalink raw reply [flat|nested] 13+ messages in thread
* |FAILURE| pw124300 [PATCH] [v4] net/ark: support for single function with multiple port
@ 2023-02-21 19:03 dpdklab
0 siblings, 0 replies; 13+ messages in thread
From: dpdklab @ 2023-02-21 19:03 UTC (permalink / raw)
To: Test Report; +Cc: dpdklab, David Marchand, Thomas Monjalon, Ed Czeck
[-- Attachment #1: Type: text/plain, Size: 4632 bytes --]
Test-Label: iol-testing
Test-Status: FAILURE
http://dpdk.org/patch/124300
_Testing issues_
Submitter: Ed Czeck <ed.czeck@atomicrules.com>
Date: Tuesday, February 21 2023 16:30:06
DPDK git baseline: Repo:dpdk
Branch: master
CommitID:9bd5ebca59c865aead7096358fb733e53a72007b
124300 --> testing fail
Test environment and result as below:
+---------------------+--------------------+----------------------+----------------+
| Environment | dpdk_meson_compile | dpdk_mingw64_compile | dpdk_unit_test |
+=====================+====================+======================+================+
| FreeBSD 13 | PASS | SKIPPED | SKIPPED |
+---------------------+--------------------+----------------------+----------------+
| Windows Server 2019 | PASS | PASS | PASS |
+---------------------+--------------------+----------------------+----------------+
| CentOS Stream 9 | PASS | SKIPPED | PASS |
+---------------------+--------------------+----------------------+----------------+
| Debian Bullseye | PASS | SKIPPED | PASS |
+---------------------+--------------------+----------------------+----------------+
| Ubuntu 22.04 | PASS | SKIPPED | PASS |
+---------------------+--------------------+----------------------+----------------+
| Ubuntu 20.04 | PASS | SKIPPED | PASS |
+---------------------+--------------------+----------------------+----------------+
| Debian Buster | PASS | SKIPPED | PASS |
+---------------------+--------------------+----------------------+----------------+
| openSUSE Leap 15 | PASS | SKIPPED | PASS |
+---------------------+--------------------+----------------------+----------------+
| RHEL 7 | PASS | SKIPPED | FAIL |
+---------------------+--------------------+----------------------+----------------+
| RHEL8 | PASS | SKIPPED | PASS |
+---------------------+--------------------+----------------------+----------------+
| CentOS Stream 8 | PASS | SKIPPED | PASS |
+---------------------+--------------------+----------------------+----------------+
==== 20 line log output for RHEL 7 (dpdk_unit_test): ====
93/103 DPDK:fast-tests / telemetry_json_autotest OK 0.56 s
94/103 DPDK:fast-tests / telemetry_data_autotest OK 0.53 s
95/103 DPDK:fast-tests / table_autotest OK 19.50 s
96/103 DPDK:fast-tests / ring_pmd_autotest OK 0.50 s
97/103 DPDK:fast-tests / event_eth_tx_adapter_autotest OK 1.28 s
98/103 DPDK:fast-tests / bitratestats_autotest OK 0.57 s
99/103 DPDK:fast-tests / latencystats_autotest OK 0.64 s
100/103 DPDK:fast-tests / pdump_autotest OK 6.23 s
101/103 DPDK:fast-tests / vdev_autotest OK 0.54 s
102/103 DPDK:fast-tests / compressdev_autotest SKIP 0.18 s
103/103 DPDK:fast-tests / telemetry_all SKIP 0.01 s
Ok: 93
Expected Fail: 0
Fail: 0
Unexpected Pass: 0
Skipped: 9
Timeout: 1
Full log written to /home-local/jenkins-local/jenkins-agent/workspace/Generic-Unit-Test-DPDK/dpdk/build/meson-logs/testlog.txt
==== End log output ====
FreeBSD 13
Kernel: 13.0
Compiler: clang 11.0.1
Windows Server 2019
Kernel: 10.0
Compiler: clang 14.0 and gcc 8.1.0 (MinGW)
CentOS Stream 9
Kernel: 4.18.0-240.10.1.el8_3.x86_64
Compiler: gcc 11.3.1 20220421
Debian Bullseye
Kernel: 5.4.0-122-generic
Compiler: gcc 10.2.1-6
Ubuntu 22.04
Kernel: Container Host Kernel
Compiler: gcc 11.3.1-2
Ubuntu 20.04
Kernel: 4.18.0-240.10.1.el8_3.x86_64
Compiler: gcc 9.3.0-17ubuntu1~20.04
Debian Buster
Kernel: 5.4.0-122-generic
Compiler: gcc 8.3.0-6
openSUSE Leap 15
Kernel: 4.18.0-240.10.1.el8_3.x86_64
Compiler: gcc 7.5.0
RHEL 7
Kernel: 4.18.0-240.10.1.el8_3.x86_64
Compiler: gcc 4.8.5 20150623 (Red Hat 4.8.5-44)
RHEL8
Kernel: 4.18.0-240.10.1.el8_3.x86_64
Compiler: gcc 8.3.1 20191121 (Red Hat 8.3.1-5)
CentOS Stream 8
Kernel: 4.18.0-240.10.1.el8_3.x86_64
Compiler: gcc 8.4.1 20200928
To view detailed results, visit:
https://lab.dpdk.org/results/dashboard/patchsets/25496/
UNH-IOL DPDK Community Lab
To manage your email subscriptions, visit:
https://lab.dpdk.org/results/dashboard/preferences/subscriptions/
^ permalink raw reply [flat|nested] 13+ messages in thread
* |FAILURE| pw124300 [PATCH] [v4] net/ark: support for single function with multiple port
@ 2023-02-21 19:01 dpdklab
0 siblings, 0 replies; 13+ messages in thread
From: dpdklab @ 2023-02-21 19:01 UTC (permalink / raw)
To: Test Report; +Cc: dpdklab, David Marchand, Thomas Monjalon, Ed Czeck
[-- Attachment #1: Type: text/plain, Size: 4632 bytes --]
Test-Label: iol-testing
Test-Status: FAILURE
http://dpdk.org/patch/124300
_Testing issues_
Submitter: Ed Czeck <ed.czeck@atomicrules.com>
Date: Tuesday, February 21 2023 16:30:06
DPDK git baseline: Repo:dpdk
Branch: master
CommitID:9bd5ebca59c865aead7096358fb733e53a72007b
124300 --> testing fail
Test environment and result as below:
+---------------------+--------------------+----------------------+----------------+
| Environment | dpdk_meson_compile | dpdk_mingw64_compile | dpdk_unit_test |
+=====================+====================+======================+================+
| FreeBSD 13 | PASS | SKIPPED | SKIPPED |
+---------------------+--------------------+----------------------+----------------+
| Windows Server 2019 | PASS | PASS | PASS |
+---------------------+--------------------+----------------------+----------------+
| CentOS Stream 9 | PASS | SKIPPED | PASS |
+---------------------+--------------------+----------------------+----------------+
| Debian Bullseye | PASS | SKIPPED | PASS |
+---------------------+--------------------+----------------------+----------------+
| Ubuntu 22.04 | PASS | SKIPPED | PASS |
+---------------------+--------------------+----------------------+----------------+
| Ubuntu 20.04 | PASS | SKIPPED | SKIPPED |
+---------------------+--------------------+----------------------+----------------+
| Debian Buster | PASS | SKIPPED | PASS |
+---------------------+--------------------+----------------------+----------------+
| openSUSE Leap 15 | PASS | SKIPPED | PASS |
+---------------------+--------------------+----------------------+----------------+
| RHEL 7 | PASS | SKIPPED | FAIL |
+---------------------+--------------------+----------------------+----------------+
| RHEL8 | PASS | SKIPPED | PASS |
+---------------------+--------------------+----------------------+----------------+
| CentOS Stream 8 | PASS | SKIPPED | PASS |
+---------------------+--------------------+----------------------+----------------+
==== 20 line log output for RHEL 7 (dpdk_unit_test): ====
93/103 DPDK:fast-tests / telemetry_json_autotest OK 0.56 s
94/103 DPDK:fast-tests / telemetry_data_autotest OK 0.53 s
95/103 DPDK:fast-tests / table_autotest OK 19.50 s
96/103 DPDK:fast-tests / ring_pmd_autotest OK 0.50 s
97/103 DPDK:fast-tests / event_eth_tx_adapter_autotest OK 1.28 s
98/103 DPDK:fast-tests / bitratestats_autotest OK 0.57 s
99/103 DPDK:fast-tests / latencystats_autotest OK 0.64 s
100/103 DPDK:fast-tests / pdump_autotest OK 6.23 s
101/103 DPDK:fast-tests / vdev_autotest OK 0.54 s
102/103 DPDK:fast-tests / compressdev_autotest SKIP 0.18 s
103/103 DPDK:fast-tests / telemetry_all SKIP 0.01 s
Ok: 93
Expected Fail: 0
Fail: 0
Unexpected Pass: 0
Skipped: 9
Timeout: 1
Full log written to /home-local/jenkins-local/jenkins-agent/workspace/Generic-Unit-Test-DPDK/dpdk/build/meson-logs/testlog.txt
==== End log output ====
FreeBSD 13
Kernel: 13.0
Compiler: clang 11.0.1
Windows Server 2019
Kernel: 10.0
Compiler: clang 14.0 and gcc 8.1.0 (MinGW)
CentOS Stream 9
Kernel: 4.18.0-240.10.1.el8_3.x86_64
Compiler: gcc 11.3.1 20220421
Debian Bullseye
Kernel: 5.4.0-122-generic
Compiler: gcc 10.2.1-6
Ubuntu 22.04
Kernel: Container Host Kernel
Compiler: gcc 11.3.1-2
Ubuntu 20.04
Kernel: 4.18.0-240.10.1.el8_3.x86_64
Compiler: gcc 9.3.0-17ubuntu1~20.04
Debian Buster
Kernel: 5.4.0-122-generic
Compiler: gcc 8.3.0-6
openSUSE Leap 15
Kernel: 4.18.0-240.10.1.el8_3.x86_64
Compiler: gcc 7.5.0
RHEL 7
Kernel: 4.18.0-240.10.1.el8_3.x86_64
Compiler: gcc 4.8.5 20150623 (Red Hat 4.8.5-44)
RHEL8
Kernel: 4.18.0-240.10.1.el8_3.x86_64
Compiler: gcc 8.3.1 20191121 (Red Hat 8.3.1-5)
CentOS Stream 8
Kernel: 4.18.0-240.10.1.el8_3.x86_64
Compiler: gcc 8.4.1 20200928
To view detailed results, visit:
https://lab.dpdk.org/results/dashboard/patchsets/25496/
UNH-IOL DPDK Community Lab
To manage your email subscriptions, visit:
https://lab.dpdk.org/results/dashboard/preferences/subscriptions/
^ permalink raw reply [flat|nested] 13+ messages in thread
* |FAILURE| pw124300 [PATCH] [v4] net/ark: support for single function with multiple port
@ 2023-02-21 18:59 dpdklab
0 siblings, 0 replies; 13+ messages in thread
From: dpdklab @ 2023-02-21 18:59 UTC (permalink / raw)
To: Test Report; +Cc: dpdklab, David Marchand, Thomas Monjalon, Ed Czeck
[-- Attachment #1: Type: text/plain, Size: 4632 bytes --]
Test-Label: iol-testing
Test-Status: FAILURE
http://dpdk.org/patch/124300
_Testing issues_
Submitter: Ed Czeck <ed.czeck@atomicrules.com>
Date: Tuesday, February 21 2023 16:30:06
DPDK git baseline: Repo:dpdk
Branch: master
CommitID:9bd5ebca59c865aead7096358fb733e53a72007b
124300 --> testing fail
Test environment and result as below:
+---------------------+--------------------+----------------------+----------------+
| Environment | dpdk_meson_compile | dpdk_mingw64_compile | dpdk_unit_test |
+=====================+====================+======================+================+
| FreeBSD 13 | PASS | SKIPPED | SKIPPED |
+---------------------+--------------------+----------------------+----------------+
| Windows Server 2019 | PASS | PASS | PASS |
+---------------------+--------------------+----------------------+----------------+
| CentOS Stream 9 | PASS | SKIPPED | PASS |
+---------------------+--------------------+----------------------+----------------+
| Debian Bullseye | PASS | SKIPPED | PASS |
+---------------------+--------------------+----------------------+----------------+
| Ubuntu 22.04 | PASS | SKIPPED | PASS |
+---------------------+--------------------+----------------------+----------------+
| Ubuntu 20.04 | PASS | SKIPPED | SKIPPED |
+---------------------+--------------------+----------------------+----------------+
| Debian Buster | PASS | SKIPPED | PASS |
+---------------------+--------------------+----------------------+----------------+
| openSUSE Leap 15 | PASS | SKIPPED | PASS |
+---------------------+--------------------+----------------------+----------------+
| RHEL 7 | PASS | SKIPPED | FAIL |
+---------------------+--------------------+----------------------+----------------+
| RHEL8 | PASS | SKIPPED | PASS |
+---------------------+--------------------+----------------------+----------------+
| CentOS Stream 8 | PASS | SKIPPED | PASS |
+---------------------+--------------------+----------------------+----------------+
==== 20 line log output for RHEL 7 (dpdk_unit_test): ====
93/103 DPDK:fast-tests / telemetry_json_autotest OK 0.56 s
94/103 DPDK:fast-tests / telemetry_data_autotest OK 0.53 s
95/103 DPDK:fast-tests / table_autotest OK 19.50 s
96/103 DPDK:fast-tests / ring_pmd_autotest OK 0.50 s
97/103 DPDK:fast-tests / event_eth_tx_adapter_autotest OK 1.28 s
98/103 DPDK:fast-tests / bitratestats_autotest OK 0.57 s
99/103 DPDK:fast-tests / latencystats_autotest OK 0.64 s
100/103 DPDK:fast-tests / pdump_autotest OK 6.23 s
101/103 DPDK:fast-tests / vdev_autotest OK 0.54 s
102/103 DPDK:fast-tests / compressdev_autotest SKIP 0.18 s
103/103 DPDK:fast-tests / telemetry_all SKIP 0.01 s
Ok: 93
Expected Fail: 0
Fail: 0
Unexpected Pass: 0
Skipped: 9
Timeout: 1
Full log written to /home-local/jenkins-local/jenkins-agent/workspace/Generic-Unit-Test-DPDK/dpdk/build/meson-logs/testlog.txt
==== End log output ====
FreeBSD 13
Kernel: 13.0
Compiler: clang 11.0.1
Windows Server 2019
Kernel: 10.0
Compiler: clang 14.0 and gcc 8.1.0 (MinGW)
CentOS Stream 9
Kernel: 4.18.0-240.10.1.el8_3.x86_64
Compiler: gcc 11.3.1 20220421
Debian Bullseye
Kernel: 5.4.0-122-generic
Compiler: gcc 10.2.1-6
Ubuntu 22.04
Kernel: Container Host Kernel
Compiler: gcc 11.3.1-2
Ubuntu 20.04
Kernel: 4.18.0-240.10.1.el8_3.x86_64
Compiler: gcc 9.3.0-17ubuntu1~20.04
Debian Buster
Kernel: 5.4.0-122-generic
Compiler: gcc 8.3.0-6
openSUSE Leap 15
Kernel: 4.18.0-240.10.1.el8_3.x86_64
Compiler: gcc 7.5.0
RHEL 7
Kernel: 4.18.0-240.10.1.el8_3.x86_64
Compiler: gcc 4.8.5 20150623 (Red Hat 4.8.5-44)
RHEL8
Kernel: 4.18.0-240.10.1.el8_3.x86_64
Compiler: gcc 8.3.1 20191121 (Red Hat 8.3.1-5)
CentOS Stream 8
Kernel: 4.18.0-240.10.1.el8_3.x86_64
Compiler: gcc 8.4.1 20200928
To view detailed results, visit:
https://lab.dpdk.org/results/dashboard/patchsets/25496/
UNH-IOL DPDK Community Lab
To manage your email subscriptions, visit:
https://lab.dpdk.org/results/dashboard/preferences/subscriptions/
^ permalink raw reply [flat|nested] 13+ messages in thread
* |FAILURE| pw124300 [PATCH] [v4] net/ark: support for single function with multiple port
@ 2023-02-21 18:45 dpdklab
0 siblings, 0 replies; 13+ messages in thread
From: dpdklab @ 2023-02-21 18:45 UTC (permalink / raw)
To: Test Report; +Cc: Ed Czeck, dpdklab, David Marchand, Thomas Monjalon, Ed Czeck
[-- Attachment #1: Type: text/plain, Size: 4632 bytes --]
Test-Label: iol-testing
Test-Status: FAILURE
http://dpdk.org/patch/124300
_Testing issues_
Submitter: Ed Czeck <ed.czeck@atomicrules.com>
Date: Tuesday, February 21 2023 16:30:06
DPDK git baseline: Repo:dpdk
Branch: master
CommitID:9bd5ebca59c865aead7096358fb733e53a72007b
124300 --> testing fail
Test environment and result as below:
+---------------------+--------------------+----------------------+----------------+
| Environment | dpdk_meson_compile | dpdk_mingw64_compile | dpdk_unit_test |
+=====================+====================+======================+================+
| FreeBSD 13 | PASS | SKIPPED | SKIPPED |
+---------------------+--------------------+----------------------+----------------+
| Windows Server 2019 | PASS | PASS | PASS |
+---------------------+--------------------+----------------------+----------------+
| CentOS Stream 9 | PASS | SKIPPED | PASS |
+---------------------+--------------------+----------------------+----------------+
| Debian Bullseye | PASS | SKIPPED | PASS |
+---------------------+--------------------+----------------------+----------------+
| Ubuntu 22.04 | PASS | SKIPPED | PASS |
+---------------------+--------------------+----------------------+----------------+
| Ubuntu 20.04 | PASS | SKIPPED | SKIPPED |
+---------------------+--------------------+----------------------+----------------+
| Debian Buster | PASS | SKIPPED | PASS |
+---------------------+--------------------+----------------------+----------------+
| openSUSE Leap 15 | PASS | SKIPPED | PASS |
+---------------------+--------------------+----------------------+----------------+
| RHEL 7 | PASS | SKIPPED | FAIL |
+---------------------+--------------------+----------------------+----------------+
| RHEL8 | PASS | SKIPPED | SKIPPED |
+---------------------+--------------------+----------------------+----------------+
| CentOS Stream 8 | PASS | SKIPPED | PASS |
+---------------------+--------------------+----------------------+----------------+
==== 20 line log output for RHEL 7 (dpdk_unit_test): ====
93/103 DPDK:fast-tests / telemetry_json_autotest OK 0.56 s
94/103 DPDK:fast-tests / telemetry_data_autotest OK 0.53 s
95/103 DPDK:fast-tests / table_autotest OK 19.50 s
96/103 DPDK:fast-tests / ring_pmd_autotest OK 0.50 s
97/103 DPDK:fast-tests / event_eth_tx_adapter_autotest OK 1.28 s
98/103 DPDK:fast-tests / bitratestats_autotest OK 0.57 s
99/103 DPDK:fast-tests / latencystats_autotest OK 0.64 s
100/103 DPDK:fast-tests / pdump_autotest OK 6.23 s
101/103 DPDK:fast-tests / vdev_autotest OK 0.54 s
102/103 DPDK:fast-tests / compressdev_autotest SKIP 0.18 s
103/103 DPDK:fast-tests / telemetry_all SKIP 0.01 s
Ok: 93
Expected Fail: 0
Fail: 0
Unexpected Pass: 0
Skipped: 9
Timeout: 1
Full log written to /home-local/jenkins-local/jenkins-agent/workspace/Generic-Unit-Test-DPDK/dpdk/build/meson-logs/testlog.txt
==== End log output ====
FreeBSD 13
Kernel: 13.0
Compiler: clang 11.0.1
Windows Server 2019
Kernel: 10.0
Compiler: clang 14.0 and gcc 8.1.0 (MinGW)
CentOS Stream 9
Kernel: 4.18.0-240.10.1.el8_3.x86_64
Compiler: gcc 11.3.1 20220421
Debian Bullseye
Kernel: 5.4.0-122-generic
Compiler: gcc 10.2.1-6
Ubuntu 22.04
Kernel: Container Host Kernel
Compiler: gcc 11.3.1-2
Ubuntu 20.04
Kernel: 4.18.0-240.10.1.el8_3.x86_64
Compiler: gcc 9.3.0-17ubuntu1~20.04
Debian Buster
Kernel: 5.4.0-122-generic
Compiler: gcc 8.3.0-6
openSUSE Leap 15
Kernel: 4.18.0-240.10.1.el8_3.x86_64
Compiler: gcc 7.5.0
RHEL 7
Kernel: 4.18.0-240.10.1.el8_3.x86_64
Compiler: gcc 4.8.5 20150623 (Red Hat 4.8.5-44)
RHEL8
Kernel: 4.18.0-240.10.1.el8_3.x86_64
Compiler: gcc 8.3.1 20191121 (Red Hat 8.3.1-5)
CentOS Stream 8
Kernel: 4.18.0-240.10.1.el8_3.x86_64
Compiler: gcc 8.4.1 20200928
To view detailed results, visit:
https://lab.dpdk.org/results/dashboard/patchsets/25496/
UNH-IOL DPDK Community Lab
To manage your email subscriptions, visit:
https://lab.dpdk.org/results/dashboard/preferences/subscriptions/
^ permalink raw reply [flat|nested] 13+ messages in thread
* |FAILURE| pw124300 [PATCH] [v4] net/ark: support for single function with multiple port
@ 2023-02-21 18:45 dpdklab
0 siblings, 0 replies; 13+ messages in thread
From: dpdklab @ 2023-02-21 18:45 UTC (permalink / raw)
To: Test Report; +Cc: dpdk-test-reports, David Marchand, Thomas Monjalon, Ed Czeck
[-- Attachment #1: Type: text/plain, Size: 4632 bytes --]
Test-Label: iol-testing
Test-Status: FAILURE
http://dpdk.org/patch/124300
_Testing issues_
Submitter: Ed Czeck <ed.czeck@atomicrules.com>
Date: Tuesday, February 21 2023 16:30:06
DPDK git baseline: Repo:dpdk
Branch: master
CommitID:9bd5ebca59c865aead7096358fb733e53a72007b
124300 --> testing fail
Test environment and result as below:
+---------------------+--------------------+----------------------+----------------+
| Environment | dpdk_meson_compile | dpdk_mingw64_compile | dpdk_unit_test |
+=====================+====================+======================+================+
| FreeBSD 13 | PASS | SKIPPED | SKIPPED |
+---------------------+--------------------+----------------------+----------------+
| Windows Server 2019 | PASS | PASS | PASS |
+---------------------+--------------------+----------------------+----------------+
| CentOS Stream 9 | PASS | SKIPPED | PASS |
+---------------------+--------------------+----------------------+----------------+
| Debian Bullseye | PASS | SKIPPED | SKIPPED |
+---------------------+--------------------+----------------------+----------------+
| Ubuntu 22.04 | PASS | SKIPPED | PASS |
+---------------------+--------------------+----------------------+----------------+
| Ubuntu 20.04 | PASS | SKIPPED | SKIPPED |
+---------------------+--------------------+----------------------+----------------+
| Debian Buster | PASS | SKIPPED | PASS |
+---------------------+--------------------+----------------------+----------------+
| openSUSE Leap 15 | PASS | SKIPPED | PASS |
+---------------------+--------------------+----------------------+----------------+
| RHEL 7 | PASS | SKIPPED | FAIL |
+---------------------+--------------------+----------------------+----------------+
| RHEL8 | PASS | SKIPPED | SKIPPED |
+---------------------+--------------------+----------------------+----------------+
| CentOS Stream 8 | PASS | SKIPPED | PASS |
+---------------------+--------------------+----------------------+----------------+
==== 20 line log output for RHEL 7 (dpdk_unit_test): ====
93/103 DPDK:fast-tests / telemetry_json_autotest OK 0.56 s
94/103 DPDK:fast-tests / telemetry_data_autotest OK 0.53 s
95/103 DPDK:fast-tests / table_autotest OK 19.50 s
96/103 DPDK:fast-tests / ring_pmd_autotest OK 0.50 s
97/103 DPDK:fast-tests / event_eth_tx_adapter_autotest OK 1.28 s
98/103 DPDK:fast-tests / bitratestats_autotest OK 0.57 s
99/103 DPDK:fast-tests / latencystats_autotest OK 0.64 s
100/103 DPDK:fast-tests / pdump_autotest OK 6.23 s
101/103 DPDK:fast-tests / vdev_autotest OK 0.54 s
102/103 DPDK:fast-tests / compressdev_autotest SKIP 0.18 s
103/103 DPDK:fast-tests / telemetry_all SKIP 0.01 s
Ok: 93
Expected Fail: 0
Fail: 0
Unexpected Pass: 0
Skipped: 9
Timeout: 1
Full log written to /home-local/jenkins-local/jenkins-agent/workspace/Generic-Unit-Test-DPDK/dpdk/build/meson-logs/testlog.txt
==== End log output ====
FreeBSD 13
Kernel: 13.0
Compiler: clang 11.0.1
Windows Server 2019
Kernel: 10.0
Compiler: clang 14.0 and gcc 8.1.0 (MinGW)
CentOS Stream 9
Kernel: 4.18.0-240.10.1.el8_3.x86_64
Compiler: gcc 11.3.1 20220421
Debian Bullseye
Kernel: 5.4.0-122-generic
Compiler: gcc 10.2.1-6
Ubuntu 22.04
Kernel: Container Host Kernel
Compiler: gcc 11.3.1-2
Ubuntu 20.04
Kernel: 4.18.0-240.10.1.el8_3.x86_64
Compiler: gcc 9.3.0-17ubuntu1~20.04
Debian Buster
Kernel: 5.4.0-122-generic
Compiler: gcc 8.3.0-6
openSUSE Leap 15
Kernel: 4.18.0-240.10.1.el8_3.x86_64
Compiler: gcc 7.5.0
RHEL 7
Kernel: 4.18.0-240.10.1.el8_3.x86_64
Compiler: gcc 4.8.5 20150623 (Red Hat 4.8.5-44)
RHEL8
Kernel: 4.18.0-240.10.1.el8_3.x86_64
Compiler: gcc 8.3.1 20191121 (Red Hat 8.3.1-5)
CentOS Stream 8
Kernel: 4.18.0-240.10.1.el8_3.x86_64
Compiler: gcc 8.4.1 20200928
To view detailed results, visit:
https://lab.dpdk.org/results/dashboard/patchsets/25496/
UNH-IOL DPDK Community Lab
To manage your email subscriptions, visit:
https://lab.dpdk.org/results/dashboard/preferences/subscriptions/
^ permalink raw reply [flat|nested] 13+ messages in thread
* |FAILURE| pw124300 [PATCH] [v4] net/ark: support for single function with multiple port
@ 2023-02-21 18:43 dpdklab
0 siblings, 0 replies; 13+ messages in thread
From: dpdklab @ 2023-02-21 18:43 UTC (permalink / raw)
To: Test Report; +Cc: Ed Czeck, dpdklab, David Marchand, Thomas Monjalon, Ed Czeck
[-- Attachment #1: Type: text/plain, Size: 4632 bytes --]
Test-Label: iol-testing
Test-Status: FAILURE
http://dpdk.org/patch/124300
_Testing issues_
Submitter: Ed Czeck <ed.czeck@atomicrules.com>
Date: Tuesday, February 21 2023 16:30:06
DPDK git baseline: Repo:dpdk
Branch: master
CommitID:9bd5ebca59c865aead7096358fb733e53a72007b
124300 --> testing fail
Test environment and result as below:
+---------------------+--------------------+----------------------+----------------+
| Environment | dpdk_meson_compile | dpdk_mingw64_compile | dpdk_unit_test |
+=====================+====================+======================+================+
| FreeBSD 13 | PASS | SKIPPED | SKIPPED |
+---------------------+--------------------+----------------------+----------------+
| Windows Server 2019 | PASS | PASS | PASS |
+---------------------+--------------------+----------------------+----------------+
| CentOS Stream 9 | PASS | SKIPPED | PASS |
+---------------------+--------------------+----------------------+----------------+
| Debian Bullseye | PASS | SKIPPED | SKIPPED |
+---------------------+--------------------+----------------------+----------------+
| Ubuntu 22.04 | PASS | SKIPPED | PASS |
+---------------------+--------------------+----------------------+----------------+
| Ubuntu 20.04 | PASS | SKIPPED | SKIPPED |
+---------------------+--------------------+----------------------+----------------+
| Debian Buster | PASS | SKIPPED | PASS |
+---------------------+--------------------+----------------------+----------------+
| openSUSE Leap 15 | PASS | SKIPPED | SKIPPED |
+---------------------+--------------------+----------------------+----------------+
| RHEL 7 | PASS | SKIPPED | FAIL |
+---------------------+--------------------+----------------------+----------------+
| RHEL8 | PASS | SKIPPED | SKIPPED |
+---------------------+--------------------+----------------------+----------------+
| CentOS Stream 8 | PASS | SKIPPED | PASS |
+---------------------+--------------------+----------------------+----------------+
==== 20 line log output for RHEL 7 (dpdk_unit_test): ====
93/103 DPDK:fast-tests / telemetry_json_autotest OK 0.56 s
94/103 DPDK:fast-tests / telemetry_data_autotest OK 0.53 s
95/103 DPDK:fast-tests / table_autotest OK 19.50 s
96/103 DPDK:fast-tests / ring_pmd_autotest OK 0.50 s
97/103 DPDK:fast-tests / event_eth_tx_adapter_autotest OK 1.28 s
98/103 DPDK:fast-tests / bitratestats_autotest OK 0.57 s
99/103 DPDK:fast-tests / latencystats_autotest OK 0.64 s
100/103 DPDK:fast-tests / pdump_autotest OK 6.23 s
101/103 DPDK:fast-tests / vdev_autotest OK 0.54 s
102/103 DPDK:fast-tests / compressdev_autotest SKIP 0.18 s
103/103 DPDK:fast-tests / telemetry_all SKIP 0.01 s
Ok: 93
Expected Fail: 0
Fail: 0
Unexpected Pass: 0
Skipped: 9
Timeout: 1
Full log written to /home-local/jenkins-local/jenkins-agent/workspace/Generic-Unit-Test-DPDK/dpdk/build/meson-logs/testlog.txt
==== End log output ====
FreeBSD 13
Kernel: 13.0
Compiler: clang 11.0.1
Windows Server 2019
Kernel: 10.0
Compiler: clang 14.0 and gcc 8.1.0 (MinGW)
CentOS Stream 9
Kernel: 4.18.0-240.10.1.el8_3.x86_64
Compiler: gcc 11.3.1 20220421
Debian Bullseye
Kernel: 5.4.0-122-generic
Compiler: gcc 10.2.1-6
Ubuntu 22.04
Kernel: Container Host Kernel
Compiler: gcc 11.3.1-2
Ubuntu 20.04
Kernel: 4.18.0-240.10.1.el8_3.x86_64
Compiler: gcc 9.3.0-17ubuntu1~20.04
Debian Buster
Kernel: 5.4.0-122-generic
Compiler: gcc 8.3.0-6
openSUSE Leap 15
Kernel: 4.18.0-240.10.1.el8_3.x86_64
Compiler: gcc 7.5.0
RHEL 7
Kernel: 4.18.0-240.10.1.el8_3.x86_64
Compiler: gcc 4.8.5 20150623 (Red Hat 4.8.5-44)
RHEL8
Kernel: 4.18.0-240.10.1.el8_3.x86_64
Compiler: gcc 8.3.1 20191121 (Red Hat 8.3.1-5)
CentOS Stream 8
Kernel: 4.18.0-240.10.1.el8_3.x86_64
Compiler: gcc 8.4.1 20200928
To view detailed results, visit:
https://lab.dpdk.org/results/dashboard/patchsets/25496/
UNH-IOL DPDK Community Lab
To manage your email subscriptions, visit:
https://lab.dpdk.org/results/dashboard/preferences/subscriptions/
^ permalink raw reply [flat|nested] 13+ messages in thread
* |FAILURE| pw124300 [PATCH] [v4] net/ark: support for single function with multiple port
@ 2023-02-21 18:43 dpdklab
0 siblings, 0 replies; 13+ messages in thread
From: dpdklab @ 2023-02-21 18:43 UTC (permalink / raw)
To: Test Report; +Cc: dpdklab, David Marchand, Thomas Monjalon, Ed Czeck
[-- Attachment #1: Type: text/plain, Size: 4632 bytes --]
Test-Label: iol-testing
Test-Status: FAILURE
http://dpdk.org/patch/124300
_Testing issues_
Submitter: Ed Czeck <ed.czeck@atomicrules.com>
Date: Tuesday, February 21 2023 16:30:06
DPDK git baseline: Repo:dpdk
Branch: master
CommitID:9bd5ebca59c865aead7096358fb733e53a72007b
124300 --> testing fail
Test environment and result as below:
+---------------------+--------------------+----------------------+----------------+
| Environment | dpdk_meson_compile | dpdk_mingw64_compile | dpdk_unit_test |
+=====================+====================+======================+================+
| FreeBSD 13 | PASS | SKIPPED | SKIPPED |
+---------------------+--------------------+----------------------+----------------+
| Windows Server 2019 | PASS | PASS | PASS |
+---------------------+--------------------+----------------------+----------------+
| CentOS Stream 9 | PASS | SKIPPED | PASS |
+---------------------+--------------------+----------------------+----------------+
| Debian Bullseye | PASS | SKIPPED | SKIPPED |
+---------------------+--------------------+----------------------+----------------+
| Ubuntu 22.04 | PASS | SKIPPED | PASS |
+---------------------+--------------------+----------------------+----------------+
| Ubuntu 20.04 | PASS | SKIPPED | SKIPPED |
+---------------------+--------------------+----------------------+----------------+
| Debian Buster | PASS | SKIPPED | SKIPPED |
+---------------------+--------------------+----------------------+----------------+
| openSUSE Leap 15 | PASS | SKIPPED | SKIPPED |
+---------------------+--------------------+----------------------+----------------+
| RHEL 7 | PASS | SKIPPED | FAIL |
+---------------------+--------------------+----------------------+----------------+
| RHEL8 | PASS | SKIPPED | SKIPPED |
+---------------------+--------------------+----------------------+----------------+
| CentOS Stream 8 | PASS | SKIPPED | PASS |
+---------------------+--------------------+----------------------+----------------+
==== 20 line log output for RHEL 7 (dpdk_unit_test): ====
93/103 DPDK:fast-tests / telemetry_json_autotest OK 0.56 s
94/103 DPDK:fast-tests / telemetry_data_autotest OK 0.53 s
95/103 DPDK:fast-tests / table_autotest OK 19.50 s
96/103 DPDK:fast-tests / ring_pmd_autotest OK 0.50 s
97/103 DPDK:fast-tests / event_eth_tx_adapter_autotest OK 1.28 s
98/103 DPDK:fast-tests / bitratestats_autotest OK 0.57 s
99/103 DPDK:fast-tests / latencystats_autotest OK 0.64 s
100/103 DPDK:fast-tests / pdump_autotest OK 6.23 s
101/103 DPDK:fast-tests / vdev_autotest OK 0.54 s
102/103 DPDK:fast-tests / compressdev_autotest SKIP 0.18 s
103/103 DPDK:fast-tests / telemetry_all SKIP 0.01 s
Ok: 93
Expected Fail: 0
Fail: 0
Unexpected Pass: 0
Skipped: 9
Timeout: 1
Full log written to /home-local/jenkins-local/jenkins-agent/workspace/Generic-Unit-Test-DPDK/dpdk/build/meson-logs/testlog.txt
==== End log output ====
FreeBSD 13
Kernel: 13.0
Compiler: clang 11.0.1
Windows Server 2019
Kernel: 10.0
Compiler: clang 14.0 and gcc 8.1.0 (MinGW)
CentOS Stream 9
Kernel: 4.18.0-240.10.1.el8_3.x86_64
Compiler: gcc 11.3.1 20220421
Debian Bullseye
Kernel: 5.4.0-122-generic
Compiler: gcc 10.2.1-6
Ubuntu 22.04
Kernel: Container Host Kernel
Compiler: gcc 11.3.1-2
Ubuntu 20.04
Kernel: 4.18.0-240.10.1.el8_3.x86_64
Compiler: gcc 9.3.0-17ubuntu1~20.04
Debian Buster
Kernel: 5.4.0-122-generic
Compiler: gcc 8.3.0-6
openSUSE Leap 15
Kernel: 4.18.0-240.10.1.el8_3.x86_64
Compiler: gcc 7.5.0
RHEL 7
Kernel: 4.18.0-240.10.1.el8_3.x86_64
Compiler: gcc 4.8.5 20150623 (Red Hat 4.8.5-44)
RHEL8
Kernel: 4.18.0-240.10.1.el8_3.x86_64
Compiler: gcc 8.3.1 20191121 (Red Hat 8.3.1-5)
CentOS Stream 8
Kernel: 4.18.0-240.10.1.el8_3.x86_64
Compiler: gcc 8.4.1 20200928
To view detailed results, visit:
https://lab.dpdk.org/results/dashboard/patchsets/25496/
UNH-IOL DPDK Community Lab
To manage your email subscriptions, visit:
https://lab.dpdk.org/results/dashboard/preferences/subscriptions/
^ permalink raw reply [flat|nested] 13+ messages in thread
* |FAILURE| pw124300 [PATCH] [v4] net/ark: support for single function with multiple port
@ 2023-02-21 18:42 dpdklab
0 siblings, 0 replies; 13+ messages in thread
From: dpdklab @ 2023-02-21 18:42 UTC (permalink / raw)
To: Test Report; +Cc: dpdklab, David Marchand, Thomas Monjalon, Ed Czeck
[-- Attachment #1: Type: text/plain, Size: 4632 bytes --]
Test-Label: iol-testing
Test-Status: FAILURE
http://dpdk.org/patch/124300
_Testing issues_
Submitter: Ed Czeck <ed.czeck@atomicrules.com>
Date: Tuesday, February 21 2023 16:30:06
DPDK git baseline: Repo:dpdk
Branch: master
CommitID:9bd5ebca59c865aead7096358fb733e53a72007b
124300 --> testing fail
Test environment and result as below:
+---------------------+--------------------+----------------------+----------------+
| Environment | dpdk_meson_compile | dpdk_mingw64_compile | dpdk_unit_test |
+=====================+====================+======================+================+
| FreeBSD 13 | PASS | SKIPPED | SKIPPED |
+---------------------+--------------------+----------------------+----------------+
| Windows Server 2019 | PASS | PASS | PASS |
+---------------------+--------------------+----------------------+----------------+
| CentOS Stream 9 | PASS | SKIPPED | PASS |
+---------------------+--------------------+----------------------+----------------+
| Debian Bullseye | PASS | SKIPPED | SKIPPED |
+---------------------+--------------------+----------------------+----------------+
| Ubuntu 22.04 | PASS | SKIPPED | PASS |
+---------------------+--------------------+----------------------+----------------+
| Ubuntu 20.04 | PASS | SKIPPED | SKIPPED |
+---------------------+--------------------+----------------------+----------------+
| Debian Buster | PASS | SKIPPED | SKIPPED |
+---------------------+--------------------+----------------------+----------------+
| openSUSE Leap 15 | PASS | SKIPPED | SKIPPED |
+---------------------+--------------------+----------------------+----------------+
| RHEL 7 | PASS | SKIPPED | FAIL |
+---------------------+--------------------+----------------------+----------------+
| RHEL8 | PASS | SKIPPED | SKIPPED |
+---------------------+--------------------+----------------------+----------------+
| CentOS Stream 8 | PASS | SKIPPED | PASS |
+---------------------+--------------------+----------------------+----------------+
==== 20 line log output for RHEL 7 (dpdk_unit_test): ====
93/103 DPDK:fast-tests / telemetry_json_autotest OK 0.56 s
94/103 DPDK:fast-tests / telemetry_data_autotest OK 0.53 s
95/103 DPDK:fast-tests / table_autotest OK 19.50 s
96/103 DPDK:fast-tests / ring_pmd_autotest OK 0.50 s
97/103 DPDK:fast-tests / event_eth_tx_adapter_autotest OK 1.28 s
98/103 DPDK:fast-tests / bitratestats_autotest OK 0.57 s
99/103 DPDK:fast-tests / latencystats_autotest OK 0.64 s
100/103 DPDK:fast-tests / pdump_autotest OK 6.23 s
101/103 DPDK:fast-tests / vdev_autotest OK 0.54 s
102/103 DPDK:fast-tests / compressdev_autotest SKIP 0.18 s
103/103 DPDK:fast-tests / telemetry_all SKIP 0.01 s
Ok: 93
Expected Fail: 0
Fail: 0
Unexpected Pass: 0
Skipped: 9
Timeout: 1
Full log written to /home-local/jenkins-local/jenkins-agent/workspace/Generic-Unit-Test-DPDK/dpdk/build/meson-logs/testlog.txt
==== End log output ====
FreeBSD 13
Kernel: 13.0
Compiler: clang 11.0.1
Windows Server 2019
Kernel: 10.0
Compiler: clang 14.0 and gcc 8.1.0 (MinGW)
CentOS Stream 9
Kernel: 4.18.0-240.10.1.el8_3.x86_64
Compiler: gcc 11.3.1 20220421
Debian Bullseye
Kernel: 5.4.0-122-generic
Compiler: gcc 10.2.1-6
Ubuntu 22.04
Kernel: Container Host Kernel
Compiler: gcc 11.3.1-2
Ubuntu 20.04
Kernel: 4.18.0-240.10.1.el8_3.x86_64
Compiler: gcc 9.3.0-17ubuntu1~20.04
Debian Buster
Kernel: 5.4.0-122-generic
Compiler: gcc 8.3.0-6
openSUSE Leap 15
Kernel: 4.18.0-240.10.1.el8_3.x86_64
Compiler: gcc 7.5.0
RHEL 7
Kernel: 4.18.0-240.10.1.el8_3.x86_64
Compiler: gcc 4.8.5 20150623 (Red Hat 4.8.5-44)
RHEL8
Kernel: 4.18.0-240.10.1.el8_3.x86_64
Compiler: gcc 8.3.1 20191121 (Red Hat 8.3.1-5)
CentOS Stream 8
Kernel: 4.18.0-240.10.1.el8_3.x86_64
Compiler: gcc 8.4.1 20200928
To view detailed results, visit:
https://lab.dpdk.org/results/dashboard/patchsets/25496/
UNH-IOL DPDK Community Lab
To manage your email subscriptions, visit:
https://lab.dpdk.org/results/dashboard/preferences/subscriptions/
^ permalink raw reply [flat|nested] 13+ messages in thread
* |FAILURE| pw124300 [PATCH] [v4] net/ark: support for single function with multiple port
@ 2023-02-21 18:40 dpdklab
0 siblings, 0 replies; 13+ messages in thread
From: dpdklab @ 2023-02-21 18:40 UTC (permalink / raw)
To: Test Report; +Cc: dpdklab, David Marchand, Thomas Monjalon, Ed Czeck
[-- Attachment #1: Type: text/plain, Size: 4632 bytes --]
Test-Label: iol-testing
Test-Status: FAILURE
http://dpdk.org/patch/124300
_Testing issues_
Submitter: Ed Czeck <ed.czeck@atomicrules.com>
Date: Tuesday, February 21 2023 16:30:06
DPDK git baseline: Repo:dpdk
Branch: master
CommitID:9bd5ebca59c865aead7096358fb733e53a72007b
124300 --> testing fail
Test environment and result as below:
+---------------------+--------------------+----------------------+----------------+
| Environment | dpdk_meson_compile | dpdk_mingw64_compile | dpdk_unit_test |
+=====================+====================+======================+================+
| FreeBSD 13 | PASS | SKIPPED | SKIPPED |
+---------------------+--------------------+----------------------+----------------+
| Windows Server 2019 | PASS | PASS | PASS |
+---------------------+--------------------+----------------------+----------------+
| CentOS Stream 9 | PASS | SKIPPED | SKIPPED |
+---------------------+--------------------+----------------------+----------------+
| Debian Bullseye | PASS | SKIPPED | SKIPPED |
+---------------------+--------------------+----------------------+----------------+
| Ubuntu 22.04 | PASS | SKIPPED | PASS |
+---------------------+--------------------+----------------------+----------------+
| Ubuntu 20.04 | PASS | SKIPPED | SKIPPED |
+---------------------+--------------------+----------------------+----------------+
| Debian Buster | PASS | SKIPPED | SKIPPED |
+---------------------+--------------------+----------------------+----------------+
| openSUSE Leap 15 | PASS | SKIPPED | SKIPPED |
+---------------------+--------------------+----------------------+----------------+
| RHEL 7 | PASS | SKIPPED | FAIL |
+---------------------+--------------------+----------------------+----------------+
| RHEL8 | PASS | SKIPPED | SKIPPED |
+---------------------+--------------------+----------------------+----------------+
| CentOS Stream 8 | PASS | SKIPPED | SKIPPED |
+---------------------+--------------------+----------------------+----------------+
==== 20 line log output for RHEL 7 (dpdk_unit_test): ====
93/103 DPDK:fast-tests / telemetry_json_autotest OK 0.56 s
94/103 DPDK:fast-tests / telemetry_data_autotest OK 0.53 s
95/103 DPDK:fast-tests / table_autotest OK 19.50 s
96/103 DPDK:fast-tests / ring_pmd_autotest OK 0.50 s
97/103 DPDK:fast-tests / event_eth_tx_adapter_autotest OK 1.28 s
98/103 DPDK:fast-tests / bitratestats_autotest OK 0.57 s
99/103 DPDK:fast-tests / latencystats_autotest OK 0.64 s
100/103 DPDK:fast-tests / pdump_autotest OK 6.23 s
101/103 DPDK:fast-tests / vdev_autotest OK 0.54 s
102/103 DPDK:fast-tests / compressdev_autotest SKIP 0.18 s
103/103 DPDK:fast-tests / telemetry_all SKIP 0.01 s
Ok: 93
Expected Fail: 0
Fail: 0
Unexpected Pass: 0
Skipped: 9
Timeout: 1
Full log written to /home-local/jenkins-local/jenkins-agent/workspace/Generic-Unit-Test-DPDK/dpdk/build/meson-logs/testlog.txt
==== End log output ====
FreeBSD 13
Kernel: 13.0
Compiler: clang 11.0.1
Windows Server 2019
Kernel: 10.0
Compiler: clang 14.0 and gcc 8.1.0 (MinGW)
CentOS Stream 9
Kernel: 4.18.0-240.10.1.el8_3.x86_64
Compiler: gcc 11.3.1 20220421
Debian Bullseye
Kernel: 5.4.0-122-generic
Compiler: gcc 10.2.1-6
Ubuntu 22.04
Kernel: Container Host Kernel
Compiler: gcc 11.3.1-2
Ubuntu 20.04
Kernel: 4.18.0-240.10.1.el8_3.x86_64
Compiler: gcc 9.3.0-17ubuntu1~20.04
Debian Buster
Kernel: 5.4.0-122-generic
Compiler: gcc 8.3.0-6
openSUSE Leap 15
Kernel: 4.18.0-240.10.1.el8_3.x86_64
Compiler: gcc 7.5.0
RHEL 7
Kernel: 4.18.0-240.10.1.el8_3.x86_64
Compiler: gcc 4.8.5 20150623 (Red Hat 4.8.5-44)
RHEL8
Kernel: 4.18.0-240.10.1.el8_3.x86_64
Compiler: gcc 8.3.1 20191121 (Red Hat 8.3.1-5)
CentOS Stream 8
Kernel: 4.18.0-240.10.1.el8_3.x86_64
Compiler: gcc 8.4.1 20200928
To view detailed results, visit:
https://lab.dpdk.org/results/dashboard/patchsets/25496/
UNH-IOL DPDK Community Lab
To manage your email subscriptions, visit:
https://lab.dpdk.org/results/dashboard/preferences/subscriptions/
^ permalink raw reply [flat|nested] 13+ messages in thread
* |FAILURE| pw124300 [PATCH] [v4] net/ark: support for single function with multiple port
@ 2023-02-21 18:37 dpdklab
0 siblings, 0 replies; 13+ messages in thread
From: dpdklab @ 2023-02-21 18:37 UTC (permalink / raw)
To: Test Report; +Cc: dpdklab, David Marchand, Thomas Monjalon, Ed Czeck
[-- Attachment #1: Type: text/plain, Size: 4377 bytes --]
Test-Label: iol-testing
Test-Status: FAILURE
http://dpdk.org/patch/124300
_Testing issues_
Submitter: Ed Czeck <ed.czeck@atomicrules.com>
Date: Tuesday, February 21 2023 16:30:06
DPDK git baseline: Repo:dpdk
Branch: master
CommitID:9bd5ebca59c865aead7096358fb733e53a72007b
124300 --> testing fail
Test environment and result as below:
+---------------------+--------------------+----------------------+----------------+
| Environment | dpdk_meson_compile | dpdk_mingw64_compile | dpdk_unit_test |
+=====================+====================+======================+================+
| FreeBSD 13 | PASS | SKIPPED | SKIPPED |
+---------------------+--------------------+----------------------+----------------+
| Windows Server 2019 | PASS | PASS | PASS |
+---------------------+--------------------+----------------------+----------------+
| CentOS Stream 9 | PASS | SKIPPED | SKIPPED |
+---------------------+--------------------+----------------------+----------------+
| Debian Bullseye | PASS | SKIPPED | SKIPPED |
+---------------------+--------------------+----------------------+----------------+
| Ubuntu 22.04 | PASS | SKIPPED | PASS |
+---------------------+--------------------+----------------------+----------------+
| Ubuntu 20.04 | PASS | SKIPPED | SKIPPED |
+---------------------+--------------------+----------------------+----------------+
| Debian Buster | PASS | SKIPPED | SKIPPED |
+---------------------+--------------------+----------------------+----------------+
| openSUSE Leap 15 | PASS | SKIPPED | SKIPPED |
+---------------------+--------------------+----------------------+----------------+
| RHEL 7 | PASS | SKIPPED | FAIL |
+---------------------+--------------------+----------------------+----------------+
| RHEL8 | PASS | SKIPPED | SKIPPED |
+---------------------+--------------------+----------------------+----------------+
==== 20 line log output for RHEL 7 (dpdk_unit_test): ====
93/103 DPDK:fast-tests / telemetry_json_autotest OK 0.56 s
94/103 DPDK:fast-tests / telemetry_data_autotest OK 0.53 s
95/103 DPDK:fast-tests / table_autotest OK 19.50 s
96/103 DPDK:fast-tests / ring_pmd_autotest OK 0.50 s
97/103 DPDK:fast-tests / event_eth_tx_adapter_autotest OK 1.28 s
98/103 DPDK:fast-tests / bitratestats_autotest OK 0.57 s
99/103 DPDK:fast-tests / latencystats_autotest OK 0.64 s
100/103 DPDK:fast-tests / pdump_autotest OK 6.23 s
101/103 DPDK:fast-tests / vdev_autotest OK 0.54 s
102/103 DPDK:fast-tests / compressdev_autotest SKIP 0.18 s
103/103 DPDK:fast-tests / telemetry_all SKIP 0.01 s
Ok: 93
Expected Fail: 0
Fail: 0
Unexpected Pass: 0
Skipped: 9
Timeout: 1
Full log written to /home-local/jenkins-local/jenkins-agent/workspace/Generic-Unit-Test-DPDK/dpdk/build/meson-logs/testlog.txt
==== End log output ====
FreeBSD 13
Kernel: 13.0
Compiler: clang 11.0.1
Windows Server 2019
Kernel: 10.0
Compiler: clang 14.0 and gcc 8.1.0 (MinGW)
CentOS Stream 9
Kernel: 4.18.0-240.10.1.el8_3.x86_64
Compiler: gcc 11.3.1 20220421
Debian Bullseye
Kernel: 5.4.0-122-generic
Compiler: gcc 10.2.1-6
Ubuntu 22.04
Kernel: Container Host Kernel
Compiler: gcc 11.3.1-2
Ubuntu 20.04
Kernel: 4.18.0-240.10.1.el8_3.x86_64
Compiler: gcc 9.3.0-17ubuntu1~20.04
Debian Buster
Kernel: 5.4.0-122-generic
Compiler: gcc 8.3.0-6
openSUSE Leap 15
Kernel: 4.18.0-240.10.1.el8_3.x86_64
Compiler: gcc 7.5.0
RHEL 7
Kernel: 4.18.0-240.10.1.el8_3.x86_64
Compiler: gcc 4.8.5 20150623 (Red Hat 4.8.5-44)
RHEL8
Kernel: 4.18.0-240.10.1.el8_3.x86_64
Compiler: gcc 8.3.1 20191121 (Red Hat 8.3.1-5)
To view detailed results, visit:
https://lab.dpdk.org/results/dashboard/patchsets/25496/
UNH-IOL DPDK Community Lab
To manage your email subscriptions, visit:
https://lab.dpdk.org/results/dashboard/preferences/subscriptions/
^ permalink raw reply [flat|nested] 13+ messages in thread
* |FAILURE| pw124300 [PATCH] [v4] net/ark: support for single function with multiple port
@ 2023-02-21 18:30 dpdklab
0 siblings, 0 replies; 13+ messages in thread
From: dpdklab @ 2023-02-21 18:30 UTC (permalink / raw)
To: Test Report; +Cc: dpdklab, David Marchand, Thomas Monjalon, Ed Czeck
[-- Attachment #1: Type: text/plain, Size: 4377 bytes --]
Test-Label: iol-testing
Test-Status: FAILURE
http://dpdk.org/patch/124300
_Testing issues_
Submitter: Ed Czeck <ed.czeck@atomicrules.com>
Date: Tuesday, February 21 2023 16:30:06
DPDK git baseline: Repo:dpdk
Branch: master
CommitID:9bd5ebca59c865aead7096358fb733e53a72007b
124300 --> testing fail
Test environment and result as below:
+---------------------+--------------------+----------------------+----------------+
| Environment | dpdk_meson_compile | dpdk_mingw64_compile | dpdk_unit_test |
+=====================+====================+======================+================+
| FreeBSD 13 | PASS | SKIPPED | SKIPPED |
+---------------------+--------------------+----------------------+----------------+
| Windows Server 2019 | PASS | PASS | PASS |
+---------------------+--------------------+----------------------+----------------+
| CentOS Stream 9 | PASS | SKIPPED | SKIPPED |
+---------------------+--------------------+----------------------+----------------+
| Debian Bullseye | PASS | SKIPPED | SKIPPED |
+---------------------+--------------------+----------------------+----------------+
| Ubuntu 22.04 | PASS | SKIPPED | SKIPPED |
+---------------------+--------------------+----------------------+----------------+
| Ubuntu 20.04 | PASS | SKIPPED | SKIPPED |
+---------------------+--------------------+----------------------+----------------+
| Debian Buster | PASS | SKIPPED | SKIPPED |
+---------------------+--------------------+----------------------+----------------+
| openSUSE Leap 15 | PASS | SKIPPED | SKIPPED |
+---------------------+--------------------+----------------------+----------------+
| RHEL 7 | PASS | SKIPPED | FAIL |
+---------------------+--------------------+----------------------+----------------+
| RHEL8 | PASS | SKIPPED | SKIPPED |
+---------------------+--------------------+----------------------+----------------+
==== 20 line log output for RHEL 7 (dpdk_unit_test): ====
93/103 DPDK:fast-tests / telemetry_json_autotest OK 0.56 s
94/103 DPDK:fast-tests / telemetry_data_autotest OK 0.53 s
95/103 DPDK:fast-tests / table_autotest OK 19.50 s
96/103 DPDK:fast-tests / ring_pmd_autotest OK 0.50 s
97/103 DPDK:fast-tests / event_eth_tx_adapter_autotest OK 1.28 s
98/103 DPDK:fast-tests / bitratestats_autotest OK 0.57 s
99/103 DPDK:fast-tests / latencystats_autotest OK 0.64 s
100/103 DPDK:fast-tests / pdump_autotest OK 6.23 s
101/103 DPDK:fast-tests / vdev_autotest OK 0.54 s
102/103 DPDK:fast-tests / compressdev_autotest SKIP 0.18 s
103/103 DPDK:fast-tests / telemetry_all SKIP 0.01 s
Ok: 93
Expected Fail: 0
Fail: 0
Unexpected Pass: 0
Skipped: 9
Timeout: 1
Full log written to /home-local/jenkins-local/jenkins-agent/workspace/Generic-Unit-Test-DPDK/dpdk/build/meson-logs/testlog.txt
==== End log output ====
FreeBSD 13
Kernel: 13.0
Compiler: clang 11.0.1
Windows Server 2019
Kernel: 10.0
Compiler: clang 14.0 and gcc 8.1.0 (MinGW)
CentOS Stream 9
Kernel: 4.18.0-240.10.1.el8_3.x86_64
Compiler: gcc 11.3.1 20220421
Debian Bullseye
Kernel: 5.4.0-122-generic
Compiler: gcc 10.2.1-6
Ubuntu 22.04
Kernel: Container Host Kernel
Compiler: gcc 11.3.1-2
Ubuntu 20.04
Kernel: 4.18.0-240.10.1.el8_3.x86_64
Compiler: gcc 9.3.0-17ubuntu1~20.04
Debian Buster
Kernel: 5.4.0-122-generic
Compiler: gcc 8.3.0-6
openSUSE Leap 15
Kernel: 4.18.0-240.10.1.el8_3.x86_64
Compiler: gcc 7.5.0
RHEL 7
Kernel: 4.18.0-240.10.1.el8_3.x86_64
Compiler: gcc 4.8.5 20150623 (Red Hat 4.8.5-44)
RHEL8
Kernel: 4.18.0-240.10.1.el8_3.x86_64
Compiler: gcc 8.3.1 20191121 (Red Hat 8.3.1-5)
To view detailed results, visit:
https://lab.dpdk.org/results/dashboard/patchsets/25496/
UNH-IOL DPDK Community Lab
To manage your email subscriptions, visit:
https://lab.dpdk.org/results/dashboard/preferences/subscriptions/
^ permalink raw reply [flat|nested] 13+ messages in thread
end of thread, other threads:[~2023-02-21 19:04 UTC | newest]
Thread overview: 13+ messages (download: mbox.gz / follow: Atom feed)
-- links below jump to the message on this page --
2023-02-21 18:41 |FAILURE| pw124300 [PATCH] [v4] net/ark: support for single function with multiple port dpdklab
-- strict thread matches above, loose matches on Subject: below --
2023-02-21 19:03 dpdklab
2023-02-21 19:03 dpdklab
2023-02-21 19:01 dpdklab
2023-02-21 18:59 dpdklab
2023-02-21 18:45 dpdklab
2023-02-21 18:45 dpdklab
2023-02-21 18:43 dpdklab
2023-02-21 18:43 dpdklab
2023-02-21 18:42 dpdklab
2023-02-21 18:40 dpdklab
2023-02-21 18:37 dpdklab
2023-02-21 18:30 dpdklab
This is a public inbox, see mirroring instructions
for how to clone and mirror all data and code used for this inbox;
as well as URLs for NNTP newsgroup(s).