* |SUCCESS| pw124437 [PATCH v2] vhost: fix madvise arguments alignment
[not found] <20230223043551.1108541-1-mkp@redhat.com>
@ 2023-02-23 4:24 ` qemudev
2023-02-23 4:28 ` qemudev
` (2 subsequent siblings)
3 siblings, 0 replies; 4+ messages in thread
From: qemudev @ 2023-02-23 4:24 UTC (permalink / raw)
To: test-report
Test-Label: loongarch-compilation
Test-Status: SUCCESS
http://dpdk.org/patch/124437
_Compilation OK_
Submitter: Mike Pattrick <mkp@redhat.com>
Date: Wed, 22 Feb 2023 23:35:51 -0500
DPDK git baseline: Repo:dpdk
Branch: main
CommitID: 7710b5d15a014872a3aaf646668dafa928ca8473
124437 --> meson & ninja build successfully
Test environment and result as below:
+---------------------+----------------+
| Environment | compilation |
+---------------------+----------------+
| Loongnix-Server 8.3 | PASS |
+---------------------+----------------+
Loongnix-Server 8.3
Kernel: 4.19.190+
Compiler: gcc 8.3
^ permalink raw reply [flat|nested] 4+ messages in thread
* |SUCCESS| pw124437 [PATCH v2] vhost: fix madvise arguments alignment
[not found] <20230223043551.1108541-1-mkp@redhat.com>
2023-02-23 4:24 ` |SUCCESS| pw124437 [PATCH v2] vhost: fix madvise arguments alignment qemudev
@ 2023-02-23 4:28 ` qemudev
2023-02-23 4:37 ` checkpatch
2023-02-23 6:59 ` |FAILURE| " 0-day Robot
3 siblings, 0 replies; 4+ messages in thread
From: qemudev @ 2023-02-23 4:28 UTC (permalink / raw)
To: test-report
Test-Label: loongarch-unit-testing
Test-Status: SUCCESS
http://dpdk.org/patch/124437
_Unit Testing PASS_
Submitter: Mike Pattrick <mkp@redhat.com>
Date: Wed, 22 Feb 2023 23:35:51 -0500
DPDK git baseline: Repo:dpdk
Branch: main
CommitID: 7710b5d15a014872a3aaf646668dafa928ca8473
124437 --> testing pass
Test environment and result as below:
+---------------------+----------------+
| Environment | dpdk_unit_test |
+---------------------+----------------+
| Loongnix-Server 8.3 | PASS |
+---------------------+----------------+
Loongnix-Server 8.3
Kernel: 4.19.190+
Compiler: gcc 8.3
Test result details:
1/103 DPDK:fast-tests / acl_autotest OK 2.77s
2/103 DPDK:fast-tests / atomic_autotest OK 7.28s
3/103 DPDK:fast-tests / bitmap_autotest OK 0.07s
4/103 DPDK:fast-tests / bpf_autotest OK 0.07s
5/103 DPDK:fast-tests / bpf_convert_autotest OK 0.07s
6/103 DPDK:fast-tests / bitops_autotest OK 0.07s
7/103 DPDK:fast-tests / byteorder_autotest OK 0.07s
8/103 DPDK:fast-tests / cksum_autotest OK 0.07s
9/103 DPDK:fast-tests / cmdline_autotest OK 0.07s
10/103 DPDK:fast-tests / common_autotest OK 0.92s
11/103 DPDK:fast-tests / cpuflags_autotest OK 0.07s
12/103 DPDK:fast-tests / debug_autotest OK 0.67s
13/103 DPDK:fast-tests / devargs_autotest OK 0.07s
14/103 DPDK:fast-tests / eal_flags_c_opt_autotest OK 0.62s
15/103 DPDK:fast-tests / eal_flags_main_opt_autotest OK 0.22s
16/103 DPDK:fast-tests / eal_flags_n_opt_autotest OK 0.17s
17/103 DPDK:fast-tests / eal_flags_hpet_autotest OK 0.12s
18/103 DPDK:fast-tests / eal_flags_no_huge_autotest OK 0.22s
19/103 DPDK:fast-tests / eal_flags_a_opt_autotest OK 0.27s
20/103 DPDK:fast-tests / eal_flags_b_opt_autotest OK 0.22s
21/103 DPDK:fast-tests / eal_flags_vdev_opt_autotest OK 0.17s
22/103 DPDK:fast-tests / eal_flags_r_opt_autotest OK 0.17s
23/103 DPDK:fast-tests / eal_flags_mem_autotest OK 0.52s
24/103 DPDK:fast-tests / eal_flags_file_prefix_autotest OK 22.31s
25/103 DPDK:fast-tests / eal_flags_misc_autotest OK 0.77s
26/103 DPDK:fast-tests / eal_fs_autotest OK 0.07s
27/103 DPDK:fast-tests / errno_autotest OK 0.07s
28/103 DPDK:fast-tests / ethdev_link_status OK 0.07s
29/103 DPDK:fast-tests / event_ring_autotest OK 0.07s
30/103 DPDK:fast-tests / fib_autotest OK 0.87s
31/103 DPDK:fast-tests / fib6_autotest OK 0.87s
32/103 DPDK:fast-tests / func_reentrancy_autotest OK 2.28s
33/103 DPDK:fast-tests / hash_autotest OK 1.02s
34/103 DPDK:fast-tests / interrupt_autotest OK 1.37s
35/103 DPDK:fast-tests / ipfrag_autotest OK 0.07s
36/103 DPDK:fast-tests / lcores_autotest OK 1.02s
37/103 DPDK:fast-tests / logs_autotest OK 0.07s
38/103 DPDK:fast-tests / lpm_autotest OK 5.95s
39/103 DPDK:fast-tests / lpm6_autotest OK 8.81s
40/103 DPDK:fast-tests / malloc_autotest OK 60.50s
41/103 DPDK:fast-tests / mbuf_autotest OK 7.18s
42/103 DPDK:fast-tests / mcslock_autotest OK 2.67s
43/103 DPDK:fast-tests / memcpy_autotest OK 6.63s
44/103 DPDK:fast-tests / memory_autotest OK 0.12s
45/103 DPDK:fast-tests / mempool_autotest OK 0.47s
46/103 DPDK:fast-tests / memzone_autotest OK 0.17s
47/103 DPDK:fast-tests / meter_autotest OK 0.07s
48/103 DPDK:fast-tests / multiprocess_autotest OK 0.17s
49/103 DPDK:fast-tests / per_lcore_autotest OK 0.17s
50/103 DPDK:fast-tests / pflock_autotest OK 0.87s
51/103 DPDK:fast-tests / prefetch_autotest OK 0.07s
52/103 DPDK:fast-tests / rcu_qsbr_autotest OK 0.57s
53/103 DPDK:fast-tests / pie_autotest OK 0.07s
54/103 DPDK:fast-tests / rib_autotest OK 10.29s
55/103 DPDK:fast-tests / rib6_autotest OK 10.29s
56/103 DPDK:fast-tests / ring_autotest OK 0.12s
57/103 DPDK:fast-tests / rwlock_test1_autotest OK 0.82s
58/103 DPDK:fast-tests / rwlock_rda_autotest OK 5.07s
59/103 DPDK:fast-tests / rwlock_rds_wrm_autotest OK 5.07s
60/103 DPDK:fast-tests / rwlock_rde_wro_autotest OK 5.07s
61/103 DPDK:fast-tests / sched_autotest OK 0.07s
62/103 DPDK:fast-tests / security_autotest OK 0.07s
63/103 DPDK:fast-tests / seqlock_autotest OK 2.07s
64/103 DPDK:fast-tests / spinlock_autotest OK 0.17s
65/103 DPDK:fast-tests / stack_autotest OK 0.87s
66/103 DPDK:fast-tests / stack_lf_autotest SKIP 0.07s exit status 77
67/103 DPDK:fast-tests / string_autotest OK 0.07s
68/103 DPDK:fast-tests / tailq_autotest OK 0.07s
69/103 DPDK:fast-tests / ticketlock_autotest OK 0.22s
70/103 DPDK:fast-tests / timer_autotest OK 3.87s
71/103 DPDK:fast-tests / user_delay_us OK 0.07s
72/103 DPDK:fast-tests / version_autotest OK 0.07s
73/103 DPDK:fast-tests / crc_autotest OK 0.07s
74/103 DPDK:fast-tests / distributor_autotest OK 1.22s
75/103 DPDK:fast-tests / eventdev_common_autotest OK 0.07s
76/103 DPDK:fast-tests / fbarray_autotest OK 0.07s
77/103 DPDK:fast-tests / hash_readwrite_func_autotest OK 6.43s
78/103 DPDK:fast-tests / ipsec_autotest SKIP 0.07s exit status 77
79/103 DPDK:fast-tests / kni_autotest SKIP 0.07s exit status 77
80/103 DPDK:fast-tests / kvargs_autotest OK 0.07s
81/103 DPDK:fast-tests / member_autotest OK 1.27s
82/103 DPDK:fast-tests / power_cpufreq_autotest SKIP 0.07s exit status 77
83/103 DPDK:fast-tests / power_autotest OK 0.07s
84/103 DPDK:fast-tests / power_kvm_vm_autotest SKIP 0.07s exit status 77
85/103 DPDK:fast-tests / power_intel_uncore_autotest SKIP 0.07s exit status 77
86/103 DPDK:fast-tests / reorder_autotest OK 0.12s
87/103 DPDK:fast-tests / service_autotest OK 3.57s
88/103 DPDK:fast-tests / thash_autotest OK 0.07s
89/103 DPDK:fast-tests / threads_autotest OK 0.27s
90/103 DPDK:fast-tests / trace_autotest OK 0.07s
91/103 DPDK:fast-tests / trace_autotest_with_traces OK 0.12s
92/103 DPDK:fast-tests / metrics_autotest OK 0.07s
93/103 DPDK:fast-tests / telemetry_json_autotest OK 0.07s
94/103 DPDK:fast-tests / telemetry_data_autotest OK 0.07s
95/103 DPDK:fast-tests / table_autotest OK 9.94s
96/103 DPDK:fast-tests / ring_pmd_autotest OK 0.07s
97/103 DPDK:fast-tests / event_eth_tx_adapter_autotest OK 1.47s
98/103 DPDK:fast-tests / bitratestats_autotest OK 0.07s
99/103 DPDK:fast-tests / latencystats_autotest OK 0.07s
100/103 DPDK:fast-tests / pdump_autotest OK 5.17s
101/103 DPDK:fast-tests / vdev_autotest OK 0.07s
102/103 DPDK:fast-tests / compressdev_autotest SKIP 0.07s exit status 77
103/103 DPDK:fast-tests / telemetry_all OK 14.89s
Ok: 96
Expected Fail: 0
Fail: 0
Unexpected Pass: 0
Skipped: 7
Timeout: 0
^ permalink raw reply [flat|nested] 4+ messages in thread
* |SUCCESS| pw124437 [PATCH v2] vhost: fix madvise arguments alignment
[not found] <20230223043551.1108541-1-mkp@redhat.com>
2023-02-23 4:24 ` |SUCCESS| pw124437 [PATCH v2] vhost: fix madvise arguments alignment qemudev
2023-02-23 4:28 ` qemudev
@ 2023-02-23 4:37 ` checkpatch
2023-02-23 6:59 ` |FAILURE| " 0-day Robot
3 siblings, 0 replies; 4+ messages in thread
From: checkpatch @ 2023-02-23 4:37 UTC (permalink / raw)
To: test-report
Test-Label: checkpatch
Test-Status: SUCCESS
http://dpdk.org/patch/124437
_coding style OK_
^ permalink raw reply [flat|nested] 4+ messages in thread
* |FAILURE| pw124437 [PATCH v2] vhost: fix madvise arguments alignment
[not found] <20230223043551.1108541-1-mkp@redhat.com>
` (2 preceding siblings ...)
2023-02-23 4:37 ` checkpatch
@ 2023-02-23 6:59 ` 0-day Robot
3 siblings, 0 replies; 4+ messages in thread
From: 0-day Robot @ 2023-02-23 6:59 UTC (permalink / raw)
To: test-report; +Cc: mkp, robot
From: robot@bytheb.org
Test-Label: github-robot: build
Test-Status: FAILURE
http://patchwork.dpdk.org/patch/124437/
_github build: failed_
Build URL: https://github.com/ovsrobot/dpdk/actions/runs/4249484423
Build Logs:
-----------------------Summary of failed steps-----------------------
"ubuntu-20.04-gcc-abi+doc+tests" failed at step Build and test
"ubuntu-20.04-gcc-ppc64le" failed at step Install test tools packages
----------------------End summary of failed steps--------------------
-------------------------------BEGIN LOGS----------------------------
####################################################################################
#### [Begin job log] "ubuntu-20.04-gcc-abi+doc+tests" at step Build and test
####################################################################################
Functions changes summary: 0 Removed, 0 Changed (3 filtered out), 0 Added functions
Variables changes summary: 0 Removed, 0 Changed, 0 Added variable
Functions changes summary: 0 Removed, 0 Changed, 0 Added (2 filtered out) functions
Variables changes summary: 0 Removed, 0 Changed, 0 Added variable
Functions changes summary: 0 Removed, 0 Changed (5 filtered out), 0 Added (1 filtered out) functions
Variables changes summary: 0 Removed, 0 Changed, 0 Added variable
Functions changes summary: 0 Removed, 0 Changed (34 filtered out), 0 Added (5 filtered out) functions
Variables changes summary: 0 Removed (6 filtered out), 0 Changed (1 filtered out), 0 Added variables
Functions changes summary: 0 Removed, 0 Changed (14 filtered out), 0 Added functions
Variables changes summary: 0 Removed, 0 Changed, 0 Added variable
Functions changes summary: 0 Removed, 0 Changed (2 filtered out), 0 Added functions
Variables changes summary: 0 Removed, 0 Changed, 0 Added variable
Functions changes summary: 0 Removed, 0 Changed (85 filtered out), 0 Added (10 filtered out) functions
Variables changes summary: 0 Removed, 0 Changed, 0 Added variable
Functions changes summary: 0 Removed, 0 Changed (84 filtered out), 0 Added (12 filtered out) functions
Variables changes summary: 0 Removed, 0 Changed, 0 Added variable
##[error]Process completed with exit code 1.
####################################################################################
#### [End job log] "ubuntu-20.04-gcc-abi+doc+tests" at step Build and test
####################################################################################
####################################################################################
#### [Begin job log] "ubuntu-20.04-gcc-ppc64le" at step Install test tools packages
####################################################################################
The following additional packages will be installed:
libbabeltrace1 libboost-regex1.71.0 libc6-dbg libipt2
libsource-highlight-common libsource-highlight4v5 libxxhash0
Suggested packages:
gdb-doc gdbserver
The following NEW packages will be installed:
gdb libbabeltrace1 libboost-regex1.71.0 libc6-dbg libipt2
libsource-highlight-common libsource-highlight4v5 libxxhash0
0 upgraded, 8 newly installed, 0 to remove and 20 not upgraded.
Need to get 24.3 MB of archives.
After this operation, 45.1 MB of additional disk space will be used.
Get:1 http://azure.archive.ubuntu.com/ubuntu focal/main amd64 libbabeltrace1 amd64 1.5.8-1build1 [156 kB]
Get:2 http://azure.archive.ubuntu.com/ubuntu focal/universe amd64 libipt2 amd64 2.0.1-1 [42.8 kB]
Get:3 http://azure.archive.ubuntu.com/ubuntu focal/universe amd64 libsource-highlight-common all 3.1.8-1.2build5 [50.7 kB]
Get:4 http://azure.archive.ubuntu.com/ubuntu focal/universe amd64 libboost-regex1.71.0 amd64 1.71.0-6ubuntu6 [471 kB]
Get:5 http://azure.archive.ubuntu.com/ubuntu focal/universe amd64 libsource-highlight4v5 amd64 3.1.8-1.2build5 [232 kB]
Get:6 http://azure.archive.ubuntu.com/ubuntu focal/universe amd64 libxxhash0 amd64 0.7.3-1 [15.3 kB]
Get:7 http://azure.archive.ubuntu.com/ubuntu focal-updates/main amd64 libc6-dbg amd64 2.31-0ubuntu9.9 [20.0 MB]
Get:8 http://ppa.launchpad.net/ubuntu-toolchain-r/test/ubuntu focal/main amd64 gdb amd64 10.2-0ubuntu1~20.04~1 [3282 kB]
Err:8 http://ppa.launchpad.net/ubuntu-toolchain-r/test/ubuntu focal/main amd64 gdb amd64 10.2-0ubuntu1~20.04~1
Connection timed out [IP: 185.125.190.52 80]
Fetched 21.0 MB in 54s (391 kB/s)
E: Failed to fetch http://ppa.launchpad.net/ubuntu-toolchain-r/test/ubuntu/pool/main/g/gdb/gdb_10.2-0ubuntu1~20.04~1_amd64.deb Connection timed out [IP: 185.125.190.52 80]
E: Unable to fetch some archives, maybe run apt-get update or try with --fix-missing?
##[error]Process completed with exit code 100.
####################################################################################
#### [End job log] "ubuntu-20.04-gcc-ppc64le" at step Install test tools packages
####################################################################################
--------------------------------END LOGS-----------------------------
^ permalink raw reply [flat|nested] 4+ messages in thread
end of thread, other threads:[~2023-02-23 5:59 UTC | newest]
Thread overview: 4+ messages (download: mbox.gz / follow: Atom feed)
-- links below jump to the message on this page --
[not found] <20230223043551.1108541-1-mkp@redhat.com>
2023-02-23 4:24 ` |SUCCESS| pw124437 [PATCH v2] vhost: fix madvise arguments alignment qemudev
2023-02-23 4:28 ` qemudev
2023-02-23 4:37 ` checkpatch
2023-02-23 6:59 ` |FAILURE| " 0-day Robot
This is a public inbox, see mirroring instructions
for how to clone and mirror all data and code used for this inbox;
as well as URLs for NNTP newsgroup(s).