* |WARNING| pw124437 [PATCH] [v2] vhost: fix madvise arguments alignment
@ 2023-02-24 21:28 dpdklab
0 siblings, 0 replies; only message in thread
From: dpdklab @ 2023-02-24 21:28 UTC (permalink / raw)
To: Test Report; +Cc: dpdklab, David Marchand, Thomas Monjalon, Mike Pattrick
Test-Label: iol-abi-testing
Test-Status: WARNING
http://dpdk.org/patch/124437
_Testing issues_
Submitter: Mike Pattrick <mkp@redhat.com>
Date: Thursday, February 23 2023 04:35:51
DPDK git baseline: Repo:dpdk
Branch: master
CommitID:7710b5d15a014872a3aaf646668dafa928ca8473
124437 --> testing fail
Test environment and result as below:
+------------------+----------+
| Environment | abi_test |
+==================+==========+
| openSUSE Leap 15 | FAIL |
+------------------+----------+
| Ubuntu 20.04 | FAIL |
+------------------+----------+
| RHEL8 | FAIL |
+------------------+----------+
| Debian Bullseye | FAIL |
+------------------+----------+
| RHEL 7 | FAIL |
+------------------+----------+
| Ubuntu 22.04 | FAIL |
+------------------+----------+
| Debian Buster | FAIL |
+------------------+----------+
| CentOS Stream 8 | FAIL |
+------------------+----------+
| CentOS Stream 9 | FAIL |
+------------------+----------+
==== 20 line log output for CentOS Stream 9 (abi_test): ====
Functions changes summary: 0 Removed (2 filtered out), 0 Changed, 0 Added (52 filtered out) functions
Variables changes summary: 0 Removed, 0 Changed, 0 Added variable
Function symbols changes summary: 0 Removed (4 filtered out), 0 Added (10 filtered out) function symbols not referenced by debug info
Variable symbols changes summary: 0 Removed, 0 Added variable symbol not referenced by debug info
Functions changes summary: 0 Removed, 0 Changed (2 filtered out), 0 Added functions
Variables changes summary: 0 Removed, 0 Changed, 0 Added variable
Functions changes summary: 0 Removed, 0 Changed (9 filtered out), 0 Added functions
Variables changes summary: 0 Removed, 0 Changed, 0 Added variable
Functions changes summary: 0 Removed, 0 Changed (1 filtered out), 0 Added function
Variables changes summary: 0 Removed, 0 Changed, 0 Added variable
Functions changes summary: 0 Removed, 0 Changed (1 filtered out), 0 Added function
Variables changes summary: 0 Removed, 0 Changed, 0 Added variable
Functions changes summary: 0 Removed, 0 Changed (1 filtered out), 0 Added function
Variables changes summary: 0 Removed, 0 Changed, 0 Added variable
==== End log output ====
openSUSE Leap 15
Kernel: 4.18.0-240.10.1.el8_3.x86_64
Compiler: gcc 7.5.0
Ubuntu 20.04
Kernel: 4.18.0-240.10.1.el8_3.x86_64
Compiler: gcc 9.3.0-17ubuntu1~20.04
RHEL8
Kernel: 4.18.0-240.10.1.el8_3.x86_64
Compiler: gcc 8.3.1 20191121 (Red Hat 8.3.1-5)
Debian Bullseye
Kernel: 5.4.0-122-generic
Compiler: gcc 10.2.1-6
RHEL 7
Kernel: 4.18.0-240.10.1.el8_3.x86_64
Compiler: gcc 4.8.5 20150623 (Red Hat 4.8.5-44)
Ubuntu 22.04
Kernel: Container Host Kernel
Compiler: clang 14.0.5-1.fc36
Debian Buster
Kernel: 5.4.0-122-generic
Compiler: gcc 8.3.0-6
CentOS Stream 8
Kernel: 4.18.0-240.10.1.el8_3.x86_64
Compiler: gcc 8.4.1 20200928
CentOS Stream 9
Kernel: 4.18.0-240.10.1.el8_3.x86_64
Compiler: gcc 11.3.1 20220421
To view detailed results, visit:
https://lab.dpdk.org/results/dashboard/patchsets/25527/
UNH-IOL DPDK Community Lab
To manage your email subscriptions, visit:
https://lab.dpdk.org/results/dashboard/preferences/subscriptions/
^ permalink raw reply [flat|nested] only message in thread
only message in thread, other threads:[~2023-02-24 21:28 UTC | newest]
Thread overview: (only message) (download: mbox.gz / follow: Atom feed)
-- links below jump to the message on this page --
2023-02-24 21:28 |WARNING| pw124437 [PATCH] [v2] vhost: fix madvise arguments alignment dpdklab
This is a public inbox, see mirroring instructions
for how to clone and mirror all data and code used for this inbox;
as well as URLs for NNTP newsgroup(s).