* |FAILURE| pw124801 [PATCH] log: add timestamp for log
@ 2023-03-05 13:12 dpdklab
0 siblings, 0 replies; 24+ messages in thread
From: dpdklab @ 2023-03-05 13:12 UTC (permalink / raw)
To: Test Report; +Cc: dpdk-test-reports, David Marchand, Thomas Monjalon, luzhipeng
Test-Label: iol-testing
Test-Status: FAILURE
http://dpdk.org/patch/124801
_Testing issues_
Submitter: luzhipeng <luzhipeng@cestc.cn>
Date: Saturday, March 04 2023 03:04:37
DPDK git baseline: Repo:dpdk
Branch: master
CommitID:4ef69b2877a24ddb89afaf4bb6f4e73bb52a605b
124801 --> testing fail
Test environment and result as below:
+----------------------------------------+----------------+--------------------+----------------------+
| Environment | dpdk_unit_test | dpdk_meson_compile | dpdk_mingw64_compile |
+========================================+================+====================+======================+
| Ubuntu 20.04 ARM Clang Native | FAIL | FAIL | SKIPPED |
+----------------------------------------+----------------+--------------------+----------------------+
| Ubuntu 20.04 ARM GCC Native | FAIL | FAIL | SKIPPED |
+----------------------------------------+----------------+--------------------+----------------------+
| Debian Buster | FAIL | FAIL | SKIPPED |
+----------------------------------------+----------------+--------------------+----------------------+
| Ubuntu 22.04 | FAIL | FAIL | SKIPPED |
+----------------------------------------+----------------+--------------------+----------------------+
| CentOS Stream 8 | FAIL | FAIL | SKIPPED |
+----------------------------------------+----------------+--------------------+----------------------+
| RHEL 7 | FAIL | FAIL | SKIPPED |
+----------------------------------------+----------------+--------------------+----------------------+
| RHEL8 | FAIL | FAIL | SKIPPED |
+----------------------------------------+----------------+--------------------+----------------------+
| CentOS Stream 9 | FAIL | FAIL | SKIPPED |
+----------------------------------------+----------------+--------------------+----------------------+
| openSUSE Leap 15 | FAIL | FAIL | SKIPPED |
+----------------------------------------+----------------+--------------------+----------------------+
| Ubuntu 20.04 | FAIL | FAIL | SKIPPED |
+----------------------------------------+----------------+--------------------+----------------------+
| Windows Server 2019 | FAIL | FAIL | FAIL |
+----------------------------------------+----------------+--------------------+----------------------+
| Debian Bullseye | FAIL | FAIL | SKIPPED |
+----------------------------------------+----------------+--------------------+----------------------+
| Ubuntu 20.04 ARM GCC Cross Compile | SKIPPED | FAIL | SKIPPED |
+----------------------------------------+----------------+--------------------+----------------------+
| Ubuntu 20.04 ARM Clang Cross Compile | SKIPPED | FAIL | SKIPPED |
+----------------------------------------+----------------+--------------------+----------------------+
| Ubuntu 20.04 aarch32 GCC Cross Compile | SKIPPED | FAIL | SKIPPED |
+----------------------------------------+----------------+--------------------+----------------------+
| Ubuntu 20.04 ARM SVE | SKIPPED | FAIL | SKIPPED |
+----------------------------------------+----------------+--------------------+----------------------+
| FreeBSD 13 | SKIPPED | FAIL | SKIPPED |
+----------------------------------------+----------------+--------------------+----------------------+
==== 20 line log output for FreeBSD 13 (dpdk_meson_compile): ====
[31/1734] Compiling C object lib/librte_eal.a.p/eal_common_malloc_elem.c.o
[32/1734] Compiling C object lib/librte_eal.a.p/eal_common_eal_common_uuid.c.o
[33/1734] Compiling C object lib/librte_eal.a.p/eal_common_eal_common_trace_points.c.o
[34/1734] Compiling C object lib/librte_eal.a.p/eal_common_eal_common_log.c.o
FAILED: lib/librte_eal.a.p/eal_common_eal_common_log.c.o
ccache cc -Ilib/librte_eal.a.p -Ilib -I../lib -I. -I.. -Iconfig -I../config -Ilib/eal/include -I../lib/eal/include -Ilib/eal/freebsd/include -I../lib/eal/freebsd/include -Ilib/eal/x86/include -I../lib/eal/x86/include -Ilib/eal/common -I../lib/eal/common -Ilib/eal -I../lib/eal -Ilib/kvargs -I../lib/kvargs -Ilib/metrics -I../lib/metrics -Ilib/telemetry -I../lib/telemetry -fcolor-diagnostics -D_FILE_OFFSET_BITS=64 -Wall -Winvalid-pch -Wextra -Werror -O3 -include rte_config.h -Wcast-qual -Wdeprecated -Wformat -Wformat-nonliteral -Wformat-security -Wmissing-declarations -Wmissing-prototypes -Wnested-externs -Wold-style-definition -Wpointer-arith -Wsign-compare -Wstrict-prototypes -Wundef -Wwrite-strings -Wno-address-of-packed-member -Wno-missing-field-initializers -D_GNU_SOURCE -D__BSD_VISIBLE -fPIC -march=native -DALLOW_EXPERIMENTAL_API -DALLOW_INTERNAL_API '-DABI_VERSION="23.1"' -DRTE_LIBEAL_USE_GETENTROPY -DRTE_LOG_DEFAULT_LOGTYPE=lib.eal -MD -MQ lib/librte_eal.a.p/eal_common_eal_commo
n_log.c.o -MF lib/librte_eal.a.p/eal_common_eal_common_log.c.o.d -o lib/librte_eal.a.p/eal_common_eal_common_log.c.o -c ../lib/eal/common/eal_common_log.c
../lib/eal/common/eal_common_log.c:485:1: error: no previous prototype for function 'rte_log_get_timestamp_prefix' [-Werror,-Wmissing-prototypes]
rte_log_get_timestamp_prefix(char *buf, int buf_size)
^
../lib/eal/common/eal_common_log.c:484:1: note: declare 'static' if the function is not intended to be used outside of this translation unit
void
^
static
1 error generated.
[35/1734] Compiling C object lib/librte_eal.a.p/eal_common_malloc_heap.c.o
[36/1734] Compiling C object lib/librte_eal.a.p/eal_common_rte_malloc.c.o
[37/1734] Compiling C object lib/librte_eal.a.p/eal_common_rte_random.c.o
[38/1734] Generating lib/kvargs.sym_chk with a custom command (wrapped by meson to capture output)
[39/1734] Generating lib/telemetry.sym_chk with a custom command (wrapped by meson to capture output)
ninja: build stopped: subcommand failed.
==== End log output ====
Ubuntu 20.04 ARM Clang Native
Kernel: 5.4.0-53-generic
Compiler: clang 10.0.0-4ubuntu1
Ubuntu 20.04 ARM GCC Native
Kernel: 5.4.0-53-generic
Compiler: gcc 9.3
Debian Buster
Kernel: 5.4.0-122-generic
Compiler: gcc 8.3.0-6
Ubuntu 22.04
Kernel: Container Host Kernel
Compiler: gcc 12.2.1-2
CentOS Stream 8
Kernel: 4.18.0-240.10.1.el8_3.x86_64
Compiler: gcc 8.4.1 20200928
RHEL 7
Kernel: 4.18.0-240.10.1.el8_3.x86_64
Compiler: gcc 4.8.5 20150623 (Red Hat 4.8.5-44)
RHEL8
Kernel: 4.18.0-240.10.1.el8_3.x86_64
Compiler: gcc 8.3.1 20191121 (Red Hat 8.3.1-5)
CentOS Stream 9
Kernel: 4.18.0-240.10.1.el8_3.x86_64
Compiler: gcc 11.3.1 20220421
openSUSE Leap 15
Kernel: 4.18.0-240.10.1.el8_3.x86_64
Compiler: gcc 7.5.0
Ubuntu 20.04
Kernel: 4.18.0-240.10.1.el8_3.x86_64
Compiler: gcc 9.3.0-17ubuntu1~20.04
Windows Server 2019
Kernel: 10.0
Compiler: clang 14.0 and gcc 8.1.0 (MinGW)
Debian Bullseye
Kernel: 5.4.0-122-generic
Compiler: gcc 10.2.1-6
Ubuntu 20.04 ARM GCC Cross Compile
Kernel: 5.4.0-72-generic
Compiler: aarch64-linux-gnu-gcc (Ubuntu 9.3.0-17ubuntu1~20.04) 9.3.0
Ubuntu 20.04 ARM Clang Cross Compile
Kernel: 5.4.0-72-generic
Compiler: clang version 10.0.0-4ubuntu1
Ubuntu 20.04 aarch32 GCC Cross Compile
Kernel: 5.4.0-72-generic
Compiler: gcc 9.3.0
Ubuntu 20.04 ARM SVE
Kernel: 5.4.0-80-generic
Compiler: gcc 10.3.0 (Ubuntu 10.3.0-1ubuntu1~20.04)
FreeBSD 13
Kernel: 13.0
Compiler: clang 11.0.1
To view detailed results, visit:
https://lab.dpdk.org/results/dashboard/patchsets/25611/
UNH-IOL DPDK Community Lab
To manage your email subscriptions, visit:
https://lab.dpdk.org/results/dashboard/preferences/subscriptions/
^ permalink raw reply [flat|nested] 24+ messages in thread
* |FAILURE| pw124801 [PATCH] log: add timestamp for log
@ 2023-03-05 13:18 dpdklab
0 siblings, 0 replies; 24+ messages in thread
From: dpdklab @ 2023-03-05 13:18 UTC (permalink / raw)
To: Test Report
Cc: luzhipeng, dpdklab, David Marchand, Thomas Monjalon, luzhipeng
Test-Label: iol-x86_64-unit-testing
Test-Status: FAILURE
http://dpdk.org/patch/124801
_Testing issues_
Submitter: luzhipeng <luzhipeng@cestc.cn>
Date: Saturday, March 04 2023 03:04:37
DPDK git baseline: Repo:dpdk
Branch: master
CommitID:4ef69b2877a24ddb89afaf4bb6f4e73bb52a605b
124801 --> testing fail
Test environment and result as below:
+---------------------+----------------+
| Environment | dpdk_unit_test |
+=====================+================+
| Debian Buster | FAIL |
+---------------------+----------------+
| Ubuntu 22.04 | FAIL |
+---------------------+----------------+
| CentOS Stream 8 | FAIL |
+---------------------+----------------+
| RHEL 7 | FAIL |
+---------------------+----------------+
| RHEL8 | FAIL |
+---------------------+----------------+
| CentOS Stream 9 | FAIL |
+---------------------+----------------+
| openSUSE Leap 15 | FAIL |
+---------------------+----------------+
| Ubuntu 20.04 | FAIL |
+---------------------+----------------+
| Windows Server 2019 | FAIL |
+---------------------+----------------+
| Debian Bullseye | FAIL |
+---------------------+----------------+
==== 20 line log output for Debian Bullseye (dpdk_unit_test): ====
[18/3163] Compiling C object 'lib/76b5a35@@rte_eal@sta/eal_common_eal_common_dev.c.o'.
[19/3163] Compiling C object 'lib/76b5a35@@rte_eal@sta/eal_common_eal_common_errno.c.o'.
[20/3163] Generating symbol file 'lib/76b5a35@@rte_kvargs@sha/librte_kvargs.so.23.1.symbols'.
[21/3163] Compiling C object 'lib/76b5a35@@rte_eal@sta/eal_common_eal_common_hexdump.c.o'.
[22/3163] Compiling C object 'lib/76b5a35@@rte_eal@sta/eal_common_eal_common_fbarray.c.o'.
[23/3163] Compiling C object 'lib/76b5a35@@rte_eal@sta/eal_common_eal_common_interrupts.c.o'.
[24/3163] Compiling C object 'lib/76b5a35@@rte_eal@sta/eal_common_eal_common_launch.c.o'.
[25/3163] Compiling C object 'lib/76b5a35@@rte_eal@sta/eal_common_eal_common_mcfg.c.o'.
[26/3163] Compiling C object 'lib/76b5a35@@rte_eal@sta/eal_common_eal_common_lcore.c.o'.
[27/3163] Compiling C object 'lib/76b5a35@@rte_eal@sta/eal_common_eal_common_log.c.o'.
FAILED: lib/76b5a35@@rte_eal@sta/eal_common_eal_common_log.c.o
ccache cc -Ilib/76b5a35@@rte_eal@sta -Ilib -I../lib -I. -I../ -Iconfig -I../config -Ilib/eal/include -I../lib/eal/include -Ilib/eal/linux/include -I../lib/eal/linux/include -Ilib/eal/x86/include -I../lib/eal/x86/include -Ilib/eal/common -I../lib/eal/common -Ilib/eal -I../lib/eal -Ilib/kvargs -I../lib/kvargs -Ilib/telemetry/../metrics -I../lib/telemetry/../metrics -Ilib/telemetry -I../lib/telemetry -fdiagnostics-color=always -pipe -D_FILE_OFFSET_BITS=64 -Wall -Winvalid-pch -Wextra -Werror -O3 -include rte_config.h -Wcast-qual -Wdeprecated -Wformat -Wformat-nonliteral -Wformat-security -Wmissing-declarations -Wmissing-prototypes -Wnested-externs -Wold-style-definition -Wpointer-arith -Wsign-compare -Wstrict-prototypes -Wundef -Wwrite-strings -Wno-address-of-packed-member -Wno-packed-not-aligned -Wno-missing-field-initializers -Wno-zero-length-bounds -D_GNU_SOURCE -fPIC -march=native -DALLOW_EXPERIMENTAL_API -DALLOW_INTERNAL_API -Wno-format-truncation '-DABI_VERSION="23.1"' -DRTE_LIBEAL
_USE_GETENTROPY -DRTE_LOG_DEFAULT_LOGTYPE=lib.eal -MD -MQ 'lib/76b5a35@@rte_eal@sta/eal_common_eal_common_log.c.o' -MF 'lib/76b5a35@@rte_eal@sta/eal_common_eal_common_log.c.o.d' -o 'lib/76b5a35@@rte_eal@sta/eal_common_eal_common_log.c.o' -c ../lib/eal/common/eal_common_log.c
../lib/eal/common/eal_common_log.c:485:1: error: no previous prototype for 'rte_log_get_timestamp_prefix' [-Werror=missing-prototypes]
485 | rte_log_get_timestamp_prefix(char *buf, int buf_size)
| ^~~~~~~~~~~~~~~~~~~~~~~~~~~~
cc1: all warnings being treated as errors
[28/3163] Compiling C object 'lib/76b5a35@@rte_eal@sta/eal_common_eal_common_memalloc.c.o'.
[29/3163] Generating telemetry.sym_chk with a meson_exe.py custom command.
[30/3163] Compiling C object 'lib/76b5a35@@rte_eal@sta/eal_common_eal_common_memory.c.o'.
ninja: build stopped: subcommand failed.
==== End log output ====
Debian Buster
Kernel: 5.4.0-122-generic
Compiler: gcc 8.3.0-6
Ubuntu 22.04
Kernel: Container Host Kernel
Compiler: gcc 12.2.1-2
CentOS Stream 8
Kernel: 4.18.0-240.10.1.el8_3.x86_64
Compiler: gcc 8.4.1 20200928
RHEL 7
Kernel: 4.18.0-240.10.1.el8_3.x86_64
Compiler: gcc 4.8.5 20150623 (Red Hat 4.8.5-44)
RHEL8
Kernel: 4.18.0-240.10.1.el8_3.x86_64
Compiler: gcc 8.3.1 20191121 (Red Hat 8.3.1-5)
CentOS Stream 9
Kernel: 4.18.0-240.10.1.el8_3.x86_64
Compiler: gcc 11.3.1 20220421
openSUSE Leap 15
Kernel: 4.18.0-240.10.1.el8_3.x86_64
Compiler: gcc 7.5.0
Ubuntu 20.04
Kernel: 4.18.0-240.10.1.el8_3.x86_64
Compiler: gcc 9.3.0-17ubuntu1~20.04
Windows Server 2019
Kernel: 10.0
Compiler: clang 14.0 and gcc 8.1.0 (MinGW)
Debian Bullseye
Kernel: 5.4.0-122-generic
Compiler: gcc 10.2.1-6
To view detailed results, visit:
https://lab.dpdk.org/results/dashboard/patchsets/25611/
UNH-IOL DPDK Community Lab
To manage your email subscriptions, visit:
https://lab.dpdk.org/results/dashboard/preferences/subscriptions/
^ permalink raw reply [flat|nested] 24+ messages in thread
* |FAILURE| pw124801 [PATCH] log: add timestamp for log
@ 2023-03-05 13:13 dpdklab
0 siblings, 0 replies; 24+ messages in thread
From: dpdklab @ 2023-03-05 13:13 UTC (permalink / raw)
To: Test Report; +Cc: dpdk-test-reports, David Marchand, Thomas Monjalon, luzhipeng
Test-Label: iol-x86_64-unit-testing
Test-Status: FAILURE
http://dpdk.org/patch/124801
_Testing issues_
Submitter: luzhipeng <luzhipeng@cestc.cn>
Date: Saturday, March 04 2023 03:04:37
DPDK git baseline: Repo:dpdk
Branch: master
CommitID:4ef69b2877a24ddb89afaf4bb6f4e73bb52a605b
124801 --> testing fail
Test environment and result as below:
+---------------------+----------------+
| Environment | dpdk_unit_test |
+=====================+================+
| Ubuntu 20.04 | FAIL |
+---------------------+----------------+
| Debian Bullseye | FAIL |
+---------------------+----------------+
| Ubuntu 22.04 | FAIL |
+---------------------+----------------+
| Windows Server 2019 | FAIL |
+---------------------+----------------+
| RHEL8 | FAIL |
+---------------------+----------------+
| RHEL 7 | FAIL |
+---------------------+----------------+
| CentOS Stream 8 | FAIL |
+---------------------+----------------+
| Debian Buster | FAIL |
+---------------------+----------------+
| CentOS Stream 9 | FAIL |
+---------------------+----------------+
| openSUSE Leap 15 | FAIL |
+---------------------+----------------+
==== 20 line log output for openSUSE Leap 15 (dpdk_unit_test): ====
[16/3149] Compiling C object 'lib/76b5a35@@rte_eal@sta/eal_common_eal_common_dev.c.o'.
[17/3149] Compiling C object 'lib/76b5a35@@rte_eal@sta/eal_common_eal_common_devargs.c.o'.
[18/3149] Generating symbol file 'lib/76b5a35@@rte_kvargs@sha/librte_kvargs.so.23.1.symbols'.
[19/3149] Compiling C object 'lib/76b5a35@@rte_eal@sta/eal_common_eal_common_errno.c.o'.
[20/3149] Compiling C object 'lib/76b5a35@@rte_eal@sta/eal_common_eal_common_hexdump.c.o'.
[21/3149] Compiling C object 'lib/76b5a35@@rte_eal@sta/eal_common_eal_common_interrupts.c.o'.
[22/3149] Compiling C object 'lib/76b5a35@@rte_eal@sta/eal_common_eal_common_launch.c.o'.
[23/3149] Compiling C object 'lib/76b5a35@@rte_eal@sta/eal_common_eal_common_fbarray.c.o'.
[24/3149] Compiling C object 'lib/76b5a35@@rte_eal@sta/eal_common_eal_common_lcore.c.o'.
[25/3149] Compiling C object 'lib/76b5a35@@rte_eal@sta/eal_common_eal_common_log.c.o'.
FAILED: lib/76b5a35@@rte_eal@sta/eal_common_eal_common_log.c.o
ccache cc -Ilib/76b5a35@@rte_eal@sta -Ilib -I../lib -I. -I../ -Iconfig -I../config -Ilib/eal/include -I../lib/eal/include -Ilib/eal/linux/include -I../lib/eal/linux/include -Ilib/eal/x86/include -I../lib/eal/x86/include -Ilib/eal/common -I../lib/eal/common -Ilib/eal -I../lib/eal -Ilib/kvargs -I../lib/kvargs -Ilib/telemetry/../metrics -I../lib/telemetry/../metrics -Ilib/telemetry -I../lib/telemetry -fdiagnostics-color=always -pipe -D_FILE_OFFSET_BITS=64 -Wall -Winvalid-pch -Wextra -Werror -O3 -include rte_config.h -Wcast-qual -Wdeprecated -Wformat -Wformat-nonliteral -Wformat-security -Wmissing-declarations -Wmissing-prototypes -Wnested-externs -Wold-style-definition -Wpointer-arith -Wsign-compare -Wstrict-prototypes -Wundef -Wwrite-strings -Wno-missing-field-initializers -D_GNU_SOURCE -fPIC -march=native -DALLOW_EXPERIMENTAL_API -DALLOW_INTERNAL_API -Wno-format-truncation '-DABI_VERSION="23.1"' -DRTE_LIBEAL_USE_GETENTROPY -DRTE_LOG_DEFAULT_LOGTYPE=lib.eal -MD -MQ 'lib/76b5a35@@rte_ea
l@sta/eal_common_eal_common_log.c.o' -MF 'lib/76b5a35@@rte_eal@sta/eal_common_eal_common_log.c.o.d' -o 'lib/76b5a35@@rte_eal@sta/eal_common_eal_common_log.c.o' -c ../lib/eal/common/eal_common_log.c
../lib/eal/common/eal_common_log.c:485:1: error: no previous prototype for 'rte_log_get_timestamp_prefix' [-Werror=missing-prototypes]
rte_log_get_timestamp_prefix(char *buf, int buf_size)
^~~~~~~~~~~~~~~~~~~~~~~~~~~~
cc1: all warnings being treated as errors
[26/3149] Generating telemetry.sym_chk with a meson_exe.py custom command.
[27/3149] Compiling C object 'lib/76b5a35@@rte_eal@sta/eal_common_eal_common_mcfg.c.o'.
[28/3149] Compiling C object 'lib/76b5a35@@rte_eal@sta/eal_common_eal_common_memalloc.c.o'.
ninja: build stopped: subcommand failed.
==== End log output ====
Ubuntu 20.04
Kernel: 4.18.0-240.10.1.el8_3.x86_64
Compiler: gcc 9.3.0-17ubuntu1~20.04
Debian Bullseye
Kernel: 5.4.0-122-generic
Compiler: gcc 10.2.1-6
Ubuntu 22.04
Kernel: Container Host Kernel
Compiler: clang 14.0.5-1.fc36
Windows Server 2019
Kernel: 10.0
Compiler: clang 14.0 and gcc 8.1.0 (MinGW)
RHEL8
Kernel: 4.18.0-240.10.1.el8_3.x86_64
Compiler: gcc 8.3.1 20191121 (Red Hat 8.3.1-5)
RHEL 7
Kernel: 4.18.0-240.10.1.el8_3.x86_64
Compiler: gcc 4.8.5 20150623 (Red Hat 4.8.5-44)
CentOS Stream 8
Kernel: 4.18.0-240.10.1.el8_3.x86_64
Compiler: gcc 8.4.1 20200928
Debian Buster
Kernel: 5.4.0-122-generic
Compiler: gcc 8.3.0-6
CentOS Stream 9
Kernel: 4.18.0-240.10.1.el8_3.x86_64
Compiler: gcc 11.3.1 20220421
openSUSE Leap 15
Kernel: 4.18.0-240.10.1.el8_3.x86_64
Compiler: gcc 7.5.0
To view detailed results, visit:
https://lab.dpdk.org/results/dashboard/patchsets/25611/
UNH-IOL DPDK Community Lab
To manage your email subscriptions, visit:
https://lab.dpdk.org/results/dashboard/preferences/subscriptions/
^ permalink raw reply [flat|nested] 24+ messages in thread
* |FAILURE| pw124801 [PATCH] log: add timestamp for log
@ 2023-03-05 13:12 dpdklab
0 siblings, 0 replies; 24+ messages in thread
From: dpdklab @ 2023-03-05 13:12 UTC (permalink / raw)
To: Test Report; +Cc: dpdk-test-reports, David Marchand, Thomas Monjalon, luzhipeng
Test-Label: iol-testing
Test-Status: FAILURE
http://dpdk.org/patch/124801
_Testing issues_
Submitter: luzhipeng <luzhipeng@cestc.cn>
Date: Saturday, March 04 2023 03:04:37
DPDK git baseline: Repo:dpdk
Branch: master
CommitID:4ef69b2877a24ddb89afaf4bb6f4e73bb52a605b
124801 --> testing fail
Test environment and result as below:
+----------------------------------------+----------------+--------------------+----------------------+
| Environment | dpdk_unit_test | dpdk_meson_compile | dpdk_mingw64_compile |
+========================================+================+====================+======================+
| Ubuntu 20.04 ARM Clang Native | FAIL | FAIL | SKIPPED |
+----------------------------------------+----------------+--------------------+----------------------+
| Ubuntu 20.04 ARM GCC Native | FAIL | FAIL | SKIPPED |
+----------------------------------------+----------------+--------------------+----------------------+
| Debian Buster | FAIL | FAIL | SKIPPED |
+----------------------------------------+----------------+--------------------+----------------------+
| Ubuntu 22.04 | FAIL | FAIL | SKIPPED |
+----------------------------------------+----------------+--------------------+----------------------+
| CentOS Stream 8 | FAIL | FAIL | SKIPPED |
+----------------------------------------+----------------+--------------------+----------------------+
| RHEL 7 | FAIL | FAIL | SKIPPED |
+----------------------------------------+----------------+--------------------+----------------------+
| RHEL8 | FAIL | FAIL | SKIPPED |
+----------------------------------------+----------------+--------------------+----------------------+
| CentOS Stream 9 | FAIL | FAIL | SKIPPED |
+----------------------------------------+----------------+--------------------+----------------------+
| openSUSE Leap 15 | FAIL | FAIL | SKIPPED |
+----------------------------------------+----------------+--------------------+----------------------+
| Ubuntu 20.04 | FAIL | FAIL | SKIPPED |
+----------------------------------------+----------------+--------------------+----------------------+
| Windows Server 2019 | FAIL | FAIL | FAIL |
+----------------------------------------+----------------+--------------------+----------------------+
| Debian Bullseye | FAIL | FAIL | SKIPPED |
+----------------------------------------+----------------+--------------------+----------------------+
| Ubuntu 20.04 ARM GCC Cross Compile | SKIPPED | FAIL | SKIPPED |
+----------------------------------------+----------------+--------------------+----------------------+
| Ubuntu 20.04 ARM Clang Cross Compile | SKIPPED | FAIL | SKIPPED |
+----------------------------------------+----------------+--------------------+----------------------+
| Ubuntu 20.04 aarch32 GCC Cross Compile | SKIPPED | FAIL | SKIPPED |
+----------------------------------------+----------------+--------------------+----------------------+
| Ubuntu 20.04 ARM SVE | SKIPPED | FAIL | SKIPPED |
+----------------------------------------+----------------+--------------------+----------------------+
| FreeBSD 13 | SKIPPED | FAIL | SKIPPED |
+----------------------------------------+----------------+--------------------+----------------------+
==== 20 line log output for FreeBSD 13 (dpdk_meson_compile): ====
[31/1734] Compiling C object lib/librte_eal.a.p/eal_common_malloc_elem.c.o
[32/1734] Compiling C object lib/librte_eal.a.p/eal_common_eal_common_uuid.c.o
[33/1734] Compiling C object lib/librte_eal.a.p/eal_common_eal_common_trace_points.c.o
[34/1734] Compiling C object lib/librte_eal.a.p/eal_common_eal_common_log.c.o
FAILED: lib/librte_eal.a.p/eal_common_eal_common_log.c.o
ccache cc -Ilib/librte_eal.a.p -Ilib -I../lib -I. -I.. -Iconfig -I../config -Ilib/eal/include -I../lib/eal/include -Ilib/eal/freebsd/include -I../lib/eal/freebsd/include -Ilib/eal/x86/include -I../lib/eal/x86/include -Ilib/eal/common -I../lib/eal/common -Ilib/eal -I../lib/eal -Ilib/kvargs -I../lib/kvargs -Ilib/metrics -I../lib/metrics -Ilib/telemetry -I../lib/telemetry -fcolor-diagnostics -D_FILE_OFFSET_BITS=64 -Wall -Winvalid-pch -Wextra -Werror -O3 -include rte_config.h -Wcast-qual -Wdeprecated -Wformat -Wformat-nonliteral -Wformat-security -Wmissing-declarations -Wmissing-prototypes -Wnested-externs -Wold-style-definition -Wpointer-arith -Wsign-compare -Wstrict-prototypes -Wundef -Wwrite-strings -Wno-address-of-packed-member -Wno-missing-field-initializers -D_GNU_SOURCE -D__BSD_VISIBLE -fPIC -march=native -DALLOW_EXPERIMENTAL_API -DALLOW_INTERNAL_API '-DABI_VERSION="23.1"' -DRTE_LIBEAL_USE_GETENTROPY -DRTE_LOG_DEFAULT_LOGTYPE=lib.eal -MD -MQ lib/librte_eal.a.p/eal_common_eal_commo
n_log.c.o -MF lib/librte_eal.a.p/eal_common_eal_common_log.c.o.d -o lib/librte_eal.a.p/eal_common_eal_common_log.c.o -c ../lib/eal/common/eal_common_log.c
../lib/eal/common/eal_common_log.c:485:1: error: no previous prototype for function 'rte_log_get_timestamp_prefix' [-Werror,-Wmissing-prototypes]
rte_log_get_timestamp_prefix(char *buf, int buf_size)
^
../lib/eal/common/eal_common_log.c:484:1: note: declare 'static' if the function is not intended to be used outside of this translation unit
void
^
static
1 error generated.
[35/1734] Compiling C object lib/librte_eal.a.p/eal_common_malloc_heap.c.o
[36/1734] Compiling C object lib/librte_eal.a.p/eal_common_rte_malloc.c.o
[37/1734] Compiling C object lib/librte_eal.a.p/eal_common_rte_random.c.o
[38/1734] Generating lib/kvargs.sym_chk with a custom command (wrapped by meson to capture output)
[39/1734] Generating lib/telemetry.sym_chk with a custom command (wrapped by meson to capture output)
ninja: build stopped: subcommand failed.
==== End log output ====
Ubuntu 20.04 ARM Clang Native
Kernel: 5.4.0-53-generic
Compiler: clang 10.0.0-4ubuntu1
Ubuntu 20.04 ARM GCC Native
Kernel: 5.4.0-53-generic
Compiler: gcc 9.3
Debian Buster
Kernel: 5.4.0-122-generic
Compiler: gcc 8.3.0-6
Ubuntu 22.04
Kernel: Container Host Kernel
Compiler: gcc 12.2.1-2
CentOS Stream 8
Kernel: 4.18.0-240.10.1.el8_3.x86_64
Compiler: gcc 8.4.1 20200928
RHEL 7
Kernel: 4.18.0-240.10.1.el8_3.x86_64
Compiler: gcc 4.8.5 20150623 (Red Hat 4.8.5-44)
RHEL8
Kernel: 4.18.0-240.10.1.el8_3.x86_64
Compiler: gcc 8.3.1 20191121 (Red Hat 8.3.1-5)
CentOS Stream 9
Kernel: 4.18.0-240.10.1.el8_3.x86_64
Compiler: gcc 11.3.1 20220421
openSUSE Leap 15
Kernel: 4.18.0-240.10.1.el8_3.x86_64
Compiler: gcc 7.5.0
Ubuntu 20.04
Kernel: 4.18.0-240.10.1.el8_3.x86_64
Compiler: gcc 9.3.0-17ubuntu1~20.04
Windows Server 2019
Kernel: 10.0
Compiler: clang 14.0 and gcc 8.1.0 (MinGW)
Debian Bullseye
Kernel: 5.4.0-122-generic
Compiler: gcc 10.2.1-6
Ubuntu 20.04 ARM GCC Cross Compile
Kernel: 5.4.0-72-generic
Compiler: aarch64-linux-gnu-gcc (Ubuntu 9.3.0-17ubuntu1~20.04) 9.3.0
Ubuntu 20.04 ARM Clang Cross Compile
Kernel: 5.4.0-72-generic
Compiler: clang version 10.0.0-4ubuntu1
Ubuntu 20.04 aarch32 GCC Cross Compile
Kernel: 5.4.0-72-generic
Compiler: gcc 9.3.0
Ubuntu 20.04 ARM SVE
Kernel: 5.4.0-80-generic
Compiler: gcc 10.3.0 (Ubuntu 10.3.0-1ubuntu1~20.04)
FreeBSD 13
Kernel: 13.0
Compiler: clang 11.0.1
To view detailed results, visit:
https://lab.dpdk.org/results/dashboard/patchsets/25611/
UNH-IOL DPDK Community Lab
To manage your email subscriptions, visit:
https://lab.dpdk.org/results/dashboard/preferences/subscriptions/
^ permalink raw reply [flat|nested] 24+ messages in thread
* |FAILURE| pw124801 [PATCH] log: add timestamp for log
@ 2023-03-05 13:12 dpdklab
0 siblings, 0 replies; 24+ messages in thread
From: dpdklab @ 2023-03-05 13:12 UTC (permalink / raw)
To: Test Report; +Cc: dpdk-test-reports, David Marchand, Thomas Monjalon, luzhipeng
Test-Label: iol-testing
Test-Status: FAILURE
http://dpdk.org/patch/124801
_Testing issues_
Submitter: luzhipeng <luzhipeng@cestc.cn>
Date: Saturday, March 04 2023 03:04:37
DPDK git baseline: Repo:dpdk
Branch: master
CommitID:4ef69b2877a24ddb89afaf4bb6f4e73bb52a605b
124801 --> testing fail
Test environment and result as below:
+----------------------------------------+----------------+--------------------+----------------------+
| Environment | dpdk_unit_test | dpdk_meson_compile | dpdk_mingw64_compile |
+========================================+================+====================+======================+
| Ubuntu 20.04 ARM Clang Native | FAIL | FAIL | SKIPPED |
+----------------------------------------+----------------+--------------------+----------------------+
| Ubuntu 20.04 ARM GCC Native | FAIL | FAIL | SKIPPED |
+----------------------------------------+----------------+--------------------+----------------------+
| Debian Buster | FAIL | FAIL | SKIPPED |
+----------------------------------------+----------------+--------------------+----------------------+
| Ubuntu 22.04 | FAIL | FAIL | SKIPPED |
+----------------------------------------+----------------+--------------------+----------------------+
| CentOS Stream 8 | FAIL | FAIL | SKIPPED |
+----------------------------------------+----------------+--------------------+----------------------+
| RHEL 7 | FAIL | FAIL | SKIPPED |
+----------------------------------------+----------------+--------------------+----------------------+
| RHEL8 | FAIL | FAIL | SKIPPED |
+----------------------------------------+----------------+--------------------+----------------------+
| CentOS Stream 9 | FAIL | FAIL | SKIPPED |
+----------------------------------------+----------------+--------------------+----------------------+
| openSUSE Leap 15 | FAIL | FAIL | SKIPPED |
+----------------------------------------+----------------+--------------------+----------------------+
| Ubuntu 20.04 | FAIL | FAIL | SKIPPED |
+----------------------------------------+----------------+--------------------+----------------------+
| Windows Server 2019 | FAIL | FAIL | FAIL |
+----------------------------------------+----------------+--------------------+----------------------+
| Debian Bullseye | FAIL | FAIL | SKIPPED |
+----------------------------------------+----------------+--------------------+----------------------+
| Ubuntu 20.04 ARM GCC Cross Compile | SKIPPED | FAIL | SKIPPED |
+----------------------------------------+----------------+--------------------+----------------------+
| Ubuntu 20.04 ARM Clang Cross Compile | SKIPPED | FAIL | SKIPPED |
+----------------------------------------+----------------+--------------------+----------------------+
| Ubuntu 20.04 aarch32 GCC Cross Compile | SKIPPED | FAIL | SKIPPED |
+----------------------------------------+----------------+--------------------+----------------------+
| Ubuntu 20.04 ARM SVE | SKIPPED | FAIL | SKIPPED |
+----------------------------------------+----------------+--------------------+----------------------+
| FreeBSD 13 | SKIPPED | FAIL | SKIPPED |
+----------------------------------------+----------------+--------------------+----------------------+
==== 20 line log output for FreeBSD 13 (dpdk_meson_compile): ====
[31/1734] Compiling C object lib/librte_eal.a.p/eal_common_malloc_elem.c.o
[32/1734] Compiling C object lib/librte_eal.a.p/eal_common_eal_common_uuid.c.o
[33/1734] Compiling C object lib/librte_eal.a.p/eal_common_eal_common_trace_points.c.o
[34/1734] Compiling C object lib/librte_eal.a.p/eal_common_eal_common_log.c.o
FAILED: lib/librte_eal.a.p/eal_common_eal_common_log.c.o
ccache cc -Ilib/librte_eal.a.p -Ilib -I../lib -I. -I.. -Iconfig -I../config -Ilib/eal/include -I../lib/eal/include -Ilib/eal/freebsd/include -I../lib/eal/freebsd/include -Ilib/eal/x86/include -I../lib/eal/x86/include -Ilib/eal/common -I../lib/eal/common -Ilib/eal -I../lib/eal -Ilib/kvargs -I../lib/kvargs -Ilib/metrics -I../lib/metrics -Ilib/telemetry -I../lib/telemetry -fcolor-diagnostics -D_FILE_OFFSET_BITS=64 -Wall -Winvalid-pch -Wextra -Werror -O3 -include rte_config.h -Wcast-qual -Wdeprecated -Wformat -Wformat-nonliteral -Wformat-security -Wmissing-declarations -Wmissing-prototypes -Wnested-externs -Wold-style-definition -Wpointer-arith -Wsign-compare -Wstrict-prototypes -Wundef -Wwrite-strings -Wno-address-of-packed-member -Wno-missing-field-initializers -D_GNU_SOURCE -D__BSD_VISIBLE -fPIC -march=native -DALLOW_EXPERIMENTAL_API -DALLOW_INTERNAL_API '-DABI_VERSION="23.1"' -DRTE_LIBEAL_USE_GETENTROPY -DRTE_LOG_DEFAULT_LOGTYPE=lib.eal -MD -MQ lib/librte_eal.a.p/eal_common_eal_commo
n_log.c.o -MF lib/librte_eal.a.p/eal_common_eal_common_log.c.o.d -o lib/librte_eal.a.p/eal_common_eal_common_log.c.o -c ../lib/eal/common/eal_common_log.c
../lib/eal/common/eal_common_log.c:485:1: error: no previous prototype for function 'rte_log_get_timestamp_prefix' [-Werror,-Wmissing-prototypes]
rte_log_get_timestamp_prefix(char *buf, int buf_size)
^
../lib/eal/common/eal_common_log.c:484:1: note: declare 'static' if the function is not intended to be used outside of this translation unit
void
^
static
1 error generated.
[35/1734] Compiling C object lib/librte_eal.a.p/eal_common_malloc_heap.c.o
[36/1734] Compiling C object lib/librte_eal.a.p/eal_common_rte_malloc.c.o
[37/1734] Compiling C object lib/librte_eal.a.p/eal_common_rte_random.c.o
[38/1734] Generating lib/kvargs.sym_chk with a custom command (wrapped by meson to capture output)
[39/1734] Generating lib/telemetry.sym_chk with a custom command (wrapped by meson to capture output)
ninja: build stopped: subcommand failed.
==== End log output ====
Ubuntu 20.04 ARM Clang Native
Kernel: 5.4.0-53-generic
Compiler: clang 10.0.0-4ubuntu1
Ubuntu 20.04 ARM GCC Native
Kernel: 5.4.0-53-generic
Compiler: gcc 9.3
Debian Buster
Kernel: 5.4.0-122-generic
Compiler: gcc 8.3.0-6
Ubuntu 22.04
Kernel: Container Host Kernel
Compiler: gcc 12.2.1-2
CentOS Stream 8
Kernel: 4.18.0-240.10.1.el8_3.x86_64
Compiler: gcc 8.4.1 20200928
RHEL 7
Kernel: 4.18.0-240.10.1.el8_3.x86_64
Compiler: gcc 4.8.5 20150623 (Red Hat 4.8.5-44)
RHEL8
Kernel: 4.18.0-240.10.1.el8_3.x86_64
Compiler: gcc 8.3.1 20191121 (Red Hat 8.3.1-5)
CentOS Stream 9
Kernel: 4.18.0-240.10.1.el8_3.x86_64
Compiler: gcc 11.3.1 20220421
openSUSE Leap 15
Kernel: 4.18.0-240.10.1.el8_3.x86_64
Compiler: gcc 7.5.0
Ubuntu 20.04
Kernel: 4.18.0-240.10.1.el8_3.x86_64
Compiler: gcc 9.3.0-17ubuntu1~20.04
Windows Server 2019
Kernel: 10.0
Compiler: clang 14.0 and gcc 8.1.0 (MinGW)
Debian Bullseye
Kernel: 5.4.0-122-generic
Compiler: gcc 10.2.1-6
Ubuntu 20.04 ARM GCC Cross Compile
Kernel: 5.4.0-72-generic
Compiler: aarch64-linux-gnu-gcc (Ubuntu 9.3.0-17ubuntu1~20.04) 9.3.0
Ubuntu 20.04 ARM Clang Cross Compile
Kernel: 5.4.0-72-generic
Compiler: clang version 10.0.0-4ubuntu1
Ubuntu 20.04 aarch32 GCC Cross Compile
Kernel: 5.4.0-72-generic
Compiler: gcc 9.3.0
Ubuntu 20.04 ARM SVE
Kernel: 5.4.0-80-generic
Compiler: gcc 10.3.0 (Ubuntu 10.3.0-1ubuntu1~20.04)
FreeBSD 13
Kernel: 13.0
Compiler: clang 11.0.1
To view detailed results, visit:
https://lab.dpdk.org/results/dashboard/patchsets/25611/
UNH-IOL DPDK Community Lab
To manage your email subscriptions, visit:
https://lab.dpdk.org/results/dashboard/preferences/subscriptions/
^ permalink raw reply [flat|nested] 24+ messages in thread
* |FAILURE| pw124801 [PATCH] log: add timestamp for log
@ 2023-03-05 13:11 dpdklab
0 siblings, 0 replies; 24+ messages in thread
From: dpdklab @ 2023-03-05 13:11 UTC (permalink / raw)
To: Test Report; +Cc: dpdk-test-reports, David Marchand, Thomas Monjalon, luzhipeng
Test-Label: iol-testing
Test-Status: FAILURE
http://dpdk.org/patch/124801
_Testing issues_
Submitter: luzhipeng <luzhipeng@cestc.cn>
Date: Saturday, March 04 2023 03:04:37
DPDK git baseline: Repo:dpdk
Branch: master
CommitID:4ef69b2877a24ddb89afaf4bb6f4e73bb52a605b
124801 --> testing fail
Test environment and result as below:
+----------------------------------------+----------------+--------------------+----------------------+
| Environment | dpdk_unit_test | dpdk_meson_compile | dpdk_mingw64_compile |
+========================================+================+====================+======================+
| Ubuntu 20.04 ARM Clang Native | FAIL | FAIL | SKIPPED |
+----------------------------------------+----------------+--------------------+----------------------+
| Ubuntu 20.04 ARM GCC Native | FAIL | FAIL | SKIPPED |
+----------------------------------------+----------------+--------------------+----------------------+
| Debian Buster | FAIL | FAIL | SKIPPED |
+----------------------------------------+----------------+--------------------+----------------------+
| Ubuntu 22.04 | FAIL | FAIL | SKIPPED |
+----------------------------------------+----------------+--------------------+----------------------+
| CentOS Stream 8 | FAIL | FAIL | SKIPPED |
+----------------------------------------+----------------+--------------------+----------------------+
| RHEL 7 | FAIL | FAIL | SKIPPED |
+----------------------------------------+----------------+--------------------+----------------------+
| RHEL8 | FAIL | FAIL | SKIPPED |
+----------------------------------------+----------------+--------------------+----------------------+
| CentOS Stream 9 | FAIL | FAIL | SKIPPED |
+----------------------------------------+----------------+--------------------+----------------------+
| openSUSE Leap 15 | FAIL | FAIL | SKIPPED |
+----------------------------------------+----------------+--------------------+----------------------+
| Ubuntu 20.04 | FAIL | FAIL | SKIPPED |
+----------------------------------------+----------------+--------------------+----------------------+
| Windows Server 2019 | FAIL | FAIL | FAIL |
+----------------------------------------+----------------+--------------------+----------------------+
| Ubuntu 20.04 ARM GCC Cross Compile | SKIPPED | FAIL | SKIPPED |
+----------------------------------------+----------------+--------------------+----------------------+
| Ubuntu 20.04 ARM Clang Cross Compile | SKIPPED | FAIL | SKIPPED |
+----------------------------------------+----------------+--------------------+----------------------+
| Ubuntu 20.04 aarch32 GCC Cross Compile | SKIPPED | FAIL | SKIPPED |
+----------------------------------------+----------------+--------------------+----------------------+
| Ubuntu 20.04 ARM SVE | SKIPPED | FAIL | SKIPPED |
+----------------------------------------+----------------+--------------------+----------------------+
| FreeBSD 13 | SKIPPED | FAIL | SKIPPED |
+----------------------------------------+----------------+--------------------+----------------------+
| Debian Bullseye | SKIPPED | FAIL | SKIPPED |
+----------------------------------------+----------------+--------------------+----------------------+
==== 20 line log output for Debian Bullseye (dpdk_meson_compile): ====
[16/3191] Generating symbol file 'lib/76b5a35@@rte_telemetry@sha/librte_telemetry.so.23.1.symbols'.
[17/3191] Compiling C object 'lib/76b5a35@@rte_eal@sta/eal_common_eal_common_class.c.o'.
[18/3191] Compiling C object 'lib/76b5a35@@rte_eal@sta/eal_common_eal_common_config.c.o'.
[19/3191] Compiling C object 'lib/76b5a35@@rte_eal@sta/eal_common_eal_common_debug.c.o'.
[20/3191] Compiling C object 'lib/76b5a35@@rte_eal@sta/eal_common_eal_common_dev.c.o'.
[21/3191] Compiling C object 'lib/76b5a35@@rte_eal@sta/eal_common_eal_common_devargs.c.o'.
[22/3191] Compiling C object 'lib/76b5a35@@rte_eal@sta/eal_common_eal_common_errno.c.o'.
[23/3191] Compiling C object 'lib/76b5a35@@rte_eal@sta/eal_common_eal_common_fbarray.c.o'.
[24/3191] Compiling C object 'lib/76b5a35@@rte_eal@sta/eal_common_eal_common_hexdump.c.o'.
[25/3191] Compiling C object 'lib/76b5a35@@rte_eal@sta/eal_common_eal_common_interrupts.c.o'.
[26/3191] Compiling C object 'lib/76b5a35@@rte_eal@sta/eal_common_eal_common_launch.c.o'.
[27/3191] Compiling C object 'lib/76b5a35@@rte_eal@sta/eal_common_eal_common_lcore.c.o'.
[28/3191] Compiling C object 'lib/76b5a35@@rte_eal@sta/eal_common_eal_common_log.c.o'.
FAILED: lib/76b5a35@@rte_eal@sta/eal_common_eal_common_log.c.o
ccache cc -Ilib/76b5a35@@rte_eal@sta -Ilib -I../lib -I. -I../ -Iconfig -I../config -Ilib/eal/include -I../lib/eal/include -Ilib/eal/linux/include -I../lib/eal/linux/include -Ilib/eal/x86/include -I../lib/eal/x86/include -Ilib/eal/common -I../lib/eal/common -Ilib/eal -I../lib/eal -Ilib/kvargs -I../lib/kvargs -Ilib/telemetry/../metrics -I../lib/telemetry/../metrics -Ilib/telemetry -I../lib/telemetry -fdiagnostics-color=always -pipe -D_FILE_OFFSET_BITS=64 -Wall -Winvalid-pch -Wextra -Werror -O3 -include rte_config.h -Wcast-qual -Wdeprecated -Wformat -Wformat-nonliteral -Wformat-security -Wmissing-declarations -Wmissing-prototypes -Wnested-externs -Wold-style-definition -Wpointer-arith -Wsign-compare -Wstrict-prototypes -Wundef -Wwrite-strings -Wno-address-of-packed-member -Wno-packed-not-aligned -Wno-missing-field-initializers -Wno-zero-length-bounds -D_GNU_SOURCE -fPIC -march=native -DALLOW_EXPERIMENTAL_API -DALLOW_INTERNAL_API -Wno-format-truncation '-DABI_VERSION="23.1"' -DRTE_LIBEAL
_USE_GETENTROPY -DRTE_LOG_DEFAULT_LOGTYPE=lib.eal -MD -MQ 'lib/76b5a35@@rte_eal@sta/eal_common_eal_common_log.c.o' -MF 'lib/76b5a35@@rte_eal@sta/eal_common_eal_common_log.c.o.d' -o 'lib/76b5a35@@rte_eal@sta/eal_common_eal_common_log.c.o' -c ../lib/eal/common/eal_common_log.c
../lib/eal/common/eal_common_log.c:485:1: error: no previous prototype for 'rte_log_get_timestamp_prefix' [-Werror=missing-prototypes]
485 | rte_log_get_timestamp_prefix(char *buf, int buf_size)
| ^~~~~~~~~~~~~~~~~~~~~~~~~~~~
cc1: all warnings being treated as errors
ninja: build stopped: subcommand failed.
==== End log output ====
Ubuntu 20.04 ARM Clang Native
Kernel: 5.4.0-53-generic
Compiler: clang 10.0.0-4ubuntu1
Ubuntu 20.04 ARM GCC Native
Kernel: 5.4.0-53-generic
Compiler: gcc 9.3
Debian Buster
Kernel: 5.4.0-122-generic
Compiler: gcc 8.3.0-6
Ubuntu 22.04
Kernel: Container Host Kernel
Compiler: gcc 12.2.1-2
CentOS Stream 8
Kernel: 4.18.0-240.10.1.el8_3.x86_64
Compiler: gcc 8.4.1 20200928
RHEL 7
Kernel: 4.18.0-240.10.1.el8_3.x86_64
Compiler: gcc 4.8.5 20150623 (Red Hat 4.8.5-44)
RHEL8
Kernel: 4.18.0-240.10.1.el8_3.x86_64
Compiler: gcc 8.3.1 20191121 (Red Hat 8.3.1-5)
CentOS Stream 9
Kernel: 4.18.0-240.10.1.el8_3.x86_64
Compiler: gcc 11.3.1 20220421
openSUSE Leap 15
Kernel: 4.18.0-240.10.1.el8_3.x86_64
Compiler: gcc 7.5.0
Ubuntu 20.04
Kernel: 4.18.0-240.10.1.el8_3.x86_64
Compiler: gcc 9.3.0-17ubuntu1~20.04
Windows Server 2019
Kernel: 10.0
Compiler: clang 14.0 and gcc 8.1.0 (MinGW)
Ubuntu 20.04 ARM GCC Cross Compile
Kernel: 5.4.0-72-generic
Compiler: aarch64-linux-gnu-gcc (Ubuntu 9.3.0-17ubuntu1~20.04) 9.3.0
Ubuntu 20.04 ARM Clang Cross Compile
Kernel: 5.4.0-72-generic
Compiler: clang version 10.0.0-4ubuntu1
Ubuntu 20.04 aarch32 GCC Cross Compile
Kernel: 5.4.0-72-generic
Compiler: gcc 9.3.0
Ubuntu 20.04 ARM SVE
Kernel: 5.4.0-80-generic
Compiler: gcc 10.3.0 (Ubuntu 10.3.0-1ubuntu1~20.04)
FreeBSD 13
Kernel: 13.0
Compiler: clang 11.0.1
Debian Bullseye
Kernel: 5.4.0-122-generic
Compiler: gcc 10.2.1-6
To view detailed results, visit:
https://lab.dpdk.org/results/dashboard/patchsets/25611/
UNH-IOL DPDK Community Lab
To manage your email subscriptions, visit:
https://lab.dpdk.org/results/dashboard/preferences/subscriptions/
^ permalink raw reply [flat|nested] 24+ messages in thread
* |FAILURE| pw124801 [PATCH] log: add timestamp for log
@ 2023-03-05 13:11 dpdklab
0 siblings, 0 replies; 24+ messages in thread
From: dpdklab @ 2023-03-05 13:11 UTC (permalink / raw)
To: Test Report; +Cc: dpdk-test-reports, David Marchand, Thomas Monjalon, luzhipeng
Test-Label: iol-testing
Test-Status: FAILURE
http://dpdk.org/patch/124801
_Testing issues_
Submitter: luzhipeng <luzhipeng@cestc.cn>
Date: Saturday, March 04 2023 03:04:37
DPDK git baseline: Repo:dpdk
Branch: master
CommitID:4ef69b2877a24ddb89afaf4bb6f4e73bb52a605b
124801 --> testing fail
Test environment and result as below:
+----------------------------------------+----------------+--------------------+----------------------+
| Environment | dpdk_unit_test | dpdk_meson_compile | dpdk_mingw64_compile |
+========================================+================+====================+======================+
| Ubuntu 20.04 ARM Clang Native | FAIL | FAIL | SKIPPED |
+----------------------------------------+----------------+--------------------+----------------------+
| Ubuntu 20.04 ARM GCC Native | FAIL | FAIL | SKIPPED |
+----------------------------------------+----------------+--------------------+----------------------+
| Debian Buster | FAIL | FAIL | SKIPPED |
+----------------------------------------+----------------+--------------------+----------------------+
| Ubuntu 22.04 | FAIL | FAIL | SKIPPED |
+----------------------------------------+----------------+--------------------+----------------------+
| CentOS Stream 8 | FAIL | FAIL | SKIPPED |
+----------------------------------------+----------------+--------------------+----------------------+
| RHEL 7 | FAIL | FAIL | SKIPPED |
+----------------------------------------+----------------+--------------------+----------------------+
| RHEL8 | FAIL | FAIL | SKIPPED |
+----------------------------------------+----------------+--------------------+----------------------+
| CentOS Stream 9 | FAIL | FAIL | SKIPPED |
+----------------------------------------+----------------+--------------------+----------------------+
| openSUSE Leap 15 | FAIL | FAIL | SKIPPED |
+----------------------------------------+----------------+--------------------+----------------------+
| Ubuntu 20.04 | FAIL | FAIL | SKIPPED |
+----------------------------------------+----------------+--------------------+----------------------+
| Ubuntu 20.04 ARM GCC Cross Compile | SKIPPED | FAIL | SKIPPED |
+----------------------------------------+----------------+--------------------+----------------------+
| Ubuntu 20.04 ARM Clang Cross Compile | SKIPPED | FAIL | SKIPPED |
+----------------------------------------+----------------+--------------------+----------------------+
| Ubuntu 20.04 aarch32 GCC Cross Compile | SKIPPED | FAIL | SKIPPED |
+----------------------------------------+----------------+--------------------+----------------------+
| Ubuntu 20.04 ARM SVE | SKIPPED | FAIL | SKIPPED |
+----------------------------------------+----------------+--------------------+----------------------+
| FreeBSD 13 | SKIPPED | FAIL | SKIPPED |
+----------------------------------------+----------------+--------------------+----------------------+
| Windows Server 2019 | SKIPPED | FAIL | FAIL |
+----------------------------------------+----------------+--------------------+----------------------+
| Debian Bullseye | SKIPPED | FAIL | SKIPPED |
+----------------------------------------+----------------+--------------------+----------------------+
==== 20 line log output for Debian Bullseye (dpdk_meson_compile): ====
[16/3191] Generating symbol file 'lib/76b5a35@@rte_telemetry@sha/librte_telemetry.so.23.1.symbols'.
[17/3191] Compiling C object 'lib/76b5a35@@rte_eal@sta/eal_common_eal_common_class.c.o'.
[18/3191] Compiling C object 'lib/76b5a35@@rte_eal@sta/eal_common_eal_common_config.c.o'.
[19/3191] Compiling C object 'lib/76b5a35@@rte_eal@sta/eal_common_eal_common_debug.c.o'.
[20/3191] Compiling C object 'lib/76b5a35@@rte_eal@sta/eal_common_eal_common_dev.c.o'.
[21/3191] Compiling C object 'lib/76b5a35@@rte_eal@sta/eal_common_eal_common_devargs.c.o'.
[22/3191] Compiling C object 'lib/76b5a35@@rte_eal@sta/eal_common_eal_common_errno.c.o'.
[23/3191] Compiling C object 'lib/76b5a35@@rte_eal@sta/eal_common_eal_common_fbarray.c.o'.
[24/3191] Compiling C object 'lib/76b5a35@@rte_eal@sta/eal_common_eal_common_hexdump.c.o'.
[25/3191] Compiling C object 'lib/76b5a35@@rte_eal@sta/eal_common_eal_common_interrupts.c.o'.
[26/3191] Compiling C object 'lib/76b5a35@@rte_eal@sta/eal_common_eal_common_launch.c.o'.
[27/3191] Compiling C object 'lib/76b5a35@@rte_eal@sta/eal_common_eal_common_lcore.c.o'.
[28/3191] Compiling C object 'lib/76b5a35@@rte_eal@sta/eal_common_eal_common_log.c.o'.
FAILED: lib/76b5a35@@rte_eal@sta/eal_common_eal_common_log.c.o
ccache cc -Ilib/76b5a35@@rte_eal@sta -Ilib -I../lib -I. -I../ -Iconfig -I../config -Ilib/eal/include -I../lib/eal/include -Ilib/eal/linux/include -I../lib/eal/linux/include -Ilib/eal/x86/include -I../lib/eal/x86/include -Ilib/eal/common -I../lib/eal/common -Ilib/eal -I../lib/eal -Ilib/kvargs -I../lib/kvargs -Ilib/telemetry/../metrics -I../lib/telemetry/../metrics -Ilib/telemetry -I../lib/telemetry -fdiagnostics-color=always -pipe -D_FILE_OFFSET_BITS=64 -Wall -Winvalid-pch -Wextra -Werror -O3 -include rte_config.h -Wcast-qual -Wdeprecated -Wformat -Wformat-nonliteral -Wformat-security -Wmissing-declarations -Wmissing-prototypes -Wnested-externs -Wold-style-definition -Wpointer-arith -Wsign-compare -Wstrict-prototypes -Wundef -Wwrite-strings -Wno-address-of-packed-member -Wno-packed-not-aligned -Wno-missing-field-initializers -Wno-zero-length-bounds -D_GNU_SOURCE -fPIC -march=native -DALLOW_EXPERIMENTAL_API -DALLOW_INTERNAL_API -Wno-format-truncation '-DABI_VERSION="23.1"' -DRTE_LIBEAL
_USE_GETENTROPY -DRTE_LOG_DEFAULT_LOGTYPE=lib.eal -MD -MQ 'lib/76b5a35@@rte_eal@sta/eal_common_eal_common_log.c.o' -MF 'lib/76b5a35@@rte_eal@sta/eal_common_eal_common_log.c.o.d' -o 'lib/76b5a35@@rte_eal@sta/eal_common_eal_common_log.c.o' -c ../lib/eal/common/eal_common_log.c
../lib/eal/common/eal_common_log.c:485:1: error: no previous prototype for 'rte_log_get_timestamp_prefix' [-Werror=missing-prototypes]
485 | rte_log_get_timestamp_prefix(char *buf, int buf_size)
| ^~~~~~~~~~~~~~~~~~~~~~~~~~~~
cc1: all warnings being treated as errors
ninja: build stopped: subcommand failed.
==== End log output ====
Ubuntu 20.04 ARM Clang Native
Kernel: 5.4.0-53-generic
Compiler: clang 10.0.0-4ubuntu1
Ubuntu 20.04 ARM GCC Native
Kernel: 5.4.0-53-generic
Compiler: gcc 9.3
Debian Buster
Kernel: 5.4.0-122-generic
Compiler: gcc 8.3.0-6
Ubuntu 22.04
Kernel: Container Host Kernel
Compiler: gcc 12.2.1-2
CentOS Stream 8
Kernel: 4.18.0-240.10.1.el8_3.x86_64
Compiler: gcc 8.4.1 20200928
RHEL 7
Kernel: 4.18.0-240.10.1.el8_3.x86_64
Compiler: gcc 4.8.5 20150623 (Red Hat 4.8.5-44)
RHEL8
Kernel: 4.18.0-240.10.1.el8_3.x86_64
Compiler: gcc 8.3.1 20191121 (Red Hat 8.3.1-5)
CentOS Stream 9
Kernel: 4.18.0-240.10.1.el8_3.x86_64
Compiler: gcc 11.3.1 20220421
openSUSE Leap 15
Kernel: 4.18.0-240.10.1.el8_3.x86_64
Compiler: gcc 7.5.0
Ubuntu 20.04
Kernel: 4.18.0-240.10.1.el8_3.x86_64
Compiler: gcc 9.3.0-17ubuntu1~20.04
Ubuntu 20.04 ARM GCC Cross Compile
Kernel: 5.4.0-72-generic
Compiler: aarch64-linux-gnu-gcc (Ubuntu 9.3.0-17ubuntu1~20.04) 9.3.0
Ubuntu 20.04 ARM Clang Cross Compile
Kernel: 5.4.0-72-generic
Compiler: clang version 10.0.0-4ubuntu1
Ubuntu 20.04 aarch32 GCC Cross Compile
Kernel: 5.4.0-72-generic
Compiler: gcc 9.3.0
Ubuntu 20.04 ARM SVE
Kernel: 5.4.0-80-generic
Compiler: gcc 10.3.0 (Ubuntu 10.3.0-1ubuntu1~20.04)
FreeBSD 13
Kernel: 13.0
Compiler: clang 11.0.1
Windows Server 2019
Kernel: 10.0
Compiler: clang 14.0 and gcc 8.1.0 (MinGW)
Debian Bullseye
Kernel: 5.4.0-122-generic
Compiler: gcc 10.2.1-6
To view detailed results, visit:
https://lab.dpdk.org/results/dashboard/patchsets/25611/
UNH-IOL DPDK Community Lab
To manage your email subscriptions, visit:
https://lab.dpdk.org/results/dashboard/preferences/subscriptions/
^ permalink raw reply [flat|nested] 24+ messages in thread
* |FAILURE| pw124801 [PATCH] log: add timestamp for log
@ 2023-03-05 13:11 dpdklab
0 siblings, 0 replies; 24+ messages in thread
From: dpdklab @ 2023-03-05 13:11 UTC (permalink / raw)
To: Test Report; +Cc: dpdk-test-reports, David Marchand, Thomas Monjalon, luzhipeng
Test-Label: iol-testing
Test-Status: FAILURE
http://dpdk.org/patch/124801
_Testing issues_
Submitter: luzhipeng <luzhipeng@cestc.cn>
Date: Saturday, March 04 2023 03:04:37
DPDK git baseline: Repo:dpdk
Branch: master
CommitID:4ef69b2877a24ddb89afaf4bb6f4e73bb52a605b
124801 --> testing fail
Test environment and result as below:
+----------------------------------------+----------------+--------------------+----------------------+
| Environment | dpdk_unit_test | dpdk_meson_compile | dpdk_mingw64_compile |
+========================================+================+====================+======================+
| Ubuntu 20.04 ARM Clang Native | FAIL | FAIL | SKIPPED |
+----------------------------------------+----------------+--------------------+----------------------+
| Ubuntu 20.04 ARM GCC Native | FAIL | FAIL | SKIPPED |
+----------------------------------------+----------------+--------------------+----------------------+
| Debian Buster | FAIL | FAIL | SKIPPED |
+----------------------------------------+----------------+--------------------+----------------------+
| Ubuntu 22.04 | FAIL | FAIL | SKIPPED |
+----------------------------------------+----------------+--------------------+----------------------+
| CentOS Stream 8 | FAIL | FAIL | SKIPPED |
+----------------------------------------+----------------+--------------------+----------------------+
| RHEL 7 | FAIL | FAIL | SKIPPED |
+----------------------------------------+----------------+--------------------+----------------------+
| RHEL8 | FAIL | FAIL | SKIPPED |
+----------------------------------------+----------------+--------------------+----------------------+
| CentOS Stream 9 | FAIL | FAIL | SKIPPED |
+----------------------------------------+----------------+--------------------+----------------------+
| Ubuntu 20.04 ARM GCC Cross Compile | SKIPPED | FAIL | SKIPPED |
+----------------------------------------+----------------+--------------------+----------------------+
| Ubuntu 20.04 ARM Clang Cross Compile | SKIPPED | FAIL | SKIPPED |
+----------------------------------------+----------------+--------------------+----------------------+
| Ubuntu 20.04 aarch32 GCC Cross Compile | SKIPPED | FAIL | SKIPPED |
+----------------------------------------+----------------+--------------------+----------------------+
| Ubuntu 20.04 ARM SVE | SKIPPED | FAIL | SKIPPED |
+----------------------------------------+----------------+--------------------+----------------------+
| FreeBSD 13 | SKIPPED | FAIL | SKIPPED |
+----------------------------------------+----------------+--------------------+----------------------+
| Windows Server 2019 | SKIPPED | FAIL | FAIL |
+----------------------------------------+----------------+--------------------+----------------------+
| Debian Bullseye | SKIPPED | FAIL | SKIPPED |
+----------------------------------------+----------------+--------------------+----------------------+
| openSUSE Leap 15 | SKIPPED | FAIL | SKIPPED |
+----------------------------------------+----------------+--------------------+----------------------+
| Ubuntu 20.04 | SKIPPED | FAIL | SKIPPED |
+----------------------------------------+----------------+--------------------+----------------------+
==== 20 line log output for Ubuntu 20.04 (dpdk_meson_compile): ====
[16/3191] Generating symbol file 'lib/76b5a35@@rte_telemetry@sha/librte_telemetry.so.23.1.symbols'.
[17/3191] Compiling C object 'lib/76b5a35@@rte_eal@sta/eal_common_eal_common_class.c.o'.
[18/3191] Compiling C object 'lib/76b5a35@@rte_eal@sta/eal_common_eal_common_config.c.o'.
[19/3191] Compiling C object 'lib/76b5a35@@rte_eal@sta/eal_common_eal_common_debug.c.o'.
[20/3191] Compiling C object 'lib/76b5a35@@rte_eal@sta/eal_common_eal_common_dev.c.o'.
[21/3191] Compiling C object 'lib/76b5a35@@rte_eal@sta/eal_common_eal_common_devargs.c.o'.
[22/3191] Compiling C object 'lib/76b5a35@@rte_eal@sta/eal_common_eal_common_errno.c.o'.
[23/3191] Compiling C object 'lib/76b5a35@@rte_eal@sta/eal_common_eal_common_fbarray.c.o'.
[24/3191] Compiling C object 'lib/76b5a35@@rte_eal@sta/eal_common_eal_common_hexdump.c.o'.
[25/3191] Compiling C object 'lib/76b5a35@@rte_eal@sta/eal_common_eal_common_interrupts.c.o'.
[26/3191] Compiling C object 'lib/76b5a35@@rte_eal@sta/eal_common_eal_common_launch.c.o'.
[27/3191] Compiling C object 'lib/76b5a35@@rte_eal@sta/eal_common_eal_common_lcore.c.o'.
[28/3191] Compiling C object 'lib/76b5a35@@rte_eal@sta/eal_common_eal_common_log.c.o'.
FAILED: lib/76b5a35@@rte_eal@sta/eal_common_eal_common_log.c.o
ccache cc -Ilib/76b5a35@@rte_eal@sta -Ilib -I../lib -I. -I../ -Iconfig -I../config -Ilib/eal/include -I../lib/eal/include -Ilib/eal/linux/include -I../lib/eal/linux/include -Ilib/eal/x86/include -I../lib/eal/x86/include -Ilib/eal/common -I../lib/eal/common -Ilib/eal -I../lib/eal -Ilib/kvargs -I../lib/kvargs -Ilib/telemetry/../metrics -I../lib/telemetry/../metrics -Ilib/telemetry -I../lib/telemetry -fdiagnostics-color=always -pipe -D_FILE_OFFSET_BITS=64 -Wall -Winvalid-pch -Wextra -Werror -O3 -include rte_config.h -Wcast-qual -Wdeprecated -Wformat -Wformat-nonliteral -Wformat-security -Wmissing-declarations -Wmissing-prototypes -Wnested-externs -Wold-style-definition -Wpointer-arith -Wsign-compare -Wstrict-prototypes -Wundef -Wwrite-strings -Wno-address-of-packed-member -Wno-packed-not-aligned -Wno-missing-field-initializers -D_GNU_SOURCE -fPIC -march=native -DALLOW_EXPERIMENTAL_API -DALLOW_INTERNAL_API -Wno-format-truncation '-DABI_VERSION="23.1"' -DRTE_LIBEAL_USE_GETENTROPY -DRTE_LO
G_DEFAULT_LOGTYPE=lib.eal -MD -MQ 'lib/76b5a35@@rte_eal@sta/eal_common_eal_common_log.c.o' -MF 'lib/76b5a35@@rte_eal@sta/eal_common_eal_common_log.c.o.d' -o 'lib/76b5a35@@rte_eal@sta/eal_common_eal_common_log.c.o' -c ../lib/eal/common/eal_common_log.c
../lib/eal/common/eal_common_log.c:485:1: error: no previous prototype for 'rte_log_get_timestamp_prefix' [-Werror=missing-prototypes]
485 | rte_log_get_timestamp_prefix(char *buf, int buf_size)
| ^~~~~~~~~~~~~~~~~~~~~~~~~~~~
cc1: all warnings being treated as errors
ninja: build stopped: subcommand failed.
==== End log output ====
Ubuntu 20.04 ARM Clang Native
Kernel: 5.4.0-53-generic
Compiler: clang 10.0.0-4ubuntu1
Ubuntu 20.04 ARM GCC Native
Kernel: 5.4.0-53-generic
Compiler: gcc 9.3
Debian Buster
Kernel: 5.4.0-122-generic
Compiler: gcc 8.3.0-6
Ubuntu 22.04
Kernel: Container Host Kernel
Compiler: gcc 12.2.1-2
CentOS Stream 8
Kernel: 4.18.0-240.10.1.el8_3.x86_64
Compiler: gcc 8.4.1 20200928
RHEL 7
Kernel: 4.18.0-240.10.1.el8_3.x86_64
Compiler: gcc 4.8.5 20150623 (Red Hat 4.8.5-44)
RHEL8
Kernel: 4.18.0-240.10.1.el8_3.x86_64
Compiler: gcc 8.3.1 20191121 (Red Hat 8.3.1-5)
CentOS Stream 9
Kernel: 4.18.0-240.10.1.el8_3.x86_64
Compiler: gcc 11.3.1 20220421
Ubuntu 20.04 ARM GCC Cross Compile
Kernel: 5.4.0-72-generic
Compiler: aarch64-linux-gnu-gcc (Ubuntu 9.3.0-17ubuntu1~20.04) 9.3.0
Ubuntu 20.04 ARM Clang Cross Compile
Kernel: 5.4.0-72-generic
Compiler: clang version 10.0.0-4ubuntu1
Ubuntu 20.04 aarch32 GCC Cross Compile
Kernel: 5.4.0-72-generic
Compiler: gcc 9.3.0
Ubuntu 20.04 ARM SVE
Kernel: 5.4.0-80-generic
Compiler: gcc 10.3.0 (Ubuntu 10.3.0-1ubuntu1~20.04)
FreeBSD 13
Kernel: 13.0
Compiler: clang 11.0.1
Windows Server 2019
Kernel: 10.0
Compiler: clang 14.0 and gcc 8.1.0 (MinGW)
Debian Bullseye
Kernel: 5.4.0-122-generic
Compiler: gcc 10.2.1-6
openSUSE Leap 15
Kernel: 4.18.0-240.10.1.el8_3.x86_64
Compiler: gcc 7.5.0
Ubuntu 20.04
Kernel: 4.18.0-240.10.1.el8_3.x86_64
Compiler: gcc 9.3.0-17ubuntu1~20.04
To view detailed results, visit:
https://lab.dpdk.org/results/dashboard/patchsets/25611/
UNH-IOL DPDK Community Lab
To manage your email subscriptions, visit:
https://lab.dpdk.org/results/dashboard/preferences/subscriptions/
^ permalink raw reply [flat|nested] 24+ messages in thread
* |FAILURE| pw124801 [PATCH] log: add timestamp for log
@ 2023-03-05 13:11 dpdklab
0 siblings, 0 replies; 24+ messages in thread
From: dpdklab @ 2023-03-05 13:11 UTC (permalink / raw)
To: Test Report; +Cc: dpdk-test-reports, David Marchand, Thomas Monjalon, luzhipeng
Test-Label: iol-testing
Test-Status: FAILURE
http://dpdk.org/patch/124801
_Testing issues_
Submitter: luzhipeng <luzhipeng@cestc.cn>
Date: Saturday, March 04 2023 03:04:37
DPDK git baseline: Repo:dpdk
Branch: master
CommitID:4ef69b2877a24ddb89afaf4bb6f4e73bb52a605b
124801 --> testing fail
Test environment and result as below:
+----------------------------------------+----------------+--------------------+----------------------+
| Environment | dpdk_unit_test | dpdk_meson_compile | dpdk_mingw64_compile |
+========================================+================+====================+======================+
| Ubuntu 20.04 ARM Clang Native | FAIL | FAIL | SKIPPED |
+----------------------------------------+----------------+--------------------+----------------------+
| Ubuntu 20.04 ARM GCC Native | FAIL | FAIL | SKIPPED |
+----------------------------------------+----------------+--------------------+----------------------+
| Debian Buster | FAIL | FAIL | SKIPPED |
+----------------------------------------+----------------+--------------------+----------------------+
| Ubuntu 20.04 ARM GCC Cross Compile | SKIPPED | FAIL | SKIPPED |
+----------------------------------------+----------------+--------------------+----------------------+
| Ubuntu 20.04 ARM Clang Cross Compile | SKIPPED | FAIL | SKIPPED |
+----------------------------------------+----------------+--------------------+----------------------+
| Ubuntu 20.04 aarch32 GCC Cross Compile | SKIPPED | FAIL | SKIPPED |
+----------------------------------------+----------------+--------------------+----------------------+
| Ubuntu 20.04 ARM SVE | SKIPPED | FAIL | SKIPPED |
+----------------------------------------+----------------+--------------------+----------------------+
| FreeBSD 13 | SKIPPED | FAIL | SKIPPED |
+----------------------------------------+----------------+--------------------+----------------------+
| Windows Server 2019 | SKIPPED | FAIL | FAIL |
+----------------------------------------+----------------+--------------------+----------------------+
| CentOS Stream 8 | SKIPPED | FAIL | SKIPPED |
+----------------------------------------+----------------+--------------------+----------------------+
| CentOS Stream 9 | SKIPPED | FAIL | SKIPPED |
+----------------------------------------+----------------+--------------------+----------------------+
| Debian Bullseye | SKIPPED | FAIL | SKIPPED |
+----------------------------------------+----------------+--------------------+----------------------+
| Ubuntu 22.04 | SKIPPED | FAIL | SKIPPED |
+----------------------------------------+----------------+--------------------+----------------------+
| RHEL 7 | SKIPPED | FAIL | SKIPPED |
+----------------------------------------+----------------+--------------------+----------------------+
| openSUSE Leap 15 | SKIPPED | FAIL | SKIPPED |
+----------------------------------------+----------------+--------------------+----------------------+
| RHEL8 | SKIPPED | FAIL | SKIPPED |
+----------------------------------------+----------------+--------------------+----------------------+
| Ubuntu 20.04 | SKIPPED | FAIL | SKIPPED |
+----------------------------------------+----------------+--------------------+----------------------+
==== 20 line log output for Ubuntu 20.04 (dpdk_meson_compile): ====
[16/3191] Generating symbol file 'lib/76b5a35@@rte_telemetry@sha/librte_telemetry.so.23.1.symbols'.
[17/3191] Compiling C object 'lib/76b5a35@@rte_eal@sta/eal_common_eal_common_class.c.o'.
[18/3191] Compiling C object 'lib/76b5a35@@rte_eal@sta/eal_common_eal_common_config.c.o'.
[19/3191] Compiling C object 'lib/76b5a35@@rte_eal@sta/eal_common_eal_common_debug.c.o'.
[20/3191] Compiling C object 'lib/76b5a35@@rte_eal@sta/eal_common_eal_common_dev.c.o'.
[21/3191] Compiling C object 'lib/76b5a35@@rte_eal@sta/eal_common_eal_common_devargs.c.o'.
[22/3191] Compiling C object 'lib/76b5a35@@rte_eal@sta/eal_common_eal_common_errno.c.o'.
[23/3191] Compiling C object 'lib/76b5a35@@rte_eal@sta/eal_common_eal_common_fbarray.c.o'.
[24/3191] Compiling C object 'lib/76b5a35@@rte_eal@sta/eal_common_eal_common_hexdump.c.o'.
[25/3191] Compiling C object 'lib/76b5a35@@rte_eal@sta/eal_common_eal_common_interrupts.c.o'.
[26/3191] Compiling C object 'lib/76b5a35@@rte_eal@sta/eal_common_eal_common_launch.c.o'.
[27/3191] Compiling C object 'lib/76b5a35@@rte_eal@sta/eal_common_eal_common_lcore.c.o'.
[28/3191] Compiling C object 'lib/76b5a35@@rte_eal@sta/eal_common_eal_common_log.c.o'.
FAILED: lib/76b5a35@@rte_eal@sta/eal_common_eal_common_log.c.o
ccache cc -Ilib/76b5a35@@rte_eal@sta -Ilib -I../lib -I. -I../ -Iconfig -I../config -Ilib/eal/include -I../lib/eal/include -Ilib/eal/linux/include -I../lib/eal/linux/include -Ilib/eal/x86/include -I../lib/eal/x86/include -Ilib/eal/common -I../lib/eal/common -Ilib/eal -I../lib/eal -Ilib/kvargs -I../lib/kvargs -Ilib/telemetry/../metrics -I../lib/telemetry/../metrics -Ilib/telemetry -I../lib/telemetry -fdiagnostics-color=always -pipe -D_FILE_OFFSET_BITS=64 -Wall -Winvalid-pch -Wextra -Werror -O3 -include rte_config.h -Wcast-qual -Wdeprecated -Wformat -Wformat-nonliteral -Wformat-security -Wmissing-declarations -Wmissing-prototypes -Wnested-externs -Wold-style-definition -Wpointer-arith -Wsign-compare -Wstrict-prototypes -Wundef -Wwrite-strings -Wno-address-of-packed-member -Wno-packed-not-aligned -Wno-missing-field-initializers -D_GNU_SOURCE -fPIC -march=native -DALLOW_EXPERIMENTAL_API -DALLOW_INTERNAL_API -Wno-format-truncation '-DABI_VERSION="23.1"' -DRTE_LIBEAL_USE_GETENTROPY -DRTE_LO
G_DEFAULT_LOGTYPE=lib.eal -MD -MQ 'lib/76b5a35@@rte_eal@sta/eal_common_eal_common_log.c.o' -MF 'lib/76b5a35@@rte_eal@sta/eal_common_eal_common_log.c.o.d' -o 'lib/76b5a35@@rte_eal@sta/eal_common_eal_common_log.c.o' -c ../lib/eal/common/eal_common_log.c
../lib/eal/common/eal_common_log.c:485:1: error: no previous prototype for 'rte_log_get_timestamp_prefix' [-Werror=missing-prototypes]
485 | rte_log_get_timestamp_prefix(char *buf, int buf_size)
| ^~~~~~~~~~~~~~~~~~~~~~~~~~~~
cc1: all warnings being treated as errors
ninja: build stopped: subcommand failed.
==== End log output ====
Ubuntu 20.04 ARM Clang Native
Kernel: 5.4.0-53-generic
Compiler: clang 10.0.0-4ubuntu1
Ubuntu 20.04 ARM GCC Native
Kernel: 5.4.0-53-generic
Compiler: gcc 9.3
Debian Buster
Kernel: 5.4.0-122-generic
Compiler: gcc 8.3.0-6
Ubuntu 20.04 ARM GCC Cross Compile
Kernel: 5.4.0-72-generic
Compiler: aarch64-linux-gnu-gcc (Ubuntu 9.3.0-17ubuntu1~20.04) 9.3.0
Ubuntu 20.04 ARM Clang Cross Compile
Kernel: 5.4.0-72-generic
Compiler: clang version 10.0.0-4ubuntu1
Ubuntu 20.04 aarch32 GCC Cross Compile
Kernel: 5.4.0-72-generic
Compiler: gcc 9.3.0
Ubuntu 20.04 ARM SVE
Kernel: 5.4.0-80-generic
Compiler: gcc 10.3.0 (Ubuntu 10.3.0-1ubuntu1~20.04)
FreeBSD 13
Kernel: 13.0
Compiler: clang 11.0.1
Windows Server 2019
Kernel: 10.0
Compiler: clang 14.0 and gcc 8.1.0 (MinGW)
CentOS Stream 8
Kernel: 4.18.0-240.10.1.el8_3.x86_64
Compiler: gcc 8.4.1 20200928
CentOS Stream 9
Kernel: 4.18.0-240.10.1.el8_3.x86_64
Compiler: gcc 11.3.1 20220421
Debian Bullseye
Kernel: 5.4.0-122-generic
Compiler: gcc 10.2.1-6
Ubuntu 22.04
Kernel: Container Host Kernel
Compiler: gcc 11.3.1-2
RHEL 7
Kernel: 4.18.0-240.10.1.el8_3.x86_64
Compiler: gcc 4.8.5 20150623 (Red Hat 4.8.5-44)
openSUSE Leap 15
Kernel: 4.18.0-240.10.1.el8_3.x86_64
Compiler: gcc 7.5.0
RHEL8
Kernel: 4.18.0-240.10.1.el8_3.x86_64
Compiler: gcc 8.3.1 20191121 (Red Hat 8.3.1-5)
Ubuntu 20.04
Kernel: 4.18.0-240.10.1.el8_3.x86_64
Compiler: gcc 9.3.0-17ubuntu1~20.04
To view detailed results, visit:
https://lab.dpdk.org/results/dashboard/patchsets/25611/
UNH-IOL DPDK Community Lab
To manage your email subscriptions, visit:
https://lab.dpdk.org/results/dashboard/preferences/subscriptions/
^ permalink raw reply [flat|nested] 24+ messages in thread
* |FAILURE| pw124801 [PATCH] log: add timestamp for log
@ 2023-03-05 12:52 dpdklab
0 siblings, 0 replies; 24+ messages in thread
From: dpdklab @ 2023-03-05 12:52 UTC (permalink / raw)
To: Test Report; +Cc: dpdk-test-reports, David Marchand, Thomas Monjalon, luzhipeng
Test-Label: iol-testing
Test-Status: FAILURE
http://dpdk.org/patch/124801
_Testing issues_
Submitter: luzhipeng <luzhipeng@cestc.cn>
Date: Saturday, March 04 2023 03:04:37
DPDK git baseline: Repo:dpdk
Branch: master
CommitID:4ef69b2877a24ddb89afaf4bb6f4e73bb52a605b
124801 --> testing fail
Test environment and result as below:
+----------------------------------------+----------------+--------------------+----------------------+
| Environment | dpdk_unit_test | dpdk_meson_compile | dpdk_mingw64_compile |
+========================================+================+====================+======================+
| Ubuntu 20.04 ARM GCC Native | FAIL | FAIL | SKIPPED |
+----------------------------------------+----------------+--------------------+----------------------+
| Ubuntu 20.04 ARM Clang Native | FAIL | FAIL | SKIPPED |
+----------------------------------------+----------------+--------------------+----------------------+
| Ubuntu 20.04 | FAIL | FAIL | SKIPPED |
+----------------------------------------+----------------+--------------------+----------------------+
| Debian Bullseye | FAIL | FAIL | SKIPPED |
+----------------------------------------+----------------+--------------------+----------------------+
| Ubuntu 22.04 | FAIL | FAIL | SKIPPED |
+----------------------------------------+----------------+--------------------+----------------------+
| Windows Server 2019 | FAIL | FAIL | FAIL |
+----------------------------------------+----------------+--------------------+----------------------+
| RHEL8 | FAIL | FAIL | SKIPPED |
+----------------------------------------+----------------+--------------------+----------------------+
| RHEL 7 | FAIL | FAIL | SKIPPED |
+----------------------------------------+----------------+--------------------+----------------------+
| CentOS Stream 8 | FAIL | FAIL | SKIPPED |
+----------------------------------------+----------------+--------------------+----------------------+
| Debian Buster | FAIL | FAIL | SKIPPED |
+----------------------------------------+----------------+--------------------+----------------------+
| CentOS Stream 9 | FAIL | FAIL | SKIPPED |
+----------------------------------------+----------------+--------------------+----------------------+
| openSUSE Leap 15 | FAIL | FAIL | SKIPPED |
+----------------------------------------+----------------+--------------------+----------------------+
| Ubuntu 20.04 ARM GCC Cross Compile | SKIPPED | FAIL | SKIPPED |
+----------------------------------------+----------------+--------------------+----------------------+
| Ubuntu 20.04 ARM Clang Cross Compile | SKIPPED | FAIL | SKIPPED |
+----------------------------------------+----------------+--------------------+----------------------+
| Ubuntu 20.04 aarch32 GCC Cross Compile | SKIPPED | FAIL | SKIPPED |
+----------------------------------------+----------------+--------------------+----------------------+
| Ubuntu 20.04 ARM SVE | SKIPPED | FAIL | SKIPPED |
+----------------------------------------+----------------+--------------------+----------------------+
| FreeBSD 13 | SKIPPED | FAIL | SKIPPED |
+----------------------------------------+----------------+--------------------+----------------------+
==== 20 line log output for FreeBSD 13 (dpdk_meson_compile): ====
[33/1734] Compiling C object lib/librte_eal.a.p/eal_common_rte_malloc.c.o
[34/1734] Compiling C object lib/librte_eal.a.p/eal_common_malloc_elem.c.o
[35/1734] Compiling C object lib/librte_eal.a.p/eal_common_rte_reciprocal.c.o
[36/1734] Compiling C object lib/librte_eal.a.p/eal_common_eal_common_log.c.o
FAILED: lib/librte_eal.a.p/eal_common_eal_common_log.c.o
ccache cc -Ilib/librte_eal.a.p -Ilib -I../lib -I. -I.. -Iconfig -I../config -Ilib/eal/include -I../lib/eal/include -Ilib/eal/freebsd/include -I../lib/eal/freebsd/include -Ilib/eal/x86/include -I../lib/eal/x86/include -Ilib/eal/common -I../lib/eal/common -Ilib/eal -I../lib/eal -Ilib/kvargs -I../lib/kvargs -Ilib/metrics -I../lib/metrics -Ilib/telemetry -I../lib/telemetry -fcolor-diagnostics -D_FILE_OFFSET_BITS=64 -Wall -Winvalid-pch -Wextra -Werror -O3 -include rte_config.h -Wcast-qual -Wdeprecated -Wformat -Wformat-nonliteral -Wformat-security -Wmissing-declarations -Wmissing-prototypes -Wnested-externs -Wold-style-definition -Wpointer-arith -Wsign-compare -Wstrict-prototypes -Wundef -Wwrite-strings -Wno-address-of-packed-member -Wno-missing-field-initializers -D_GNU_SOURCE -D__BSD_VISIBLE -fPIC -march=native -DALLOW_EXPERIMENTAL_API -DALLOW_INTERNAL_API '-DABI_VERSION="23.1"' -DRTE_LIBEAL_USE_GETENTROPY -DRTE_LOG_DEFAULT_LOGTYPE=lib.eal -MD -MQ lib/librte_eal.a.p/eal_common_eal_commo
n_log.c.o -MF lib/librte_eal.a.p/eal_common_eal_common_log.c.o.d -o lib/librte_eal.a.p/eal_common_eal_common_log.c.o -c ../lib/eal/common/eal_common_log.c
../lib/eal/common/eal_common_log.c:485:1: error: no previous prototype for function 'rte_log_get_timestamp_prefix' [-Werror,-Wmissing-prototypes]
rte_log_get_timestamp_prefix(char *buf, int buf_size)
^
../lib/eal/common/eal_common_log.c:484:1: note: declare 'static' if the function is not intended to be used outside of this translation unit
void
^
static
1 error generated.
[37/1734] Compiling C object lib/librte_eal.a.p/eal_common_malloc_heap.c.o
[38/1734] Compiling C object lib/librte_eal.a.p/eal_common_rte_random.c.o
[39/1734] Compiling C object lib/librte_eal.a.p/eal_common_rte_service.c.o
[40/1734] Generating lib/kvargs.sym_chk with a custom command (wrapped by meson to capture output)
[41/1734] Generating lib/telemetry.sym_chk with a custom command (wrapped by meson to capture output)
ninja: build stopped: subcommand failed.
==== End log output ====
Ubuntu 20.04 ARM GCC Native
Kernel: 5.4.0-53-generic
Compiler: gcc 9.3
Ubuntu 20.04 ARM Clang Native
Kernel: 5.4.0-53-generic
Compiler: clang 10.0.0-4ubuntu1
Ubuntu 20.04
Kernel: 4.18.0-240.10.1.el8_3.x86_64
Compiler: gcc 9.3.0-17ubuntu1~20.04
Debian Bullseye
Kernel: 5.4.0-122-generic
Compiler: gcc 10.2.1-6
Ubuntu 22.04
Kernel: Container Host Kernel
Compiler: clang 14.0.5-1.fc36
Windows Server 2019
Kernel: 10.0
Compiler: clang 14.0 and gcc 8.1.0 (MinGW)
RHEL8
Kernel: 4.18.0-240.10.1.el8_3.x86_64
Compiler: gcc 8.3.1 20191121 (Red Hat 8.3.1-5)
RHEL 7
Kernel: 4.18.0-240.10.1.el8_3.x86_64
Compiler: gcc 4.8.5 20150623 (Red Hat 4.8.5-44)
CentOS Stream 8
Kernel: 4.18.0-240.10.1.el8_3.x86_64
Compiler: gcc 8.4.1 20200928
Debian Buster
Kernel: 5.4.0-122-generic
Compiler: gcc 8.3.0-6
CentOS Stream 9
Kernel: 4.18.0-240.10.1.el8_3.x86_64
Compiler: gcc 11.3.1 20220421
openSUSE Leap 15
Kernel: 4.18.0-240.10.1.el8_3.x86_64
Compiler: gcc 7.5.0
Ubuntu 20.04 ARM GCC Cross Compile
Kernel: 5.4.0-72-generic
Compiler: aarch64-linux-gnu-gcc (Ubuntu 9.3.0-17ubuntu1~20.04) 9.3.0
Ubuntu 20.04 ARM Clang Cross Compile
Kernel: 5.4.0-72-generic
Compiler: clang version 10.0.0-4ubuntu1
Ubuntu 20.04 aarch32 GCC Cross Compile
Kernel: 5.4.0-72-generic
Compiler: gcc 9.3.0
Ubuntu 20.04 ARM SVE
Kernel: 5.4.0-80-generic
Compiler: gcc 10.3.0 (Ubuntu 10.3.0-1ubuntu1~20.04)
FreeBSD 13
Kernel: 13.0
Compiler: clang 11.0.1
To view detailed results, visit:
https://lab.dpdk.org/results/dashboard/patchsets/25611/
UNH-IOL DPDK Community Lab
To manage your email subscriptions, visit:
https://lab.dpdk.org/results/dashboard/preferences/subscriptions/
^ permalink raw reply [flat|nested] 24+ messages in thread
* |FAILURE| pw124801 [PATCH] log: add timestamp for log
@ 2023-03-05 12:51 dpdklab
0 siblings, 0 replies; 24+ messages in thread
From: dpdklab @ 2023-03-05 12:51 UTC (permalink / raw)
To: Test Report; +Cc: dpdk-test-reports, David Marchand, Thomas Monjalon, luzhipeng
Test-Label: iol-testing
Test-Status: FAILURE
http://dpdk.org/patch/124801
_Testing issues_
Submitter: luzhipeng <luzhipeng@cestc.cn>
Date: Saturday, March 04 2023 03:04:37
DPDK git baseline: Repo:dpdk
Branch: master
CommitID:4ef69b2877a24ddb89afaf4bb6f4e73bb52a605b
124801 --> testing fail
Test environment and result as below:
+----------------------------------------+----------------+--------------------+----------------------+
| Environment | dpdk_unit_test | dpdk_meson_compile | dpdk_mingw64_compile |
+========================================+================+====================+======================+
| Ubuntu 20.04 ARM GCC Native | FAIL | FAIL | SKIPPED |
+----------------------------------------+----------------+--------------------+----------------------+
| Ubuntu 20.04 ARM Clang Native | FAIL | FAIL | SKIPPED |
+----------------------------------------+----------------+--------------------+----------------------+
| Ubuntu 20.04 | FAIL | FAIL | SKIPPED |
+----------------------------------------+----------------+--------------------+----------------------+
| Debian Bullseye | FAIL | FAIL | SKIPPED |
+----------------------------------------+----------------+--------------------+----------------------+
| Ubuntu 22.04 | FAIL | FAIL | SKIPPED |
+----------------------------------------+----------------+--------------------+----------------------+
| Windows Server 2019 | FAIL | FAIL | FAIL |
+----------------------------------------+----------------+--------------------+----------------------+
| RHEL8 | FAIL | FAIL | SKIPPED |
+----------------------------------------+----------------+--------------------+----------------------+
| RHEL 7 | FAIL | FAIL | SKIPPED |
+----------------------------------------+----------------+--------------------+----------------------+
| CentOS Stream 8 | FAIL | FAIL | SKIPPED |
+----------------------------------------+----------------+--------------------+----------------------+
| Debian Buster | FAIL | FAIL | SKIPPED |
+----------------------------------------+----------------+--------------------+----------------------+
| CentOS Stream 9 | FAIL | FAIL | SKIPPED |
+----------------------------------------+----------------+--------------------+----------------------+
| Ubuntu 20.04 ARM GCC Cross Compile | SKIPPED | FAIL | SKIPPED |
+----------------------------------------+----------------+--------------------+----------------------+
| Ubuntu 20.04 ARM Clang Cross Compile | SKIPPED | FAIL | SKIPPED |
+----------------------------------------+----------------+--------------------+----------------------+
| Ubuntu 20.04 aarch32 GCC Cross Compile | SKIPPED | FAIL | SKIPPED |
+----------------------------------------+----------------+--------------------+----------------------+
| Ubuntu 20.04 ARM SVE | SKIPPED | FAIL | SKIPPED |
+----------------------------------------+----------------+--------------------+----------------------+
| FreeBSD 13 | SKIPPED | FAIL | SKIPPED |
+----------------------------------------+----------------+--------------------+----------------------+
| openSUSE Leap 15 | SKIPPED | FAIL | SKIPPED |
+----------------------------------------+----------------+--------------------+----------------------+
==== 20 line log output for openSUSE Leap 15 (dpdk_meson_compile): ====
[16/3177] Compiling C object 'lib/76b5a35@@rte_eal@sta/eal_common_eal_common_bus.c.o'.
[17/3177] Compiling C object 'lib/76b5a35@@rte_eal@sta/eal_common_eal_common_class.c.o'.
[18/3177] Compiling C object 'lib/76b5a35@@rte_eal@sta/eal_common_eal_common_config.c.o'.
[19/3177] Compiling C object 'lib/76b5a35@@rte_eal@sta/eal_common_eal_common_debug.c.o'.
[20/3177] Compiling C object 'lib/76b5a35@@rte_eal@sta/eal_common_eal_common_dev.c.o'.
[21/3177] Compiling C object 'lib/76b5a35@@rte_eal@sta/eal_common_eal_common_devargs.c.o'.
[22/3177] Compiling C object 'lib/76b5a35@@rte_eal@sta/eal_common_eal_common_errno.c.o'.
[23/3177] Compiling C object 'lib/76b5a35@@rte_eal@sta/eal_common_eal_common_fbarray.c.o'.
[24/3177] Compiling C object 'lib/76b5a35@@rte_eal@sta/eal_common_eal_common_hexdump.c.o'.
[25/3177] Compiling C object 'lib/76b5a35@@rte_eal@sta/eal_common_eal_common_interrupts.c.o'.
[26/3177] Compiling C object 'lib/76b5a35@@rte_eal@sta/eal_common_eal_common_launch.c.o'.
[27/3177] Compiling C object 'lib/76b5a35@@rte_eal@sta/eal_common_eal_common_lcore.c.o'.
[28/3177] Compiling C object 'lib/76b5a35@@rte_eal@sta/eal_common_eal_common_log.c.o'.
FAILED: lib/76b5a35@@rte_eal@sta/eal_common_eal_common_log.c.o
ccache cc -Ilib/76b5a35@@rte_eal@sta -Ilib -I../lib -I. -I../ -Iconfig -I../config -Ilib/eal/include -I../lib/eal/include -Ilib/eal/linux/include -I../lib/eal/linux/include -Ilib/eal/x86/include -I../lib/eal/x86/include -Ilib/eal/common -I../lib/eal/common -Ilib/eal -I../lib/eal -Ilib/kvargs -I../lib/kvargs -Ilib/telemetry/../metrics -I../lib/telemetry/../metrics -Ilib/telemetry -I../lib/telemetry -fdiagnostics-color=always -pipe -D_FILE_OFFSET_BITS=64 -Wall -Winvalid-pch -Wextra -Werror -O3 -include rte_config.h -Wcast-qual -Wdeprecated -Wformat -Wformat-nonliteral -Wformat-security -Wmissing-declarations -Wmissing-prototypes -Wnested-externs -Wold-style-definition -Wpointer-arith -Wsign-compare -Wstrict-prototypes -Wundef -Wwrite-strings -Wno-missing-field-initializers -D_GNU_SOURCE -fPIC -march=native -DALLOW_EXPERIMENTAL_API -DALLOW_INTERNAL_API -Wno-format-truncation '-DABI_VERSION="23.1"' -DRTE_LIBEAL_USE_GETENTROPY -DRTE_LOG_DEFAULT_LOGTYPE=lib.eal -MD -MQ 'lib/76b5a35@@rte_ea
l@sta/eal_common_eal_common_log.c.o' -MF 'lib/76b5a35@@rte_eal@sta/eal_common_eal_common_log.c.o.d' -o 'lib/76b5a35@@rte_eal@sta/eal_common_eal_common_log.c.o' -c ../lib/eal/common/eal_common_log.c
../lib/eal/common/eal_common_log.c:485:1: error: no previous prototype for 'rte_log_get_timestamp_prefix' [-Werror=missing-prototypes]
rte_log_get_timestamp_prefix(char *buf, int buf_size)
^~~~~~~~~~~~~~~~~~~~~~~~~~~~
cc1: all warnings being treated as errors
ninja: build stopped: subcommand failed.
==== End log output ====
Ubuntu 20.04 ARM GCC Native
Kernel: 5.4.0-53-generic
Compiler: gcc 9.3
Ubuntu 20.04 ARM Clang Native
Kernel: 5.4.0-53-generic
Compiler: clang 10.0.0-4ubuntu1
Ubuntu 20.04
Kernel: 4.18.0-240.10.1.el8_3.x86_64
Compiler: gcc 9.3.0-17ubuntu1~20.04
Debian Bullseye
Kernel: 5.4.0-122-generic
Compiler: gcc 10.2.1-6
Ubuntu 22.04
Kernel: Container Host Kernel
Compiler: clang 14.0.5-1.fc36
Windows Server 2019
Kernel: 10.0
Compiler: clang 14.0 and gcc 8.1.0 (MinGW)
RHEL8
Kernel: 4.18.0-240.10.1.el8_3.x86_64
Compiler: gcc 8.3.1 20191121 (Red Hat 8.3.1-5)
RHEL 7
Kernel: 4.18.0-240.10.1.el8_3.x86_64
Compiler: gcc 4.8.5 20150623 (Red Hat 4.8.5-44)
CentOS Stream 8
Kernel: 4.18.0-240.10.1.el8_3.x86_64
Compiler: gcc 8.4.1 20200928
Debian Buster
Kernel: 5.4.0-122-generic
Compiler: gcc 8.3.0-6
CentOS Stream 9
Kernel: 4.18.0-240.10.1.el8_3.x86_64
Compiler: gcc 11.3.1 20220421
Ubuntu 20.04 ARM GCC Cross Compile
Kernel: 5.4.0-72-generic
Compiler: aarch64-linux-gnu-gcc (Ubuntu 9.3.0-17ubuntu1~20.04) 9.3.0
Ubuntu 20.04 ARM Clang Cross Compile
Kernel: 5.4.0-72-generic
Compiler: clang version 10.0.0-4ubuntu1
Ubuntu 20.04 aarch32 GCC Cross Compile
Kernel: 5.4.0-72-generic
Compiler: gcc 9.3.0
Ubuntu 20.04 ARM SVE
Kernel: 5.4.0-80-generic
Compiler: gcc 10.3.0 (Ubuntu 10.3.0-1ubuntu1~20.04)
FreeBSD 13
Kernel: 13.0
Compiler: clang 11.0.1
openSUSE Leap 15
Kernel: 4.18.0-240.10.1.el8_3.x86_64
Compiler: gcc 7.5.0
To view detailed results, visit:
https://lab.dpdk.org/results/dashboard/patchsets/25611/
UNH-IOL DPDK Community Lab
To manage your email subscriptions, visit:
https://lab.dpdk.org/results/dashboard/preferences/subscriptions/
^ permalink raw reply [flat|nested] 24+ messages in thread
* |FAILURE| pw124801 [PATCH] log: add timestamp for log
@ 2023-03-05 12:51 dpdklab
0 siblings, 0 replies; 24+ messages in thread
From: dpdklab @ 2023-03-05 12:51 UTC (permalink / raw)
To: Test Report; +Cc: dpdk-test-reports, David Marchand, Thomas Monjalon, luzhipeng
Test-Label: iol-testing
Test-Status: FAILURE
http://dpdk.org/patch/124801
_Testing issues_
Submitter: luzhipeng <luzhipeng@cestc.cn>
Date: Saturday, March 04 2023 03:04:37
DPDK git baseline: Repo:dpdk
Branch: master
CommitID:4ef69b2877a24ddb89afaf4bb6f4e73bb52a605b
124801 --> testing fail
Test environment and result as below:
+----------------------------------------+----------------+--------------------+----------------------+
| Environment | dpdk_unit_test | dpdk_meson_compile | dpdk_mingw64_compile |
+========================================+================+====================+======================+
| Ubuntu 20.04 ARM GCC Native | FAIL | FAIL | SKIPPED |
+----------------------------------------+----------------+--------------------+----------------------+
| Ubuntu 20.04 ARM Clang Native | FAIL | FAIL | SKIPPED |
+----------------------------------------+----------------+--------------------+----------------------+
| Ubuntu 20.04 | FAIL | FAIL | SKIPPED |
+----------------------------------------+----------------+--------------------+----------------------+
| Debian Bullseye | FAIL | FAIL | SKIPPED |
+----------------------------------------+----------------+--------------------+----------------------+
| Ubuntu 22.04 | FAIL | FAIL | SKIPPED |
+----------------------------------------+----------------+--------------------+----------------------+
| Windows Server 2019 | FAIL | FAIL | FAIL |
+----------------------------------------+----------------+--------------------+----------------------+
| RHEL8 | FAIL | FAIL | SKIPPED |
+----------------------------------------+----------------+--------------------+----------------------+
| RHEL 7 | FAIL | FAIL | SKIPPED |
+----------------------------------------+----------------+--------------------+----------------------+
| CentOS Stream 8 | FAIL | FAIL | SKIPPED |
+----------------------------------------+----------------+--------------------+----------------------+
| Ubuntu 20.04 ARM GCC Cross Compile | SKIPPED | FAIL | SKIPPED |
+----------------------------------------+----------------+--------------------+----------------------+
| Ubuntu 20.04 ARM Clang Cross Compile | SKIPPED | FAIL | SKIPPED |
+----------------------------------------+----------------+--------------------+----------------------+
| Ubuntu 20.04 aarch32 GCC Cross Compile | SKIPPED | FAIL | SKIPPED |
+----------------------------------------+----------------+--------------------+----------------------+
| Ubuntu 20.04 ARM SVE | SKIPPED | FAIL | SKIPPED |
+----------------------------------------+----------------+--------------------+----------------------+
| FreeBSD 13 | SKIPPED | FAIL | SKIPPED |
+----------------------------------------+----------------+--------------------+----------------------+
| CentOS Stream 9 | SKIPPED | FAIL | SKIPPED |
+----------------------------------------+----------------+--------------------+----------------------+
| Debian Buster | SKIPPED | FAIL | SKIPPED |
+----------------------------------------+----------------+--------------------+----------------------+
| openSUSE Leap 15 | SKIPPED | FAIL | SKIPPED |
+----------------------------------------+----------------+--------------------+----------------------+
==== 20 line log output for openSUSE Leap 15 (dpdk_meson_compile): ====
[16/3177] Compiling C object 'lib/76b5a35@@rte_eal@sta/eal_common_eal_common_bus.c.o'.
[17/3177] Compiling C object 'lib/76b5a35@@rte_eal@sta/eal_common_eal_common_class.c.o'.
[18/3177] Compiling C object 'lib/76b5a35@@rte_eal@sta/eal_common_eal_common_config.c.o'.
[19/3177] Compiling C object 'lib/76b5a35@@rte_eal@sta/eal_common_eal_common_debug.c.o'.
[20/3177] Compiling C object 'lib/76b5a35@@rte_eal@sta/eal_common_eal_common_dev.c.o'.
[21/3177] Compiling C object 'lib/76b5a35@@rte_eal@sta/eal_common_eal_common_devargs.c.o'.
[22/3177] Compiling C object 'lib/76b5a35@@rte_eal@sta/eal_common_eal_common_errno.c.o'.
[23/3177] Compiling C object 'lib/76b5a35@@rte_eal@sta/eal_common_eal_common_fbarray.c.o'.
[24/3177] Compiling C object 'lib/76b5a35@@rte_eal@sta/eal_common_eal_common_hexdump.c.o'.
[25/3177] Compiling C object 'lib/76b5a35@@rte_eal@sta/eal_common_eal_common_interrupts.c.o'.
[26/3177] Compiling C object 'lib/76b5a35@@rte_eal@sta/eal_common_eal_common_launch.c.o'.
[27/3177] Compiling C object 'lib/76b5a35@@rte_eal@sta/eal_common_eal_common_lcore.c.o'.
[28/3177] Compiling C object 'lib/76b5a35@@rte_eal@sta/eal_common_eal_common_log.c.o'.
FAILED: lib/76b5a35@@rte_eal@sta/eal_common_eal_common_log.c.o
ccache cc -Ilib/76b5a35@@rte_eal@sta -Ilib -I../lib -I. -I../ -Iconfig -I../config -Ilib/eal/include -I../lib/eal/include -Ilib/eal/linux/include -I../lib/eal/linux/include -Ilib/eal/x86/include -I../lib/eal/x86/include -Ilib/eal/common -I../lib/eal/common -Ilib/eal -I../lib/eal -Ilib/kvargs -I../lib/kvargs -Ilib/telemetry/../metrics -I../lib/telemetry/../metrics -Ilib/telemetry -I../lib/telemetry -fdiagnostics-color=always -pipe -D_FILE_OFFSET_BITS=64 -Wall -Winvalid-pch -Wextra -Werror -O3 -include rte_config.h -Wcast-qual -Wdeprecated -Wformat -Wformat-nonliteral -Wformat-security -Wmissing-declarations -Wmissing-prototypes -Wnested-externs -Wold-style-definition -Wpointer-arith -Wsign-compare -Wstrict-prototypes -Wundef -Wwrite-strings -Wno-missing-field-initializers -D_GNU_SOURCE -fPIC -march=native -DALLOW_EXPERIMENTAL_API -DALLOW_INTERNAL_API -Wno-format-truncation '-DABI_VERSION="23.1"' -DRTE_LIBEAL_USE_GETENTROPY -DRTE_LOG_DEFAULT_LOGTYPE=lib.eal -MD -MQ 'lib/76b5a35@@rte_ea
l@sta/eal_common_eal_common_log.c.o' -MF 'lib/76b5a35@@rte_eal@sta/eal_common_eal_common_log.c.o.d' -o 'lib/76b5a35@@rte_eal@sta/eal_common_eal_common_log.c.o' -c ../lib/eal/common/eal_common_log.c
../lib/eal/common/eal_common_log.c:485:1: error: no previous prototype for 'rte_log_get_timestamp_prefix' [-Werror=missing-prototypes]
rte_log_get_timestamp_prefix(char *buf, int buf_size)
^~~~~~~~~~~~~~~~~~~~~~~~~~~~
cc1: all warnings being treated as errors
ninja: build stopped: subcommand failed.
==== End log output ====
Ubuntu 20.04 ARM GCC Native
Kernel: 5.4.0-53-generic
Compiler: gcc 9.3
Ubuntu 20.04 ARM Clang Native
Kernel: 5.4.0-53-generic
Compiler: clang 10.0.0-4ubuntu1
Ubuntu 20.04
Kernel: 4.18.0-240.10.1.el8_3.x86_64
Compiler: gcc 9.3.0-17ubuntu1~20.04
Debian Bullseye
Kernel: 5.4.0-122-generic
Compiler: gcc 10.2.1-6
Ubuntu 22.04
Kernel: Container Host Kernel
Compiler: clang 14.0.5-1.fc36
Windows Server 2019
Kernel: 10.0
Compiler: clang 14.0 and gcc 8.1.0 (MinGW)
RHEL8
Kernel: 4.18.0-240.10.1.el8_3.x86_64
Compiler: gcc 8.3.1 20191121 (Red Hat 8.3.1-5)
RHEL 7
Kernel: 4.18.0-240.10.1.el8_3.x86_64
Compiler: gcc 4.8.5 20150623 (Red Hat 4.8.5-44)
CentOS Stream 8
Kernel: 4.18.0-240.10.1.el8_3.x86_64
Compiler: gcc 8.4.1 20200928
Ubuntu 20.04 ARM GCC Cross Compile
Kernel: 5.4.0-72-generic
Compiler: aarch64-linux-gnu-gcc (Ubuntu 9.3.0-17ubuntu1~20.04) 9.3.0
Ubuntu 20.04 ARM Clang Cross Compile
Kernel: 5.4.0-72-generic
Compiler: clang version 10.0.0-4ubuntu1
Ubuntu 20.04 aarch32 GCC Cross Compile
Kernel: 5.4.0-72-generic
Compiler: gcc 9.3.0
Ubuntu 20.04 ARM SVE
Kernel: 5.4.0-80-generic
Compiler: gcc 10.3.0 (Ubuntu 10.3.0-1ubuntu1~20.04)
FreeBSD 13
Kernel: 13.0
Compiler: clang 11.0.1
CentOS Stream 9
Kernel: 4.18.0-240.10.1.el8_3.x86_64
Compiler: gcc 11.3.1 20220421
Debian Buster
Kernel: 5.4.0-122-generic
Compiler: gcc 8.3.0-6
openSUSE Leap 15
Kernel: 4.18.0-240.10.1.el8_3.x86_64
Compiler: gcc 7.5.0
To view detailed results, visit:
https://lab.dpdk.org/results/dashboard/patchsets/25611/
UNH-IOL DPDK Community Lab
To manage your email subscriptions, visit:
https://lab.dpdk.org/results/dashboard/preferences/subscriptions/
^ permalink raw reply [flat|nested] 24+ messages in thread
* |FAILURE| pw124801 [PATCH] log: add timestamp for log
@ 2023-03-05 12:50 dpdklab
0 siblings, 0 replies; 24+ messages in thread
From: dpdklab @ 2023-03-05 12:50 UTC (permalink / raw)
To: Test Report; +Cc: dpdk-test-reports, David Marchand, Thomas Monjalon, luzhipeng
Test-Label: iol-testing
Test-Status: FAILURE
http://dpdk.org/patch/124801
_Testing issues_
Submitter: luzhipeng <luzhipeng@cestc.cn>
Date: Saturday, March 04 2023 03:04:37
DPDK git baseline: Repo:dpdk
Branch: master
CommitID:4ef69b2877a24ddb89afaf4bb6f4e73bb52a605b
124801 --> testing fail
Test environment and result as below:
+----------------------------------------+----------------+--------------------+----------------------+
| Environment | dpdk_unit_test | dpdk_meson_compile | dpdk_mingw64_compile |
+========================================+================+====================+======================+
| Ubuntu 20.04 ARM GCC Native | FAIL | FAIL | SKIPPED |
+----------------------------------------+----------------+--------------------+----------------------+
| Ubuntu 20.04 ARM Clang Native | FAIL | FAIL | SKIPPED |
+----------------------------------------+----------------+--------------------+----------------------+
| Ubuntu 20.04 | FAIL | FAIL | SKIPPED |
+----------------------------------------+----------------+--------------------+----------------------+
| Debian Bullseye | FAIL | FAIL | SKIPPED |
+----------------------------------------+----------------+--------------------+----------------------+
| Ubuntu 22.04 | FAIL | FAIL | SKIPPED |
+----------------------------------------+----------------+--------------------+----------------------+
| Windows Server 2019 | FAIL | FAIL | FAIL |
+----------------------------------------+----------------+--------------------+----------------------+
| RHEL8 | FAIL | FAIL | SKIPPED |
+----------------------------------------+----------------+--------------------+----------------------+
| RHEL 7 | FAIL | FAIL | SKIPPED |
+----------------------------------------+----------------+--------------------+----------------------+
| CentOS Stream 8 | FAIL | FAIL | SKIPPED |
+----------------------------------------+----------------+--------------------+----------------------+
| Ubuntu 20.04 ARM GCC Cross Compile | SKIPPED | FAIL | SKIPPED |
+----------------------------------------+----------------+--------------------+----------------------+
| Ubuntu 20.04 ARM Clang Cross Compile | SKIPPED | FAIL | SKIPPED |
+----------------------------------------+----------------+--------------------+----------------------+
| Ubuntu 20.04 aarch32 GCC Cross Compile | SKIPPED | FAIL | SKIPPED |
+----------------------------------------+----------------+--------------------+----------------------+
| Ubuntu 20.04 ARM SVE | SKIPPED | FAIL | SKIPPED |
+----------------------------------------+----------------+--------------------+----------------------+
| FreeBSD 13 | SKIPPED | FAIL | SKIPPED |
+----------------------------------------+----------------+--------------------+----------------------+
| CentOS Stream 9 | SKIPPED | FAIL | SKIPPED |
+----------------------------------------+----------------+--------------------+----------------------+
| Debian Buster | SKIPPED | FAIL | SKIPPED |
+----------------------------------------+----------------+--------------------+----------------------+
| openSUSE Leap 15 | SKIPPED | FAIL | SKIPPED |
+----------------------------------------+----------------+--------------------+----------------------+
==== 20 line log output for openSUSE Leap 15 (dpdk_meson_compile): ====
[16/3177] Compiling C object 'lib/76b5a35@@rte_eal@sta/eal_common_eal_common_bus.c.o'.
[17/3177] Compiling C object 'lib/76b5a35@@rte_eal@sta/eal_common_eal_common_class.c.o'.
[18/3177] Compiling C object 'lib/76b5a35@@rte_eal@sta/eal_common_eal_common_config.c.o'.
[19/3177] Compiling C object 'lib/76b5a35@@rte_eal@sta/eal_common_eal_common_debug.c.o'.
[20/3177] Compiling C object 'lib/76b5a35@@rte_eal@sta/eal_common_eal_common_dev.c.o'.
[21/3177] Compiling C object 'lib/76b5a35@@rte_eal@sta/eal_common_eal_common_devargs.c.o'.
[22/3177] Compiling C object 'lib/76b5a35@@rte_eal@sta/eal_common_eal_common_errno.c.o'.
[23/3177] Compiling C object 'lib/76b5a35@@rte_eal@sta/eal_common_eal_common_fbarray.c.o'.
[24/3177] Compiling C object 'lib/76b5a35@@rte_eal@sta/eal_common_eal_common_hexdump.c.o'.
[25/3177] Compiling C object 'lib/76b5a35@@rte_eal@sta/eal_common_eal_common_interrupts.c.o'.
[26/3177] Compiling C object 'lib/76b5a35@@rte_eal@sta/eal_common_eal_common_launch.c.o'.
[27/3177] Compiling C object 'lib/76b5a35@@rte_eal@sta/eal_common_eal_common_lcore.c.o'.
[28/3177] Compiling C object 'lib/76b5a35@@rte_eal@sta/eal_common_eal_common_log.c.o'.
FAILED: lib/76b5a35@@rte_eal@sta/eal_common_eal_common_log.c.o
ccache cc -Ilib/76b5a35@@rte_eal@sta -Ilib -I../lib -I. -I../ -Iconfig -I../config -Ilib/eal/include -I../lib/eal/include -Ilib/eal/linux/include -I../lib/eal/linux/include -Ilib/eal/x86/include -I../lib/eal/x86/include -Ilib/eal/common -I../lib/eal/common -Ilib/eal -I../lib/eal -Ilib/kvargs -I../lib/kvargs -Ilib/telemetry/../metrics -I../lib/telemetry/../metrics -Ilib/telemetry -I../lib/telemetry -fdiagnostics-color=always -pipe -D_FILE_OFFSET_BITS=64 -Wall -Winvalid-pch -Wextra -Werror -O3 -include rte_config.h -Wcast-qual -Wdeprecated -Wformat -Wformat-nonliteral -Wformat-security -Wmissing-declarations -Wmissing-prototypes -Wnested-externs -Wold-style-definition -Wpointer-arith -Wsign-compare -Wstrict-prototypes -Wundef -Wwrite-strings -Wno-missing-field-initializers -D_GNU_SOURCE -fPIC -march=native -DALLOW_EXPERIMENTAL_API -DALLOW_INTERNAL_API -Wno-format-truncation '-DABI_VERSION="23.1"' -DRTE_LIBEAL_USE_GETENTROPY -DRTE_LOG_DEFAULT_LOGTYPE=lib.eal -MD -MQ 'lib/76b5a35@@rte_ea
l@sta/eal_common_eal_common_log.c.o' -MF 'lib/76b5a35@@rte_eal@sta/eal_common_eal_common_log.c.o.d' -o 'lib/76b5a35@@rte_eal@sta/eal_common_eal_common_log.c.o' -c ../lib/eal/common/eal_common_log.c
../lib/eal/common/eal_common_log.c:485:1: error: no previous prototype for 'rte_log_get_timestamp_prefix' [-Werror=missing-prototypes]
rte_log_get_timestamp_prefix(char *buf, int buf_size)
^~~~~~~~~~~~~~~~~~~~~~~~~~~~
cc1: all warnings being treated as errors
ninja: build stopped: subcommand failed.
==== End log output ====
Ubuntu 20.04 ARM GCC Native
Kernel: 5.4.0-53-generic
Compiler: gcc 9.3
Ubuntu 20.04 ARM Clang Native
Kernel: 5.4.0-53-generic
Compiler: clang 10.0.0-4ubuntu1
Ubuntu 20.04
Kernel: 4.18.0-240.10.1.el8_3.x86_64
Compiler: gcc 9.3.0-17ubuntu1~20.04
Debian Bullseye
Kernel: 5.4.0-122-generic
Compiler: gcc 10.2.1-6
Ubuntu 22.04
Kernel: Container Host Kernel
Compiler: clang 14.0.5-1.fc36
Windows Server 2019
Kernel: 10.0
Compiler: clang 14.0 and gcc 8.1.0 (MinGW)
RHEL8
Kernel: 4.18.0-240.10.1.el8_3.x86_64
Compiler: gcc 8.3.1 20191121 (Red Hat 8.3.1-5)
RHEL 7
Kernel: 4.18.0-240.10.1.el8_3.x86_64
Compiler: gcc 4.8.5 20150623 (Red Hat 4.8.5-44)
CentOS Stream 8
Kernel: 4.18.0-240.10.1.el8_3.x86_64
Compiler: gcc 8.4.1 20200928
Ubuntu 20.04 ARM GCC Cross Compile
Kernel: 5.4.0-72-generic
Compiler: aarch64-linux-gnu-gcc (Ubuntu 9.3.0-17ubuntu1~20.04) 9.3.0
Ubuntu 20.04 ARM Clang Cross Compile
Kernel: 5.4.0-72-generic
Compiler: clang version 10.0.0-4ubuntu1
Ubuntu 20.04 aarch32 GCC Cross Compile
Kernel: 5.4.0-72-generic
Compiler: gcc 9.3.0
Ubuntu 20.04 ARM SVE
Kernel: 5.4.0-80-generic
Compiler: gcc 10.3.0 (Ubuntu 10.3.0-1ubuntu1~20.04)
FreeBSD 13
Kernel: 13.0
Compiler: clang 11.0.1
CentOS Stream 9
Kernel: 4.18.0-240.10.1.el8_3.x86_64
Compiler: gcc 11.3.1 20220421
Debian Buster
Kernel: 5.4.0-122-generic
Compiler: gcc 8.3.0-6
openSUSE Leap 15
Kernel: 4.18.0-240.10.1.el8_3.x86_64
Compiler: gcc 7.5.0
To view detailed results, visit:
https://lab.dpdk.org/results/dashboard/patchsets/25611/
UNH-IOL DPDK Community Lab
To manage your email subscriptions, visit:
https://lab.dpdk.org/results/dashboard/preferences/subscriptions/
^ permalink raw reply [flat|nested] 24+ messages in thread
* |FAILURE| pw124801 [PATCH] log: add timestamp for log
@ 2023-03-05 12:50 dpdklab
0 siblings, 0 replies; 24+ messages in thread
From: dpdklab @ 2023-03-05 12:50 UTC (permalink / raw)
To: Test Report; +Cc: dpdk-test-reports, David Marchand, Thomas Monjalon, luzhipeng
Test-Label: iol-testing
Test-Status: FAILURE
http://dpdk.org/patch/124801
_Testing issues_
Submitter: luzhipeng <luzhipeng@cestc.cn>
Date: Saturday, March 04 2023 03:04:37
DPDK git baseline: Repo:dpdk
Branch: master
CommitID:4ef69b2877a24ddb89afaf4bb6f4e73bb52a605b
124801 --> testing fail
Test environment and result as below:
+----------------------------------------+----------------+--------------------+----------------------+
| Environment | dpdk_unit_test | dpdk_meson_compile | dpdk_mingw64_compile |
+========================================+================+====================+======================+
| Ubuntu 20.04 ARM GCC Native | FAIL | FAIL | SKIPPED |
+----------------------------------------+----------------+--------------------+----------------------+
| Ubuntu 20.04 ARM Clang Native | FAIL | FAIL | SKIPPED |
+----------------------------------------+----------------+--------------------+----------------------+
| Ubuntu 20.04 | FAIL | FAIL | SKIPPED |
+----------------------------------------+----------------+--------------------+----------------------+
| Debian Bullseye | FAIL | FAIL | SKIPPED |
+----------------------------------------+----------------+--------------------+----------------------+
| Ubuntu 22.04 | FAIL | FAIL | SKIPPED |
+----------------------------------------+----------------+--------------------+----------------------+
| Windows Server 2019 | FAIL | FAIL | FAIL |
+----------------------------------------+----------------+--------------------+----------------------+
| RHEL8 | FAIL | FAIL | SKIPPED |
+----------------------------------------+----------------+--------------------+----------------------+
| RHEL 7 | FAIL | FAIL | SKIPPED |
+----------------------------------------+----------------+--------------------+----------------------+
| Ubuntu 20.04 ARM GCC Cross Compile | SKIPPED | FAIL | SKIPPED |
+----------------------------------------+----------------+--------------------+----------------------+
| Ubuntu 20.04 ARM Clang Cross Compile | SKIPPED | FAIL | SKIPPED |
+----------------------------------------+----------------+--------------------+----------------------+
| Ubuntu 20.04 aarch32 GCC Cross Compile | SKIPPED | FAIL | SKIPPED |
+----------------------------------------+----------------+--------------------+----------------------+
| Ubuntu 20.04 ARM SVE | SKIPPED | FAIL | SKIPPED |
+----------------------------------------+----------------+--------------------+----------------------+
| FreeBSD 13 | SKIPPED | FAIL | SKIPPED |
+----------------------------------------+----------------+--------------------+----------------------+
| CentOS Stream 8 | SKIPPED | FAIL | SKIPPED |
+----------------------------------------+----------------+--------------------+----------------------+
| CentOS Stream 9 | SKIPPED | FAIL | SKIPPED |
+----------------------------------------+----------------+--------------------+----------------------+
| Debian Buster | SKIPPED | FAIL | SKIPPED |
+----------------------------------------+----------------+--------------------+----------------------+
| openSUSE Leap 15 | SKIPPED | FAIL | SKIPPED |
+----------------------------------------+----------------+--------------------+----------------------+
==== 20 line log output for openSUSE Leap 15 (dpdk_meson_compile): ====
[16/3177] Compiling C object 'lib/76b5a35@@rte_eal@sta/eal_common_eal_common_bus.c.o'.
[17/3177] Compiling C object 'lib/76b5a35@@rte_eal@sta/eal_common_eal_common_class.c.o'.
[18/3177] Compiling C object 'lib/76b5a35@@rte_eal@sta/eal_common_eal_common_config.c.o'.
[19/3177] Compiling C object 'lib/76b5a35@@rte_eal@sta/eal_common_eal_common_debug.c.o'.
[20/3177] Compiling C object 'lib/76b5a35@@rte_eal@sta/eal_common_eal_common_dev.c.o'.
[21/3177] Compiling C object 'lib/76b5a35@@rte_eal@sta/eal_common_eal_common_devargs.c.o'.
[22/3177] Compiling C object 'lib/76b5a35@@rte_eal@sta/eal_common_eal_common_errno.c.o'.
[23/3177] Compiling C object 'lib/76b5a35@@rte_eal@sta/eal_common_eal_common_fbarray.c.o'.
[24/3177] Compiling C object 'lib/76b5a35@@rte_eal@sta/eal_common_eal_common_hexdump.c.o'.
[25/3177] Compiling C object 'lib/76b5a35@@rte_eal@sta/eal_common_eal_common_interrupts.c.o'.
[26/3177] Compiling C object 'lib/76b5a35@@rte_eal@sta/eal_common_eal_common_launch.c.o'.
[27/3177] Compiling C object 'lib/76b5a35@@rte_eal@sta/eal_common_eal_common_lcore.c.o'.
[28/3177] Compiling C object 'lib/76b5a35@@rte_eal@sta/eal_common_eal_common_log.c.o'.
FAILED: lib/76b5a35@@rte_eal@sta/eal_common_eal_common_log.c.o
ccache cc -Ilib/76b5a35@@rte_eal@sta -Ilib -I../lib -I. -I../ -Iconfig -I../config -Ilib/eal/include -I../lib/eal/include -Ilib/eal/linux/include -I../lib/eal/linux/include -Ilib/eal/x86/include -I../lib/eal/x86/include -Ilib/eal/common -I../lib/eal/common -Ilib/eal -I../lib/eal -Ilib/kvargs -I../lib/kvargs -Ilib/telemetry/../metrics -I../lib/telemetry/../metrics -Ilib/telemetry -I../lib/telemetry -fdiagnostics-color=always -pipe -D_FILE_OFFSET_BITS=64 -Wall -Winvalid-pch -Wextra -Werror -O3 -include rte_config.h -Wcast-qual -Wdeprecated -Wformat -Wformat-nonliteral -Wformat-security -Wmissing-declarations -Wmissing-prototypes -Wnested-externs -Wold-style-definition -Wpointer-arith -Wsign-compare -Wstrict-prototypes -Wundef -Wwrite-strings -Wno-missing-field-initializers -D_GNU_SOURCE -fPIC -march=native -DALLOW_EXPERIMENTAL_API -DALLOW_INTERNAL_API -Wno-format-truncation '-DABI_VERSION="23.1"' -DRTE_LIBEAL_USE_GETENTROPY -DRTE_LOG_DEFAULT_LOGTYPE=lib.eal -MD -MQ 'lib/76b5a35@@rte_ea
l@sta/eal_common_eal_common_log.c.o' -MF 'lib/76b5a35@@rte_eal@sta/eal_common_eal_common_log.c.o.d' -o 'lib/76b5a35@@rte_eal@sta/eal_common_eal_common_log.c.o' -c ../lib/eal/common/eal_common_log.c
../lib/eal/common/eal_common_log.c:485:1: error: no previous prototype for 'rte_log_get_timestamp_prefix' [-Werror=missing-prototypes]
rte_log_get_timestamp_prefix(char *buf, int buf_size)
^~~~~~~~~~~~~~~~~~~~~~~~~~~~
cc1: all warnings being treated as errors
ninja: build stopped: subcommand failed.
==== End log output ====
Ubuntu 20.04 ARM GCC Native
Kernel: 5.4.0-53-generic
Compiler: gcc 9.3
Ubuntu 20.04 ARM Clang Native
Kernel: 5.4.0-53-generic
Compiler: clang 10.0.0-4ubuntu1
Ubuntu 20.04
Kernel: 4.18.0-240.10.1.el8_3.x86_64
Compiler: gcc 9.3.0-17ubuntu1~20.04
Debian Bullseye
Kernel: 5.4.0-122-generic
Compiler: gcc 10.2.1-6
Ubuntu 22.04
Kernel: Container Host Kernel
Compiler: clang 14.0.5-1.fc36
Windows Server 2019
Kernel: 10.0
Compiler: clang 14.0 and gcc 8.1.0 (MinGW)
RHEL8
Kernel: 4.18.0-240.10.1.el8_3.x86_64
Compiler: gcc 8.3.1 20191121 (Red Hat 8.3.1-5)
RHEL 7
Kernel: 4.18.0-240.10.1.el8_3.x86_64
Compiler: gcc 4.8.5 20150623 (Red Hat 4.8.5-44)
Ubuntu 20.04 ARM GCC Cross Compile
Kernel: 5.4.0-72-generic
Compiler: aarch64-linux-gnu-gcc (Ubuntu 9.3.0-17ubuntu1~20.04) 9.3.0
Ubuntu 20.04 ARM Clang Cross Compile
Kernel: 5.4.0-72-generic
Compiler: clang version 10.0.0-4ubuntu1
Ubuntu 20.04 aarch32 GCC Cross Compile
Kernel: 5.4.0-72-generic
Compiler: gcc 9.3.0
Ubuntu 20.04 ARM SVE
Kernel: 5.4.0-80-generic
Compiler: gcc 10.3.0 (Ubuntu 10.3.0-1ubuntu1~20.04)
FreeBSD 13
Kernel: 13.0
Compiler: clang 11.0.1
CentOS Stream 8
Kernel: 4.18.0-240.10.1.el8_3.x86_64
Compiler: gcc 8.4.1 20200928
CentOS Stream 9
Kernel: 4.18.0-240.10.1.el8_3.x86_64
Compiler: gcc 11.3.1 20220421
Debian Buster
Kernel: 5.4.0-122-generic
Compiler: gcc 8.3.0-6
openSUSE Leap 15
Kernel: 4.18.0-240.10.1.el8_3.x86_64
Compiler: gcc 7.5.0
To view detailed results, visit:
https://lab.dpdk.org/results/dashboard/patchsets/25611/
UNH-IOL DPDK Community Lab
To manage your email subscriptions, visit:
https://lab.dpdk.org/results/dashboard/preferences/subscriptions/
^ permalink raw reply [flat|nested] 24+ messages in thread
* |FAILURE| pw124801 [PATCH] log: add timestamp for log
@ 2023-03-05 12:50 dpdklab
0 siblings, 0 replies; 24+ messages in thread
From: dpdklab @ 2023-03-05 12:50 UTC (permalink / raw)
To: Test Report; +Cc: dpdk-test-reports, David Marchand, Thomas Monjalon, luzhipeng
Test-Label: iol-testing
Test-Status: FAILURE
http://dpdk.org/patch/124801
_Testing issues_
Submitter: luzhipeng <luzhipeng@cestc.cn>
Date: Saturday, March 04 2023 03:04:37
DPDK git baseline: Repo:dpdk
Branch: master
CommitID:4ef69b2877a24ddb89afaf4bb6f4e73bb52a605b
124801 --> testing fail
Test environment and result as below:
+----------------------------------------+----------------+--------------------+----------------------+
| Environment | dpdk_unit_test | dpdk_meson_compile | dpdk_mingw64_compile |
+========================================+================+====================+======================+
| Ubuntu 20.04 ARM GCC Native | FAIL | FAIL | SKIPPED |
+----------------------------------------+----------------+--------------------+----------------------+
| Ubuntu 20.04 ARM Clang Native | FAIL | FAIL | SKIPPED |
+----------------------------------------+----------------+--------------------+----------------------+
| Ubuntu 20.04 | FAIL | FAIL | SKIPPED |
+----------------------------------------+----------------+--------------------+----------------------+
| Debian Bullseye | FAIL | FAIL | SKIPPED |
+----------------------------------------+----------------+--------------------+----------------------+
| Ubuntu 22.04 | FAIL | FAIL | SKIPPED |
+----------------------------------------+----------------+--------------------+----------------------+
| Windows Server 2019 | FAIL | FAIL | FAIL |
+----------------------------------------+----------------+--------------------+----------------------+
| RHEL8 | FAIL | FAIL | SKIPPED |
+----------------------------------------+----------------+--------------------+----------------------+
| Ubuntu 20.04 ARM GCC Cross Compile | SKIPPED | FAIL | SKIPPED |
+----------------------------------------+----------------+--------------------+----------------------+
| Ubuntu 20.04 ARM Clang Cross Compile | SKIPPED | FAIL | SKIPPED |
+----------------------------------------+----------------+--------------------+----------------------+
| Ubuntu 20.04 aarch32 GCC Cross Compile | SKIPPED | FAIL | SKIPPED |
+----------------------------------------+----------------+--------------------+----------------------+
| Ubuntu 20.04 ARM SVE | SKIPPED | FAIL | SKIPPED |
+----------------------------------------+----------------+--------------------+----------------------+
| FreeBSD 13 | SKIPPED | FAIL | SKIPPED |
+----------------------------------------+----------------+--------------------+----------------------+
| CentOS Stream 8 | SKIPPED | FAIL | SKIPPED |
+----------------------------------------+----------------+--------------------+----------------------+
| CentOS Stream 9 | SKIPPED | FAIL | SKIPPED |
+----------------------------------------+----------------+--------------------+----------------------+
| Debian Buster | SKIPPED | FAIL | SKIPPED |
+----------------------------------------+----------------+--------------------+----------------------+
| openSUSE Leap 15 | SKIPPED | FAIL | SKIPPED |
+----------------------------------------+----------------+--------------------+----------------------+
| RHEL 7 | SKIPPED | FAIL | SKIPPED |
+----------------------------------------+----------------+--------------------+----------------------+
==== 20 line log output for RHEL 7 (dpdk_meson_compile): ====
[16/3167] Compiling C object 'lib/76b5a35@@rte_eal@sta/eal_common_eal_common_bus.c.o'.
[17/3167] Compiling C object 'lib/76b5a35@@rte_eal@sta/eal_common_eal_common_class.c.o'.
[18/3167] Compiling C object 'lib/76b5a35@@rte_eal@sta/eal_common_eal_common_config.c.o'.
[19/3167] Compiling C object 'lib/76b5a35@@rte_eal@sta/eal_common_eal_common_debug.c.o'.
[20/3167] Compiling C object 'lib/76b5a35@@rte_eal@sta/eal_common_eal_common_dev.c.o'.
[21/3167] Compiling C object 'lib/76b5a35@@rte_eal@sta/eal_common_eal_common_devargs.c.o'.
[22/3167] Compiling C object 'lib/76b5a35@@rte_eal@sta/eal_common_eal_common_errno.c.o'.
[23/3167] Compiling C object 'lib/76b5a35@@rte_eal@sta/eal_common_eal_common_fbarray.c.o'.
[24/3167] Compiling C object 'lib/76b5a35@@rte_eal@sta/eal_common_eal_common_hexdump.c.o'.
[25/3167] Compiling C object 'lib/76b5a35@@rte_eal@sta/eal_common_eal_common_interrupts.c.o'.
[26/3167] Compiling C object 'lib/76b5a35@@rte_eal@sta/eal_common_eal_common_launch.c.o'.
[27/3167] Compiling C object 'lib/76b5a35@@rte_eal@sta/eal_common_eal_common_lcore.c.o'.
[28/3167] Compiling C object 'lib/76b5a35@@rte_eal@sta/eal_common_eal_common_log.c.o'.
FAILED: lib/76b5a35@@rte_eal@sta/eal_common_eal_common_log.c.o
ccache cc -Ilib/76b5a35@@rte_eal@sta -Ilib -I../lib -I. -I../ -Iconfig -I../config -Ilib/eal/include -I../lib/eal/include -Ilib/eal/linux/include -I../lib/eal/linux/include -Ilib/eal/x86/include -I../lib/eal/x86/include -Ilib/eal/common -I../lib/eal/common -Ilib/eal -I../lib/eal -Ilib/kvargs -I../lib/kvargs -Ilib/telemetry/../metrics -I../lib/telemetry/../metrics -Ilib/telemetry -I../lib/telemetry -pipe -D_FILE_OFFSET_BITS=64 -Wall -Winvalid-pch -Wextra -Werror -O3 -include rte_config.h -Wcast-qual -Wdeprecated -Wformat -Wformat-nonliteral -Wformat-security -Wmissing-declarations -Wmissing-prototypes -Wnested-externs -Wold-style-definition -Wpointer-arith -Wsign-compare -Wstrict-prototypes -Wundef -Wwrite-strings -Wno-missing-field-initializers -D_GNU_SOURCE -fPIC -march=native -DALLOW_EXPERIMENTAL_API -DALLOW_INTERNAL_API '-DABI_VERSION="23.1"' -DRTE_LOG_DEFAULT_LOGTYPE=lib.eal -MD -MQ 'lib/76b5a35@@rte_eal@sta/eal_common_eal_common_log.c.o' -MF 'lib/76b5a35@@rte_eal@sta/eal_common_
eal_common_log.c.o.d' -o 'lib/76b5a35@@rte_eal@sta/eal_common_eal_common_log.c.o' -c ../lib/eal/common/eal_common_log.c
../lib/eal/common/eal_common_log.c:485:1: error: no previous prototype for 'rte_log_get_timestamp_prefix' [-Werror=missing-prototypes]
rte_log_get_timestamp_prefix(char *buf, int buf_size)
^
cc1: all warnings being treated as errors
ninja: build stopped: subcommand failed.
==== End log output ====
Ubuntu 20.04 ARM GCC Native
Kernel: 5.4.0-53-generic
Compiler: gcc 9.3
Ubuntu 20.04 ARM Clang Native
Kernel: 5.4.0-53-generic
Compiler: clang 10.0.0-4ubuntu1
Ubuntu 20.04
Kernel: 4.18.0-240.10.1.el8_3.x86_64
Compiler: gcc 9.3.0-17ubuntu1~20.04
Debian Bullseye
Kernel: 5.4.0-122-generic
Compiler: gcc 10.2.1-6
Ubuntu 22.04
Kernel: Container Host Kernel
Compiler: clang 14.0.5-1.fc36
Windows Server 2019
Kernel: 10.0
Compiler: clang 14.0 and gcc 8.1.0 (MinGW)
RHEL8
Kernel: 4.18.0-240.10.1.el8_3.x86_64
Compiler: gcc 8.3.1 20191121 (Red Hat 8.3.1-5)
Ubuntu 20.04 ARM GCC Cross Compile
Kernel: 5.4.0-72-generic
Compiler: aarch64-linux-gnu-gcc (Ubuntu 9.3.0-17ubuntu1~20.04) 9.3.0
Ubuntu 20.04 ARM Clang Cross Compile
Kernel: 5.4.0-72-generic
Compiler: clang version 10.0.0-4ubuntu1
Ubuntu 20.04 aarch32 GCC Cross Compile
Kernel: 5.4.0-72-generic
Compiler: gcc 9.3.0
Ubuntu 20.04 ARM SVE
Kernel: 5.4.0-80-generic
Compiler: gcc 10.3.0 (Ubuntu 10.3.0-1ubuntu1~20.04)
FreeBSD 13
Kernel: 13.0
Compiler: clang 11.0.1
CentOS Stream 8
Kernel: 4.18.0-240.10.1.el8_3.x86_64
Compiler: gcc 8.4.1 20200928
CentOS Stream 9
Kernel: 4.18.0-240.10.1.el8_3.x86_64
Compiler: gcc 11.3.1 20220421
Debian Buster
Kernel: 5.4.0-122-generic
Compiler: gcc 8.3.0-6
openSUSE Leap 15
Kernel: 4.18.0-240.10.1.el8_3.x86_64
Compiler: gcc 7.5.0
RHEL 7
Kernel: 4.18.0-240.10.1.el8_3.x86_64
Compiler: gcc 4.8.5 20150623 (Red Hat 4.8.5-44)
To view detailed results, visit:
https://lab.dpdk.org/results/dashboard/patchsets/25611/
UNH-IOL DPDK Community Lab
To manage your email subscriptions, visit:
https://lab.dpdk.org/results/dashboard/preferences/subscriptions/
^ permalink raw reply [flat|nested] 24+ messages in thread
* |FAILURE| pw124801 [PATCH] log: add timestamp for log
@ 2023-03-05 12:49 dpdklab
0 siblings, 0 replies; 24+ messages in thread
From: dpdklab @ 2023-03-05 12:49 UTC (permalink / raw)
To: Test Report; +Cc: dpdk-test-reports, David Marchand, Thomas Monjalon, luzhipeng
Test-Label: iol-testing
Test-Status: FAILURE
http://dpdk.org/patch/124801
_Testing issues_
Submitter: luzhipeng <luzhipeng@cestc.cn>
Date: Saturday, March 04 2023 03:04:37
DPDK git baseline: Repo:dpdk
Branch: master
CommitID:4ef69b2877a24ddb89afaf4bb6f4e73bb52a605b
124801 --> testing fail
Test environment and result as below:
+----------------------------------------+----------------+--------------------+----------------------+
| Environment | dpdk_unit_test | dpdk_meson_compile | dpdk_mingw64_compile |
+========================================+================+====================+======================+
| Ubuntu 20.04 ARM GCC Native | FAIL | FAIL | SKIPPED |
+----------------------------------------+----------------+--------------------+----------------------+
| Ubuntu 20.04 ARM Clang Native | FAIL | FAIL | SKIPPED |
+----------------------------------------+----------------+--------------------+----------------------+
| Ubuntu 20.04 | FAIL | FAIL | SKIPPED |
+----------------------------------------+----------------+--------------------+----------------------+
| Debian Bullseye | FAIL | FAIL | SKIPPED |
+----------------------------------------+----------------+--------------------+----------------------+
| Ubuntu 22.04 | FAIL | FAIL | SKIPPED |
+----------------------------------------+----------------+--------------------+----------------------+
| Windows Server 2019 | FAIL | FAIL | FAIL |
+----------------------------------------+----------------+--------------------+----------------------+
| RHEL8 | FAIL | FAIL | SKIPPED |
+----------------------------------------+----------------+--------------------+----------------------+
| Ubuntu 20.04 ARM GCC Cross Compile | SKIPPED | FAIL | SKIPPED |
+----------------------------------------+----------------+--------------------+----------------------+
| Ubuntu 20.04 ARM Clang Cross Compile | SKIPPED | FAIL | SKIPPED |
+----------------------------------------+----------------+--------------------+----------------------+
| Ubuntu 20.04 aarch32 GCC Cross Compile | SKIPPED | FAIL | SKIPPED |
+----------------------------------------+----------------+--------------------+----------------------+
| Ubuntu 20.04 ARM SVE | SKIPPED | FAIL | SKIPPED |
+----------------------------------------+----------------+--------------------+----------------------+
| FreeBSD 13 | SKIPPED | FAIL | SKIPPED |
+----------------------------------------+----------------+--------------------+----------------------+
| CentOS Stream 8 | SKIPPED | FAIL | SKIPPED |
+----------------------------------------+----------------+--------------------+----------------------+
| CentOS Stream 9 | SKIPPED | FAIL | SKIPPED |
+----------------------------------------+----------------+--------------------+----------------------+
| Debian Buster | SKIPPED | FAIL | SKIPPED |
+----------------------------------------+----------------+--------------------+----------------------+
| openSUSE Leap 15 | SKIPPED | FAIL | SKIPPED |
+----------------------------------------+----------------+--------------------+----------------------+
| RHEL 7 | SKIPPED | FAIL | SKIPPED |
+----------------------------------------+----------------+--------------------+----------------------+
==== 20 line log output for RHEL 7 (dpdk_meson_compile): ====
[16/3167] Compiling C object 'lib/76b5a35@@rte_eal@sta/eal_common_eal_common_bus.c.o'.
[17/3167] Compiling C object 'lib/76b5a35@@rte_eal@sta/eal_common_eal_common_class.c.o'.
[18/3167] Compiling C object 'lib/76b5a35@@rte_eal@sta/eal_common_eal_common_config.c.o'.
[19/3167] Compiling C object 'lib/76b5a35@@rte_eal@sta/eal_common_eal_common_debug.c.o'.
[20/3167] Compiling C object 'lib/76b5a35@@rte_eal@sta/eal_common_eal_common_dev.c.o'.
[21/3167] Compiling C object 'lib/76b5a35@@rte_eal@sta/eal_common_eal_common_devargs.c.o'.
[22/3167] Compiling C object 'lib/76b5a35@@rte_eal@sta/eal_common_eal_common_errno.c.o'.
[23/3167] Compiling C object 'lib/76b5a35@@rte_eal@sta/eal_common_eal_common_fbarray.c.o'.
[24/3167] Compiling C object 'lib/76b5a35@@rte_eal@sta/eal_common_eal_common_hexdump.c.o'.
[25/3167] Compiling C object 'lib/76b5a35@@rte_eal@sta/eal_common_eal_common_interrupts.c.o'.
[26/3167] Compiling C object 'lib/76b5a35@@rte_eal@sta/eal_common_eal_common_launch.c.o'.
[27/3167] Compiling C object 'lib/76b5a35@@rte_eal@sta/eal_common_eal_common_lcore.c.o'.
[28/3167] Compiling C object 'lib/76b5a35@@rte_eal@sta/eal_common_eal_common_log.c.o'.
FAILED: lib/76b5a35@@rte_eal@sta/eal_common_eal_common_log.c.o
ccache cc -Ilib/76b5a35@@rte_eal@sta -Ilib -I../lib -I. -I../ -Iconfig -I../config -Ilib/eal/include -I../lib/eal/include -Ilib/eal/linux/include -I../lib/eal/linux/include -Ilib/eal/x86/include -I../lib/eal/x86/include -Ilib/eal/common -I../lib/eal/common -Ilib/eal -I../lib/eal -Ilib/kvargs -I../lib/kvargs -Ilib/telemetry/../metrics -I../lib/telemetry/../metrics -Ilib/telemetry -I../lib/telemetry -pipe -D_FILE_OFFSET_BITS=64 -Wall -Winvalid-pch -Wextra -Werror -O3 -include rte_config.h -Wcast-qual -Wdeprecated -Wformat -Wformat-nonliteral -Wformat-security -Wmissing-declarations -Wmissing-prototypes -Wnested-externs -Wold-style-definition -Wpointer-arith -Wsign-compare -Wstrict-prototypes -Wundef -Wwrite-strings -Wno-missing-field-initializers -D_GNU_SOURCE -fPIC -march=native -DALLOW_EXPERIMENTAL_API -DALLOW_INTERNAL_API '-DABI_VERSION="23.1"' -DRTE_LOG_DEFAULT_LOGTYPE=lib.eal -MD -MQ 'lib/76b5a35@@rte_eal@sta/eal_common_eal_common_log.c.o' -MF 'lib/76b5a35@@rte_eal@sta/eal_common_
eal_common_log.c.o.d' -o 'lib/76b5a35@@rte_eal@sta/eal_common_eal_common_log.c.o' -c ../lib/eal/common/eal_common_log.c
../lib/eal/common/eal_common_log.c:485:1: error: no previous prototype for 'rte_log_get_timestamp_prefix' [-Werror=missing-prototypes]
rte_log_get_timestamp_prefix(char *buf, int buf_size)
^
cc1: all warnings being treated as errors
ninja: build stopped: subcommand failed.
==== End log output ====
Ubuntu 20.04 ARM GCC Native
Kernel: 5.4.0-53-generic
Compiler: gcc 9.3
Ubuntu 20.04 ARM Clang Native
Kernel: 5.4.0-53-generic
Compiler: clang 10.0.0-4ubuntu1
Ubuntu 20.04
Kernel: 4.18.0-240.10.1.el8_3.x86_64
Compiler: gcc 9.3.0-17ubuntu1~20.04
Debian Bullseye
Kernel: 5.4.0-122-generic
Compiler: gcc 10.2.1-6
Ubuntu 22.04
Kernel: Container Host Kernel
Compiler: clang 14.0.5-1.fc36
Windows Server 2019
Kernel: 10.0
Compiler: clang 14.0 and gcc 8.1.0 (MinGW)
RHEL8
Kernel: 4.18.0-240.10.1.el8_3.x86_64
Compiler: gcc 8.3.1 20191121 (Red Hat 8.3.1-5)
Ubuntu 20.04 ARM GCC Cross Compile
Kernel: 5.4.0-72-generic
Compiler: aarch64-linux-gnu-gcc (Ubuntu 9.3.0-17ubuntu1~20.04) 9.3.0
Ubuntu 20.04 ARM Clang Cross Compile
Kernel: 5.4.0-72-generic
Compiler: clang version 10.0.0-4ubuntu1
Ubuntu 20.04 aarch32 GCC Cross Compile
Kernel: 5.4.0-72-generic
Compiler: gcc 9.3.0
Ubuntu 20.04 ARM SVE
Kernel: 5.4.0-80-generic
Compiler: gcc 10.3.0 (Ubuntu 10.3.0-1ubuntu1~20.04)
FreeBSD 13
Kernel: 13.0
Compiler: clang 11.0.1
CentOS Stream 8
Kernel: 4.18.0-240.10.1.el8_3.x86_64
Compiler: gcc 8.4.1 20200928
CentOS Stream 9
Kernel: 4.18.0-240.10.1.el8_3.x86_64
Compiler: gcc 11.3.1 20220421
Debian Buster
Kernel: 5.4.0-122-generic
Compiler: gcc 8.3.0-6
openSUSE Leap 15
Kernel: 4.18.0-240.10.1.el8_3.x86_64
Compiler: gcc 7.5.0
RHEL 7
Kernel: 4.18.0-240.10.1.el8_3.x86_64
Compiler: gcc 4.8.5 20150623 (Red Hat 4.8.5-44)
To view detailed results, visit:
https://lab.dpdk.org/results/dashboard/patchsets/25611/
UNH-IOL DPDK Community Lab
To manage your email subscriptions, visit:
https://lab.dpdk.org/results/dashboard/preferences/subscriptions/
^ permalink raw reply [flat|nested] 24+ messages in thread
* |FAILURE| pw124801 [PATCH] log: add timestamp for log
@ 2023-03-05 12:49 dpdklab
0 siblings, 0 replies; 24+ messages in thread
From: dpdklab @ 2023-03-05 12:49 UTC (permalink / raw)
To: Test Report; +Cc: dpdk-test-reports, David Marchand, Thomas Monjalon, luzhipeng
Test-Label: iol-testing
Test-Status: FAILURE
http://dpdk.org/patch/124801
_Testing issues_
Submitter: luzhipeng <luzhipeng@cestc.cn>
Date: Saturday, March 04 2023 03:04:37
DPDK git baseline: Repo:dpdk
Branch: master
CommitID:4ef69b2877a24ddb89afaf4bb6f4e73bb52a605b
124801 --> testing fail
Test environment and result as below:
+----------------------------------------+----------------+--------------------+----------------------+
| Environment | dpdk_unit_test | dpdk_meson_compile | dpdk_mingw64_compile |
+========================================+================+====================+======================+
| Ubuntu 20.04 ARM GCC Native | FAIL | FAIL | SKIPPED |
+----------------------------------------+----------------+--------------------+----------------------+
| Ubuntu 20.04 ARM Clang Native | FAIL | FAIL | SKIPPED |
+----------------------------------------+----------------+--------------------+----------------------+
| Ubuntu 20.04 | FAIL | FAIL | SKIPPED |
+----------------------------------------+----------------+--------------------+----------------------+
| Debian Bullseye | FAIL | FAIL | SKIPPED |
+----------------------------------------+----------------+--------------------+----------------------+
| Ubuntu 22.04 | FAIL | FAIL | SKIPPED |
+----------------------------------------+----------------+--------------------+----------------------+
| Ubuntu 20.04 ARM GCC Cross Compile | SKIPPED | FAIL | SKIPPED |
+----------------------------------------+----------------+--------------------+----------------------+
| Ubuntu 20.04 ARM Clang Cross Compile | SKIPPED | FAIL | SKIPPED |
+----------------------------------------+----------------+--------------------+----------------------+
| Ubuntu 20.04 aarch32 GCC Cross Compile | SKIPPED | FAIL | SKIPPED |
+----------------------------------------+----------------+--------------------+----------------------+
| Ubuntu 20.04 ARM SVE | SKIPPED | FAIL | SKIPPED |
+----------------------------------------+----------------+--------------------+----------------------+
| FreeBSD 13 | SKIPPED | FAIL | SKIPPED |
+----------------------------------------+----------------+--------------------+----------------------+
| Windows Server 2019 | SKIPPED | FAIL | FAIL |
+----------------------------------------+----------------+--------------------+----------------------+
| CentOS Stream 8 | SKIPPED | FAIL | SKIPPED |
+----------------------------------------+----------------+--------------------+----------------------+
| CentOS Stream 9 | SKIPPED | FAIL | SKIPPED |
+----------------------------------------+----------------+--------------------+----------------------+
| Debian Buster | SKIPPED | FAIL | SKIPPED |
+----------------------------------------+----------------+--------------------+----------------------+
| openSUSE Leap 15 | SKIPPED | FAIL | SKIPPED |
+----------------------------------------+----------------+--------------------+----------------------+
| RHEL 7 | SKIPPED | FAIL | SKIPPED |
+----------------------------------------+----------------+--------------------+----------------------+
| RHEL8 | SKIPPED | FAIL | SKIPPED |
+----------------------------------------+----------------+--------------------+----------------------+
==== 20 line log output for RHEL8 (dpdk_meson_compile): ====
[16/3191] Generating symbol file 'lib/76b5a35@@rte_telemetry@sha/librte_telemetry.so.23.1.symbols'.
[17/3191] Compiling C object 'lib/76b5a35@@rte_eal@sta/eal_common_eal_common_class.c.o'.
[18/3191] Compiling C object 'lib/76b5a35@@rte_eal@sta/eal_common_eal_common_config.c.o'.
[19/3191] Compiling C object 'lib/76b5a35@@rte_eal@sta/eal_common_eal_common_debug.c.o'.
[20/3191] Compiling C object 'lib/76b5a35@@rte_eal@sta/eal_common_eal_common_dev.c.o'.
[21/3191] Compiling C object 'lib/76b5a35@@rte_eal@sta/eal_common_eal_common_devargs.c.o'.
[22/3191] Compiling C object 'lib/76b5a35@@rte_eal@sta/eal_common_eal_common_errno.c.o'.
[23/3191] Compiling C object 'lib/76b5a35@@rte_eal@sta/eal_common_eal_common_fbarray.c.o'.
[24/3191] Compiling C object 'lib/76b5a35@@rte_eal@sta/eal_common_eal_common_hexdump.c.o'.
[25/3191] Compiling C object 'lib/76b5a35@@rte_eal@sta/eal_common_eal_common_interrupts.c.o'.
[26/3191] Compiling C object 'lib/76b5a35@@rte_eal@sta/eal_common_eal_common_launch.c.o'.
[27/3191] Compiling C object 'lib/76b5a35@@rte_eal@sta/eal_common_eal_common_lcore.c.o'.
[28/3191] Compiling C object 'lib/76b5a35@@rte_eal@sta/eal_common_eal_common_log.c.o'.
FAILED: lib/76b5a35@@rte_eal@sta/eal_common_eal_common_log.c.o
ccache cc -Ilib/76b5a35@@rte_eal@sta -Ilib -I../lib -I. -I../ -Iconfig -I../config -Ilib/eal/include -I../lib/eal/include -Ilib/eal/linux/include -I../lib/eal/linux/include -Ilib/eal/x86/include -I../lib/eal/x86/include -Ilib/eal/common -I../lib/eal/common -Ilib/eal -I../lib/eal -Ilib/kvargs -I../lib/kvargs -Ilib/telemetry/../metrics -I../lib/telemetry/../metrics -Ilib/telemetry -I../lib/telemetry -fdiagnostics-color=always -pipe -D_FILE_OFFSET_BITS=64 -Wall -Winvalid-pch -Wextra -Werror -O3 -include rte_config.h -Wcast-qual -Wdeprecated -Wformat -Wformat-nonliteral -Wformat-security -Wmissing-declarations -Wmissing-prototypes -Wnested-externs -Wold-style-definition -Wpointer-arith -Wsign-compare -Wstrict-prototypes -Wundef -Wwrite-strings -Wno-packed-not-aligned -Wno-missing-field-initializers -D_GNU_SOURCE -fPIC -march=native -DALLOW_EXPERIMENTAL_API -DALLOW_INTERNAL_API -Wno-format-truncation '-DABI_VERSION="23.1"' -DRTE_LIBEAL_USE_GETENTROPY -DRTE_LOG_DEFAULT_LOGTYPE=lib.eal -MD
-MQ 'lib/76b5a35@@rte_eal@sta/eal_common_eal_common_log.c.o' -MF 'lib/76b5a35@@rte_eal@sta/eal_common_eal_common_log.c.o.d' -o 'lib/76b5a35@@rte_eal@sta/eal_common_eal_common_log.c.o' -c ../lib/eal/common/eal_common_log.c
../lib/eal/common/eal_common_log.c:485:1: error: no previous prototype for 'rte_log_get_timestamp_prefix' [-Werror=missing-prototypes]
rte_log_get_timestamp_prefix(char *buf, int buf_size)
^~~~~~~~~~~~~~~~~~~~~~~~~~~~
cc1: all warnings being treated as errors
ninja: build stopped: subcommand failed.
==== End log output ====
Ubuntu 20.04 ARM GCC Native
Kernel: 5.4.0-53-generic
Compiler: gcc 9.3
Ubuntu 20.04 ARM Clang Native
Kernel: 5.4.0-53-generic
Compiler: clang 10.0.0-4ubuntu1
Ubuntu 20.04
Kernel: 4.18.0-240.10.1.el8_3.x86_64
Compiler: gcc 9.3.0-17ubuntu1~20.04
Debian Bullseye
Kernel: 5.4.0-122-generic
Compiler: gcc 10.2.1-6
Ubuntu 22.04
Kernel: Container Host Kernel
Compiler: clang 14.0.5-1.fc36
Ubuntu 20.04 ARM GCC Cross Compile
Kernel: 5.4.0-72-generic
Compiler: aarch64-linux-gnu-gcc (Ubuntu 9.3.0-17ubuntu1~20.04) 9.3.0
Ubuntu 20.04 ARM Clang Cross Compile
Kernel: 5.4.0-72-generic
Compiler: clang version 10.0.0-4ubuntu1
Ubuntu 20.04 aarch32 GCC Cross Compile
Kernel: 5.4.0-72-generic
Compiler: gcc 9.3.0
Ubuntu 20.04 ARM SVE
Kernel: 5.4.0-80-generic
Compiler: gcc 10.3.0 (Ubuntu 10.3.0-1ubuntu1~20.04)
FreeBSD 13
Kernel: 13.0
Compiler: clang 11.0.1
Windows Server 2019
Kernel: 10.0
Compiler: clang 14.0 and gcc 8.1.0 (MinGW)
CentOS Stream 8
Kernel: 4.18.0-240.10.1.el8_3.x86_64
Compiler: gcc 8.4.1 20200928
CentOS Stream 9
Kernel: 4.18.0-240.10.1.el8_3.x86_64
Compiler: gcc 11.3.1 20220421
Debian Buster
Kernel: 5.4.0-122-generic
Compiler: gcc 8.3.0-6
openSUSE Leap 15
Kernel: 4.18.0-240.10.1.el8_3.x86_64
Compiler: gcc 7.5.0
RHEL 7
Kernel: 4.18.0-240.10.1.el8_3.x86_64
Compiler: gcc 4.8.5 20150623 (Red Hat 4.8.5-44)
RHEL8
Kernel: 4.18.0-240.10.1.el8_3.x86_64
Compiler: gcc 8.3.1 20191121 (Red Hat 8.3.1-5)
To view detailed results, visit:
https://lab.dpdk.org/results/dashboard/patchsets/25611/
UNH-IOL DPDK Community Lab
To manage your email subscriptions, visit:
https://lab.dpdk.org/results/dashboard/preferences/subscriptions/
^ permalink raw reply [flat|nested] 24+ messages in thread
* |FAILURE| pw124801 [PATCH] log: add timestamp for log
@ 2023-03-04 13:56 dpdklab
0 siblings, 0 replies; 24+ messages in thread
From: dpdklab @ 2023-03-04 13:56 UTC (permalink / raw)
To: Test Report; +Cc: dpdklab, David Marchand, Thomas Monjalon, luzhipeng
Test-Label: iol-x86_64-compile-testing
Test-Status: FAILURE
http://dpdk.org/patch/124801
_Testing issues_
Submitter: luzhipeng <luzhipeng@cestc.cn>
Date: Saturday, March 04 2023 03:04:37
DPDK git baseline: Repo:dpdk
Branch: master
CommitID:4ef69b2877a24ddb89afaf4bb6f4e73bb52a605b
124801 --> testing fail
Test environment and result as below:
+------------------+--------------------+
| Environment | dpdk_meson_compile |
+==================+====================+
| FreeBSD 13 | FAIL |
+------------------+--------------------+
| CentOS Stream 8 | FAIL |
+------------------+--------------------+
| CentOS Stream 9 | FAIL |
+------------------+--------------------+
| Debian Bullseye | FAIL |
+------------------+--------------------+
| Ubuntu 22.04 | FAIL |
+------------------+--------------------+
| Debian Buster | FAIL |
+------------------+--------------------+
| RHEL 7 | FAIL |
+------------------+--------------------+
| openSUSE Leap 15 | FAIL |
+------------------+--------------------+
| RHEL8 | FAIL |
+------------------+--------------------+
| Ubuntu 20.04 | FAIL |
+------------------+--------------------+
==== 20 line log output for Ubuntu 20.04 (dpdk_meson_compile): ====
[16/3191] Generating symbol file 'lib/76b5a35@@rte_telemetry@sha/librte_telemetry.so.23.1.symbols'.
[17/3191] Compiling C object 'lib/76b5a35@@rte_eal@sta/eal_common_eal_common_class.c.o'.
[18/3191] Compiling C object 'lib/76b5a35@@rte_eal@sta/eal_common_eal_common_config.c.o'.
[19/3191] Compiling C object 'lib/76b5a35@@rte_eal@sta/eal_common_eal_common_debug.c.o'.
[20/3191] Compiling C object 'lib/76b5a35@@rte_eal@sta/eal_common_eal_common_dev.c.o'.
[21/3191] Compiling C object 'lib/76b5a35@@rte_eal@sta/eal_common_eal_common_devargs.c.o'.
[22/3191] Compiling C object 'lib/76b5a35@@rte_eal@sta/eal_common_eal_common_errno.c.o'.
[23/3191] Compiling C object 'lib/76b5a35@@rte_eal@sta/eal_common_eal_common_fbarray.c.o'.
[24/3191] Compiling C object 'lib/76b5a35@@rte_eal@sta/eal_common_eal_common_hexdump.c.o'.
[25/3191] Compiling C object 'lib/76b5a35@@rte_eal@sta/eal_common_eal_common_interrupts.c.o'.
[26/3191] Compiling C object 'lib/76b5a35@@rte_eal@sta/eal_common_eal_common_launch.c.o'.
[27/3191] Compiling C object 'lib/76b5a35@@rte_eal@sta/eal_common_eal_common_lcore.c.o'.
[28/3191] Compiling C object 'lib/76b5a35@@rte_eal@sta/eal_common_eal_common_log.c.o'.
FAILED: lib/76b5a35@@rte_eal@sta/eal_common_eal_common_log.c.o
ccache cc -Ilib/76b5a35@@rte_eal@sta -Ilib -I../lib -I. -I../ -Iconfig -I../config -Ilib/eal/include -I../lib/eal/include -Ilib/eal/linux/include -I../lib/eal/linux/include -Ilib/eal/x86/include -I../lib/eal/x86/include -Ilib/eal/common -I../lib/eal/common -Ilib/eal -I../lib/eal -Ilib/kvargs -I../lib/kvargs -Ilib/telemetry/../metrics -I../lib/telemetry/../metrics -Ilib/telemetry -I../lib/telemetry -fdiagnostics-color=always -pipe -D_FILE_OFFSET_BITS=64 -Wall -Winvalid-pch -Wextra -Werror -O3 -include rte_config.h -Wcast-qual -Wdeprecated -Wformat -Wformat-nonliteral -Wformat-security -Wmissing-declarations -Wmissing-prototypes -Wnested-externs -Wold-style-definition -Wpointer-arith -Wsign-compare -Wstrict-prototypes -Wundef -Wwrite-strings -Wno-address-of-packed-member -Wno-packed-not-aligned -Wno-missing-field-initializers -D_GNU_SOURCE -fPIC -march=native -DALLOW_EXPERIMENTAL_API -DALLOW_INTERNAL_API -Wno-format-truncation '-DABI_VERSION="23.1"' -DRTE_LIBEAL_USE_GETENTROPY -DRTE_LO
G_DEFAULT_LOGTYPE=lib.eal -MD -MQ 'lib/76b5a35@@rte_eal@sta/eal_common_eal_common_log.c.o' -MF 'lib/76b5a35@@rte_eal@sta/eal_common_eal_common_log.c.o.d' -o 'lib/76b5a35@@rte_eal@sta/eal_common_eal_common_log.c.o' -c ../lib/eal/common/eal_common_log.c
../lib/eal/common/eal_common_log.c:485:1: error: no previous prototype for 'rte_log_get_timestamp_prefix' [-Werror=missing-prototypes]
485 | rte_log_get_timestamp_prefix(char *buf, int buf_size)
| ^~~~~~~~~~~~~~~~~~~~~~~~~~~~
cc1: all warnings being treated as errors
ninja: build stopped: subcommand failed.
==== End log output ====
FreeBSD 13
Kernel: 13.0
Compiler: clang 11.0.1
CentOS Stream 8
Kernel: 4.18.0-240.10.1.el8_3.x86_64
Compiler: gcc 8.4.1 20200928
CentOS Stream 9
Kernel: 4.18.0-240.10.1.el8_3.x86_64
Compiler: gcc 11.3.1 20220421
Debian Bullseye
Kernel: 5.4.0-122-generic
Compiler: gcc 10.2.1-6
Ubuntu 22.04
Kernel: Container Host Kernel
Compiler: gcc 11.3.1-2
Debian Buster
Kernel: 5.4.0-122-generic
Compiler: gcc 8.3.0-6
RHEL 7
Kernel: 4.18.0-240.10.1.el8_3.x86_64
Compiler: gcc 4.8.5 20150623 (Red Hat 4.8.5-44)
openSUSE Leap 15
Kernel: 4.18.0-240.10.1.el8_3.x86_64
Compiler: gcc 7.5.0
RHEL8
Kernel: 4.18.0-240.10.1.el8_3.x86_64
Compiler: gcc 8.3.1 20191121 (Red Hat 8.3.1-5)
Ubuntu 20.04
Kernel: 4.18.0-240.10.1.el8_3.x86_64
Compiler: gcc 9.3.0-17ubuntu1~20.04
To view detailed results, visit:
https://lab.dpdk.org/results/dashboard/patchsets/25611/
UNH-IOL DPDK Community Lab
To manage your email subscriptions, visit:
https://lab.dpdk.org/results/dashboard/preferences/subscriptions/
^ permalink raw reply [flat|nested] 24+ messages in thread
* |FAILURE| pw124801 [PATCH] log: add timestamp for log
@ 2023-03-04 13:54 dpdklab
0 siblings, 0 replies; 24+ messages in thread
From: dpdklab @ 2023-03-04 13:54 UTC (permalink / raw)
To: Test Report; +Cc: dpdklab, David Marchand, Thomas Monjalon, luzhipeng
Test-Label: iol-x86_64-compile-testing
Test-Status: FAILURE
http://dpdk.org/patch/124801
_Testing issues_
Submitter: luzhipeng <luzhipeng@cestc.cn>
Date: Saturday, March 04 2023 03:04:37
DPDK git baseline: Repo:dpdk
Branch: master
CommitID:4ef69b2877a24ddb89afaf4bb6f4e73bb52a605b
124801 --> testing fail
Test environment and result as below:
+------------------+--------------------+
| Environment | dpdk_meson_compile |
+==================+====================+
| FreeBSD 13 | FAIL |
+------------------+--------------------+
| CentOS Stream 8 | FAIL |
+------------------+--------------------+
| CentOS Stream 9 | FAIL |
+------------------+--------------------+
| Debian Buster | FAIL |
+------------------+--------------------+
| Debian Bullseye | FAIL |
+------------------+--------------------+
| Ubuntu 22.04 | FAIL |
+------------------+--------------------+
| openSUSE Leap 15 | FAIL |
+------------------+--------------------+
| RHEL 7 | FAIL |
+------------------+--------------------+
| Ubuntu 20.04 | FAIL |
+------------------+--------------------+
| RHEL8 | FAIL |
+------------------+--------------------+
==== 20 line log output for RHEL8 (dpdk_meson_compile): ====
[16/3191] Generating symbol file 'lib/76b5a35@@rte_telemetry@sha/librte_telemetry.so.23.1.symbols'.
[17/3191] Compiling C object 'lib/76b5a35@@rte_eal@sta/eal_common_eal_common_class.c.o'.
[18/3191] Compiling C object 'lib/76b5a35@@rte_eal@sta/eal_common_eal_common_config.c.o'.
[19/3191] Compiling C object 'lib/76b5a35@@rte_eal@sta/eal_common_eal_common_debug.c.o'.
[20/3191] Compiling C object 'lib/76b5a35@@rte_eal@sta/eal_common_eal_common_dev.c.o'.
[21/3191] Compiling C object 'lib/76b5a35@@rte_eal@sta/eal_common_eal_common_devargs.c.o'.
[22/3191] Compiling C object 'lib/76b5a35@@rte_eal@sta/eal_common_eal_common_errno.c.o'.
[23/3191] Compiling C object 'lib/76b5a35@@rte_eal@sta/eal_common_eal_common_fbarray.c.o'.
[24/3191] Compiling C object 'lib/76b5a35@@rte_eal@sta/eal_common_eal_common_hexdump.c.o'.
[25/3191] Compiling C object 'lib/76b5a35@@rte_eal@sta/eal_common_eal_common_interrupts.c.o'.
[26/3191] Compiling C object 'lib/76b5a35@@rte_eal@sta/eal_common_eal_common_launch.c.o'.
[27/3191] Compiling C object 'lib/76b5a35@@rte_eal@sta/eal_common_eal_common_lcore.c.o'.
[28/3191] Compiling C object 'lib/76b5a35@@rte_eal@sta/eal_common_eal_common_log.c.o'.
FAILED: lib/76b5a35@@rte_eal@sta/eal_common_eal_common_log.c.o
ccache cc -Ilib/76b5a35@@rte_eal@sta -Ilib -I../lib -I. -I../ -Iconfig -I../config -Ilib/eal/include -I../lib/eal/include -Ilib/eal/linux/include -I../lib/eal/linux/include -Ilib/eal/x86/include -I../lib/eal/x86/include -Ilib/eal/common -I../lib/eal/common -Ilib/eal -I../lib/eal -Ilib/kvargs -I../lib/kvargs -Ilib/telemetry/../metrics -I../lib/telemetry/../metrics -Ilib/telemetry -I../lib/telemetry -fdiagnostics-color=always -pipe -D_FILE_OFFSET_BITS=64 -Wall -Winvalid-pch -Wextra -Werror -O3 -include rte_config.h -Wcast-qual -Wdeprecated -Wformat -Wformat-nonliteral -Wformat-security -Wmissing-declarations -Wmissing-prototypes -Wnested-externs -Wold-style-definition -Wpointer-arith -Wsign-compare -Wstrict-prototypes -Wundef -Wwrite-strings -Wno-packed-not-aligned -Wno-missing-field-initializers -D_GNU_SOURCE -fPIC -march=native -DALLOW_EXPERIMENTAL_API -DALLOW_INTERNAL_API -Wno-format-truncation '-DABI_VERSION="23.1"' -DRTE_LIBEAL_USE_GETENTROPY -DRTE_LOG_DEFAULT_LOGTYPE=lib.eal -MD
-MQ 'lib/76b5a35@@rte_eal@sta/eal_common_eal_common_log.c.o' -MF 'lib/76b5a35@@rte_eal@sta/eal_common_eal_common_log.c.o.d' -o 'lib/76b5a35@@rte_eal@sta/eal_common_eal_common_log.c.o' -c ../lib/eal/common/eal_common_log.c
../lib/eal/common/eal_common_log.c:485:1: error: no previous prototype for 'rte_log_get_timestamp_prefix' [-Werror=missing-prototypes]
rte_log_get_timestamp_prefix(char *buf, int buf_size)
^~~~~~~~~~~~~~~~~~~~~~~~~~~~
cc1: all warnings being treated as errors
ninja: build stopped: subcommand failed.
==== End log output ====
FreeBSD 13
Kernel: 13.0
Compiler: clang 11.0.1
CentOS Stream 8
Kernel: 4.18.0-240.10.1.el8_3.x86_64
Compiler: gcc 8.4.1 20200928
CentOS Stream 9
Kernel: 4.18.0-240.10.1.el8_3.x86_64
Compiler: gcc 11.3.1 20220421
Debian Buster
Kernel: 5.4.0-122-generic
Compiler: gcc 8.3.0-6
Debian Bullseye
Kernel: 5.4.0-122-generic
Compiler: gcc 10.2.1-6
Ubuntu 22.04
Kernel: Container Host Kernel
Compiler: gcc 11.3.1-2
openSUSE Leap 15
Kernel: 4.18.0-240.10.1.el8_3.x86_64
Compiler: gcc 7.5.0
RHEL 7
Kernel: 4.18.0-240.10.1.el8_3.x86_64
Compiler: gcc 4.8.5 20150623 (Red Hat 4.8.5-44)
Ubuntu 20.04
Kernel: 4.18.0-240.10.1.el8_3.x86_64
Compiler: gcc 9.3.0-17ubuntu1~20.04
RHEL8
Kernel: 4.18.0-240.10.1.el8_3.x86_64
Compiler: gcc 8.3.1 20191121 (Red Hat 8.3.1-5)
To view detailed results, visit:
https://lab.dpdk.org/results/dashboard/patchsets/25611/
UNH-IOL DPDK Community Lab
To manage your email subscriptions, visit:
https://lab.dpdk.org/results/dashboard/preferences/subscriptions/
^ permalink raw reply [flat|nested] 24+ messages in thread
* |FAILURE| pw124801 [PATCH] log: add timestamp for log
@ 2023-03-04 8:28 dpdklab
0 siblings, 0 replies; 24+ messages in thread
From: dpdklab @ 2023-03-04 8:28 UTC (permalink / raw)
To: Test Report; +Cc: dpdklab, David Marchand, Thomas Monjalon, luzhipeng
Test-Label: iol-aarch64-compile-testing
Test-Status: FAILURE
http://dpdk.org/patch/124801
_Testing issues_
Submitter: luzhipeng <luzhipeng@cestc.cn>
Date: Saturday, March 04 2023 03:04:37
DPDK git baseline: Repo:dpdk
Branch: master
CommitID:4ef69b2877a24ddb89afaf4bb6f4e73bb52a605b
124801 --> testing fail
Test environment and result as below:
+----------------------------------------+--------------------+
| Environment | dpdk_meson_compile |
+========================================+====================+
| Ubuntu 20.04 ARM GCC Native | FAIL |
+----------------------------------------+--------------------+
| Ubuntu 20.04 ARM Clang Native | FAIL |
+----------------------------------------+--------------------+
| Ubuntu 20.04 ARM GCC Cross Compile | FAIL |
+----------------------------------------+--------------------+
| Ubuntu 20.04 ARM Clang Cross Compile | FAIL |
+----------------------------------------+--------------------+
| Ubuntu 20.04 aarch32 GCC Cross Compile | FAIL |
+----------------------------------------+--------------------+
| Ubuntu 20.04 ARM SVE | FAIL |
+----------------------------------------+--------------------+
==== 20 line log output for Ubuntu 20.04 ARM SVE (dpdk_meson_compile): ====
[16/635] Compiling C object 'lib/76b5a35@@rte_eal@sta/eal_common_eal_common_bus.c.o'.
[17/635] Compiling C object 'lib/76b5a35@@rte_eal@sta/eal_common_eal_common_class.c.o'.
[18/635] Compiling C object 'lib/76b5a35@@rte_eal@sta/eal_common_eal_common_config.c.o'.
[19/635] Compiling C object 'lib/76b5a35@@rte_eal@sta/eal_common_eal_common_debug.c.o'.
[20/635] Compiling C object 'lib/76b5a35@@rte_eal@sta/eal_common_eal_common_dev.c.o'.
[21/635] Compiling C object 'lib/76b5a35@@rte_eal@sta/eal_common_eal_common_devargs.c.o'.
[22/635] Compiling C object 'lib/76b5a35@@rte_eal@sta/eal_common_eal_common_errno.c.o'.
[23/635] Compiling C object 'lib/76b5a35@@rte_eal@sta/eal_common_eal_common_fbarray.c.o'.
[24/635] Compiling C object 'lib/76b5a35@@rte_eal@sta/eal_common_eal_common_hexdump.c.o'.
[25/635] Compiling C object 'lib/76b5a35@@rte_eal@sta/eal_common_eal_common_interrupts.c.o'.
[26/635] Compiling C object 'lib/76b5a35@@rte_eal@sta/eal_common_eal_common_launch.c.o'.
[27/635] Compiling C object 'lib/76b5a35@@rte_eal@sta/eal_common_eal_common_lcore.c.o'.
[28/635] Compiling C object 'lib/76b5a35@@rte_eal@sta/eal_common_eal_common_log.c.o'.
FAILED: lib/76b5a35@@rte_eal@sta/eal_common_eal_common_log.c.o
gcc-10 -Ilib/76b5a35@@rte_eal@sta -Ilib -I../lib -I. -I../ -Iconfig -I../config -Ilib/eal/include -I../lib/eal/include -Ilib/eal/linux/include -I../lib/eal/linux/include -Ilib/eal/arm/include -I../lib/eal/arm/include -Ilib/eal/common -I../lib/eal/common -Ilib/eal -I../lib/eal -Ilib/kvargs -I../lib/kvargs -I../lib/telemetry/../metrics -Ilib/telemetry -I../lib/telemetry -fdiagnostics-color=always -pipe -D_FILE_OFFSET_BITS=64 -Wall -Winvalid-pch -Wextra -Werror -O3 -include rte_config.h -Wcast-qual -Wdeprecated -Wformat -Wformat-nonliteral -Wformat-security -Wmissing-declarations -Wmissing-prototypes -Wnested-externs -Wold-style-definition -Wpointer-arith -Wsign-compare -Wstrict-prototypes -Wundef -Wwrite-strings -Wno-address-of-packed-member -Wno-packed-not-aligned -Wno-missing-field-initializers -Wno-zero-length-bounds -D_GNU_SOURCE -fPIC -march=armv8.2-a+crypto+sve -DALLOW_EXPERIMENTAL_API -DALLOW_INTERNAL_API -Wno-format-truncation '-DABI_VERSION="23.1"' -DRTE_LIBEAL_USE_GETENTROPY
-DRTE_LOG_DEFAULT_LOGTYPE=lib.eal -MD -MQ 'lib/76b5a35@@rte_eal@sta/eal_common_eal_common_log.c.o' -MF 'lib/76b5a35@@rte_eal@sta/eal_common_eal_common_log.c.o.d' -o 'lib/76b5a35@@rte_eal@sta/eal_common_eal_common_log.c.o' -c ../lib/eal/common/eal_common_log.c
../lib/eal/common/eal_common_log.c:485:1: error: no previous prototype for 'rte_log_get_timestamp_prefix' [-Werror=missing-prototypes]
485 | rte_log_get_timestamp_prefix(char *buf, int buf_size)
| ^~~~~~~~~~~~~~~~~~~~~~~~~~~~
cc1: all warnings being treated as errors
ninja: build stopped: subcommand failed.
==== End log output ====
Ubuntu 20.04 ARM GCC Native
Kernel: 5.4.0-53-generic
Compiler: gcc 9.3
Ubuntu 20.04 ARM Clang Native
Kernel: 5.4.0-53-generic
Compiler: clang 10.0.0-4ubuntu1
Ubuntu 20.04 ARM GCC Cross Compile
Kernel: 5.4.0-72-generic
Compiler: aarch64-linux-gnu-gcc (Ubuntu 9.3.0-17ubuntu1~20.04) 9.3.0
Ubuntu 20.04 ARM Clang Cross Compile
Kernel: 5.4.0-72-generic
Compiler: clang version 10.0.0-4ubuntu1
Ubuntu 20.04 aarch32 GCC Cross Compile
Kernel: 5.4.0-72-generic
Compiler: gcc 9.3.0
Ubuntu 20.04 ARM SVE
Kernel: 5.4.0-80-generic
Compiler: gcc 10.3.0 (Ubuntu 10.3.0-1ubuntu1~20.04)
To view detailed results, visit:
https://lab.dpdk.org/results/dashboard/patchsets/25611/
UNH-IOL DPDK Community Lab
To manage your email subscriptions, visit:
https://lab.dpdk.org/results/dashboard/preferences/subscriptions/
^ permalink raw reply [flat|nested] 24+ messages in thread
* |FAILURE| pw124801 [PATCH] log: add timestamp for log
@ 2023-03-04 7:40 dpdklab
0 siblings, 0 replies; 24+ messages in thread
From: dpdklab @ 2023-03-04 7:40 UTC (permalink / raw)
To: Test Report; +Cc: dpdklab, David Marchand, Thomas Monjalon, luzhipeng
Test-Label: iol-aarch64-compile-testing
Test-Status: FAILURE
http://dpdk.org/patch/124801
_Testing issues_
Submitter: luzhipeng <luzhipeng@cestc.cn>
Date: Saturday, March 04 2023 03:04:37
DPDK git baseline: Repo:dpdk
Branch: master
CommitID:4ef69b2877a24ddb89afaf4bb6f4e73bb52a605b
124801 --> testing fail
Test environment and result as below:
+----------------------------------------+--------------------+
| Environment | dpdk_meson_compile |
+========================================+====================+
| Ubuntu 20.04 ARM GCC Native | FAIL |
+----------------------------------------+--------------------+
| Ubuntu 20.04 ARM Clang Native | FAIL |
+----------------------------------------+--------------------+
| Ubuntu 20.04 ARM GCC Cross Compile | FAIL |
+----------------------------------------+--------------------+
| Ubuntu 20.04 ARM Clang Cross Compile | FAIL |
+----------------------------------------+--------------------+
| Ubuntu 20.04 aarch32 GCC Cross Compile | FAIL |
+----------------------------------------+--------------------+
| Ubuntu 20.04 ARM SVE | FAIL |
+----------------------------------------+--------------------+
==== 20 line log output for Ubuntu 20.04 ARM SVE (dpdk_meson_compile): ====
[16/635] Compiling C object 'lib/76b5a35@@rte_eal@sta/eal_common_eal_common_bus.c.o'.
[17/635] Compiling C object 'lib/76b5a35@@rte_eal@sta/eal_common_eal_common_class.c.o'.
[18/635] Compiling C object 'lib/76b5a35@@rte_eal@sta/eal_common_eal_common_config.c.o'.
[19/635] Compiling C object 'lib/76b5a35@@rte_eal@sta/eal_common_eal_common_debug.c.o'.
[20/635] Compiling C object 'lib/76b5a35@@rte_eal@sta/eal_common_eal_common_dev.c.o'.
[21/635] Compiling C object 'lib/76b5a35@@rte_eal@sta/eal_common_eal_common_devargs.c.o'.
[22/635] Compiling C object 'lib/76b5a35@@rte_eal@sta/eal_common_eal_common_errno.c.o'.
[23/635] Compiling C object 'lib/76b5a35@@rte_eal@sta/eal_common_eal_common_fbarray.c.o'.
[24/635] Compiling C object 'lib/76b5a35@@rte_eal@sta/eal_common_eal_common_hexdump.c.o'.
[25/635] Compiling C object 'lib/76b5a35@@rte_eal@sta/eal_common_eal_common_interrupts.c.o'.
[26/635] Compiling C object 'lib/76b5a35@@rte_eal@sta/eal_common_eal_common_launch.c.o'.
[27/635] Compiling C object 'lib/76b5a35@@rte_eal@sta/eal_common_eal_common_lcore.c.o'.
[28/635] Compiling C object 'lib/76b5a35@@rte_eal@sta/eal_common_eal_common_log.c.o'.
FAILED: lib/76b5a35@@rte_eal@sta/eal_common_eal_common_log.c.o
gcc-10 -Ilib/76b5a35@@rte_eal@sta -Ilib -I../lib -I. -I../ -Iconfig -I../config -Ilib/eal/include -I../lib/eal/include -Ilib/eal/linux/include -I../lib/eal/linux/include -Ilib/eal/arm/include -I../lib/eal/arm/include -Ilib/eal/common -I../lib/eal/common -Ilib/eal -I../lib/eal -Ilib/kvargs -I../lib/kvargs -I../lib/telemetry/../metrics -Ilib/telemetry -I../lib/telemetry -fdiagnostics-color=always -pipe -D_FILE_OFFSET_BITS=64 -Wall -Winvalid-pch -Wextra -Werror -O3 -include rte_config.h -Wcast-qual -Wdeprecated -Wformat -Wformat-nonliteral -Wformat-security -Wmissing-declarations -Wmissing-prototypes -Wnested-externs -Wold-style-definition -Wpointer-arith -Wsign-compare -Wstrict-prototypes -Wundef -Wwrite-strings -Wno-address-of-packed-member -Wno-packed-not-aligned -Wno-missing-field-initializers -Wno-zero-length-bounds -D_GNU_SOURCE -fPIC -march=armv8.2-a+crypto+sve -DALLOW_EXPERIMENTAL_API -DALLOW_INTERNAL_API -Wno-format-truncation '-DABI_VERSION="23.1"' -DRTE_LIBEAL_USE_GETENTROPY
-DRTE_LOG_DEFAULT_LOGTYPE=lib.eal -MD -MQ 'lib/76b5a35@@rte_eal@sta/eal_common_eal_common_log.c.o' -MF 'lib/76b5a35@@rte_eal@sta/eal_common_eal_common_log.c.o.d' -o 'lib/76b5a35@@rte_eal@sta/eal_common_eal_common_log.c.o' -c ../lib/eal/common/eal_common_log.c
../lib/eal/common/eal_common_log.c:485:1: error: no previous prototype for 'rte_log_get_timestamp_prefix' [-Werror=missing-prototypes]
485 | rte_log_get_timestamp_prefix(char *buf, int buf_size)
| ^~~~~~~~~~~~~~~~~~~~~~~~~~~~
cc1: all warnings being treated as errors
ninja: build stopped: subcommand failed.
==== End log output ====
Ubuntu 20.04 ARM GCC Native
Kernel: 5.4.0-53-generic
Compiler: gcc 9.3
Ubuntu 20.04 ARM Clang Native
Kernel: 5.4.0-53-generic
Compiler: clang 10.0.0-4ubuntu1
Ubuntu 20.04 ARM GCC Cross Compile
Kernel: 5.4.0-72-generic
Compiler: aarch64-linux-gnu-gcc (Ubuntu 9.3.0-17ubuntu1~20.04) 9.3.0
Ubuntu 20.04 ARM Clang Cross Compile
Kernel: 5.4.0-72-generic
Compiler: clang version 10.0.0-4ubuntu1
Ubuntu 20.04 aarch32 GCC Cross Compile
Kernel: 5.4.0-72-generic
Compiler: gcc 9.3.0
Ubuntu 20.04 ARM SVE
Kernel: 5.4.0-80-generic
Compiler: gcc 10.3.0 (Ubuntu 10.3.0-1ubuntu1~20.04)
To view detailed results, visit:
https://lab.dpdk.org/results/dashboard/patchsets/25611/
UNH-IOL DPDK Community Lab
To manage your email subscriptions, visit:
https://lab.dpdk.org/results/dashboard/preferences/subscriptions/
^ permalink raw reply [flat|nested] 24+ messages in thread
* |FAILURE| pw124801 [PATCH] log: add timestamp for log
@ 2023-03-04 6:06 dpdklab
0 siblings, 0 replies; 24+ messages in thread
From: dpdklab @ 2023-03-04 6:06 UTC (permalink / raw)
To: Test Report; +Cc: dpdklab, David Marchand, Thomas Monjalon, luzhipeng
Test-Label: iol-aarch64-unit-testing
Test-Status: FAILURE
http://dpdk.org/patch/124801
_Testing issues_
Submitter: luzhipeng <luzhipeng@cestc.cn>
Date: Saturday, March 04 2023 03:04:37
DPDK git baseline: Repo:dpdk
Branch: master
CommitID:4ef69b2877a24ddb89afaf4bb6f4e73bb52a605b
124801 --> testing fail
Test environment and result as below:
+-------------------------------+------------------------------+---------------------------+----------------+--------------+
| Environment | cryptodev_sw_snow3g_autotest | cryptodev_sw_zuc_autotest | dpdk_unit_test | lpm_autotest |
+===============================+==============================+===========================+================+==============+
| Debian 11 | FAIL | FAIL | SKIPPED | SKIPPED |
+-------------------------------+------------------------------+---------------------------+----------------+--------------+
| Ubuntu 20.04 ARM Clang Native | SKIPPED | SKIPPED | FAIL | SKIPPED |
+-------------------------------+------------------------------+---------------------------+----------------+--------------+
| Ubuntu 20.04 ARM GCC Native | SKIPPED | SKIPPED | FAIL | SKIPPED |
+-------------------------------+------------------------------+---------------------------+----------------+--------------+
| Ubuntu 20.04 ARM SVE | SKIPPED | SKIPPED | SKIPPED | FAIL |
+-------------------------------+------------------------------+---------------------------+----------------+--------------+
==== 20 line log output for Ubuntu 20.04 ARM SVE (lpm_autotest): ====
[19/635] Generating symbol file 'lib/76b5a35@@rte_telemetry@sha/librte_telemetry.so.23.1.symbols'.
[20/635] Compiling C object 'lib/76b5a35@@rte_eal@sta/eal_common_eal_common_errno.c.o'.
[21/635] Compiling C object 'lib/76b5a35@@rte_eal@sta/eal_common_eal_common_hexdump.c.o'.
[22/635] Compiling C object 'lib/76b5a35@@rte_eal@sta/eal_common_eal_common_devargs.c.o'.
[23/635] Compiling C object 'lib/76b5a35@@rte_eal@sta/eal_common_eal_common_dev.c.o'.
[24/635] Compiling C object 'lib/76b5a35@@rte_eal@sta/eal_common_eal_common_launch.c.o'.
[25/635] Compiling C object 'lib/76b5a35@@rte_eal@sta/eal_common_eal_common_interrupts.c.o'.
[26/635] Compiling C object 'lib/76b5a35@@rte_eal@sta/eal_common_eal_common_mcfg.c.o'.
[27/635] Compiling C object 'lib/76b5a35@@rte_eal@sta/eal_common_eal_common_lcore.c.o'.
[28/635] Compiling C object 'lib/76b5a35@@rte_eal@sta/eal_common_eal_common_log.c.o'.
FAILED: lib/76b5a35@@rte_eal@sta/eal_common_eal_common_log.c.o
gcc-10 -Ilib/76b5a35@@rte_eal@sta -Ilib -I../lib -I. -I../ -Iconfig -I../config -Ilib/eal/include -I../lib/eal/include -Ilib/eal/linux/include -I../lib/eal/linux/include -Ilib/eal/arm/include -I../lib/eal/arm/include -Ilib/eal/common -I../lib/eal/common -Ilib/eal -I../lib/eal -Ilib/kvargs -I../lib/kvargs -I../lib/telemetry/../metrics -Ilib/telemetry -I../lib/telemetry -fdiagnostics-color=always -pipe -D_FILE_OFFSET_BITS=64 -Wall -Winvalid-pch -Wextra -Werror -O3 -include rte_config.h -Wcast-qual -Wdeprecated -Wformat -Wformat-nonliteral -Wformat-security -Wmissing-declarations -Wmissing-prototypes -Wnested-externs -Wold-style-definition -Wpointer-arith -Wsign-compare -Wstrict-prototypes -Wundef -Wwrite-strings -Wno-address-of-packed-member -Wno-packed-not-aligned -Wno-missing-field-initializers -Wno-zero-length-bounds -D_GNU_SOURCE -fPIC -march=armv8.2-a+crypto+sve -DALLOW_EXPERIMENTAL_API -DALLOW_INTERNAL_API -Wno-format-truncation '-DABI_VERSION="23.1"' -DRTE_LIBEAL_USE_GETENTROPY
-DRTE_LOG_DEFAULT_LOGTYPE=lib.eal -MD -MQ 'lib/76b5a35@@rte_eal@sta/eal_common_eal_common_log.c.o' -MF 'lib/76b5a35@@rte_eal@sta/eal_common_eal_common_log.c.o.d' -o 'lib/76b5a35@@rte_eal@sta/eal_common_eal_common_log.c.o' -c ../lib/eal/common/eal_common_log.c
../lib/eal/common/eal_common_log.c:485:1: error: no previous prototype for 'rte_log_get_timestamp_prefix' [-Werror=missing-prototypes]
485 | rte_log_get_timestamp_prefix(char *buf, int buf_size)
| ^~~~~~~~~~~~~~~~~~~~~~~~~~~~
cc1: all warnings being treated as errors
[29/635] Compiling C object 'lib/76b5a35@@rte_eal@sta/eal_common_eal_common_memalloc.c.o'.
[30/635] Compiling C object 'lib/76b5a35@@rte_eal@sta/eal_common_eal_common_fbarray.c.o'.
[31/635] Compiling C object 'lib/76b5a35@@rte_eal@sta/eal_common_eal_common_memory.c.o'.
ninja: build stopped: subcommand failed.
==== End log output ====
Debian 11
Kernel: Container Host Kernel
Compiler: gcc 10.2.1
Ubuntu 20.04 ARM Clang Native
Kernel: 5.4.0-53-generic
Compiler: clang 10.0.0-4ubuntu1
Ubuntu 20.04 ARM GCC Native
Kernel: 5.4.0-53-generic
Compiler: gcc 9.3
Ubuntu 20.04 ARM SVE
Kernel: 5.4.0-80-generic
Compiler: gcc 10.3.0 (Ubuntu 10.3.0-1ubuntu1~20.04)
To view detailed results, visit:
https://lab.dpdk.org/results/dashboard/patchsets/25611/
UNH-IOL DPDK Community Lab
To manage your email subscriptions, visit:
https://lab.dpdk.org/results/dashboard/preferences/subscriptions/
^ permalink raw reply [flat|nested] 24+ messages in thread
* |FAILURE| pw124801 [PATCH] log: add timestamp for log
@ 2023-03-04 5:13 dpdklab
0 siblings, 0 replies; 24+ messages in thread
From: dpdklab @ 2023-03-04 5:13 UTC (permalink / raw)
To: Test Report; +Cc: dpdklab, David Marchand, Thomas Monjalon, luzhipeng
Test-Label: iol-aarch64-unit-testing
Test-Status: FAILURE
http://dpdk.org/patch/124801
_Testing issues_
Submitter: luzhipeng <luzhipeng@cestc.cn>
Date: Saturday, March 04 2023 03:04:37
DPDK git baseline: Repo:dpdk
Branch: master
CommitID:4ef69b2877a24ddb89afaf4bb6f4e73bb52a605b
124801 --> testing fail
Test environment and result as below:
+-------------------------------+---------------------------+------------------------------+----------------+--------------+
| Environment | cryptodev_sw_zuc_autotest | cryptodev_sw_snow3g_autotest | dpdk_unit_test | lpm_autotest |
+===============================+===========================+==============================+================+==============+
| Debian 11 | FAIL | FAIL | SKIPPED | SKIPPED |
+-------------------------------+---------------------------+------------------------------+----------------+--------------+
| Ubuntu 20.04 ARM GCC Native | SKIPPED | SKIPPED | FAIL | SKIPPED |
+-------------------------------+---------------------------+------------------------------+----------------+--------------+
| Ubuntu 20.04 ARM Clang Native | SKIPPED | SKIPPED | FAIL | SKIPPED |
+-------------------------------+---------------------------+------------------------------+----------------+--------------+
| Ubuntu 20.04 ARM SVE | SKIPPED | SKIPPED | SKIPPED | FAIL |
+-------------------------------+---------------------------+------------------------------+----------------+--------------+
==== 20 line log output for Ubuntu 20.04 ARM SVE (lpm_autotest): ====
[19/635] Compiling C object 'lib/76b5a35@@rte_eal@sta/eal_common_eal_common_errno.c.o'.
[20/635] Generating symbol file 'lib/76b5a35@@rte_telemetry@sha/librte_telemetry.so.23.1.symbols'.
[21/635] Compiling C object 'lib/76b5a35@@rte_eal@sta/eal_common_eal_common_hexdump.c.o'.
[22/635] Compiling C object 'lib/76b5a35@@rte_eal@sta/eal_common_eal_common_devargs.c.o'.
[23/635] Compiling C object 'lib/76b5a35@@rte_eal@sta/eal_common_eal_common_dev.c.o'.
[24/635] Compiling C object 'lib/76b5a35@@rte_eal@sta/eal_common_eal_common_launch.c.o'.
[25/635] Compiling C object 'lib/76b5a35@@rte_eal@sta/eal_common_eal_common_interrupts.c.o'.
[26/635] Compiling C object 'lib/76b5a35@@rte_eal@sta/eal_common_eal_common_mcfg.c.o'.
[27/635] Compiling C object 'lib/76b5a35@@rte_eal@sta/eal_common_eal_common_lcore.c.o'.
[28/635] Compiling C object 'lib/76b5a35@@rte_eal@sta/eal_common_eal_common_log.c.o'.
FAILED: lib/76b5a35@@rte_eal@sta/eal_common_eal_common_log.c.o
gcc-10 -Ilib/76b5a35@@rte_eal@sta -Ilib -I../lib -I. -I../ -Iconfig -I../config -Ilib/eal/include -I../lib/eal/include -Ilib/eal/linux/include -I../lib/eal/linux/include -Ilib/eal/arm/include -I../lib/eal/arm/include -Ilib/eal/common -I../lib/eal/common -Ilib/eal -I../lib/eal -Ilib/kvargs -I../lib/kvargs -I../lib/telemetry/../metrics -Ilib/telemetry -I../lib/telemetry -fdiagnostics-color=always -pipe -D_FILE_OFFSET_BITS=64 -Wall -Winvalid-pch -Wextra -Werror -O3 -include rte_config.h -Wcast-qual -Wdeprecated -Wformat -Wformat-nonliteral -Wformat-security -Wmissing-declarations -Wmissing-prototypes -Wnested-externs -Wold-style-definition -Wpointer-arith -Wsign-compare -Wstrict-prototypes -Wundef -Wwrite-strings -Wno-address-of-packed-member -Wno-packed-not-aligned -Wno-missing-field-initializers -Wno-zero-length-bounds -D_GNU_SOURCE -fPIC -march=armv8.2-a+crypto+sve -DALLOW_EXPERIMENTAL_API -DALLOW_INTERNAL_API -Wno-format-truncation '-DABI_VERSION="23.1"' -DRTE_LIBEAL_USE_GETENTROPY
-DRTE_LOG_DEFAULT_LOGTYPE=lib.eal -MD -MQ 'lib/76b5a35@@rte_eal@sta/eal_common_eal_common_log.c.o' -MF 'lib/76b5a35@@rte_eal@sta/eal_common_eal_common_log.c.o.d' -o 'lib/76b5a35@@rte_eal@sta/eal_common_eal_common_log.c.o' -c ../lib/eal/common/eal_common_log.c
../lib/eal/common/eal_common_log.c:485:1: error: no previous prototype for 'rte_log_get_timestamp_prefix' [-Werror=missing-prototypes]
485 | rte_log_get_timestamp_prefix(char *buf, int buf_size)
| ^~~~~~~~~~~~~~~~~~~~~~~~~~~~
cc1: all warnings being treated as errors
[29/635] Compiling C object 'lib/76b5a35@@rte_eal@sta/eal_common_eal_common_memalloc.c.o'.
[30/635] Compiling C object 'lib/76b5a35@@rte_eal@sta/eal_common_eal_common_fbarray.c.o'.
[31/635] Compiling C object 'lib/76b5a35@@rte_eal@sta/eal_common_eal_common_memory.c.o'.
ninja: build stopped: subcommand failed.
==== End log output ====
Debian 11
Kernel: Container Host Kernel
Compiler: gcc 10.2.1
Ubuntu 20.04 ARM GCC Native
Kernel: 5.4.0-53-generic
Compiler: gcc 9.3
Ubuntu 20.04 ARM Clang Native
Kernel: 5.4.0-53-generic
Compiler: clang 10.0.0-4ubuntu1
Ubuntu 20.04 ARM SVE
Kernel: 5.4.0-80-generic
Compiler: gcc 10.3.0 (Ubuntu 10.3.0-1ubuntu1~20.04)
To view detailed results, visit:
https://lab.dpdk.org/results/dashboard/patchsets/25611/
UNH-IOL DPDK Community Lab
To manage your email subscriptions, visit:
https://lab.dpdk.org/results/dashboard/preferences/subscriptions/
^ permalink raw reply [flat|nested] 24+ messages in thread
* |FAILURE| pw124801 [PATCH] log: add timestamp for log
[not found] <20230304030437.706-1-luzhipeng@cestc.cn>
@ 2023-03-04 4:39 ` 0-day Robot
0 siblings, 0 replies; 24+ messages in thread
From: 0-day Robot @ 2023-03-04 4:39 UTC (permalink / raw)
To: test-report; +Cc: luzhipeng, robot
From: robot@bytheb.org
Test-Label: github-robot: build
Test-Status: FAILURE
http://patchwork.dpdk.org/patch/124801/
_github build: failed_
Build URL: https://github.com/ovsrobot/dpdk/actions/runs/4329092516
Build Logs:
-----------------------Summary of failed steps-----------------------
"ubuntu-20.04-gcc-mini" failed at step Build and test
"ubuntu-20.04-gcc-abi+doc+tests" failed at step Build and test
"ubuntu-20.04-clang-asan+doc+tests" failed at step Build and test
"ubuntu-20.04-gcc-static-i386" failed at step Build and test
"ubuntu-20.04-gcc-static-mingw" failed at step Build and test
"ubuntu-20.04-gcc-aarch64" failed at step Build and test
"ubuntu-20.04-gcc-ppc64le" failed at step Build and test
"ubuntu-20.04-gcc-riscv64" failed at step Build and test
"fedora:35-gcc" failed at step Build
"fedora:35-clang" failed at step Build
----------------------End summary of failed steps--------------------
-------------------------------BEGIN LOGS----------------------------
####################################################################################
#### [Begin job log] "ubuntu-20.04-gcc-mini" at step Build and test
####################################################################################
[10/1405] Compiling C object 'lib/76b5a35@@rte_eal@sta/eal_common_eal_common_bus.c.o'.
[11/1405] Compiling C object 'lib/76b5a35@@rte_eal@sta/eal_common_eal_common_class.c.o'.
[12/1405] Compiling C object 'lib/76b5a35@@rte_eal@sta/eal_common_eal_common_config.c.o'.
[13/1405] Compiling C object 'lib/76b5a35@@rte_eal@sta/eal_common_eal_common_debug.c.o'.
[14/1405] Compiling C object 'lib/76b5a35@@rte_eal@sta/eal_common_eal_common_dev.c.o'.
[15/1405] Compiling C object 'lib/76b5a35@@rte_eal@sta/eal_common_eal_common_devargs.c.o'.
[16/1405] Compiling C object 'lib/76b5a35@@rte_eal@sta/eal_common_eal_common_errno.c.o'.
[17/1405] Compiling C object 'lib/76b5a35@@rte_eal@sta/eal_common_eal_common_fbarray.c.o'.
[18/1405] Compiling C object 'lib/76b5a35@@rte_eal@sta/eal_common_eal_common_hexdump.c.o'.
[19/1405] Compiling C object 'lib/76b5a35@@rte_eal@sta/eal_common_eal_common_interrupts.c.o'.
[20/1405] Compiling C object 'lib/76b5a35@@rte_eal@sta/eal_common_eal_common_launch.c.o'.
[21/1405] Compiling C object 'lib/76b5a35@@rte_eal@sta/eal_common_eal_common_lcore.c.o'.
[22/1405] Generating kvargs.sym_chk with a meson_exe.py custom command.
[23/1405] Linking target lib/librte_kvargs.so.23.1.
[24/1405] Compiling C object 'lib/76b5a35@@rte_eal@sta/eal_common_eal_common_log.c.o'.
FAILED: lib/76b5a35@@rte_eal@sta/eal_common_eal_common_log.c.o
ccache gcc -Ilib/76b5a35@@rte_eal@sta -Ilib -I../lib -I. -I../ -Iconfig -I../config -Ilib/eal/include -I../lib/eal/include -Ilib/eal/linux/include -I../lib/eal/linux/include -Ilib/eal/x86/include -I../lib/eal/x86/include -Ilib/eal/common -I../lib/eal/common -Ilib/eal -I../lib/eal -Ilib/kvargs -I../lib/kvargs -I../lib/telemetry/../metrics -Ilib/telemetry -I../lib/telemetry -fdiagnostics-color=always -pipe -D_FILE_OFFSET_BITS=64 -Wall -Winvalid-pch -Wextra -Werror -O2 -g -include rte_config.h -Wcast-qual -Wdeprecated -Wformat -Wformat-nonliteral -Wformat-security -Wmissing-declarations -Wmissing-prototypes -Wnested-externs -Wold-style-definition -Wpointer-arith -Wsign-compare -Wstrict-prototypes -Wundef -Wwrite-strings -Wno-address-of-packed-member -Wno-packed-not-aligned -Wno-missing-field-initializers -D_GNU_SOURCE -fPIC -march=corei7 -DALLOW_EXPERIMENTAL_API -DALLOW_INTERNAL_API -Wno-format-truncation '-DABI_VERSION="23.1"' -DRTE_LIBEAL_USE_GETENTROPY -DRTE_LOG_DEFAULT_LOGTYPE=lib.eal -MD -MQ 'lib/76b5a35@@rte_eal@sta/eal_common_eal_common_log.c.o' -MF 'lib/76b5a35@@rte_eal@sta/eal_common_eal_common_log.c.o.d' -o 'lib/76b5a35@@rte_eal@sta/eal_common_eal_common_log.c.o' -c ../lib/eal/common/eal_common_log.c
../lib/eal/common/eal_common_log.c:485:1: error: no previous prototype for ‘rte_log_get_timestamp_prefix’ [-Werror=missing-prototypes]
485 | rte_log_get_timestamp_prefix(char *buf, int buf_size)
| ^~~~~~~~~~~~~~~~~~~~~~~~~~~~
cc1: all warnings being treated as errors
[25/1405] Generating telemetry.sym_chk with a meson_exe.py custom command.
[26/1405] Generating symbol file 'lib/76b5a35@@rte_kvargs@sha/librte_kvargs.so.23.1.symbols'.
ninja: build stopped: subcommand failed.
##[error]Process completed with exit code 1.
####################################################################################
#### [End job log] "ubuntu-20.04-gcc-mini" at step Build and test
####################################################################################
####################################################################################
#### [Begin job log] "ubuntu-20.04-gcc-abi+doc+tests" at step Build and test
####################################################################################
[18/4276] Compiling C object 'lib/76b5a35@@rte_eal@sta/eal_common_eal_common_errno.c.o'.
[19/4276] Compiling C object 'lib/76b5a35@@rte_eal@sta/eal_common_eal_common_fbarray.c.o'.
[20/4276] Compiling C object 'lib/76b5a35@@rte_eal@sta/eal_common_eal_common_hexdump.c.o'.
[21/4276] Compiling C object 'lib/76b5a35@@rte_eal@sta/eal_common_eal_common_interrupts.c.o'.
[22/4276] Compiling C object 'lib/76b5a35@@rte_eal@sta/eal_common_eal_common_launch.c.o'.
[23/4276] Compiling C object 'lib/76b5a35@@rte_eal@sta/eal_common_eal_common_lcore.c.o'.
[24/4276] Generating telemetry.sym_chk with a meson_exe.py custom command.
[25/4276] Generating symbol file 'lib/76b5a35@@rte_kvargs@sha/librte_kvargs.so.23.1.symbols'.
[26/4276] Compiling C object 'lib/76b5a35@@rte_eal@sta/eal_common_eal_common_mcfg.c.o'.
[27/4276] Linking target lib/librte_telemetry.so.23.1.
[28/4276] Compiling C object 'lib/76b5a35@@rte_eal@sta/eal_common_eal_common_memalloc.c.o'.
[29/4276] Compiling C object 'lib/76b5a35@@rte_eal@sta/eal_common_eal_common_memory.c.o'.
[30/4276] Compiling C object 'lib/76b5a35@@rte_eal@sta/eal_common_eal_common_memzone.c.o'.
[31/4276] Generating symbol file 'lib/76b5a35@@rte_telemetry@sha/librte_telemetry.so.23.1.symbols'.
[32/4276] Compiling C object 'lib/76b5a35@@rte_eal@sta/eal_common_eal_common_log.c.o'.
FAILED: lib/76b5a35@@rte_eal@sta/eal_common_eal_common_log.c.o
ccache gcc -Ilib/76b5a35@@rte_eal@sta -Ilib -I../lib -I. -I../ -Iconfig -I../config -Ilib/eal/include -I../lib/eal/include -Ilib/eal/linux/include -I../lib/eal/linux/include -Ilib/eal/x86/include -I../lib/eal/x86/include -Ilib/eal/common -I../lib/eal/common -Ilib/eal -I../lib/eal -Ilib/kvargs -I../lib/kvargs -Ilib/telemetry/../metrics -I../lib/telemetry/../metrics -Ilib/telemetry -I../lib/telemetry -fdiagnostics-color=always -pipe -D_FILE_OFFSET_BITS=64 -Wall -Winvalid-pch -Wextra -Werror -O2 -g -include rte_config.h -Wcast-qual -Wdeprecated -Wformat -Wformat-nonliteral -Wformat-security -Wmissing-declarations -Wmissing-prototypes -Wnested-externs -Wold-style-definition -Wpointer-arith -Wsign-compare -Wstrict-prototypes -Wundef -Wwrite-strings -Wno-address-of-packed-member -Wno-packed-not-aligned -Wno-missing-field-initializers -D_GNU_SOURCE -fPIC -march=corei7 -DALLOW_EXPERIMENTAL_API -DALLOW_INTERNAL_API -Wno-format-truncation '-DABI_VERSION="23.1"' -DRTE_LIBEAL_USE_GETENTROPY -DRTE_LOG_DEFAULT_LOGTYPE=lib.eal -MD -MQ 'lib/76b5a35@@rte_eal@sta/eal_common_eal_common_log.c.o' -MF 'lib/76b5a35@@rte_eal@sta/eal_common_eal_common_log.c.o.d' -o 'lib/76b5a35@@rte_eal@sta/eal_common_eal_common_log.c.o' -c ../lib/eal/common/eal_common_log.c
../lib/eal/common/eal_common_log.c:485:1: error: no previous prototype for ‘rte_log_get_timestamp_prefix’ [-Werror=missing-prototypes]
485 | rte_log_get_timestamp_prefix(char *buf, int buf_size)
| ^~~~~~~~~~~~~~~~~~~~~~~~~~~~
cc1: all warnings being treated as errors
[33/4276] Compiling C object 'lib/76b5a35@@rte_eal@sta/eal_common_eal_common_options.c.o'.
[34/4276] Compiling C object 'lib/76b5a35@@rte_eal@sta/eal_common_eal_common_string_fns.c.o'.
ninja: build stopped: subcommand failed.
##[error]Process completed with exit code 1.
####################################################################################
#### [End job log] "ubuntu-20.04-gcc-abi+doc+tests" at step Build and test
####################################################################################
####################################################################################
#### [Begin job log] "ubuntu-20.04-clang-asan+doc+tests" at step Build and test
####################################################################################
[12/4276] Compiling C object 'lib/76b5a35@@rte_eal@sta/eal_common_eal_common_config.c.o'.
[13/4276] Compiling C object 'lib/76b5a35@@rte_eal@sta/eal_common_eal_common_debug.c.o'.
[14/4276] Compiling C object 'lib/76b5a35@@rte_eal@sta/eal_common_eal_common_dev.c.o'.
[15/4276] Compiling C object 'lib/76b5a35@@rte_eal@sta/eal_common_eal_common_devargs.c.o'.
[16/4276] Compiling C object 'lib/76b5a35@@rte_eal@sta/eal_common_eal_common_errno.c.o'.
[17/4276] Compiling C object 'lib/76b5a35@@rte_eal@sta/eal_common_eal_common_fbarray.c.o'.
[18/4276] Compiling C object 'lib/76b5a35@@rte_eal@sta/eal_common_eal_common_hexdump.c.o'.
[19/4276] Compiling C object 'lib/76b5a35@@rte_eal@sta/eal_common_eal_common_interrupts.c.o'.
[20/4276] Compiling C object 'lib/76b5a35@@rte_eal@sta/eal_common_eal_common_launch.c.o'.
[21/4276] Compiling C object 'lib/76b5a35@@rte_eal@sta/eal_common_eal_common_lcore.c.o'.
[22/4276] Compiling C object 'lib/76b5a35@@rte_eal@sta/eal_common_eal_common_log.c.o'.
FAILED: lib/76b5a35@@rte_eal@sta/eal_common_eal_common_log.c.o
ccache clang -Ilib/76b5a35@@rte_eal@sta -Ilib -I../lib -I. -I../ -Iconfig -I../config -Ilib/eal/include -I../lib/eal/include -Ilib/eal/linux/include -I../lib/eal/linux/include -Ilib/eal/x86/include -I../lib/eal/x86/include -Ilib/eal/common -I../lib/eal/common -Ilib/eal -I../lib/eal -Ilib/kvargs -I../lib/kvargs -Ilib/telemetry/../metrics -I../lib/telemetry/../metrics -Ilib/telemetry -I../lib/telemetry -Xclang -fcolor-diagnostics -fsanitize=address -fno-omit-frame-pointer -pipe -D_FILE_OFFSET_BITS=64 -Wall -Winvalid-pch -Wextra -Werror -O2 -g -include rte_config.h -Wcast-qual -Wdeprecated -Wformat -Wformat-nonliteral -Wformat-security -Wmissing-declarations -Wmissing-prototypes -Wnested-externs -Wold-style-definition -Wpointer-arith -Wsign-compare -Wstrict-prototypes -Wundef -Wwrite-strings -Wno-address-of-packed-member -Wno-missing-field-initializers -D_GNU_SOURCE -fPIC -march=corei7 -DALLOW_EXPERIMENTAL_API -DALLOW_INTERNAL_API '-DABI_VERSION="23.1"' -DRTE_LIBEAL_USE_GETENTROPY -DRTE_LOG_DEFAULT_LOGTYPE=lib.eal -MD -MQ 'lib/76b5a35@@rte_eal@sta/eal_common_eal_common_log.c.o' -MF 'lib/76b5a35@@rte_eal@sta/eal_common_eal_common_log.c.o.d' -o 'lib/76b5a35@@rte_eal@sta/eal_common_eal_common_log.c.o' -c ../lib/eal/common/eal_common_log.c
../lib/eal/common/eal_common_log.c:485:1: error: no previous prototype for function 'rte_log_get_timestamp_prefix' [-Werror,-Wmissing-prototypes]
rte_log_get_timestamp_prefix(char *buf, int buf_size)
^
../lib/eal/common/eal_common_log.c:484:1: note: declare 'static' if the function is not intended to be used outside of this translation unit
void
^
static
1 error generated.
[23/4276] Generating kvargs.sym_chk with a meson_exe.py custom command.
[24/4276] Generating telemetry.sym_chk with a meson_exe.py custom command.
ninja: build stopped: subcommand failed.
##[error]Process completed with exit code 1.
####################################################################################
#### [End job log] "ubuntu-20.04-clang-asan+doc+tests" at step Build and test
####################################################################################
####################################################################################
#### [Begin job log] "ubuntu-20.04-gcc-static-i386" at step Build and test
####################################################################################
[11/2977] Compiling C object 'lib/76b5a35@@rte_eal@sta/eal_common_eal_common_memzone.c.o'.
[12/2977] Compiling C object 'lib/76b5a35@@rte_eal@sta/eal_common_eal_common_memory.c.o'.
[13/2977] Compiling C object 'lib/76b5a35@@rte_eal@sta/eal_common_eal_common_class.c.o'.
[14/2977] Compiling C object 'lib/76b5a35@@rte_eal@sta/eal_common_eal_common_config.c.o'.
[15/2977] Compiling C object 'lib/76b5a35@@rte_eal@sta/eal_common_eal_common_debug.c.o'.
[16/2977] Compiling C object 'lib/76b5a35@@rte_eal@sta/eal_common_eal_common_dev.c.o'.
[17/2977] Compiling C object 'lib/76b5a35@@rte_eal@sta/eal_common_eal_common_devargs.c.o'.
[18/2977] Compiling C object 'lib/76b5a35@@rte_eal@sta/eal_common_eal_common_errno.c.o'.
[19/2977] Compiling C object 'lib/76b5a35@@rte_eal@sta/eal_common_eal_common_fbarray.c.o'.
[20/2977] Compiling C object 'lib/76b5a35@@rte_eal@sta/eal_common_eal_common_hexdump.c.o'.
[21/2977] Compiling C object 'lib/76b5a35@@rte_eal@sta/eal_common_eal_common_interrupts.c.o'.
[22/2977] Compiling C object 'lib/76b5a35@@rte_eal@sta/eal_common_eal_common_launch.c.o'.
[23/2977] Compiling C object 'lib/76b5a35@@rte_eal@sta/eal_common_eal_common_lcore.c.o'.
[24/2977] Generating kvargs.sym_chk with a meson_exe.py custom command.
[25/2977] Compiling C object 'lib/76b5a35@@rte_eal@sta/eal_common_eal_common_log.c.o'.
FAILED: lib/76b5a35@@rte_eal@sta/eal_common_eal_common_log.c.o
ccache gcc -Ilib/76b5a35@@rte_eal@sta -Ilib -I../lib -I. -I../ -Iconfig -I../config -Ilib/eal/include -I../lib/eal/include -Ilib/eal/linux/include -I../lib/eal/linux/include -Ilib/eal/x86/include -I../lib/eal/x86/include -Ilib/eal/common -I../lib/eal/common -Ilib/eal -I../lib/eal -Ilib/kvargs -I../lib/kvargs -Ilib/telemetry/../metrics -I../lib/telemetry/../metrics -Ilib/telemetry -I../lib/telemetry -fdiagnostics-color=always -pipe -D_FILE_OFFSET_BITS=64 -Wall -Winvalid-pch -Wextra -Werror -O2 -g -include rte_config.h -Wcast-qual -Wdeprecated -Wformat -Wformat-nonliteral -Wformat-security -Wmissing-declarations -Wmissing-prototypes -Wnested-externs -Wold-style-definition -Wpointer-arith -Wsign-compare -Wstrict-prototypes -Wundef -Wwrite-strings -Wno-address-of-packed-member -Wno-packed-not-aligned -Wno-missing-field-initializers -Wno-pointer-to-int-cast -D_GNU_SOURCE -m32 -fPIC -march=corei7 -DALLOW_EXPERIMENTAL_API -DALLOW_INTERNAL_API -Wno-format-truncation '-DABI_VERSION="23.1"' -DRTE_LIBEAL_USE_GETENTROPY -DRTE_LOG_DEFAULT_LOGTYPE=lib.eal -MD -MQ 'lib/76b5a35@@rte_eal@sta/eal_common_eal_common_log.c.o' -MF 'lib/76b5a35@@rte_eal@sta/eal_common_eal_common_log.c.o.d' -o 'lib/76b5a35@@rte_eal@sta/eal_common_eal_common_log.c.o' -c ../lib/eal/common/eal_common_log.c
../lib/eal/common/eal_common_log.c:485:1: error: no previous prototype for ‘rte_log_get_timestamp_prefix’ [-Werror=missing-prototypes]
485 | rte_log_get_timestamp_prefix(char *buf, int buf_size)
| ^~~~~~~~~~~~~~~~~~~~~~~~~~~~
cc1: all warnings being treated as errors
[26/2977] Generating telemetry.sym_chk with a meson_exe.py custom command.
[27/2977] Linking target lib/librte_kvargs.so.23.1.
ninja: build stopped: subcommand failed.
##[error]Process completed with exit code 1.
####################################################################################
#### [End job log] "ubuntu-20.04-gcc-static-i386" at step Build and test
####################################################################################
####################################################################################
#### [Begin job log] "ubuntu-20.04-gcc-static-mingw" at step Build and test
####################################################################################
[12/1295] Compiling C object 'lib/76b5a35@@rte_eal@sta/eal_common_eal_common_class.c.obj'.
[13/1295] Generating symbol file 'lib/76b5a35@@rte_kvargs@sha/librte_kvargs-23.dll.symbols'.
[14/1295] Compiling C object 'lib/76b5a35@@rte_eal@sta/eal_common_eal_common_bus.c.obj'.
[15/1295] Compiling C object 'lib/76b5a35@@rte_eal@sta/eal_common_eal_common_debug.c.obj'.
[16/1295] Compiling C object 'lib/76b5a35@@rte_eal@sta/eal_common_eal_common_config.c.obj'.
[17/1295] Compiling C object 'lib/76b5a35@@rte_eal@sta/eal_common_eal_common_dev.c.obj'.
[18/1295] Compiling C object 'lib/76b5a35@@rte_eal@sta/eal_common_eal_common_devargs.c.obj'.
[19/1295] Compiling C object 'lib/76b5a35@@rte_eal@sta/eal_common_eal_common_hexdump.c.obj'.
[20/1295] Compiling C object 'lib/76b5a35@@rte_eal@sta/eal_common_eal_common_errno.c.obj'.
[21/1295] Compiling C object 'lib/76b5a35@@rte_eal@sta/eal_common_eal_common_fbarray.c.obj'.
[22/1295] Compiling C object 'lib/76b5a35@@rte_eal@sta/eal_common_eal_common_launch.c.obj'.
[23/1295] Compiling C object 'lib/76b5a35@@rte_eal@sta/eal_common_eal_common_interrupts.c.obj'.
[24/1295] Compiling C object 'lib/76b5a35@@rte_eal@sta/eal_common_eal_common_lcore.c.obj'.
[25/1295] Compiling C object 'lib/76b5a35@@rte_eal@sta/eal_common_eal_common_mcfg.c.obj'.
[26/1295] Compiling C object 'lib/76b5a35@@rte_eal@sta/eal_common_eal_common_log.c.obj'.
FAILED: lib/76b5a35@@rte_eal@sta/eal_common_eal_common_log.c.obj
ccache x86_64-w64-mingw32-gcc -Ilib/76b5a35@@rte_eal@sta -Ilib -I../lib -I. -I../ -Iconfig -I../config -Ilib/eal/include -I../lib/eal/include -Ilib/eal/windows/include -I../lib/eal/windows/include -Ilib/eal/x86/include -I../lib/eal/x86/include -Ilib/eal/common -I../lib/eal/common -Ilib/eal -I../lib/eal -Ilib/kvargs -I../lib/kvargs -fdiagnostics-color=always -pipe -Wall -Winvalid-pch -Wextra -Werror -O2 -g -include rte_config.h -Wcast-qual -Wdeprecated -Wformat -Wformat-nonliteral -Wformat-security -Wmissing-declarations -Wmissing-prototypes -Wnested-externs -Wold-style-definition -Wpointer-arith -Wsign-compare -Wstrict-prototypes -Wundef -Wwrite-strings -Wno-address-of-packed-member -Wno-packed-not-aligned -Wno-missing-field-initializers -D_GNU_SOURCE -D_WIN32_WINNT=0x0A00 -D__USE_MINGW_ANSI_STDIO -march=native -DALLOW_EXPERIMENTAL_API -DALLOW_INTERNAL_API -Wno-format-truncation '-DABI_VERSION="23.1"' -DRTE_LOG_DEFAULT_LOGTYPE=lib.eal -MD -MQ 'lib/76b5a35@@rte_eal@sta/eal_common_eal_common_log.c.obj' -MF 'lib/76b5a35@@rte_eal@sta/eal_common_eal_common_log.c.obj.d' -o 'lib/76b5a35@@rte_eal@sta/eal_common_eal_common_log.c.obj' -c ../lib/eal/common/eal_common_log.c
../lib/eal/common/eal_common_log.c:485:1: error: no previous prototype for ‘rte_log_get_timestamp_prefix’ [-Werror=missing-prototypes]
485 | rte_log_get_timestamp_prefix(char *buf, int buf_size)
| ^~~~~~~~~~~~~~~~~~~~~~~~~~~~
cc1: all warnings being treated as errors
[27/1295] Compiling C object 'lib/76b5a35@@rte_eal@sta/eal_common_eal_common_memalloc.c.obj'.
[28/1295] Compiling C object 'lib/76b5a35@@rte_eal@sta/eal_common_eal_common_memory.c.obj'.
ninja: build stopped: subcommand failed.
##[error]Process completed with exit code 1.
####################################################################################
#### [End job log] "ubuntu-20.04-gcc-static-mingw" at step Build and test
####################################################################################
####################################################################################
#### [Begin job log] "ubuntu-20.04-gcc-aarch64" at step Build and test
####################################################################################
[10/3909] Compiling C object 'lib/76b5a35@@rte_eal@sta/eal_common_eal_common_bus.c.o'.
[11/3909] Compiling C object 'lib/76b5a35@@rte_eal@sta/eal_common_eal_common_memzone.c.o'.
[12/3909] Compiling C object 'lib/76b5a35@@rte_eal@sta/eal_common_eal_common_memory.c.o'.
[13/3909] Compiling C object 'lib/76b5a35@@rte_eal@sta/eal_common_eal_common_class.c.o'.
[14/3909] Compiling C object 'lib/76b5a35@@rte_eal@sta/eal_common_eal_common_config.c.o'.
[15/3909] Compiling C object 'lib/76b5a35@@rte_eal@sta/eal_common_eal_common_debug.c.o'.
[16/3909] Compiling C object 'lib/76b5a35@@rte_eal@sta/eal_common_eal_common_dev.c.o'.
[17/3909] Compiling C object 'lib/76b5a35@@rte_eal@sta/eal_common_eal_common_devargs.c.o'.
[18/3909] Compiling C object 'lib/76b5a35@@rte_eal@sta/eal_common_eal_common_errno.c.o'.
[19/3909] Compiling C object 'lib/76b5a35@@rte_eal@sta/eal_common_eal_common_fbarray.c.o'.
[20/3909] Compiling C object 'lib/76b5a35@@rte_eal@sta/eal_common_eal_common_hexdump.c.o'.
[21/3909] Compiling C object 'lib/76b5a35@@rte_eal@sta/eal_common_eal_common_interrupts.c.o'.
[22/3909] Compiling C object 'lib/76b5a35@@rte_eal@sta/eal_common_eal_common_launch.c.o'.
[23/3909] Compiling C object 'lib/76b5a35@@rte_eal@sta/eal_common_eal_common_lcore.c.o'.
[24/3909] Compiling C object 'lib/76b5a35@@rte_eal@sta/eal_common_eal_common_log.c.o'.
FAILED: lib/76b5a35@@rte_eal@sta/eal_common_eal_common_log.c.o
ccache aarch64-linux-gnu-gcc -Ilib/76b5a35@@rte_eal@sta -Ilib -I../lib -I. -I../ -Iconfig -I../config -Ilib/eal/include -I../lib/eal/include -Ilib/eal/linux/include -I../lib/eal/linux/include -Ilib/eal/arm/include -I../lib/eal/arm/include -Ilib/eal/common -I../lib/eal/common -Ilib/eal -I../lib/eal -Ilib/kvargs -I../lib/kvargs -Ilib/telemetry/../metrics -I../lib/telemetry/../metrics -Ilib/telemetry -I../lib/telemetry -fdiagnostics-color=always -pipe -D_FILE_OFFSET_BITS=64 -Wall -Winvalid-pch -Wextra -Werror -O2 -g -include rte_config.h -Wcast-qual -Wdeprecated -Wformat -Wformat-nonliteral -Wformat-security -Wmissing-declarations -Wmissing-prototypes -Wnested-externs -Wold-style-definition -Wpointer-arith -Wsign-compare -Wstrict-prototypes -Wundef -Wwrite-strings -Wno-address-of-packed-member -Wno-packed-not-aligned -Wno-missing-field-initializers -D_GNU_SOURCE -fPIC -march=armv8-a+crc -moutline-atomics -DALLOW_EXPERIMENTAL_API -DALLOW_INTERNAL_API -Wno-format-truncation '-DABI_VERSION="23.1"' -DRTE_LIBEAL_USE_GETENTROPY -DRTE_LOG_DEFAULT_LOGTYPE=lib.eal -MD -MQ 'lib/76b5a35@@rte_eal@sta/eal_common_eal_common_log.c.o' -MF 'lib/76b5a35@@rte_eal@sta/eal_common_eal_common_log.c.o.d' -o 'lib/76b5a35@@rte_eal@sta/eal_common_eal_common_log.c.o' -c ../lib/eal/common/eal_common_log.c
../lib/eal/common/eal_common_log.c:485:1: error: no previous prototype for ‘rte_log_get_timestamp_prefix’ [-Werror=missing-prototypes]
485 | rte_log_get_timestamp_prefix(char *buf, int buf_size)
| ^~~~~~~~~~~~~~~~~~~~~~~~~~~~
cc1: all warnings being treated as errors
[25/3909] Generating kvargs.sym_chk with a meson_exe.py custom command.
[26/3909] Generating telemetry.sym_chk with a meson_exe.py custom command.
ninja: build stopped: subcommand failed.
##[error]Process completed with exit code 1.
####################################################################################
#### [End job log] "ubuntu-20.04-gcc-aarch64" at step Build and test
####################################################################################
####################################################################################
#### [Begin job log] "ubuntu-20.04-gcc-ppc64le" at step Build and test
####################################################################################
[9/3759] Linking static target lib/librte_telemetry.a.
[10/3759] Compiling C object 'lib/76b5a35@@rte_telemetry@sha/telemetry_telemetry_legacy.c.o'.
[11/3759] Compiling C object 'lib/76b5a35@@rte_eal@sta/eal_common_eal_common_bus.c.o'.
[12/3759] Compiling C object 'lib/76b5a35@@rte_eal@sta/eal_common_eal_common_class.c.o'.
[13/3759] Compiling C object 'lib/76b5a35@@rte_eal@sta/eal_common_eal_common_config.c.o'.
[14/3759] Compiling C object 'lib/76b5a35@@rte_eal@sta/eal_common_eal_common_debug.c.o'.
[15/3759] Compiling C object 'lib/76b5a35@@rte_eal@sta/eal_common_eal_common_dev.c.o'.
[16/3759] Compiling C object 'lib/76b5a35@@rte_eal@sta/eal_common_eal_common_devargs.c.o'.
[17/3759] Compiling C object 'lib/76b5a35@@rte_eal@sta/eal_common_eal_common_errno.c.o'.
[18/3759] Compiling C object 'lib/76b5a35@@rte_eal@sta/eal_common_eal_common_fbarray.c.o'.
[19/3759] Compiling C object 'lib/76b5a35@@rte_eal@sta/eal_common_eal_common_hexdump.c.o'.
[20/3759] Compiling C object 'lib/76b5a35@@rte_eal@sta/eal_common_eal_common_interrupts.c.o'.
[21/3759] Compiling C object 'lib/76b5a35@@rte_eal@sta/eal_common_eal_common_launch.c.o'.
[22/3759] Compiling C object 'lib/76b5a35@@rte_eal@sta/eal_common_eal_common_lcore.c.o'.
[23/3759] Compiling C object 'lib/76b5a35@@rte_eal@sta/eal_common_eal_common_log.c.o'.
FAILED: lib/76b5a35@@rte_eal@sta/eal_common_eal_common_log.c.o
ccache powerpc64le-linux-gnu-gcc -Ilib/76b5a35@@rte_eal@sta -Ilib -I../lib -I. -I../ -Iconfig -I../config -Ilib/eal/include -I../lib/eal/include -Ilib/eal/linux/include -I../lib/eal/linux/include -Ilib/eal/ppc/include -I../lib/eal/ppc/include -Ilib/eal/common -I../lib/eal/common -Ilib/eal -I../lib/eal -Ilib/kvargs -I../lib/kvargs -Ilib/telemetry/../metrics -I../lib/telemetry/../metrics -Ilib/telemetry -I../lib/telemetry -fdiagnostics-color=always -pipe -D_FILE_OFFSET_BITS=64 -Wall -Winvalid-pch -Wextra -Werror -O2 -g -include rte_config.h -Wcast-qual -Wdeprecated -Wformat -Wformat-nonliteral -Wformat-security -Wmissing-declarations -Wmissing-prototypes -Wnested-externs -Wold-style-definition -Wpointer-arith -Wsign-compare -Wstrict-prototypes -Wundef -Wwrite-strings -Wno-address-of-packed-member -Wno-packed-not-aligned -Wno-missing-field-initializers -D_GNU_SOURCE -fPIC -mcpu=power8 -mtune=power8 -DALLOW_EXPERIMENTAL_API -DALLOW_INTERNAL_API -Wno-format-truncation '-DABI_VERSION="23.1"' -DRTE_LIBEAL_USE_GETENTROPY -DRTE_LOG_DEFAULT_LOGTYPE=lib.eal -MD -MQ 'lib/76b5a35@@rte_eal@sta/eal_common_eal_common_log.c.o' -MF 'lib/76b5a35@@rte_eal@sta/eal_common_eal_common_log.c.o.d' -o 'lib/76b5a35@@rte_eal@sta/eal_common_eal_common_log.c.o' -c ../lib/eal/common/eal_common_log.c
../lib/eal/common/eal_common_log.c:485:1: error: no previous prototype for ‘rte_log_get_timestamp_prefix’ [-Werror=missing-prototypes]
485 | rte_log_get_timestamp_prefix(char *buf, int buf_size)
| ^~~~~~~~~~~~~~~~~~~~~~~~~~~~
cc1: all warnings being treated as errors
[24/3759] Generating kvargs.sym_chk with a meson_exe.py custom command.
[25/3759] Generating telemetry.sym_chk with a meson_exe.py custom command.
ninja: build stopped: subcommand failed.
##[error]Process completed with exit code 1.
####################################################################################
#### [End job log] "ubuntu-20.04-gcc-ppc64le" at step Build and test
####################################################################################
####################################################################################
#### [Begin job log] "ubuntu-20.04-gcc-riscv64" at step Build and test
####################################################################################
[9/3731] Compiling C object 'lib/76b5a35@@rte_telemetry@sha/telemetry_telemetry_data.c.o'.
[10/3731] Compiling C object 'lib/76b5a35@@rte_telemetry@sha/telemetry_telemetry_legacy.c.o'.
[11/3731] Compiling C object 'lib/76b5a35@@rte_eal@sta/eal_common_eal_common_bus.c.o'.
[12/3731] Compiling C object 'lib/76b5a35@@rte_eal@sta/eal_common_eal_common_class.c.o'.
[13/3731] Compiling C object 'lib/76b5a35@@rte_eal@sta/eal_common_eal_common_config.c.o'.
[14/3731] Compiling C object 'lib/76b5a35@@rte_eal@sta/eal_common_eal_common_debug.c.o'.
[15/3731] Compiling C object 'lib/76b5a35@@rte_eal@sta/eal_common_eal_common_dev.c.o'.
[16/3731] Compiling C object 'lib/76b5a35@@rte_eal@sta/eal_common_eal_common_devargs.c.o'.
[17/3731] Compiling C object 'lib/76b5a35@@rte_eal@sta/eal_common_eal_common_errno.c.o'.
[18/3731] Compiling C object 'lib/76b5a35@@rte_eal@sta/eal_common_eal_common_fbarray.c.o'.
[19/3731] Compiling C object 'lib/76b5a35@@rte_eal@sta/eal_common_eal_common_hexdump.c.o'.
[20/3731] Compiling C object 'lib/76b5a35@@rte_eal@sta/eal_common_eal_common_interrupts.c.o'.
[21/3731] Compiling C object 'lib/76b5a35@@rte_eal@sta/eal_common_eal_common_launch.c.o'.
[22/3731] Compiling C object 'lib/76b5a35@@rte_eal@sta/eal_common_eal_common_lcore.c.o'.
[23/3731] Compiling C object 'lib/76b5a35@@rte_eal@sta/eal_common_eal_common_log.c.o'.
FAILED: lib/76b5a35@@rte_eal@sta/eal_common_eal_common_log.c.o
ccache riscv64-linux-gnu-gcc -Ilib/76b5a35@@rte_eal@sta -Ilib -I../lib -I. -I../ -Iconfig -I../config -Ilib/eal/include -I../lib/eal/include -Ilib/eal/linux/include -I../lib/eal/linux/include -Ilib/eal/riscv/include -I../lib/eal/riscv/include -Ilib/eal/common -I../lib/eal/common -Ilib/eal -I../lib/eal -Ilib/kvargs -I../lib/kvargs -Ilib/telemetry/../metrics -I../lib/telemetry/../metrics -Ilib/telemetry -I../lib/telemetry -fdiagnostics-color=always -pipe -D_FILE_OFFSET_BITS=64 -Wall -Winvalid-pch -Wextra -Werror -O2 -g -include rte_config.h -Wcast-qual -Wdeprecated -Wformat -Wformat-nonliteral -Wformat-security -Wmissing-declarations -Wmissing-prototypes -Wnested-externs -Wold-style-definition -Wpointer-arith -Wsign-compare -Wstrict-prototypes -Wundef -Wwrite-strings -Wno-address-of-packed-member -Wno-packed-not-aligned -Wno-missing-field-initializers -D_GNU_SOURCE -fPIC -march=rv64gc -DALLOW_EXPERIMENTAL_API -DALLOW_INTERNAL_API -Wno-format-truncation '-DABI_VERSION="23.1"' -DRTE_LIBEAL_USE_GETENTROPY -DRTE_LOG_DEFAULT_LOGTYPE=lib.eal -MD -MQ 'lib/76b5a35@@rte_eal@sta/eal_common_eal_common_log.c.o' -MF 'lib/76b5a35@@rte_eal@sta/eal_common_eal_common_log.c.o.d' -o 'lib/76b5a35@@rte_eal@sta/eal_common_eal_common_log.c.o' -c ../lib/eal/common/eal_common_log.c
../lib/eal/common/eal_common_log.c:485:1: error: no previous prototype for ‘rte_log_get_timestamp_prefix’ [-Werror=missing-prototypes]
485 | rte_log_get_timestamp_prefix(char *buf, int buf_size)
| ^~~~~~~~~~~~~~~~~~~~~~~~~~~~
cc1: all warnings being treated as errors
[24/3731] Generating kvargs.sym_chk with a meson_exe.py custom command.
[25/3731] Generating telemetry.sym_chk with a meson_exe.py custom command.
ninja: build stopped: subcommand failed.
##[error]Process completed with exit code 1.
####################################################################################
#### [End job log] "ubuntu-20.04-gcc-riscv64" at step Build and test
####################################################################################
####################################################################################
#### [Begin job log] "fedora:35-gcc" at step Build
####################################################################################
####################################################################################
#### [End job log] "fedora:35-gcc" at step Build
####################################################################################
####################################################################################
#### [Begin job log] "fedora:35-clang" at step Build
####################################################################################
####################################################################################
#### [End job log] "fedora:35-clang" at step Build
####################################################################################
--------------------------------END LOGS-----------------------------
^ permalink raw reply [flat|nested] 24+ messages in thread
end of thread, other threads:[~2023-03-05 13:18 UTC | newest]
Thread overview: 24+ messages (download: mbox.gz / follow: Atom feed)
-- links below jump to the message on this page --
2023-03-05 13:12 |FAILURE| pw124801 [PATCH] log: add timestamp for log dpdklab
-- strict thread matches above, loose matches on Subject: below --
2023-03-05 13:18 dpdklab
2023-03-05 13:13 dpdklab
2023-03-05 13:12 dpdklab
2023-03-05 13:12 dpdklab
2023-03-05 13:11 dpdklab
2023-03-05 13:11 dpdklab
2023-03-05 13:11 dpdklab
2023-03-05 13:11 dpdklab
2023-03-05 12:52 dpdklab
2023-03-05 12:51 dpdklab
2023-03-05 12:51 dpdklab
2023-03-05 12:50 dpdklab
2023-03-05 12:50 dpdklab
2023-03-05 12:50 dpdklab
2023-03-05 12:49 dpdklab
2023-03-05 12:49 dpdklab
2023-03-04 13:56 dpdklab
2023-03-04 13:54 dpdklab
2023-03-04 8:28 dpdklab
2023-03-04 7:40 dpdklab
2023-03-04 6:06 dpdklab
2023-03-04 5:13 dpdklab
[not found] <20230304030437.706-1-luzhipeng@cestc.cn>
2023-03-04 4:39 ` 0-day Robot
This is a public inbox, see mirroring instructions
for how to clone and mirror all data and code used for this inbox;
as well as URLs for NNTP newsgroup(s).