From: dpdklab@iol.unh.edu
To: Test Report <test-report@dpdk.org>
Cc: dpdk-test-reports@iol.unh.edu,
David Marchand <david.marchand@redhat.com>,
Thomas Monjalon <thomas@monjalon.net>,
Stephen Hemminger <stephen@networkplumber.org>
Subject: |FAILURE| pw124824-124825 [PATCH] [v2, 2/2] eal: add option to put timestamp on console output
Date: Tue, 7 Mar 2023 03:22:04 +0000 (UTC) [thread overview]
Message-ID: <20230307032204.9D74D60095@dpdk-ubuntu.dpdklab.iol.unh.edu> (raw)
Test-Label: iol-testing
Test-Status: FAILURE
http://dpdk.org/patch/124825
_Testing issues_
Submitter: Stephen Hemminger <stephen@networkplumber.org>
Date: Monday, March 06 2023 18:18:16
DPDK git baseline: Repo:dpdk
Branch: master
CommitID:e0fb0051ff8f621a2b001d9243cebe50f3d42cf5
124824-124825 --> testing fail
Test environment and result as below:
+----------------------------------------+----------------+--------------------+----------------------+
| Environment | dpdk_unit_test | dpdk_meson_compile | dpdk_mingw64_compile |
+========================================+================+====================+======================+
| Ubuntu 20.04 ARM GCC Native | PASS | PASS | SKIPPED |
+----------------------------------------+----------------+--------------------+----------------------+
| Ubuntu 20.04 ARM Clang Native | PASS | PASS | SKIPPED |
+----------------------------------------+----------------+--------------------+----------------------+
| Windows Server 2019 | PASS | PASS | PASS |
+----------------------------------------+----------------+--------------------+----------------------+
| Debian Bullseye | PASS | PASS | SKIPPED |
+----------------------------------------+----------------+--------------------+----------------------+
| openSUSE Leap 15 | PASS | PASS | SKIPPED |
+----------------------------------------+----------------+--------------------+----------------------+
| Debian Buster | PASS | PASS | SKIPPED |
+----------------------------------------+----------------+--------------------+----------------------+
| Ubuntu 22.04 | PASS | PASS | SKIPPED |
+----------------------------------------+----------------+--------------------+----------------------+
| CentOS Stream 8 | PASS | PASS | SKIPPED |
+----------------------------------------+----------------+--------------------+----------------------+
| FreeBSD 13 | SKIPPED | FAIL | SKIPPED |
+----------------------------------------+----------------+--------------------+----------------------+
| Ubuntu 20.04 ARM GCC Cross Compile | SKIPPED | PASS | SKIPPED |
+----------------------------------------+----------------+--------------------+----------------------+
| CentOS Stream 9 | SKIPPED | PASS | SKIPPED |
+----------------------------------------+----------------+--------------------+----------------------+
| RHEL 7 | SKIPPED | PASS | SKIPPED |
+----------------------------------------+----------------+--------------------+----------------------+
| Ubuntu 20.04 | SKIPPED | PASS | SKIPPED |
+----------------------------------------+----------------+--------------------+----------------------+
| RHEL8 | SKIPPED | PASS | SKIPPED |
+----------------------------------------+----------------+--------------------+----------------------+
| Ubuntu 20.04 ARM Clang Cross Compile | SKIPPED | PASS | SKIPPED |
+----------------------------------------+----------------+--------------------+----------------------+
| Ubuntu 20.04 aarch32 GCC Cross Compile | SKIPPED | PASS | SKIPPED |
+----------------------------------------+----------------+--------------------+----------------------+
==== 20 line log output for FreeBSD 13 (dpdk_meson_compile): ====
[75/1735] Compiling C object lib/librte_rcu.a.p/rcu_rte_rcu_qsbr.c.o
[76/1735] Linking static target lib/librte_ring.a
[77/1735] Linking static target lib/librte_rcu.a
[78/1735] Compiling C object lib/librte_mempool.a.p/mempool_rte_mempool.c.o
[79/1735] Compiling C object lib/librte_eal.a.p/eal_freebsd_eal.c.o
FAILED: lib/librte_eal.a.p/eal_freebsd_eal.c.o
ccache cc -Ilib/librte_eal.a.p -Ilib -I../lib -I. -I.. -Iconfig -I../config -Ilib/eal/include -I../lib/eal/include -Ilib/eal/freebsd/include -I../lib/eal/freebsd/include -Ilib/eal/x86/include -I../lib/eal/x86/include -Ilib/eal/common -I../lib/eal/common -Ilib/eal -I../lib/eal -Ilib/kvargs -I../lib/kvargs -Ilib/metrics -I../lib/metrics -Ilib/telemetry -I../lib/telemetry -fcolor-diagnostics -D_FILE_OFFSET_BITS=64 -Wall -Winvalid-pch -Wextra -Werror -O3 -include rte_config.h -Wcast-qual -Wdeprecated -Wformat -Wformat-nonliteral -Wformat-security -Wmissing-declarations -Wmissing-prototypes -Wnested-externs -Wold-style-definition -Wpointer-arith -Wsign-compare -Wstrict-prototypes -Wundef -Wwrite-strings -Wno-address-of-packed-member -Wno-missing-field-initializers -D_GNU_SOURCE -D__BSD_VISIBLE -fPIC -march=native -DALLOW_EXPERIMENTAL_API -DALLOW_INTERNAL_API '-DABI_VERSION="23.1"' -DRTE_LIBEAL_USE_GETENTROPY -DRTE_LOG_DEFAULT_LOGTYPE=lib.eal -MD -MQ lib/librte_eal.a.p/eal_freebsd_eal.c.o
-MF lib/librte_eal.a.p/eal_freebsd_eal.c.o.d -o lib/librte_eal.a.p/eal_freebsd_eal.c.o -c ../lib/eal/freebsd/eal.c
../lib/eal/freebsd/eal.c:747:6: error: implicit declaration of function 'eal_log_init' is invalid in C99 [-Werror,-Wimplicit-function-declaration]
if (eal_log_init(logid, internal_conf->syslog_facility) < 0) {
^
../lib/eal/freebsd/eal.c:747:19: error: use of undeclared identifier 'logid'
if (eal_log_init(logid, internal_conf->syslog_facility) < 0) {
^
2 errors generated.
[80/1735] Compiling C object lib/librte_mempool.a.p/mempool_rte_mempool_ops.c.o
[81/1735] Generating lib/kvargs.sym_chk with a custom command (wrapped by meson to capture output)
[82/1735] Generating lib/telemetry.sym_chk with a custom command (wrapped by meson to capture output)
[83/1735] Generating lib/ring.sym_chk with a custom command (wrapped by meson to capture output)
[84/1735] Generating lib/rcu.sym_chk with a custom command (wrapped by meson to capture output)
ninja: build stopped: subcommand failed.
==== End log output ====
Ubuntu 20.04 ARM GCC Native
Kernel: 5.4.0-53-generic
Compiler: gcc 9.3
Ubuntu 20.04 ARM Clang Native
Kernel: 5.4.0-53-generic
Compiler: clang 10.0.0-4ubuntu1
Windows Server 2019
Kernel: 10.0
Compiler: clang 14.0 and gcc 8.1.0 (MinGW)
Debian Bullseye
Kernel: 5.4.0-122-generic
Compiler: gcc 10.2.1-6
openSUSE Leap 15
Kernel: 4.18.0-240.10.1.el8_3.x86_64
Compiler: gcc 7.5.0
Debian Buster
Kernel: 5.4.0-122-generic
Compiler: gcc 8.3.0-6
Ubuntu 22.04
Kernel: Container Host Kernel
Compiler: gcc 11.3.1-2
CentOS Stream 8
Kernel: 4.18.0-240.10.1.el8_3.x86_64
Compiler: gcc 8.4.1 20200928
FreeBSD 13
Kernel: 13.0
Compiler: clang 11.0.1
Ubuntu 20.04 ARM GCC Cross Compile
Kernel: 5.4.0-72-generic
Compiler: aarch64-linux-gnu-gcc (Ubuntu 9.3.0-17ubuntu1~20.04) 9.3.0
CentOS Stream 9
Kernel: 4.18.0-240.10.1.el8_3.x86_64
Compiler: gcc 11.3.1 20220421
RHEL 7
Kernel: 4.18.0-240.10.1.el8_3.x86_64
Compiler: gcc 4.8.5 20150623 (Red Hat 4.8.5-44)
Ubuntu 20.04
Kernel: 4.18.0-240.10.1.el8_3.x86_64
Compiler: gcc 9.3.0-17ubuntu1~20.04
RHEL8
Kernel: 4.18.0-240.10.1.el8_3.x86_64
Compiler: gcc 8.3.1 20191121 (Red Hat 8.3.1-5)
Ubuntu 20.04 ARM Clang Cross Compile
Kernel: 5.4.0-72-generic
Compiler: clang version 10.0.0-4ubuntu1
Ubuntu 20.04 aarch32 GCC Cross Compile
Kernel: 5.4.0-72-generic
Compiler: gcc 9.3.0
To view detailed results, visit:
https://lab.dpdk.org/results/dashboard/patchsets/25629/
UNH-IOL DPDK Community Lab
To manage your email subscriptions, visit:
https://lab.dpdk.org/results/dashboard/preferences/subscriptions/
next reply other threads:[~2023-03-07 3:22 UTC|newest]
Thread overview: 25+ messages / expand[flat|nested] mbox.gz Atom feed top
2023-03-07 3:22 dpdklab [this message]
-- strict thread matches above, loose matches on Subject: below --
2023-03-07 3:55 dpdklab
2023-03-07 3:53 dpdklab
2023-03-07 3:51 dpdklab
2023-03-07 3:29 dpdklab
2023-03-07 3:26 dpdklab
2023-03-07 3:23 dpdklab
2023-03-07 3:22 dpdklab
2023-03-07 3:20 dpdklab
2023-03-07 3:17 dpdklab
2023-03-07 3:16 dpdklab
2023-03-07 3:12 dpdklab
2023-03-07 3:05 dpdklab
2023-03-07 2:46 dpdklab
2023-03-07 2:43 dpdklab
2023-03-07 2:41 dpdklab
2023-03-07 2:31 dpdklab
2023-03-07 2:16 dpdklab
2023-03-07 2:15 dpdklab
2023-03-07 2:10 dpdklab
2023-03-07 2:07 dpdklab
2023-03-07 2:00 dpdklab
2023-03-07 1:56 dpdklab
2023-03-07 1:55 dpdklab
2023-03-07 1:47 dpdklab
Reply instructions:
You may reply publicly to this message via plain-text email
using any one of the following methods:
* Save the following mbox file, import it into your mail client,
and reply-to-all from there: mbox
Avoid top-posting and favor interleaved quoting:
https://en.wikipedia.org/wiki/Posting_style#Interleaved_style
* Reply using the --to, --cc, and --in-reply-to
switches of git-send-email(1):
git send-email \
--in-reply-to=20230307032204.9D74D60095@dpdk-ubuntu.dpdklab.iol.unh.edu \
--to=dpdklab@iol.unh.edu \
--cc=david.marchand@redhat.com \
--cc=dpdk-test-reports@iol.unh.edu \
--cc=stephen@networkplumber.org \
--cc=test-report@dpdk.org \
--cc=thomas@monjalon.net \
/path/to/YOUR_REPLY
https://kernel.org/pub/software/scm/git/docs/git-send-email.html
* If your mail client supports setting the In-Reply-To header
via mailto: links, try the mailto: link
Be sure your reply has a Subject: header at the top and a blank line
before the message body.
This is a public inbox, see mirroring instructions
for how to clone and mirror all data and code used for this inbox;
as well as URLs for NNTP newsgroup(s).