* |FAILURE| pw125059 [PATCH] bus/platform: probe devices without resources
@ 2023-03-13 21:28 dpdklab
0 siblings, 0 replies; 12+ messages in thread
From: dpdklab @ 2023-03-13 21:28 UTC (permalink / raw)
To: Test Report
Cc: Tomasz Duszynski, dpdklab, David Marchand, Thomas Monjalon,
Tomasz Duszynski
Test-Label: iol-testing
Test-Status: FAILURE
http://dpdk.org/patch/125059
_Testing issues_
Submitter: Tomasz Duszynski <tduszynski@marvell.com>
Date: Monday, March 13 2023 07:07:35
DPDK git baseline: Repo:dpdk
Branch: master
CommitID:baf13c3135d0c5998fff7edc23fb89412dc89246
125059 --> testing fail
Test environment and result as below:
+----------------------------------------+--------------------+----------------------+----------------+
| Environment | dpdk_meson_compile | dpdk_mingw64_compile | dpdk_unit_test |
+========================================+====================+======================+================+
| FreeBSD 13 | PASS | SKIPPED | SKIPPED |
+----------------------------------------+--------------------+----------------------+----------------+
| Ubuntu 20.04 ARM GCC Native | PASS | SKIPPED | FAIL |
+----------------------------------------+--------------------+----------------------+----------------+
| Ubuntu 20.04 ARM Clang Native | PASS | SKIPPED | PASS |
+----------------------------------------+--------------------+----------------------+----------------+
| Windows Server 2019 | PASS | PASS | PASS |
+----------------------------------------+--------------------+----------------------+----------------+
| CentOS Stream 9 | PASS | SKIPPED | PASS |
+----------------------------------------+--------------------+----------------------+----------------+
| Debian Bullseye | PASS | SKIPPED | PASS |
+----------------------------------------+--------------------+----------------------+----------------+
| RHEL 7 | PASS | SKIPPED | PASS |
+----------------------------------------+--------------------+----------------------+----------------+
| Ubuntu 20.04 | PASS | SKIPPED | PASS |
+----------------------------------------+--------------------+----------------------+----------------+
| openSUSE Leap 15 | PASS | SKIPPED | SKIPPED |
+----------------------------------------+--------------------+----------------------+----------------+
| Ubuntu 22.04 | PASS | SKIPPED | PASS |
+----------------------------------------+--------------------+----------------------+----------------+
| Ubuntu 20.04 ARM Clang Cross Compile | PASS | SKIPPED | SKIPPED |
+----------------------------------------+--------------------+----------------------+----------------+
| CentOS Stream 8 | PASS | SKIPPED | PASS |
+----------------------------------------+--------------------+----------------------+----------------+
| RHEL8 | PASS | SKIPPED | SKIPPED |
+----------------------------------------+--------------------+----------------------+----------------+
| Ubuntu 20.04 aarch32 GCC Cross Compile | PASS | SKIPPED | SKIPPED |
+----------------------------------------+--------------------+----------------------+----------------+
| Debian Buster | PASS | SKIPPED | PASS |
+----------------------------------------+--------------------+----------------------+----------------+
| Ubuntu 20.04 ARM GCC Cross Compile | PASS | SKIPPED | SKIPPED |
+----------------------------------------+--------------------+----------------------+----------------+
| Ubuntu 20.04 ARM SVE | PASS | SKIPPED | SKIPPED |
+----------------------------------------+--------------------+----------------------+----------------+
==== 20 line log output for Ubuntu 20.04 ARM GCC Native (dpdk_unit_test): ====
94/103 DPDK:fast-tests / telemetry_data_autotest OK 2.95s
95/103 DPDK:fast-tests / table_autotest OK 7.71s
96/103 DPDK:fast-tests / ring_pmd_autotest OK 2.95s
97/103 DPDK:fast-tests / event_eth_tx_adapter_autotest OK 3.73s
98/103 DPDK:fast-tests / bitratestats_autotest OK 2.96s
99/103 DPDK:fast-tests / latencystats_autotest OK 2.96s
100/103 DPDK:fast-tests / pdump_autotest OK 8.06s
101/103 DPDK:fast-tests / vdev_autotest OK 2.96s
102/103 DPDK:fast-tests / compressdev_autotest SKIP 2.95s exit status 77
103/103 DPDK:fast-tests / telemetry_all OK 13.56s
Ok: 96
Expected Fail: 0
Fail: 1
Unexpected Pass: 0
Skipped: 6
Timeout: 0
Full log written to /home-local/jenkins-local/jenkins-agent/workspace/Generic-VM-Unit-Test-DPDK/dpdk/build/meson-logs/testlog.txt
==== End log output ====
FreeBSD 13
Kernel: 13.0
Compiler: clang 11.0.1
Ubuntu 20.04 ARM GCC Native
Kernel: 5.4.0-53-generic
Compiler: gcc 9.3
Ubuntu 20.04 ARM Clang Native
Kernel: 5.4.0-53-generic
Compiler: clang 10.0.0-4ubuntu1
Windows Server 2019
Kernel: 10.0
Compiler: clang 14.0 and gcc 8.1.0 (MinGW)
CentOS Stream 9
Kernel: 4.18.0-240.10.1.el8_3.x86_64
Compiler: gcc 11.3.1 20220421
Debian Bullseye
Kernel: 5.4.0-122-generic
Compiler: gcc 10.2.1-6
RHEL 7
Kernel: 4.18.0-240.10.1.el8_3.x86_64
Compiler: gcc 4.8.5 20150623 (Red Hat 4.8.5-44)
Ubuntu 20.04
Kernel: 4.18.0-240.10.1.el8_3.x86_64
Compiler: gcc 9.3.0-17ubuntu1~20.04
openSUSE Leap 15
Kernel: 4.18.0-240.10.1.el8_3.x86_64
Compiler: gcc 7.5.0
Ubuntu 22.04
Kernel: 4.18.0-240.10.1.el8_3.x86_64
Compiler: gcc 11.3.0
Ubuntu 20.04 ARM Clang Cross Compile
Kernel: 5.4.0-72-generic
Compiler: clang version 10.0.0-4ubuntu1
CentOS Stream 8
Kernel: 4.18.0-240.10.1.el8_3.x86_64
Compiler: gcc 8.4.1 20200928
RHEL8
Kernel: 4.18.0-240.10.1.el8_3.x86_64
Compiler: gcc 8.3.1 20191121 (Red Hat 8.3.1-5)
Ubuntu 20.04 aarch32 GCC Cross Compile
Kernel: 5.4.0-72-generic
Compiler: gcc 9.3.0
Debian Buster
Kernel: 5.4.0-122-generic
Compiler: gcc 8.3.0-6
Ubuntu 20.04 ARM GCC Cross Compile
Kernel: 5.4.0-72-generic
Compiler: aarch64-linux-gnu-gcc (Ubuntu 9.3.0-17ubuntu1~20.04) 9.3.0
Ubuntu 20.04 ARM SVE
Kernel: 5.4.0-80-generic
Compiler: gcc 10.3.0 (Ubuntu 10.3.0-1ubuntu1~20.04)
To view detailed results, visit:
https://lab.dpdk.org/results/dashboard/patchsets/25701/
UNH-IOL DPDK Community Lab
To manage your email subscriptions, visit:
https://lab.dpdk.org/results/dashboard/preferences/subscriptions/
^ permalink raw reply [flat|nested] 12+ messages in thread
* |FAILURE| pw125059 [PATCH] bus/platform: probe devices without resources
@ 2023-03-13 21:31 dpdklab
0 siblings, 0 replies; 12+ messages in thread
From: dpdklab @ 2023-03-13 21:31 UTC (permalink / raw)
To: Test Report; +Cc: dpdklab, David Marchand, Thomas Monjalon, Tomasz Duszynski
Test-Label: iol-testing
Test-Status: FAILURE
http://dpdk.org/patch/125059
_Testing issues_
Submitter: Tomasz Duszynski <tduszynski@marvell.com>
Date: Monday, March 13 2023 07:07:35
DPDK git baseline: Repo:dpdk
Branch: master
CommitID:baf13c3135d0c5998fff7edc23fb89412dc89246
125059 --> testing fail
Test environment and result as below:
+----------------------------------------+--------------------+----------------------+----------------+
| Environment | dpdk_meson_compile | dpdk_mingw64_compile | dpdk_unit_test |
+========================================+====================+======================+================+
| FreeBSD 13 | PASS | SKIPPED | SKIPPED |
+----------------------------------------+--------------------+----------------------+----------------+
| Ubuntu 20.04 ARM GCC Native | PASS | SKIPPED | FAIL |
+----------------------------------------+--------------------+----------------------+----------------+
| Ubuntu 20.04 ARM Clang Native | PASS | SKIPPED | PASS |
+----------------------------------------+--------------------+----------------------+----------------+
| Windows Server 2019 | PASS | PASS | PASS |
+----------------------------------------+--------------------+----------------------+----------------+
| CentOS Stream 9 | PASS | SKIPPED | PASS |
+----------------------------------------+--------------------+----------------------+----------------+
| Debian Bullseye | PASS | SKIPPED | PASS |
+----------------------------------------+--------------------+----------------------+----------------+
| RHEL 7 | PASS | SKIPPED | PASS |
+----------------------------------------+--------------------+----------------------+----------------+
| Ubuntu 20.04 | PASS | SKIPPED | PASS |
+----------------------------------------+--------------------+----------------------+----------------+
| openSUSE Leap 15 | PASS | SKIPPED | PASS |
+----------------------------------------+--------------------+----------------------+----------------+
| Ubuntu 22.04 | PASS | SKIPPED | PASS |
+----------------------------------------+--------------------+----------------------+----------------+
| Ubuntu 20.04 ARM Clang Cross Compile | PASS | SKIPPED | SKIPPED |
+----------------------------------------+--------------------+----------------------+----------------+
| CentOS Stream 8 | PASS | SKIPPED | PASS |
+----------------------------------------+--------------------+----------------------+----------------+
| RHEL8 | PASS | SKIPPED | PASS |
+----------------------------------------+--------------------+----------------------+----------------+
| Ubuntu 20.04 aarch32 GCC Cross Compile | PASS | SKIPPED | SKIPPED |
+----------------------------------------+--------------------+----------------------+----------------+
| Debian Buster | PASS | SKIPPED | PASS |
+----------------------------------------+--------------------+----------------------+----------------+
| Ubuntu 20.04 ARM GCC Cross Compile | PASS | SKIPPED | SKIPPED |
+----------------------------------------+--------------------+----------------------+----------------+
| Ubuntu 20.04 ARM SVE | PASS | SKIPPED | SKIPPED |
+----------------------------------------+--------------------+----------------------+----------------+
==== 20 line log output for Ubuntu 20.04 ARM GCC Native (dpdk_unit_test): ====
94/103 DPDK:fast-tests / telemetry_data_autotest OK 2.95s
95/103 DPDK:fast-tests / table_autotest OK 7.71s
96/103 DPDK:fast-tests / ring_pmd_autotest OK 2.95s
97/103 DPDK:fast-tests / event_eth_tx_adapter_autotest OK 3.73s
98/103 DPDK:fast-tests / bitratestats_autotest OK 2.96s
99/103 DPDK:fast-tests / latencystats_autotest OK 2.96s
100/103 DPDK:fast-tests / pdump_autotest OK 8.06s
101/103 DPDK:fast-tests / vdev_autotest OK 2.96s
102/103 DPDK:fast-tests / compressdev_autotest SKIP 2.95s exit status 77
103/103 DPDK:fast-tests / telemetry_all OK 13.56s
Ok: 96
Expected Fail: 0
Fail: 1
Unexpected Pass: 0
Skipped: 6
Timeout: 0
Full log written to /home-local/jenkins-local/jenkins-agent/workspace/Generic-VM-Unit-Test-DPDK/dpdk/build/meson-logs/testlog.txt
==== End log output ====
FreeBSD 13
Kernel: 13.0
Compiler: clang 11.0.1
Ubuntu 20.04 ARM GCC Native
Kernel: 5.4.0-53-generic
Compiler: gcc 9.3
Ubuntu 20.04 ARM Clang Native
Kernel: 5.4.0-53-generic
Compiler: clang 10.0.0-4ubuntu1
Windows Server 2019
Kernel: 10.0
Compiler: clang 14.0 and gcc 8.1.0 (MinGW)
CentOS Stream 9
Kernel: 4.18.0-240.10.1.el8_3.x86_64
Compiler: gcc 11.3.1 20220421
Debian Bullseye
Kernel: 5.4.0-122-generic
Compiler: gcc 10.2.1-6
RHEL 7
Kernel: 4.18.0-240.10.1.el8_3.x86_64
Compiler: gcc 4.8.5 20150623 (Red Hat 4.8.5-44)
Ubuntu 20.04
Kernel: 4.18.0-240.10.1.el8_3.x86_64
Compiler: gcc 9.3.0-17ubuntu1~20.04
openSUSE Leap 15
Kernel: 4.18.0-240.10.1.el8_3.x86_64
Compiler: gcc 7.5.0
Ubuntu 22.04
Kernel: 4.18.0-240.10.1.el8_3.x86_64
Compiler: gcc 11.3.0
Ubuntu 20.04 ARM Clang Cross Compile
Kernel: 5.4.0-72-generic
Compiler: clang version 10.0.0-4ubuntu1
CentOS Stream 8
Kernel: 4.18.0-240.10.1.el8_3.x86_64
Compiler: gcc 8.4.1 20200928
RHEL8
Kernel: 4.18.0-240.10.1.el8_3.x86_64
Compiler: gcc 8.3.1 20191121 (Red Hat 8.3.1-5)
Ubuntu 20.04 aarch32 GCC Cross Compile
Kernel: 5.4.0-72-generic
Compiler: gcc 9.3.0
Debian Buster
Kernel: 5.4.0-122-generic
Compiler: gcc 8.3.0-6
Ubuntu 20.04 ARM GCC Cross Compile
Kernel: 5.4.0-72-generic
Compiler: aarch64-linux-gnu-gcc (Ubuntu 9.3.0-17ubuntu1~20.04) 9.3.0
Ubuntu 20.04 ARM SVE
Kernel: 5.4.0-80-generic
Compiler: gcc 10.3.0 (Ubuntu 10.3.0-1ubuntu1~20.04)
To view detailed results, visit:
https://lab.dpdk.org/results/dashboard/patchsets/25701/
UNH-IOL DPDK Community Lab
To manage your email subscriptions, visit:
https://lab.dpdk.org/results/dashboard/preferences/subscriptions/
^ permalink raw reply [flat|nested] 12+ messages in thread
* |FAILURE| pw125059 [PATCH] bus/platform: probe devices without resources
@ 2023-03-13 21:29 dpdklab
0 siblings, 0 replies; 12+ messages in thread
From: dpdklab @ 2023-03-13 21:29 UTC (permalink / raw)
To: Test Report
Cc: dpdk-test-reports, David Marchand, Thomas Monjalon, Tomasz Duszynski
Test-Label: iol-testing
Test-Status: FAILURE
http://dpdk.org/patch/125059
_Testing issues_
Submitter: Tomasz Duszynski <tduszynski@marvell.com>
Date: Monday, March 13 2023 07:07:35
DPDK git baseline: Repo:dpdk
Branch: master
CommitID:baf13c3135d0c5998fff7edc23fb89412dc89246
125059 --> testing fail
Test environment and result as below:
+----------------------------------------+--------------------+----------------------+----------------+
| Environment | dpdk_meson_compile | dpdk_mingw64_compile | dpdk_unit_test |
+========================================+====================+======================+================+
| FreeBSD 13 | PASS | SKIPPED | SKIPPED |
+----------------------------------------+--------------------+----------------------+----------------+
| Ubuntu 20.04 ARM GCC Native | PASS | SKIPPED | FAIL |
+----------------------------------------+--------------------+----------------------+----------------+
| Ubuntu 20.04 ARM Clang Native | PASS | SKIPPED | PASS |
+----------------------------------------+--------------------+----------------------+----------------+
| Windows Server 2019 | PASS | PASS | PASS |
+----------------------------------------+--------------------+----------------------+----------------+
| CentOS Stream 9 | PASS | SKIPPED | PASS |
+----------------------------------------+--------------------+----------------------+----------------+
| Debian Bullseye | PASS | SKIPPED | PASS |
+----------------------------------------+--------------------+----------------------+----------------+
| RHEL 7 | PASS | SKIPPED | PASS |
+----------------------------------------+--------------------+----------------------+----------------+
| Ubuntu 20.04 | PASS | SKIPPED | PASS |
+----------------------------------------+--------------------+----------------------+----------------+
| openSUSE Leap 15 | PASS | SKIPPED | PASS |
+----------------------------------------+--------------------+----------------------+----------------+
| Ubuntu 22.04 | PASS | SKIPPED | PASS |
+----------------------------------------+--------------------+----------------------+----------------+
| Ubuntu 20.04 ARM Clang Cross Compile | PASS | SKIPPED | SKIPPED |
+----------------------------------------+--------------------+----------------------+----------------+
| CentOS Stream 8 | PASS | SKIPPED | PASS |
+----------------------------------------+--------------------+----------------------+----------------+
| RHEL8 | PASS | SKIPPED | SKIPPED |
+----------------------------------------+--------------------+----------------------+----------------+
| Ubuntu 20.04 aarch32 GCC Cross Compile | PASS | SKIPPED | SKIPPED |
+----------------------------------------+--------------------+----------------------+----------------+
| Debian Buster | PASS | SKIPPED | PASS |
+----------------------------------------+--------------------+----------------------+----------------+
| Ubuntu 20.04 ARM GCC Cross Compile | PASS | SKIPPED | SKIPPED |
+----------------------------------------+--------------------+----------------------+----------------+
| Ubuntu 20.04 ARM SVE | PASS | SKIPPED | SKIPPED |
+----------------------------------------+--------------------+----------------------+----------------+
==== 20 line log output for Ubuntu 20.04 ARM GCC Native (dpdk_unit_test): ====
94/103 DPDK:fast-tests / telemetry_data_autotest OK 2.95s
95/103 DPDK:fast-tests / table_autotest OK 7.71s
96/103 DPDK:fast-tests / ring_pmd_autotest OK 2.95s
97/103 DPDK:fast-tests / event_eth_tx_adapter_autotest OK 3.73s
98/103 DPDK:fast-tests / bitratestats_autotest OK 2.96s
99/103 DPDK:fast-tests / latencystats_autotest OK 2.96s
100/103 DPDK:fast-tests / pdump_autotest OK 8.06s
101/103 DPDK:fast-tests / vdev_autotest OK 2.96s
102/103 DPDK:fast-tests / compressdev_autotest SKIP 2.95s exit status 77
103/103 DPDK:fast-tests / telemetry_all OK 13.56s
Ok: 96
Expected Fail: 0
Fail: 1
Unexpected Pass: 0
Skipped: 6
Timeout: 0
Full log written to /home-local/jenkins-local/jenkins-agent/workspace/Generic-VM-Unit-Test-DPDK/dpdk/build/meson-logs/testlog.txt
==== End log output ====
FreeBSD 13
Kernel: 13.0
Compiler: clang 11.0.1
Ubuntu 20.04 ARM GCC Native
Kernel: 5.4.0-53-generic
Compiler: gcc 9.3
Ubuntu 20.04 ARM Clang Native
Kernel: 5.4.0-53-generic
Compiler: clang 10.0.0-4ubuntu1
Windows Server 2019
Kernel: 10.0
Compiler: clang 14.0 and gcc 8.1.0 (MinGW)
CentOS Stream 9
Kernel: 4.18.0-240.10.1.el8_3.x86_64
Compiler: gcc 11.3.1 20220421
Debian Bullseye
Kernel: 5.4.0-122-generic
Compiler: gcc 10.2.1-6
RHEL 7
Kernel: 4.18.0-240.10.1.el8_3.x86_64
Compiler: gcc 4.8.5 20150623 (Red Hat 4.8.5-44)
Ubuntu 20.04
Kernel: 4.18.0-240.10.1.el8_3.x86_64
Compiler: gcc 9.3.0-17ubuntu1~20.04
openSUSE Leap 15
Kernel: 4.18.0-240.10.1.el8_3.x86_64
Compiler: gcc 7.5.0
Ubuntu 22.04
Kernel: 4.18.0-240.10.1.el8_3.x86_64
Compiler: gcc 11.3.0
Ubuntu 20.04 ARM Clang Cross Compile
Kernel: 5.4.0-72-generic
Compiler: clang version 10.0.0-4ubuntu1
CentOS Stream 8
Kernel: 4.18.0-240.10.1.el8_3.x86_64
Compiler: gcc 8.4.1 20200928
RHEL8
Kernel: 4.18.0-240.10.1.el8_3.x86_64
Compiler: gcc 8.3.1 20191121 (Red Hat 8.3.1-5)
Ubuntu 20.04 aarch32 GCC Cross Compile
Kernel: 5.4.0-72-generic
Compiler: gcc 9.3.0
Debian Buster
Kernel: 5.4.0-122-generic
Compiler: gcc 8.3.0-6
Ubuntu 20.04 ARM GCC Cross Compile
Kernel: 5.4.0-72-generic
Compiler: aarch64-linux-gnu-gcc (Ubuntu 9.3.0-17ubuntu1~20.04) 9.3.0
Ubuntu 20.04 ARM SVE
Kernel: 5.4.0-80-generic
Compiler: gcc 10.3.0 (Ubuntu 10.3.0-1ubuntu1~20.04)
To view detailed results, visit:
https://lab.dpdk.org/results/dashboard/patchsets/25701/
UNH-IOL DPDK Community Lab
To manage your email subscriptions, visit:
https://lab.dpdk.org/results/dashboard/preferences/subscriptions/
^ permalink raw reply [flat|nested] 12+ messages in thread
* |FAILURE| pw125059 [PATCH] bus/platform: probe devices without resources
@ 2023-03-13 21:25 dpdklab
0 siblings, 0 replies; 12+ messages in thread
From: dpdklab @ 2023-03-13 21:25 UTC (permalink / raw)
To: Test Report; +Cc: dpdklab, David Marchand, Thomas Monjalon, Tomasz Duszynski
Test-Label: iol-testing
Test-Status: FAILURE
http://dpdk.org/patch/125059
_Testing issues_
Submitter: Tomasz Duszynski <tduszynski@marvell.com>
Date: Monday, March 13 2023 07:07:35
DPDK git baseline: Repo:dpdk
Branch: master
CommitID:baf13c3135d0c5998fff7edc23fb89412dc89246
125059 --> testing fail
Test environment and result as below:
+----------------------------------------+--------------------+----------------------+----------------+
| Environment | dpdk_meson_compile | dpdk_mingw64_compile | dpdk_unit_test |
+========================================+====================+======================+================+
| FreeBSD 13 | PASS | SKIPPED | SKIPPED |
+----------------------------------------+--------------------+----------------------+----------------+
| Ubuntu 20.04 ARM GCC Native | PASS | SKIPPED | FAIL |
+----------------------------------------+--------------------+----------------------+----------------+
| Ubuntu 20.04 ARM Clang Native | PASS | SKIPPED | PASS |
+----------------------------------------+--------------------+----------------------+----------------+
| Windows Server 2019 | PASS | PASS | PASS |
+----------------------------------------+--------------------+----------------------+----------------+
| CentOS Stream 9 | PASS | SKIPPED | PASS |
+----------------------------------------+--------------------+----------------------+----------------+
| Debian Bullseye | PASS | SKIPPED | SKIPPED |
+----------------------------------------+--------------------+----------------------+----------------+
| RHEL 7 | PASS | SKIPPED | PASS |
+----------------------------------------+--------------------+----------------------+----------------+
| Ubuntu 20.04 | PASS | SKIPPED | PASS |
+----------------------------------------+--------------------+----------------------+----------------+
| openSUSE Leap 15 | PASS | SKIPPED | SKIPPED |
+----------------------------------------+--------------------+----------------------+----------------+
| Ubuntu 22.04 | PASS | SKIPPED | PASS |
+----------------------------------------+--------------------+----------------------+----------------+
| Ubuntu 20.04 ARM Clang Cross Compile | PASS | SKIPPED | SKIPPED |
+----------------------------------------+--------------------+----------------------+----------------+
| CentOS Stream 8 | PASS | SKIPPED | PASS |
+----------------------------------------+--------------------+----------------------+----------------+
| RHEL8 | PASS | SKIPPED | SKIPPED |
+----------------------------------------+--------------------+----------------------+----------------+
| Ubuntu 20.04 aarch32 GCC Cross Compile | PASS | SKIPPED | SKIPPED |
+----------------------------------------+--------------------+----------------------+----------------+
| Debian Buster | PASS | SKIPPED | PASS |
+----------------------------------------+--------------------+----------------------+----------------+
| Ubuntu 20.04 ARM GCC Cross Compile | PASS | SKIPPED | SKIPPED |
+----------------------------------------+--------------------+----------------------+----------------+
| Ubuntu 20.04 ARM SVE | PASS | SKIPPED | SKIPPED |
+----------------------------------------+--------------------+----------------------+----------------+
==== 20 line log output for Ubuntu 20.04 ARM GCC Native (dpdk_unit_test): ====
94/103 DPDK:fast-tests / telemetry_data_autotest OK 2.95s
95/103 DPDK:fast-tests / table_autotest OK 7.71s
96/103 DPDK:fast-tests / ring_pmd_autotest OK 2.95s
97/103 DPDK:fast-tests / event_eth_tx_adapter_autotest OK 3.73s
98/103 DPDK:fast-tests / bitratestats_autotest OK 2.96s
99/103 DPDK:fast-tests / latencystats_autotest OK 2.96s
100/103 DPDK:fast-tests / pdump_autotest OK 8.06s
101/103 DPDK:fast-tests / vdev_autotest OK 2.96s
102/103 DPDK:fast-tests / compressdev_autotest SKIP 2.95s exit status 77
103/103 DPDK:fast-tests / telemetry_all OK 13.56s
Ok: 96
Expected Fail: 0
Fail: 1
Unexpected Pass: 0
Skipped: 6
Timeout: 0
Full log written to /home-local/jenkins-local/jenkins-agent/workspace/Generic-VM-Unit-Test-DPDK/dpdk/build/meson-logs/testlog.txt
==== End log output ====
FreeBSD 13
Kernel: 13.0
Compiler: clang 11.0.1
Ubuntu 20.04 ARM GCC Native
Kernel: 5.4.0-53-generic
Compiler: gcc 9.3
Ubuntu 20.04 ARM Clang Native
Kernel: 5.4.0-53-generic
Compiler: clang 10.0.0-4ubuntu1
Windows Server 2019
Kernel: 10.0
Compiler: clang 14.0 and gcc 8.1.0 (MinGW)
CentOS Stream 9
Kernel: 4.18.0-240.10.1.el8_3.x86_64
Compiler: gcc 11.3.1 20220421
Debian Bullseye
Kernel: 5.4.0-122-generic
Compiler: gcc 10.2.1-6
RHEL 7
Kernel: 4.18.0-240.10.1.el8_3.x86_64
Compiler: gcc 4.8.5 20150623 (Red Hat 4.8.5-44)
Ubuntu 20.04
Kernel: 4.18.0-240.10.1.el8_3.x86_64
Compiler: gcc 9.3.0-17ubuntu1~20.04
openSUSE Leap 15
Kernel: 4.18.0-240.10.1.el8_3.x86_64
Compiler: gcc 7.5.0
Ubuntu 22.04
Kernel: 4.18.0-240.10.1.el8_3.x86_64
Compiler: gcc 11.3.0
Ubuntu 20.04 ARM Clang Cross Compile
Kernel: 5.4.0-72-generic
Compiler: clang version 10.0.0-4ubuntu1
CentOS Stream 8
Kernel: 4.18.0-240.10.1.el8_3.x86_64
Compiler: gcc 8.4.1 20200928
RHEL8
Kernel: 4.18.0-240.10.1.el8_3.x86_64
Compiler: gcc 8.3.1 20191121 (Red Hat 8.3.1-5)
Ubuntu 20.04 aarch32 GCC Cross Compile
Kernel: 5.4.0-72-generic
Compiler: gcc 9.3.0
Debian Buster
Kernel: 5.4.0-122-generic
Compiler: gcc 8.3.0-6
Ubuntu 20.04 ARM GCC Cross Compile
Kernel: 5.4.0-72-generic
Compiler: aarch64-linux-gnu-gcc (Ubuntu 9.3.0-17ubuntu1~20.04) 9.3.0
Ubuntu 20.04 ARM SVE
Kernel: 5.4.0-80-generic
Compiler: gcc 10.3.0 (Ubuntu 10.3.0-1ubuntu1~20.04)
To view detailed results, visit:
https://lab.dpdk.org/results/dashboard/patchsets/25701/
UNH-IOL DPDK Community Lab
To manage your email subscriptions, visit:
https://lab.dpdk.org/results/dashboard/preferences/subscriptions/
^ permalink raw reply [flat|nested] 12+ messages in thread
* |FAILURE| pw125059 [PATCH] bus/platform: probe devices without resources
@ 2023-03-13 21:11 dpdklab
0 siblings, 0 replies; 12+ messages in thread
From: dpdklab @ 2023-03-13 21:11 UTC (permalink / raw)
To: Test Report; +Cc: dpdklab, David Marchand, Thomas Monjalon, Tomasz Duszynski
Test-Label: iol-testing
Test-Status: FAILURE
http://dpdk.org/patch/125059
_Testing issues_
Submitter: Tomasz Duszynski <tduszynski@marvell.com>
Date: Monday, March 13 2023 07:07:35
DPDK git baseline: Repo:dpdk
Branch: master
CommitID:baf13c3135d0c5998fff7edc23fb89412dc89246
125059 --> testing fail
Test environment and result as below:
+----------------------------------------+--------------------+----------------------+----------------+
| Environment | dpdk_meson_compile | dpdk_mingw64_compile | dpdk_unit_test |
+========================================+====================+======================+================+
| FreeBSD 13 | PASS | SKIPPED | SKIPPED |
+----------------------------------------+--------------------+----------------------+----------------+
| Ubuntu 20.04 ARM GCC Native | PASS | SKIPPED | FAIL |
+----------------------------------------+--------------------+----------------------+----------------+
| Ubuntu 20.04 ARM Clang Native | PASS | SKIPPED | PASS |
+----------------------------------------+--------------------+----------------------+----------------+
| Windows Server 2019 | PASS | PASS | PASS |
+----------------------------------------+--------------------+----------------------+----------------+
| CentOS Stream 9 | PASS | SKIPPED | PASS |
+----------------------------------------+--------------------+----------------------+----------------+
| Debian Bullseye | PASS | SKIPPED | SKIPPED |
+----------------------------------------+--------------------+----------------------+----------------+
| RHEL 7 | PASS | SKIPPED | PASS |
+----------------------------------------+--------------------+----------------------+----------------+
| Ubuntu 20.04 | PASS | SKIPPED | PASS |
+----------------------------------------+--------------------+----------------------+----------------+
| openSUSE Leap 15 | PASS | SKIPPED | SKIPPED |
+----------------------------------------+--------------------+----------------------+----------------+
| Ubuntu 22.04 | PASS | SKIPPED | PASS |
+----------------------------------------+--------------------+----------------------+----------------+
| Ubuntu 20.04 ARM Clang Cross Compile | PASS | SKIPPED | SKIPPED |
+----------------------------------------+--------------------+----------------------+----------------+
| CentOS Stream 8 | PASS | SKIPPED | SKIPPED |
+----------------------------------------+--------------------+----------------------+----------------+
| RHEL8 | PASS | SKIPPED | SKIPPED |
+----------------------------------------+--------------------+----------------------+----------------+
| Ubuntu 20.04 aarch32 GCC Cross Compile | PASS | SKIPPED | SKIPPED |
+----------------------------------------+--------------------+----------------------+----------------+
| Debian Buster | PASS | SKIPPED | PASS |
+----------------------------------------+--------------------+----------------------+----------------+
| Ubuntu 20.04 ARM GCC Cross Compile | PASS | SKIPPED | SKIPPED |
+----------------------------------------+--------------------+----------------------+----------------+
| Ubuntu 20.04 ARM SVE | PASS | SKIPPED | SKIPPED |
+----------------------------------------+--------------------+----------------------+----------------+
==== 20 line log output for Ubuntu 20.04 ARM GCC Native (dpdk_unit_test): ====
94/103 DPDK:fast-tests / telemetry_data_autotest OK 2.95s
95/103 DPDK:fast-tests / table_autotest OK 7.71s
96/103 DPDK:fast-tests / ring_pmd_autotest OK 2.95s
97/103 DPDK:fast-tests / event_eth_tx_adapter_autotest OK 3.73s
98/103 DPDK:fast-tests / bitratestats_autotest OK 2.96s
99/103 DPDK:fast-tests / latencystats_autotest OK 2.96s
100/103 DPDK:fast-tests / pdump_autotest OK 8.06s
101/103 DPDK:fast-tests / vdev_autotest OK 2.96s
102/103 DPDK:fast-tests / compressdev_autotest SKIP 2.95s exit status 77
103/103 DPDK:fast-tests / telemetry_all OK 13.56s
Ok: 96
Expected Fail: 0
Fail: 1
Unexpected Pass: 0
Skipped: 6
Timeout: 0
Full log written to /home-local/jenkins-local/jenkins-agent/workspace/Generic-VM-Unit-Test-DPDK/dpdk/build/meson-logs/testlog.txt
==== End log output ====
FreeBSD 13
Kernel: 13.0
Compiler: clang 11.0.1
Ubuntu 20.04 ARM GCC Native
Kernel: 5.4.0-53-generic
Compiler: gcc 9.3
Ubuntu 20.04 ARM Clang Native
Kernel: 5.4.0-53-generic
Compiler: clang 10.0.0-4ubuntu1
Windows Server 2019
Kernel: 10.0
Compiler: clang 14.0 and gcc 8.1.0 (MinGW)
CentOS Stream 9
Kernel: 4.18.0-240.10.1.el8_3.x86_64
Compiler: gcc 11.3.1 20220421
Debian Bullseye
Kernel: 5.4.0-122-generic
Compiler: gcc 10.2.1-6
RHEL 7
Kernel: 4.18.0-240.10.1.el8_3.x86_64
Compiler: gcc 4.8.5 20150623 (Red Hat 4.8.5-44)
Ubuntu 20.04
Kernel: 4.18.0-240.10.1.el8_3.x86_64
Compiler: gcc 9.3.0-17ubuntu1~20.04
openSUSE Leap 15
Kernel: 4.18.0-240.10.1.el8_3.x86_64
Compiler: gcc 7.5.0
Ubuntu 22.04
Kernel: 4.18.0-240.10.1.el8_3.x86_64
Compiler: gcc 11.3.0
Ubuntu 20.04 ARM Clang Cross Compile
Kernel: 5.4.0-72-generic
Compiler: clang version 10.0.0-4ubuntu1
CentOS Stream 8
Kernel: 4.18.0-240.10.1.el8_3.x86_64
Compiler: gcc 8.4.1 20200928
RHEL8
Kernel: 4.18.0-240.10.1.el8_3.x86_64
Compiler: gcc 8.3.1 20191121 (Red Hat 8.3.1-5)
Ubuntu 20.04 aarch32 GCC Cross Compile
Kernel: 5.4.0-72-generic
Compiler: gcc 9.3.0
Debian Buster
Kernel: 5.4.0-122-generic
Compiler: gcc 8.3.0-6
Ubuntu 20.04 ARM GCC Cross Compile
Kernel: 5.4.0-72-generic
Compiler: aarch64-linux-gnu-gcc (Ubuntu 9.3.0-17ubuntu1~20.04) 9.3.0
Ubuntu 20.04 ARM SVE
Kernel: 5.4.0-80-generic
Compiler: gcc 10.3.0 (Ubuntu 10.3.0-1ubuntu1~20.04)
To view detailed results, visit:
https://lab.dpdk.org/results/dashboard/patchsets/25701/
UNH-IOL DPDK Community Lab
To manage your email subscriptions, visit:
https://lab.dpdk.org/results/dashboard/preferences/subscriptions/
^ permalink raw reply [flat|nested] 12+ messages in thread
* |FAILURE| pw125059 [PATCH] bus/platform: probe devices without resources
@ 2023-03-13 21:10 dpdklab
0 siblings, 0 replies; 12+ messages in thread
From: dpdklab @ 2023-03-13 21:10 UTC (permalink / raw)
To: Test Report; +Cc: dpdklab, David Marchand, Thomas Monjalon, Tomasz Duszynski
Test-Label: iol-testing
Test-Status: FAILURE
http://dpdk.org/patch/125059
_Testing issues_
Submitter: Tomasz Duszynski <tduszynski@marvell.com>
Date: Monday, March 13 2023 07:07:35
DPDK git baseline: Repo:dpdk
Branch: master
CommitID:baf13c3135d0c5998fff7edc23fb89412dc89246
125059 --> testing fail
Test environment and result as below:
+----------------------------------------+--------------------+----------------------+----------------+
| Environment | dpdk_meson_compile | dpdk_mingw64_compile | dpdk_unit_test |
+========================================+====================+======================+================+
| FreeBSD 13 | PASS | SKIPPED | SKIPPED |
+----------------------------------------+--------------------+----------------------+----------------+
| Ubuntu 20.04 ARM GCC Native | PASS | SKIPPED | FAIL |
+----------------------------------------+--------------------+----------------------+----------------+
| Ubuntu 20.04 ARM Clang Native | PASS | SKIPPED | PASS |
+----------------------------------------+--------------------+----------------------+----------------+
| Windows Server 2019 | PASS | PASS | PASS |
+----------------------------------------+--------------------+----------------------+----------------+
| CentOS Stream 9 | PASS | SKIPPED | PASS |
+----------------------------------------+--------------------+----------------------+----------------+
| Debian Bullseye | PASS | SKIPPED | SKIPPED |
+----------------------------------------+--------------------+----------------------+----------------+
| RHEL 7 | PASS | SKIPPED | PASS |
+----------------------------------------+--------------------+----------------------+----------------+
| Ubuntu 20.04 | PASS | SKIPPED | PASS |
+----------------------------------------+--------------------+----------------------+----------------+
| openSUSE Leap 15 | PASS | SKIPPED | SKIPPED |
+----------------------------------------+--------------------+----------------------+----------------+
| Ubuntu 22.04 | PASS | SKIPPED | PASS |
+----------------------------------------+--------------------+----------------------+----------------+
| Ubuntu 20.04 ARM Clang Cross Compile | PASS | SKIPPED | SKIPPED |
+----------------------------------------+--------------------+----------------------+----------------+
| CentOS Stream 8 | PASS | SKIPPED | SKIPPED |
+----------------------------------------+--------------------+----------------------+----------------+
| RHEL8 | PASS | SKIPPED | SKIPPED |
+----------------------------------------+--------------------+----------------------+----------------+
| Ubuntu 20.04 aarch32 GCC Cross Compile | PASS | SKIPPED | SKIPPED |
+----------------------------------------+--------------------+----------------------+----------------+
| Debian Buster | PASS | SKIPPED | PASS |
+----------------------------------------+--------------------+----------------------+----------------+
| Ubuntu 20.04 ARM GCC Cross Compile | PASS | SKIPPED | SKIPPED |
+----------------------------------------+--------------------+----------------------+----------------+
| Ubuntu 20.04 ARM SVE | PASS | SKIPPED | SKIPPED |
+----------------------------------------+--------------------+----------------------+----------------+
==== 20 line log output for Ubuntu 20.04 ARM GCC Native (dpdk_unit_test): ====
94/103 DPDK:fast-tests / telemetry_data_autotest OK 2.95s
95/103 DPDK:fast-tests / table_autotest OK 7.71s
96/103 DPDK:fast-tests / ring_pmd_autotest OK 2.95s
97/103 DPDK:fast-tests / event_eth_tx_adapter_autotest OK 3.73s
98/103 DPDK:fast-tests / bitratestats_autotest OK 2.96s
99/103 DPDK:fast-tests / latencystats_autotest OK 2.96s
100/103 DPDK:fast-tests / pdump_autotest OK 8.06s
101/103 DPDK:fast-tests / vdev_autotest OK 2.96s
102/103 DPDK:fast-tests / compressdev_autotest SKIP 2.95s exit status 77
103/103 DPDK:fast-tests / telemetry_all OK 13.56s
Ok: 96
Expected Fail: 0
Fail: 1
Unexpected Pass: 0
Skipped: 6
Timeout: 0
Full log written to /home-local/jenkins-local/jenkins-agent/workspace/Generic-VM-Unit-Test-DPDK/dpdk/build/meson-logs/testlog.txt
==== End log output ====
FreeBSD 13
Kernel: 13.0
Compiler: clang 11.0.1
Ubuntu 20.04 ARM GCC Native
Kernel: 5.4.0-53-generic
Compiler: gcc 9.3
Ubuntu 20.04 ARM Clang Native
Kernel: 5.4.0-53-generic
Compiler: clang 10.0.0-4ubuntu1
Windows Server 2019
Kernel: 10.0
Compiler: clang 14.0 and gcc 8.1.0 (MinGW)
CentOS Stream 9
Kernel: 4.18.0-240.10.1.el8_3.x86_64
Compiler: gcc 11.3.1 20220421
Debian Bullseye
Kernel: 5.4.0-122-generic
Compiler: gcc 10.2.1-6
RHEL 7
Kernel: 4.18.0-240.10.1.el8_3.x86_64
Compiler: gcc 4.8.5 20150623 (Red Hat 4.8.5-44)
Ubuntu 20.04
Kernel: 4.18.0-240.10.1.el8_3.x86_64
Compiler: gcc 9.3.0-17ubuntu1~20.04
openSUSE Leap 15
Kernel: 4.18.0-240.10.1.el8_3.x86_64
Compiler: gcc 7.5.0
Ubuntu 22.04
Kernel: 4.18.0-240.10.1.el8_3.x86_64
Compiler: gcc 11.3.0
Ubuntu 20.04 ARM Clang Cross Compile
Kernel: 5.4.0-72-generic
Compiler: clang version 10.0.0-4ubuntu1
CentOS Stream 8
Kernel: 4.18.0-240.10.1.el8_3.x86_64
Compiler: gcc 8.4.1 20200928
RHEL8
Kernel: 4.18.0-240.10.1.el8_3.x86_64
Compiler: gcc 8.3.1 20191121 (Red Hat 8.3.1-5)
Ubuntu 20.04 aarch32 GCC Cross Compile
Kernel: 5.4.0-72-generic
Compiler: gcc 9.3.0
Debian Buster
Kernel: 5.4.0-122-generic
Compiler: gcc 8.3.0-6
Ubuntu 20.04 ARM GCC Cross Compile
Kernel: 5.4.0-72-generic
Compiler: aarch64-linux-gnu-gcc (Ubuntu 9.3.0-17ubuntu1~20.04) 9.3.0
Ubuntu 20.04 ARM SVE
Kernel: 5.4.0-80-generic
Compiler: gcc 10.3.0 (Ubuntu 10.3.0-1ubuntu1~20.04)
To view detailed results, visit:
https://lab.dpdk.org/results/dashboard/patchsets/25701/
UNH-IOL DPDK Community Lab
To manage your email subscriptions, visit:
https://lab.dpdk.org/results/dashboard/preferences/subscriptions/
^ permalink raw reply [flat|nested] 12+ messages in thread
* |FAILURE| pw125059 [PATCH] bus/platform: probe devices without resources
@ 2023-03-13 20:55 dpdklab
0 siblings, 0 replies; 12+ messages in thread
From: dpdklab @ 2023-03-13 20:55 UTC (permalink / raw)
To: Test Report; +Cc: dpdklab, David Marchand, Thomas Monjalon, Tomasz Duszynski
Test-Label: iol-testing
Test-Status: FAILURE
http://dpdk.org/patch/125059
_Testing issues_
Submitter: Tomasz Duszynski <tduszynski@marvell.com>
Date: Monday, March 13 2023 07:07:35
DPDK git baseline: Repo:dpdk
Branch: master
CommitID:baf13c3135d0c5998fff7edc23fb89412dc89246
125059 --> testing fail
Test environment and result as below:
+----------------------------------------+--------------------+----------------------+----------------+
| Environment | dpdk_meson_compile | dpdk_mingw64_compile | dpdk_unit_test |
+========================================+====================+======================+================+
| FreeBSD 13 | PASS | SKIPPED | SKIPPED |
+----------------------------------------+--------------------+----------------------+----------------+
| Ubuntu 20.04 ARM GCC Native | PASS | SKIPPED | FAIL |
+----------------------------------------+--------------------+----------------------+----------------+
| Ubuntu 20.04 ARM Clang Native | PASS | SKIPPED | PASS |
+----------------------------------------+--------------------+----------------------+----------------+
| Windows Server 2019 | PASS | PASS | PASS |
+----------------------------------------+--------------------+----------------------+----------------+
| CentOS Stream 9 | PASS | SKIPPED | PASS |
+----------------------------------------+--------------------+----------------------+----------------+
| Debian Bullseye | PASS | SKIPPED | SKIPPED |
+----------------------------------------+--------------------+----------------------+----------------+
| RHEL 7 | PASS | SKIPPED | PASS |
+----------------------------------------+--------------------+----------------------+----------------+
| Ubuntu 20.04 | PASS | SKIPPED | PASS |
+----------------------------------------+--------------------+----------------------+----------------+
| openSUSE Leap 15 | PASS | SKIPPED | SKIPPED |
+----------------------------------------+--------------------+----------------------+----------------+
| Ubuntu 22.04 | PASS | SKIPPED | PASS |
+----------------------------------------+--------------------+----------------------+----------------+
| Ubuntu 20.04 ARM Clang Cross Compile | PASS | SKIPPED | SKIPPED |
+----------------------------------------+--------------------+----------------------+----------------+
| CentOS Stream 8 | PASS | SKIPPED | SKIPPED |
+----------------------------------------+--------------------+----------------------+----------------+
| RHEL8 | PASS | SKIPPED | SKIPPED |
+----------------------------------------+--------------------+----------------------+----------------+
| Ubuntu 20.04 aarch32 GCC Cross Compile | PASS | SKIPPED | SKIPPED |
+----------------------------------------+--------------------+----------------------+----------------+
| Debian Buster | PASS | SKIPPED | PASS |
+----------------------------------------+--------------------+----------------------+----------------+
| Ubuntu 20.04 ARM GCC Cross Compile | PASS | SKIPPED | SKIPPED |
+----------------------------------------+--------------------+----------------------+----------------+
| Ubuntu 20.04 ARM SVE | PASS | SKIPPED | SKIPPED |
+----------------------------------------+--------------------+----------------------+----------------+
==== 20 line log output for Ubuntu 20.04 ARM GCC Native (dpdk_unit_test): ====
94/103 DPDK:fast-tests / telemetry_data_autotest OK 2.95s
95/103 DPDK:fast-tests / table_autotest OK 7.71s
96/103 DPDK:fast-tests / ring_pmd_autotest OK 2.95s
97/103 DPDK:fast-tests / event_eth_tx_adapter_autotest OK 3.73s
98/103 DPDK:fast-tests / bitratestats_autotest OK 2.96s
99/103 DPDK:fast-tests / latencystats_autotest OK 2.96s
100/103 DPDK:fast-tests / pdump_autotest OK 8.06s
101/103 DPDK:fast-tests / vdev_autotest OK 2.96s
102/103 DPDK:fast-tests / compressdev_autotest SKIP 2.95s exit status 77
103/103 DPDK:fast-tests / telemetry_all OK 13.56s
Ok: 96
Expected Fail: 0
Fail: 1
Unexpected Pass: 0
Skipped: 6
Timeout: 0
Full log written to /home-local/jenkins-local/jenkins-agent/workspace/Generic-VM-Unit-Test-DPDK/dpdk/build/meson-logs/testlog.txt
==== End log output ====
FreeBSD 13
Kernel: 13.0
Compiler: clang 11.0.1
Ubuntu 20.04 ARM GCC Native
Kernel: 5.4.0-53-generic
Compiler: gcc 9.3
Ubuntu 20.04 ARM Clang Native
Kernel: 5.4.0-53-generic
Compiler: clang 10.0.0-4ubuntu1
Windows Server 2019
Kernel: 10.0
Compiler: clang 14.0 and gcc 8.1.0 (MinGW)
CentOS Stream 9
Kernel: 4.18.0-240.10.1.el8_3.x86_64
Compiler: gcc 11.3.1 20220421
Debian Bullseye
Kernel: 5.4.0-122-generic
Compiler: gcc 10.2.1-6
RHEL 7
Kernel: 4.18.0-240.10.1.el8_3.x86_64
Compiler: gcc 4.8.5 20150623 (Red Hat 4.8.5-44)
Ubuntu 20.04
Kernel: 4.18.0-240.10.1.el8_3.x86_64
Compiler: gcc 9.3.0-17ubuntu1~20.04
openSUSE Leap 15
Kernel: 4.18.0-240.10.1.el8_3.x86_64
Compiler: gcc 7.5.0
Ubuntu 22.04
Kernel: 4.18.0-240.10.1.el8_3.x86_64
Compiler: gcc 11.3.0
Ubuntu 20.04 ARM Clang Cross Compile
Kernel: 5.4.0-72-generic
Compiler: clang version 10.0.0-4ubuntu1
CentOS Stream 8
Kernel: 4.18.0-240.10.1.el8_3.x86_64
Compiler: gcc 8.4.1 20200928
RHEL8
Kernel: 4.18.0-240.10.1.el8_3.x86_64
Compiler: gcc 8.3.1 20191121 (Red Hat 8.3.1-5)
Ubuntu 20.04 aarch32 GCC Cross Compile
Kernel: 5.4.0-72-generic
Compiler: gcc 9.3.0
Debian Buster
Kernel: 5.4.0-122-generic
Compiler: gcc 8.3.0-6
Ubuntu 20.04 ARM GCC Cross Compile
Kernel: 5.4.0-72-generic
Compiler: aarch64-linux-gnu-gcc (Ubuntu 9.3.0-17ubuntu1~20.04) 9.3.0
Ubuntu 20.04 ARM SVE
Kernel: 5.4.0-80-generic
Compiler: gcc 10.3.0 (Ubuntu 10.3.0-1ubuntu1~20.04)
To view detailed results, visit:
https://lab.dpdk.org/results/dashboard/patchsets/25701/
UNH-IOL DPDK Community Lab
To manage your email subscriptions, visit:
https://lab.dpdk.org/results/dashboard/preferences/subscriptions/
^ permalink raw reply [flat|nested] 12+ messages in thread
* |FAILURE| pw125059 [PATCH] bus/platform: probe devices without resources
@ 2023-03-13 20:51 dpdklab
0 siblings, 0 replies; 12+ messages in thread
From: dpdklab @ 2023-03-13 20:51 UTC (permalink / raw)
To: Test Report; +Cc: dpdklab, David Marchand, Thomas Monjalon, Tomasz Duszynski
Test-Label: iol-testing
Test-Status: FAILURE
http://dpdk.org/patch/125059
_Testing issues_
Submitter: Tomasz Duszynski <tduszynski@marvell.com>
Date: Monday, March 13 2023 07:07:35
DPDK git baseline: Repo:dpdk
Branch: master
CommitID:baf13c3135d0c5998fff7edc23fb89412dc89246
125059 --> testing fail
Test environment and result as below:
+----------------------------------------+--------------------+----------------------+----------------+
| Environment | dpdk_meson_compile | dpdk_mingw64_compile | dpdk_unit_test |
+========================================+====================+======================+================+
| FreeBSD 13 | PASS | SKIPPED | SKIPPED |
+----------------------------------------+--------------------+----------------------+----------------+
| Ubuntu 20.04 ARM GCC Native | PASS | SKIPPED | FAIL |
+----------------------------------------+--------------------+----------------------+----------------+
| Ubuntu 20.04 ARM Clang Native | PASS | SKIPPED | PASS |
+----------------------------------------+--------------------+----------------------+----------------+
| Windows Server 2019 | PASS | PASS | PASS |
+----------------------------------------+--------------------+----------------------+----------------+
| CentOS Stream 9 | PASS | SKIPPED | SKIPPED |
+----------------------------------------+--------------------+----------------------+----------------+
| Debian Bullseye | PASS | SKIPPED | SKIPPED |
+----------------------------------------+--------------------+----------------------+----------------+
| RHEL 7 | PASS | SKIPPED | PASS |
+----------------------------------------+--------------------+----------------------+----------------+
| Ubuntu 20.04 | PASS | SKIPPED | PASS |
+----------------------------------------+--------------------+----------------------+----------------+
| openSUSE Leap 15 | PASS | SKIPPED | SKIPPED |
+----------------------------------------+--------------------+----------------------+----------------+
| Ubuntu 22.04 | PASS | SKIPPED | PASS |
+----------------------------------------+--------------------+----------------------+----------------+
| Ubuntu 20.04 ARM Clang Cross Compile | PASS | SKIPPED | SKIPPED |
+----------------------------------------+--------------------+----------------------+----------------+
| CentOS Stream 8 | PASS | SKIPPED | SKIPPED |
+----------------------------------------+--------------------+----------------------+----------------+
| RHEL8 | PASS | SKIPPED | SKIPPED |
+----------------------------------------+--------------------+----------------------+----------------+
| Ubuntu 20.04 aarch32 GCC Cross Compile | PASS | SKIPPED | SKIPPED |
+----------------------------------------+--------------------+----------------------+----------------+
| Debian Buster | PASS | SKIPPED | PASS |
+----------------------------------------+--------------------+----------------------+----------------+
| Ubuntu 20.04 ARM GCC Cross Compile | PASS | SKIPPED | SKIPPED |
+----------------------------------------+--------------------+----------------------+----------------+
| Ubuntu 20.04 ARM SVE | PASS | SKIPPED | SKIPPED |
+----------------------------------------+--------------------+----------------------+----------------+
==== 20 line log output for Ubuntu 20.04 ARM GCC Native (dpdk_unit_test): ====
94/103 DPDK:fast-tests / telemetry_data_autotest OK 2.95s
95/103 DPDK:fast-tests / table_autotest OK 7.71s
96/103 DPDK:fast-tests / ring_pmd_autotest OK 2.95s
97/103 DPDK:fast-tests / event_eth_tx_adapter_autotest OK 3.73s
98/103 DPDK:fast-tests / bitratestats_autotest OK 2.96s
99/103 DPDK:fast-tests / latencystats_autotest OK 2.96s
100/103 DPDK:fast-tests / pdump_autotest OK 8.06s
101/103 DPDK:fast-tests / vdev_autotest OK 2.96s
102/103 DPDK:fast-tests / compressdev_autotest SKIP 2.95s exit status 77
103/103 DPDK:fast-tests / telemetry_all OK 13.56s
Ok: 96
Expected Fail: 0
Fail: 1
Unexpected Pass: 0
Skipped: 6
Timeout: 0
Full log written to /home-local/jenkins-local/jenkins-agent/workspace/Generic-VM-Unit-Test-DPDK/dpdk/build/meson-logs/testlog.txt
==== End log output ====
FreeBSD 13
Kernel: 13.0
Compiler: clang 11.0.1
Ubuntu 20.04 ARM GCC Native
Kernel: 5.4.0-53-generic
Compiler: gcc 9.3
Ubuntu 20.04 ARM Clang Native
Kernel: 5.4.0-53-generic
Compiler: clang 10.0.0-4ubuntu1
Windows Server 2019
Kernel: 10.0
Compiler: clang 14.0 and gcc 8.1.0 (MinGW)
CentOS Stream 9
Kernel: 4.18.0-240.10.1.el8_3.x86_64
Compiler: gcc 11.3.1 20220421
Debian Bullseye
Kernel: 5.4.0-122-generic
Compiler: gcc 10.2.1-6
RHEL 7
Kernel: 4.18.0-240.10.1.el8_3.x86_64
Compiler: gcc 4.8.5 20150623 (Red Hat 4.8.5-44)
Ubuntu 20.04
Kernel: 4.18.0-240.10.1.el8_3.x86_64
Compiler: gcc 9.3.0-17ubuntu1~20.04
openSUSE Leap 15
Kernel: 4.18.0-240.10.1.el8_3.x86_64
Compiler: gcc 7.5.0
Ubuntu 22.04
Kernel: 4.18.0-240.10.1.el8_3.x86_64
Compiler: gcc 11.3.0
Ubuntu 20.04 ARM Clang Cross Compile
Kernel: 5.4.0-72-generic
Compiler: clang version 10.0.0-4ubuntu1
CentOS Stream 8
Kernel: 4.18.0-240.10.1.el8_3.x86_64
Compiler: gcc 8.4.1 20200928
RHEL8
Kernel: 4.18.0-240.10.1.el8_3.x86_64
Compiler: gcc 8.3.1 20191121 (Red Hat 8.3.1-5)
Ubuntu 20.04 aarch32 GCC Cross Compile
Kernel: 5.4.0-72-generic
Compiler: gcc 9.3.0
Debian Buster
Kernel: 5.4.0-122-generic
Compiler: gcc 8.3.0-6
Ubuntu 20.04 ARM GCC Cross Compile
Kernel: 5.4.0-72-generic
Compiler: aarch64-linux-gnu-gcc (Ubuntu 9.3.0-17ubuntu1~20.04) 9.3.0
Ubuntu 20.04 ARM SVE
Kernel: 5.4.0-80-generic
Compiler: gcc 10.3.0 (Ubuntu 10.3.0-1ubuntu1~20.04)
To view detailed results, visit:
https://lab.dpdk.org/results/dashboard/patchsets/25701/
UNH-IOL DPDK Community Lab
To manage your email subscriptions, visit:
https://lab.dpdk.org/results/dashboard/preferences/subscriptions/
^ permalink raw reply [flat|nested] 12+ messages in thread
* |FAILURE| pw125059 [PATCH] bus/platform: probe devices without resources
@ 2023-03-13 20:46 dpdklab
0 siblings, 0 replies; 12+ messages in thread
From: dpdklab @ 2023-03-13 20:46 UTC (permalink / raw)
To: Test Report; +Cc: dpdklab, David Marchand, Thomas Monjalon, Tomasz Duszynski
Test-Label: iol-testing
Test-Status: FAILURE
http://dpdk.org/patch/125059
_Testing issues_
Submitter: Tomasz Duszynski <tduszynski@marvell.com>
Date: Monday, March 13 2023 07:07:35
DPDK git baseline: Repo:dpdk
Branch: master
CommitID:baf13c3135d0c5998fff7edc23fb89412dc89246
125059 --> testing fail
Test environment and result as below:
+----------------------------------------+--------------------+----------------------+----------------+
| Environment | dpdk_meson_compile | dpdk_mingw64_compile | dpdk_unit_test |
+========================================+====================+======================+================+
| FreeBSD 13 | PASS | SKIPPED | SKIPPED |
+----------------------------------------+--------------------+----------------------+----------------+
| Ubuntu 20.04 ARM GCC Native | PASS | SKIPPED | FAIL |
+----------------------------------------+--------------------+----------------------+----------------+
| Ubuntu 20.04 ARM Clang Native | PASS | SKIPPED | PASS |
+----------------------------------------+--------------------+----------------------+----------------+
| Windows Server 2019 | PASS | PASS | PASS |
+----------------------------------------+--------------------+----------------------+----------------+
| CentOS Stream 9 | PASS | SKIPPED | SKIPPED |
+----------------------------------------+--------------------+----------------------+----------------+
| Debian Bullseye | PASS | SKIPPED | SKIPPED |
+----------------------------------------+--------------------+----------------------+----------------+
| RHEL 7 | PASS | SKIPPED | PASS |
+----------------------------------------+--------------------+----------------------+----------------+
| Ubuntu 20.04 | PASS | SKIPPED | PASS |
+----------------------------------------+--------------------+----------------------+----------------+
| openSUSE Leap 15 | PASS | SKIPPED | SKIPPED |
+----------------------------------------+--------------------+----------------------+----------------+
| Ubuntu 22.04 | PASS | SKIPPED | SKIPPED |
+----------------------------------------+--------------------+----------------------+----------------+
| Ubuntu 20.04 ARM Clang Cross Compile | PASS | SKIPPED | SKIPPED |
+----------------------------------------+--------------------+----------------------+----------------+
| CentOS Stream 8 | PASS | SKIPPED | SKIPPED |
+----------------------------------------+--------------------+----------------------+----------------+
| RHEL8 | PASS | SKIPPED | SKIPPED |
+----------------------------------------+--------------------+----------------------+----------------+
| Ubuntu 20.04 aarch32 GCC Cross Compile | PASS | SKIPPED | SKIPPED |
+----------------------------------------+--------------------+----------------------+----------------+
| Debian Buster | PASS | SKIPPED | PASS |
+----------------------------------------+--------------------+----------------------+----------------+
| Ubuntu 20.04 ARM GCC Cross Compile | PASS | SKIPPED | SKIPPED |
+----------------------------------------+--------------------+----------------------+----------------+
| Ubuntu 20.04 ARM SVE | PASS | SKIPPED | SKIPPED |
+----------------------------------------+--------------------+----------------------+----------------+
==== 20 line log output for Ubuntu 20.04 ARM GCC Native (dpdk_unit_test): ====
94/103 DPDK:fast-tests / telemetry_data_autotest OK 2.95s
95/103 DPDK:fast-tests / table_autotest OK 7.71s
96/103 DPDK:fast-tests / ring_pmd_autotest OK 2.95s
97/103 DPDK:fast-tests / event_eth_tx_adapter_autotest OK 3.73s
98/103 DPDK:fast-tests / bitratestats_autotest OK 2.96s
99/103 DPDK:fast-tests / latencystats_autotest OK 2.96s
100/103 DPDK:fast-tests / pdump_autotest OK 8.06s
101/103 DPDK:fast-tests / vdev_autotest OK 2.96s
102/103 DPDK:fast-tests / compressdev_autotest SKIP 2.95s exit status 77
103/103 DPDK:fast-tests / telemetry_all OK 13.56s
Ok: 96
Expected Fail: 0
Fail: 1
Unexpected Pass: 0
Skipped: 6
Timeout: 0
Full log written to /home-local/jenkins-local/jenkins-agent/workspace/Generic-VM-Unit-Test-DPDK/dpdk/build/meson-logs/testlog.txt
==== End log output ====
FreeBSD 13
Kernel: 13.0
Compiler: clang 11.0.1
Ubuntu 20.04 ARM GCC Native
Kernel: 5.4.0-53-generic
Compiler: gcc 9.3
Ubuntu 20.04 ARM Clang Native
Kernel: 5.4.0-53-generic
Compiler: clang 10.0.0-4ubuntu1
Windows Server 2019
Kernel: 10.0
Compiler: clang 14.0 and gcc 8.1.0 (MinGW)
CentOS Stream 9
Kernel: 4.18.0-240.10.1.el8_3.x86_64
Compiler: gcc 11.3.1 20220421
Debian Bullseye
Kernel: 5.4.0-122-generic
Compiler: gcc 10.2.1-6
RHEL 7
Kernel: 4.18.0-240.10.1.el8_3.x86_64
Compiler: gcc 4.8.5 20150623 (Red Hat 4.8.5-44)
Ubuntu 20.04
Kernel: 4.18.0-240.10.1.el8_3.x86_64
Compiler: gcc 9.3.0-17ubuntu1~20.04
openSUSE Leap 15
Kernel: 4.18.0-240.10.1.el8_3.x86_64
Compiler: gcc 7.5.0
Ubuntu 22.04
Kernel: 4.18.0-240.10.1.el8_3.x86_64
Compiler: gcc 11.3.0
Ubuntu 20.04 ARM Clang Cross Compile
Kernel: 5.4.0-72-generic
Compiler: clang version 10.0.0-4ubuntu1
CentOS Stream 8
Kernel: 4.18.0-240.10.1.el8_3.x86_64
Compiler: gcc 8.4.1 20200928
RHEL8
Kernel: 4.18.0-240.10.1.el8_3.x86_64
Compiler: gcc 8.3.1 20191121 (Red Hat 8.3.1-5)
Ubuntu 20.04 aarch32 GCC Cross Compile
Kernel: 5.4.0-72-generic
Compiler: gcc 9.3.0
Debian Buster
Kernel: 5.4.0-122-generic
Compiler: gcc 8.3.0-6
Ubuntu 20.04 ARM GCC Cross Compile
Kernel: 5.4.0-72-generic
Compiler: aarch64-linux-gnu-gcc (Ubuntu 9.3.0-17ubuntu1~20.04) 9.3.0
Ubuntu 20.04 ARM SVE
Kernel: 5.4.0-80-generic
Compiler: gcc 10.3.0 (Ubuntu 10.3.0-1ubuntu1~20.04)
To view detailed results, visit:
https://lab.dpdk.org/results/dashboard/patchsets/25701/
UNH-IOL DPDK Community Lab
To manage your email subscriptions, visit:
https://lab.dpdk.org/results/dashboard/preferences/subscriptions/
^ permalink raw reply [flat|nested] 12+ messages in thread
* |FAILURE| pw125059 [PATCH] bus/platform: probe devices without resources
@ 2023-03-13 20:45 dpdklab
0 siblings, 0 replies; 12+ messages in thread
From: dpdklab @ 2023-03-13 20:45 UTC (permalink / raw)
To: Test Report; +Cc: dpdklab, David Marchand, Thomas Monjalon, Tomasz Duszynski
Test-Label: iol-testing
Test-Status: FAILURE
http://dpdk.org/patch/125059
_Testing issues_
Submitter: Tomasz Duszynski <tduszynski@marvell.com>
Date: Monday, March 13 2023 07:07:35
DPDK git baseline: Repo:dpdk
Branch: master
CommitID:baf13c3135d0c5998fff7edc23fb89412dc89246
125059 --> testing fail
Test environment and result as below:
+----------------------------------------+--------------------+----------------------+----------------+
| Environment | dpdk_meson_compile | dpdk_mingw64_compile | dpdk_unit_test |
+========================================+====================+======================+================+
| FreeBSD 13 | PASS | SKIPPED | SKIPPED |
+----------------------------------------+--------------------+----------------------+----------------+
| Ubuntu 20.04 ARM GCC Native | PASS | SKIPPED | FAIL |
+----------------------------------------+--------------------+----------------------+----------------+
| Ubuntu 20.04 ARM Clang Native | PASS | SKIPPED | PASS |
+----------------------------------------+--------------------+----------------------+----------------+
| Windows Server 2019 | PASS | PASS | PASS |
+----------------------------------------+--------------------+----------------------+----------------+
| CentOS Stream 9 | PASS | SKIPPED | SKIPPED |
+----------------------------------------+--------------------+----------------------+----------------+
| Debian Bullseye | PASS | SKIPPED | SKIPPED |
+----------------------------------------+--------------------+----------------------+----------------+
| RHEL 7 | PASS | SKIPPED | SKIPPED |
+----------------------------------------+--------------------+----------------------+----------------+
| Ubuntu 20.04 | PASS | SKIPPED | PASS |
+----------------------------------------+--------------------+----------------------+----------------+
| openSUSE Leap 15 | PASS | SKIPPED | SKIPPED |
+----------------------------------------+--------------------+----------------------+----------------+
| Ubuntu 22.04 | PASS | SKIPPED | SKIPPED |
+----------------------------------------+--------------------+----------------------+----------------+
| Ubuntu 20.04 ARM Clang Cross Compile | PASS | SKIPPED | SKIPPED |
+----------------------------------------+--------------------+----------------------+----------------+
| CentOS Stream 8 | PASS | SKIPPED | SKIPPED |
+----------------------------------------+--------------------+----------------------+----------------+
| RHEL8 | PASS | SKIPPED | SKIPPED |
+----------------------------------------+--------------------+----------------------+----------------+
| Ubuntu 20.04 aarch32 GCC Cross Compile | PASS | SKIPPED | SKIPPED |
+----------------------------------------+--------------------+----------------------+----------------+
| Debian Buster | PASS | SKIPPED | PASS |
+----------------------------------------+--------------------+----------------------+----------------+
| Ubuntu 20.04 ARM GCC Cross Compile | PASS | SKIPPED | SKIPPED |
+----------------------------------------+--------------------+----------------------+----------------+
| Ubuntu 20.04 ARM SVE | PASS | SKIPPED | SKIPPED |
+----------------------------------------+--------------------+----------------------+----------------+
==== 20 line log output for Ubuntu 20.04 ARM GCC Native (dpdk_unit_test): ====
94/103 DPDK:fast-tests / telemetry_data_autotest OK 2.95s
95/103 DPDK:fast-tests / table_autotest OK 7.71s
96/103 DPDK:fast-tests / ring_pmd_autotest OK 2.95s
97/103 DPDK:fast-tests / event_eth_tx_adapter_autotest OK 3.73s
98/103 DPDK:fast-tests / bitratestats_autotest OK 2.96s
99/103 DPDK:fast-tests / latencystats_autotest OK 2.96s
100/103 DPDK:fast-tests / pdump_autotest OK 8.06s
101/103 DPDK:fast-tests / vdev_autotest OK 2.96s
102/103 DPDK:fast-tests / compressdev_autotest SKIP 2.95s exit status 77
103/103 DPDK:fast-tests / telemetry_all OK 13.56s
Ok: 96
Expected Fail: 0
Fail: 1
Unexpected Pass: 0
Skipped: 6
Timeout: 0
Full log written to /home-local/jenkins-local/jenkins-agent/workspace/Generic-VM-Unit-Test-DPDK/dpdk/build/meson-logs/testlog.txt
==== End log output ====
FreeBSD 13
Kernel: 13.0
Compiler: clang 11.0.1
Ubuntu 20.04 ARM GCC Native
Kernel: 5.4.0-53-generic
Compiler: gcc 9.3
Ubuntu 20.04 ARM Clang Native
Kernel: 5.4.0-53-generic
Compiler: clang 10.0.0-4ubuntu1
Windows Server 2019
Kernel: 10.0
Compiler: clang 14.0 and gcc 8.1.0 (MinGW)
CentOS Stream 9
Kernel: 4.18.0-240.10.1.el8_3.x86_64
Compiler: gcc 11.3.1 20220421
Debian Bullseye
Kernel: 5.4.0-122-generic
Compiler: gcc 10.2.1-6
RHEL 7
Kernel: 4.18.0-240.10.1.el8_3.x86_64
Compiler: gcc 4.8.5 20150623 (Red Hat 4.8.5-44)
Ubuntu 20.04
Kernel: 4.18.0-240.10.1.el8_3.x86_64
Compiler: gcc 9.3.0-17ubuntu1~20.04
openSUSE Leap 15
Kernel: 4.18.0-240.10.1.el8_3.x86_64
Compiler: gcc 7.5.0
Ubuntu 22.04
Kernel: 4.18.0-240.10.1.el8_3.x86_64
Compiler: gcc 11.3.0
Ubuntu 20.04 ARM Clang Cross Compile
Kernel: 5.4.0-72-generic
Compiler: clang version 10.0.0-4ubuntu1
CentOS Stream 8
Kernel: 4.18.0-240.10.1.el8_3.x86_64
Compiler: gcc 8.4.1 20200928
RHEL8
Kernel: 4.18.0-240.10.1.el8_3.x86_64
Compiler: gcc 8.3.1 20191121 (Red Hat 8.3.1-5)
Ubuntu 20.04 aarch32 GCC Cross Compile
Kernel: 5.4.0-72-generic
Compiler: gcc 9.3.0
Debian Buster
Kernel: 5.4.0-122-generic
Compiler: gcc 8.3.0-6
Ubuntu 20.04 ARM GCC Cross Compile
Kernel: 5.4.0-72-generic
Compiler: aarch64-linux-gnu-gcc (Ubuntu 9.3.0-17ubuntu1~20.04) 9.3.0
Ubuntu 20.04 ARM SVE
Kernel: 5.4.0-80-generic
Compiler: gcc 10.3.0 (Ubuntu 10.3.0-1ubuntu1~20.04)
To view detailed results, visit:
https://lab.dpdk.org/results/dashboard/patchsets/25701/
UNH-IOL DPDK Community Lab
To manage your email subscriptions, visit:
https://lab.dpdk.org/results/dashboard/preferences/subscriptions/
^ permalink raw reply [flat|nested] 12+ messages in thread
* |FAILURE| pw125059 [PATCH] bus/platform: probe devices without resources
@ 2023-03-13 20:41 dpdklab
0 siblings, 0 replies; 12+ messages in thread
From: dpdklab @ 2023-03-13 20:41 UTC (permalink / raw)
To: Test Report
Cc: Tomasz Duszynski, dpdklab, David Marchand, Thomas Monjalon,
Tomasz Duszynski
Test-Label: iol-testing
Test-Status: FAILURE
http://dpdk.org/patch/125059
_Testing issues_
Submitter: Tomasz Duszynski <tduszynski@marvell.com>
Date: Monday, March 13 2023 07:07:35
DPDK git baseline: Repo:dpdk
Branch: master
CommitID:baf13c3135d0c5998fff7edc23fb89412dc89246
125059 --> testing fail
Test environment and result as below:
+----------------------------------------+--------------------+----------------------+----------------+
| Environment | dpdk_meson_compile | dpdk_mingw64_compile | dpdk_unit_test |
+========================================+====================+======================+================+
| FreeBSD 13 | PASS | SKIPPED | SKIPPED |
+----------------------------------------+--------------------+----------------------+----------------+
| Ubuntu 20.04 ARM GCC Native | PASS | SKIPPED | FAIL |
+----------------------------------------+--------------------+----------------------+----------------+
| Ubuntu 20.04 ARM Clang Native | PASS | SKIPPED | PASS |
+----------------------------------------+--------------------+----------------------+----------------+
| Windows Server 2019 | PASS | PASS | PASS |
+----------------------------------------+--------------------+----------------------+----------------+
| CentOS Stream 9 | PASS | SKIPPED | SKIPPED |
+----------------------------------------+--------------------+----------------------+----------------+
| Debian Bullseye | PASS | SKIPPED | SKIPPED |
+----------------------------------------+--------------------+----------------------+----------------+
| RHEL 7 | PASS | SKIPPED | SKIPPED |
+----------------------------------------+--------------------+----------------------+----------------+
| Ubuntu 20.04 | PASS | SKIPPED | SKIPPED |
+----------------------------------------+--------------------+----------------------+----------------+
| openSUSE Leap 15 | PASS | SKIPPED | SKIPPED |
+----------------------------------------+--------------------+----------------------+----------------+
| Ubuntu 22.04 | PASS | SKIPPED | SKIPPED |
+----------------------------------------+--------------------+----------------------+----------------+
| Ubuntu 20.04 ARM Clang Cross Compile | PASS | SKIPPED | SKIPPED |
+----------------------------------------+--------------------+----------------------+----------------+
| CentOS Stream 8 | PASS | SKIPPED | SKIPPED |
+----------------------------------------+--------------------+----------------------+----------------+
| RHEL8 | PASS | SKIPPED | SKIPPED |
+----------------------------------------+--------------------+----------------------+----------------+
| Ubuntu 20.04 aarch32 GCC Cross Compile | PASS | SKIPPED | SKIPPED |
+----------------------------------------+--------------------+----------------------+----------------+
| Debian Buster | PASS | SKIPPED | PASS |
+----------------------------------------+--------------------+----------------------+----------------+
| Ubuntu 20.04 ARM GCC Cross Compile | PASS | SKIPPED | SKIPPED |
+----------------------------------------+--------------------+----------------------+----------------+
| Ubuntu 20.04 ARM SVE | PASS | SKIPPED | SKIPPED |
+----------------------------------------+--------------------+----------------------+----------------+
==== 20 line log output for Ubuntu 20.04 ARM GCC Native (dpdk_unit_test): ====
94/103 DPDK:fast-tests / telemetry_data_autotest OK 2.95s
95/103 DPDK:fast-tests / table_autotest OK 7.71s
96/103 DPDK:fast-tests / ring_pmd_autotest OK 2.95s
97/103 DPDK:fast-tests / event_eth_tx_adapter_autotest OK 3.73s
98/103 DPDK:fast-tests / bitratestats_autotest OK 2.96s
99/103 DPDK:fast-tests / latencystats_autotest OK 2.96s
100/103 DPDK:fast-tests / pdump_autotest OK 8.06s
101/103 DPDK:fast-tests / vdev_autotest OK 2.96s
102/103 DPDK:fast-tests / compressdev_autotest SKIP 2.95s exit status 77
103/103 DPDK:fast-tests / telemetry_all OK 13.56s
Ok: 96
Expected Fail: 0
Fail: 1
Unexpected Pass: 0
Skipped: 6
Timeout: 0
Full log written to /home-local/jenkins-local/jenkins-agent/workspace/Generic-VM-Unit-Test-DPDK/dpdk/build/meson-logs/testlog.txt
==== End log output ====
FreeBSD 13
Kernel: 13.0
Compiler: clang 11.0.1
Ubuntu 20.04 ARM GCC Native
Kernel: 5.4.0-53-generic
Compiler: gcc 9.3
Ubuntu 20.04 ARM Clang Native
Kernel: 5.4.0-53-generic
Compiler: clang 10.0.0-4ubuntu1
Windows Server 2019
Kernel: 10.0
Compiler: clang 14.0 and gcc 8.1.0 (MinGW)
CentOS Stream 9
Kernel: 4.18.0-240.10.1.el8_3.x86_64
Compiler: gcc 11.3.1 20220421
Debian Bullseye
Kernel: 5.4.0-122-generic
Compiler: gcc 10.2.1-6
RHEL 7
Kernel: 4.18.0-240.10.1.el8_3.x86_64
Compiler: gcc 4.8.5 20150623 (Red Hat 4.8.5-44)
Ubuntu 20.04
Kernel: 4.18.0-240.10.1.el8_3.x86_64
Compiler: gcc 9.3.0-17ubuntu1~20.04
openSUSE Leap 15
Kernel: 4.18.0-240.10.1.el8_3.x86_64
Compiler: gcc 7.5.0
Ubuntu 22.04
Kernel: 4.18.0-240.10.1.el8_3.x86_64
Compiler: gcc 11.3.0
Ubuntu 20.04 ARM Clang Cross Compile
Kernel: 5.4.0-72-generic
Compiler: clang version 10.0.0-4ubuntu1
CentOS Stream 8
Kernel: 4.18.0-240.10.1.el8_3.x86_64
Compiler: gcc 8.4.1 20200928
RHEL8
Kernel: 4.18.0-240.10.1.el8_3.x86_64
Compiler: gcc 8.3.1 20191121 (Red Hat 8.3.1-5)
Ubuntu 20.04 aarch32 GCC Cross Compile
Kernel: 5.4.0-72-generic
Compiler: gcc 9.3.0
Debian Buster
Kernel: 5.4.0-122-generic
Compiler: gcc 8.3.0-6
Ubuntu 20.04 ARM GCC Cross Compile
Kernel: 5.4.0-72-generic
Compiler: aarch64-linux-gnu-gcc (Ubuntu 9.3.0-17ubuntu1~20.04) 9.3.0
Ubuntu 20.04 ARM SVE
Kernel: 5.4.0-80-generic
Compiler: gcc 10.3.0 (Ubuntu 10.3.0-1ubuntu1~20.04)
To view detailed results, visit:
https://lab.dpdk.org/results/dashboard/patchsets/25701/
UNH-IOL DPDK Community Lab
To manage your email subscriptions, visit:
https://lab.dpdk.org/results/dashboard/preferences/subscriptions/
^ permalink raw reply [flat|nested] 12+ messages in thread
* |FAILURE| pw125059 [PATCH] bus/platform: probe devices without resources
@ 2023-03-13 10:00 dpdklab
0 siblings, 0 replies; 12+ messages in thread
From: dpdklab @ 2023-03-13 10:00 UTC (permalink / raw)
To: Test Report; +Cc: dpdklab, David Marchand, Thomas Monjalon, Tomasz Duszynski
Test-Label: iol-aarch64-unit-testing
Test-Status: FAILURE
http://dpdk.org/patch/125059
_Testing issues_
Submitter: Tomasz Duszynski <tduszynski@marvell.com>
Date: Monday, March 13 2023 07:07:35
DPDK git baseline: Repo:dpdk
Branch: master
CommitID:baf13c3135d0c5998fff7edc23fb89412dc89246
125059 --> testing fail
Test environment and result as below:
+-------------------------------+---------------------------+------------------------------+----------------+--------------+
| Environment | cryptodev_sw_zuc_autotest | cryptodev_sw_snow3g_autotest | dpdk_unit_test | lpm_autotest |
+===============================+===========================+==============================+================+==============+
| Debian 11 | PASS | PASS | SKIPPED | SKIPPED |
+-------------------------------+---------------------------+------------------------------+----------------+--------------+
| Ubuntu 20.04 ARM GCC Native | SKIPPED | SKIPPED | FAIL | SKIPPED |
+-------------------------------+---------------------------+------------------------------+----------------+--------------+
| Ubuntu 20.04 ARM Clang Native | SKIPPED | SKIPPED | PASS | SKIPPED |
+-------------------------------+---------------------------+------------------------------+----------------+--------------+
| Ubuntu 20.04 ARM SVE | SKIPPED | SKIPPED | SKIPPED | PASS |
+-------------------------------+---------------------------+------------------------------+----------------+--------------+
==== 20 line log output for Ubuntu 20.04 ARM GCC Native (dpdk_unit_test): ====
94/103 DPDK:fast-tests / telemetry_data_autotest OK 2.95s
95/103 DPDK:fast-tests / table_autotest OK 7.71s
96/103 DPDK:fast-tests / ring_pmd_autotest OK 2.95s
97/103 DPDK:fast-tests / event_eth_tx_adapter_autotest OK 3.73s
98/103 DPDK:fast-tests / bitratestats_autotest OK 2.96s
99/103 DPDK:fast-tests / latencystats_autotest OK 2.96s
100/103 DPDK:fast-tests / pdump_autotest OK 8.06s
101/103 DPDK:fast-tests / vdev_autotest OK 2.96s
102/103 DPDK:fast-tests / compressdev_autotest SKIP 2.95s exit status 77
103/103 DPDK:fast-tests / telemetry_all OK 13.56s
Ok: 96
Expected Fail: 0
Fail: 1
Unexpected Pass: 0
Skipped: 6
Timeout: 0
Full log written to /home-local/jenkins-local/jenkins-agent/workspace/Generic-VM-Unit-Test-DPDK/dpdk/build/meson-logs/testlog.txt
==== End log output ====
Debian 11
Kernel: Container Host Kernel
Compiler: gcc 10.2.1
Ubuntu 20.04 ARM GCC Native
Kernel: 5.4.0-53-generic
Compiler: gcc 9.3
Ubuntu 20.04 ARM Clang Native
Kernel: 5.4.0-53-generic
Compiler: clang 10.0.0-4ubuntu1
Ubuntu 20.04 ARM SVE
Kernel: 5.4.0-80-generic
Compiler: gcc 10.3.0 (Ubuntu 10.3.0-1ubuntu1~20.04)
To view detailed results, visit:
https://lab.dpdk.org/results/dashboard/patchsets/25701/
UNH-IOL DPDK Community Lab
To manage your email subscriptions, visit:
https://lab.dpdk.org/results/dashboard/preferences/subscriptions/
^ permalink raw reply [flat|nested] 12+ messages in thread
end of thread, other threads:[~2023-03-13 21:31 UTC | newest]
Thread overview: 12+ messages (download: mbox.gz / follow: Atom feed)
-- links below jump to the message on this page --
2023-03-13 21:28 |FAILURE| pw125059 [PATCH] bus/platform: probe devices without resources dpdklab
-- strict thread matches above, loose matches on Subject: below --
2023-03-13 21:31 dpdklab
2023-03-13 21:29 dpdklab
2023-03-13 21:25 dpdklab
2023-03-13 21:11 dpdklab
2023-03-13 21:10 dpdklab
2023-03-13 20:55 dpdklab
2023-03-13 20:51 dpdklab
2023-03-13 20:46 dpdklab
2023-03-13 20:45 dpdklab
2023-03-13 20:41 dpdklab
2023-03-13 10:00 dpdklab
This is a public inbox, see mirroring instructions
for how to clone and mirror all data and code used for this inbox;
as well as URLs for NNTP newsgroup(s).