* |WARNING| pw125633-125635 [PATCH] [v5, 3/3] net/ixgbe: implement recycle buffer mode
@ 2023-04-06 16:36 dpdklab
0 siblings, 0 replies; 12+ messages in thread
From: dpdklab @ 2023-04-06 16:36 UTC (permalink / raw)
To: Test Report
Cc: Feifei Wang, dpdklab, David Marchand, Thomas Monjalon, Feifei Wang
Test-Label: iol-abi-testing
Test-Status: WARNING
http://dpdk.org/patch/125635
_Testing issues_
Submitter: Feifei Wang <feifei.wang2@arm.com>
Date: Thursday, March 30 2023 06:29:39
DPDK git baseline: Repo:dpdk
Branch: master
CommitID:c682c8991963be243dcc3b7cdc9d6984a1961f4e
125633-125635 --> testing fail
Test environment and result as below:
+-----------------+----------+
| Environment | abi_test |
+=================+==========+
| CentOS Stream 8 | FAIL |
+-----------------+----------+
| CentOS Stream 9 | FAIL |
+-----------------+----------+
| Ubuntu 22.04 | FAIL |
+-----------------+----------+
| Debian Buster | FAIL |
+-----------------+----------+
==== 20 line log output for Debian Buster (abi_test): ====
Variables changes summary: 0 Removed, 0 Changed, 0 Added variable
Functions changes summary: 0 Removed, 0 Changed, 0 Added function
Variables changes summary: 0 Removed (14 filtered out), 0 Changed, 0 Added variables
Functions changes summary: 0 Removed, 0 Changed, 0 Added (1 filtered out) function
Variables changes summary: 0 Removed, 0 Changed, 0 Added variable
Functions changes summary: 0 Removed (1 filtered out), 0 Changed (276 filtered out), 0 Added (42 filtered out) functions
Variables changes summary: 0 Removed, 0 Changed, 0 Added (1 filtered out) variable
Functions changes summary: 0 Removed, 0 Changed (1 filtered out), 0 Added function
Variables changes summary: 0 Removed, 0 Changed, 0 Added variable
Functions changes summary: 0 Removed, 0 Changed, 0 Added (1 filtered out) function
Variables changes summary: 0 Removed, 0 Changed, 0 Added variable
Functions changes summary: 0 Removed, 0 Changed (1 filtered out), 0 Added function
Variables changes summary: 0 Removed, 0 Changed, 0 Added variable
==== End log output ====
CentOS Stream 8
Kernel: 4.18.0-240.10.1.el8_3.x86_64
Compiler: gcc 8.4.1 20200928
CentOS Stream 9
Kernel: 4.18.0-240.10.1.el8_3.x86_64
Compiler: gcc 11.3.1 20220421
Ubuntu 22.04
Kernel: 4.18.0-240.10.1.el8_3.x86_64
Compiler: gcc 11.3.0
Debian Buster
Kernel: 5.4.0-122-generic
Compiler: gcc 8.3.0-6
To view detailed results, visit:
https://lab.dpdk.org/results/dashboard/patchsets/25889/
UNH-IOL DPDK Community Lab
To manage your email subscriptions, visit:
https://lab.dpdk.org/results/dashboard/preferences/subscriptions/
^ permalink raw reply [flat|nested] 12+ messages in thread
* |WARNING| pw125633-125635 [PATCH] [v5, 3/3] net/ixgbe: implement recycle buffer mode
@ 2023-04-06 20:43 dpdklab
0 siblings, 0 replies; 12+ messages in thread
From: dpdklab @ 2023-04-06 20:43 UTC (permalink / raw)
To: Test Report
Cc: Feifei Wang, dpdklab, David Marchand, Thomas Monjalon, Feifei Wang
Test-Label: iol-abi-testing
Test-Status: WARNING
http://dpdk.org/patch/125635
_Testing issues_
Submitter: Feifei Wang <feifei.wang2@arm.com>
Date: Thursday, March 30 2023 06:29:39
DPDK git baseline: Repo:dpdk
Branch: master
CommitID:c682c8991963be243dcc3b7cdc9d6984a1961f4e
125633-125635 --> testing fail
Test environment and result as below:
+------------------+----------+
| Environment | abi_test |
+==================+==========+
| CentOS Stream 8 | FAIL |
+------------------+----------+
| CentOS Stream 9 | FAIL |
+------------------+----------+
| Ubuntu 22.04 | FAIL |
+------------------+----------+
| Debian Buster | FAIL |
+------------------+----------+
| RHEL8 | FAIL |
+------------------+----------+
| openSUSE Leap 15 | FAIL |
+------------------+----------+
| RHEL 7 | FAIL |
+------------------+----------+
| Debian Bullseye | FAIL |
+------------------+----------+
==== 20 line log output for Debian Bullseye (abi_test): ====
Variables changes summary: 0 Removed, 0 Changed, 0 Added variable
Functions changes summary: 0 Removed (1 filtered out), 0 Changed (276 filtered out), 0 Added (42 filtered out) functions
Variables changes summary: 0 Removed, 0 Changed, 0 Added (1 filtered out) variable
Functions changes summary: 0 Removed, 0 Changed, 0 Added (1 filtered out) function
Variables changes summary: 0 Removed, 0 Changed, 0 Added variable
Functions changes summary: 0 Removed, 0 Changed, 0 Added function
Variables changes summary: 0 Removed (14 filtered out), 0 Changed, 0 Added variables
Functions changes summary: 0 Removed, 0 Changed (1 filtered out), 0 Added function
Variables changes summary: 0 Removed, 0 Changed, 0 Added variable
Functions changes summary: 0 Removed, 0 Changed, 0 Added (1 filtered out) function
Variables changes summary: 0 Removed, 0 Changed, 0 Added variable
Functions changes summary: 0 Removed, 0 Changed (1 filtered out), 0 Added function
Variables changes summary: 0 Removed, 0 Changed, 0 Added variable
==== End log output ====
CentOS Stream 8
Kernel: 4.18.0-240.10.1.el8_3.x86_64
Compiler: gcc 8.4.1 20200928
CentOS Stream 9
Kernel: 4.18.0-240.10.1.el8_3.x86_64
Compiler: gcc 11.3.1 20220421
Ubuntu 22.04
Kernel: 4.18.0-240.10.1.el8_3.x86_64
Compiler: gcc 11.3.0
Debian Buster
Kernel: 5.4.0-122-generic
Compiler: gcc 8.3.0-6
RHEL8
Kernel: 4.18.0-240.10.1.el8_3.x86_64
Compiler: gcc 8.3.1 20191121 (Red Hat 8.3.1-5)
openSUSE Leap 15
Kernel: 4.18.0-240.10.1.el8_3.x86_64
Compiler: gcc 7.5.0
RHEL 7
Kernel: 4.18.0-240.10.1.el8_3.x86_64
Compiler: gcc 4.8.5 20150623 (Red Hat 4.8.5-44)
Debian Bullseye
Kernel: 5.4.0-122-generic
Compiler: gcc 10.2.1-6
To view detailed results, visit:
https://lab.dpdk.org/results/dashboard/patchsets/25889/
UNH-IOL DPDK Community Lab
To manage your email subscriptions, visit:
https://lab.dpdk.org/results/dashboard/preferences/subscriptions/
^ permalink raw reply [flat|nested] 12+ messages in thread
* |WARNING| pw125633-125635 [PATCH] [v5, 3/3] net/ixgbe: implement recycle buffer mode
@ 2023-04-06 20:43 dpdklab
0 siblings, 0 replies; 12+ messages in thread
From: dpdklab @ 2023-04-06 20:43 UTC (permalink / raw)
To: Test Report
Cc: Feifei Wang, dpdklab, David Marchand, Thomas Monjalon, Feifei Wang
Test-Label: iol-abi-testing
Test-Status: WARNING
http://dpdk.org/patch/125635
_Testing issues_
Submitter: Feifei Wang <feifei.wang2@arm.com>
Date: Thursday, March 30 2023 06:29:39
DPDK git baseline: Repo:dpdk
Branch: master
CommitID:c682c8991963be243dcc3b7cdc9d6984a1961f4e
125633-125635 --> testing fail
Test environment and result as below:
+------------------+----------+
| Environment | abi_test |
+==================+==========+
| CentOS Stream 8 | FAIL |
+------------------+----------+
| CentOS Stream 9 | FAIL |
+------------------+----------+
| Ubuntu 22.04 | FAIL |
+------------------+----------+
| Debian Buster | FAIL |
+------------------+----------+
| RHEL8 | FAIL |
+------------------+----------+
| openSUSE Leap 15 | FAIL |
+------------------+----------+
| RHEL 7 | FAIL |
+------------------+----------+
| Debian Bullseye | FAIL |
+------------------+----------+
==== 20 line log output for Debian Bullseye (abi_test): ====
Variables changes summary: 0 Removed, 0 Changed, 0 Added variable
Functions changes summary: 0 Removed (1 filtered out), 0 Changed (276 filtered out), 0 Added (42 filtered out) functions
Variables changes summary: 0 Removed, 0 Changed, 0 Added (1 filtered out) variable
Functions changes summary: 0 Removed, 0 Changed, 0 Added (1 filtered out) function
Variables changes summary: 0 Removed, 0 Changed, 0 Added variable
Functions changes summary: 0 Removed, 0 Changed, 0 Added function
Variables changes summary: 0 Removed (14 filtered out), 0 Changed, 0 Added variables
Functions changes summary: 0 Removed, 0 Changed (1 filtered out), 0 Added function
Variables changes summary: 0 Removed, 0 Changed, 0 Added variable
Functions changes summary: 0 Removed, 0 Changed, 0 Added (1 filtered out) function
Variables changes summary: 0 Removed, 0 Changed, 0 Added variable
Functions changes summary: 0 Removed, 0 Changed (1 filtered out), 0 Added function
Variables changes summary: 0 Removed, 0 Changed, 0 Added variable
==== End log output ====
CentOS Stream 8
Kernel: 4.18.0-240.10.1.el8_3.x86_64
Compiler: gcc 8.4.1 20200928
CentOS Stream 9
Kernel: 4.18.0-240.10.1.el8_3.x86_64
Compiler: gcc 11.3.1 20220421
Ubuntu 22.04
Kernel: 4.18.0-240.10.1.el8_3.x86_64
Compiler: gcc 11.3.0
Debian Buster
Kernel: 5.4.0-122-generic
Compiler: gcc 8.3.0-6
RHEL8
Kernel: 4.18.0-240.10.1.el8_3.x86_64
Compiler: gcc 8.3.1 20191121 (Red Hat 8.3.1-5)
openSUSE Leap 15
Kernel: 4.18.0-240.10.1.el8_3.x86_64
Compiler: gcc 7.5.0
RHEL 7
Kernel: 4.18.0-240.10.1.el8_3.x86_64
Compiler: gcc 4.8.5 20150623 (Red Hat 4.8.5-44)
Debian Bullseye
Kernel: 5.4.0-122-generic
Compiler: gcc 10.2.1-6
To view detailed results, visit:
https://lab.dpdk.org/results/dashboard/patchsets/25889/
UNH-IOL DPDK Community Lab
To manage your email subscriptions, visit:
https://lab.dpdk.org/results/dashboard/preferences/subscriptions/
^ permalink raw reply [flat|nested] 12+ messages in thread
* |WARNING| pw125633-125635 [PATCH] [v5, 3/3] net/ixgbe: implement recycle buffer mode
@ 2023-04-06 20:39 dpdklab
0 siblings, 0 replies; 12+ messages in thread
From: dpdklab @ 2023-04-06 20:39 UTC (permalink / raw)
To: Test Report; +Cc: dpdklab, David Marchand, Thomas Monjalon, Feifei Wang
Test-Label: iol-abi-testing
Test-Status: WARNING
http://dpdk.org/patch/125635
_Testing issues_
Submitter: Feifei Wang <feifei.wang2@arm.com>
Date: Thursday, March 30 2023 06:29:39
DPDK git baseline: Repo:dpdk
Branch: master
CommitID:c682c8991963be243dcc3b7cdc9d6984a1961f4e
125633-125635 --> testing fail
Test environment and result as below:
+------------------+----------+
| Environment | abi_test |
+==================+==========+
| CentOS Stream 8 | FAIL |
+------------------+----------+
| CentOS Stream 9 | FAIL |
+------------------+----------+
| Ubuntu 22.04 | FAIL |
+------------------+----------+
| Debian Buster | FAIL |
+------------------+----------+
| RHEL8 | FAIL |
+------------------+----------+
| openSUSE Leap 15 | FAIL |
+------------------+----------+
| RHEL 7 | FAIL |
+------------------+----------+
==== 20 line log output for RHEL 7 (abi_test): ====
Variables changes summary: 0 Removed, 0 Changed, 0 Added variable
Functions changes summary: 0 Removed, 0 Changed (2 filtered out), 0 Added functions
Variables changes summary: 0 Removed, 0 Changed, 0 Added variable
Functions changes summary: 0 Removed, 0 Changed, 0 Added function
Variables changes summary: 0 Removed (14 filtered out), 0 Changed, 0 Added variables
Functions changes summary: 0 Removed, 0 Changed (2 filtered out), 0 Added functions
Variables changes summary: 0 Removed, 0 Changed, 0 Added variable
Functions changes summary: 0 Removed, 0 Changed (1 filtered out), 0 Added function
Variables changes summary: 0 Removed, 0 Changed, 0 Added variable
Functions changes summary: 0 Removed, 0 Changed (1 filtered out), 0 Added function
Variables changes summary: 0 Removed, 0 Changed, 0 Added variable
Functions changes summary: 0 Removed, 0 Changed, 0 Added (1 filtered out) function
Variables changes summary: 0 Removed, 0 Changed, 0 Added variable
==== End log output ====
CentOS Stream 8
Kernel: 4.18.0-240.10.1.el8_3.x86_64
Compiler: gcc 8.4.1 20200928
CentOS Stream 9
Kernel: 4.18.0-240.10.1.el8_3.x86_64
Compiler: gcc 11.3.1 20220421
Ubuntu 22.04
Kernel: 4.18.0-240.10.1.el8_3.x86_64
Compiler: gcc 11.3.0
Debian Buster
Kernel: 5.4.0-122-generic
Compiler: gcc 8.3.0-6
RHEL8
Kernel: 4.18.0-240.10.1.el8_3.x86_64
Compiler: gcc 8.3.1 20191121 (Red Hat 8.3.1-5)
openSUSE Leap 15
Kernel: 4.18.0-240.10.1.el8_3.x86_64
Compiler: gcc 7.5.0
RHEL 7
Kernel: 4.18.0-240.10.1.el8_3.x86_64
Compiler: gcc 4.8.5 20150623 (Red Hat 4.8.5-44)
To view detailed results, visit:
https://lab.dpdk.org/results/dashboard/patchsets/25889/
UNH-IOL DPDK Community Lab
To manage your email subscriptions, visit:
https://lab.dpdk.org/results/dashboard/preferences/subscriptions/
^ permalink raw reply [flat|nested] 12+ messages in thread
* |WARNING| pw125633-125635 [PATCH] [v5, 3/3] net/ixgbe: implement recycle buffer mode
@ 2023-04-06 20:36 dpdklab
0 siblings, 0 replies; 12+ messages in thread
From: dpdklab @ 2023-04-06 20:36 UTC (permalink / raw)
To: Test Report; +Cc: dpdklab, David Marchand, Thomas Monjalon, Feifei Wang
Test-Label: iol-abi-testing
Test-Status: WARNING
http://dpdk.org/patch/125635
_Testing issues_
Submitter: Feifei Wang <feifei.wang2@arm.com>
Date: Thursday, March 30 2023 06:29:39
DPDK git baseline: Repo:dpdk
Branch: master
CommitID:c682c8991963be243dcc3b7cdc9d6984a1961f4e
125633-125635 --> testing fail
Test environment and result as below:
+------------------+----------+
| Environment | abi_test |
+==================+==========+
| CentOS Stream 8 | FAIL |
+------------------+----------+
| CentOS Stream 9 | FAIL |
+------------------+----------+
| Ubuntu 22.04 | FAIL |
+------------------+----------+
| Debian Buster | FAIL |
+------------------+----------+
| RHEL8 | FAIL |
+------------------+----------+
| openSUSE Leap 15 | FAIL |
+------------------+----------+
| RHEL 7 | FAIL |
+------------------+----------+
==== 20 line log output for RHEL 7 (abi_test): ====
Variables changes summary: 0 Removed, 0 Changed, 0 Added variable
Functions changes summary: 0 Removed, 0 Changed (2 filtered out), 0 Added functions
Variables changes summary: 0 Removed, 0 Changed, 0 Added variable
Functions changes summary: 0 Removed, 0 Changed, 0 Added function
Variables changes summary: 0 Removed (14 filtered out), 0 Changed, 0 Added variables
Functions changes summary: 0 Removed, 0 Changed (2 filtered out), 0 Added functions
Variables changes summary: 0 Removed, 0 Changed, 0 Added variable
Functions changes summary: 0 Removed, 0 Changed (1 filtered out), 0 Added function
Variables changes summary: 0 Removed, 0 Changed, 0 Added variable
Functions changes summary: 0 Removed, 0 Changed (1 filtered out), 0 Added function
Variables changes summary: 0 Removed, 0 Changed, 0 Added variable
Functions changes summary: 0 Removed, 0 Changed, 0 Added (1 filtered out) function
Variables changes summary: 0 Removed, 0 Changed, 0 Added variable
==== End log output ====
CentOS Stream 8
Kernel: 4.18.0-240.10.1.el8_3.x86_64
Compiler: gcc 8.4.1 20200928
CentOS Stream 9
Kernel: 4.18.0-240.10.1.el8_3.x86_64
Compiler: gcc 11.3.1 20220421
Ubuntu 22.04
Kernel: 4.18.0-240.10.1.el8_3.x86_64
Compiler: gcc 11.3.0
Debian Buster
Kernel: 5.4.0-122-generic
Compiler: gcc 8.3.0-6
RHEL8
Kernel: 4.18.0-240.10.1.el8_3.x86_64
Compiler: gcc 8.3.1 20191121 (Red Hat 8.3.1-5)
openSUSE Leap 15
Kernel: 4.18.0-240.10.1.el8_3.x86_64
Compiler: gcc 7.5.0
RHEL 7
Kernel: 4.18.0-240.10.1.el8_3.x86_64
Compiler: gcc 4.8.5 20150623 (Red Hat 4.8.5-44)
To view detailed results, visit:
https://lab.dpdk.org/results/dashboard/patchsets/25889/
UNH-IOL DPDK Community Lab
To manage your email subscriptions, visit:
https://lab.dpdk.org/results/dashboard/preferences/subscriptions/
^ permalink raw reply [flat|nested] 12+ messages in thread
* |WARNING| pw125633-125635 [PATCH] [v5, 3/3] net/ixgbe: implement recycle buffer mode
@ 2023-04-06 20:31 dpdklab
0 siblings, 0 replies; 12+ messages in thread
From: dpdklab @ 2023-04-06 20:31 UTC (permalink / raw)
To: Test Report
Cc: dpdk-test-reports, David Marchand, Thomas Monjalon, Feifei Wang
Test-Label: iol-abi-testing
Test-Status: WARNING
http://dpdk.org/patch/125635
_Testing issues_
Submitter: Feifei Wang <feifei.wang2@arm.com>
Date: Thursday, March 30 2023 06:29:39
DPDK git baseline: Repo:dpdk
Branch: master
CommitID:c682c8991963be243dcc3b7cdc9d6984a1961f4e
125633-125635 --> testing fail
Test environment and result as below:
+------------------+----------+
| Environment | abi_test |
+==================+==========+
| CentOS Stream 8 | FAIL |
+------------------+----------+
| CentOS Stream 9 | FAIL |
+------------------+----------+
| Ubuntu 22.04 | FAIL |
+------------------+----------+
| Debian Buster | FAIL |
+------------------+----------+
| RHEL8 | FAIL |
+------------------+----------+
| openSUSE Leap 15 | FAIL |
+------------------+----------+
==== 20 line log output for openSUSE Leap 15 (abi_test): ====
Variables changes summary: 0 Removed (14 filtered out), 0 Changed, 0 Added variables
Functions changes summary: 0 Removed, 0 Changed (2 filtered out), 0 Added functions
Variables changes summary: 0 Removed, 0 Changed, 0 Added variable
Functions changes summary: 0 Removed, 0 Changed, 0 Added (1 filtered out) function
Variables changes summary: 0 Removed, 0 Changed, 0 Added variable
Functions changes summary: 0 Removed (1 filtered out), 0 Changed (276 filtered out), 0 Added (42 filtered out) functions
Variables changes summary: 0 Removed, 0 Changed, 0 Added (1 filtered out) variable
Functions changes summary: 0 Removed, 0 Changed, 0 Added (1 filtered out) function
Variables changes summary: 0 Removed, 0 Changed, 0 Added variable
Functions changes summary: 0 Removed, 0 Changed (1 filtered out), 0 Added function
Variables changes summary: 0 Removed, 0 Changed, 0 Added variable
Functions changes summary: 0 Removed, 0 Changed (1 filtered out), 0 Added function
Variables changes summary: 0 Removed, 0 Changed, 0 Added variable
==== End log output ====
CentOS Stream 8
Kernel: 4.18.0-240.10.1.el8_3.x86_64
Compiler: gcc 8.4.1 20200928
CentOS Stream 9
Kernel: 4.18.0-240.10.1.el8_3.x86_64
Compiler: gcc 11.3.1 20220421
Ubuntu 22.04
Kernel: 4.18.0-240.10.1.el8_3.x86_64
Compiler: gcc 11.3.0
Debian Buster
Kernel: 5.4.0-122-generic
Compiler: gcc 8.3.0-6
RHEL8
Kernel: 4.18.0-240.10.1.el8_3.x86_64
Compiler: gcc 8.3.1 20191121 (Red Hat 8.3.1-5)
openSUSE Leap 15
Kernel: 4.18.0-240.10.1.el8_3.x86_64
Compiler: gcc 7.5.0
To view detailed results, visit:
https://lab.dpdk.org/results/dashboard/patchsets/25889/
UNH-IOL DPDK Community Lab
To manage your email subscriptions, visit:
https://lab.dpdk.org/results/dashboard/preferences/subscriptions/
^ permalink raw reply [flat|nested] 12+ messages in thread
* |WARNING| pw125633-125635 [PATCH] [v5, 3/3] net/ixgbe: implement recycle buffer mode
@ 2023-04-06 16:46 dpdklab
0 siblings, 0 replies; 12+ messages in thread
From: dpdklab @ 2023-04-06 16:46 UTC (permalink / raw)
To: Test Report; +Cc: dpdklab, David Marchand, Thomas Monjalon, Feifei Wang
Test-Label: iol-abi-testing
Test-Status: WARNING
http://dpdk.org/patch/125635
_Testing issues_
Submitter: Feifei Wang <feifei.wang2@arm.com>
Date: Thursday, March 30 2023 06:29:39
DPDK git baseline: Repo:dpdk
Branch: master
CommitID:c682c8991963be243dcc3b7cdc9d6984a1961f4e
125633-125635 --> testing fail
Test environment and result as below:
+-----------------+----------+
| Environment | abi_test |
+=================+==========+
| CentOS Stream 8 | FAIL |
+-----------------+----------+
| CentOS Stream 9 | FAIL |
+-----------------+----------+
| Ubuntu 22.04 | FAIL |
+-----------------+----------+
| Debian Buster | FAIL |
+-----------------+----------+
| RHEL8 | FAIL |
+-----------------+----------+
==== 20 line log output for RHEL8 (abi_test): ====
Variables changes summary: 0 Removed, 0 Changed, 0 Added (1 filtered out) variable
Functions changes summary: 0 Removed, 0 Changed (2 filtered out), 0 Added functions
Variables changes summary: 0 Removed, 0 Changed, 0 Added variable
Functions changes summary: 0 Removed, 0 Changed, 0 Added function
Variables changes summary: 0 Removed (14 filtered out), 0 Changed, 0 Added variables
Functions changes summary: 0 Removed, 0 Changed, 0 Added (1 filtered out) function
Variables changes summary: 0 Removed, 0 Changed, 0 Added variable
Functions changes summary: 0 Removed, 0 Changed, 0 Added (1 filtered out) function
Variables changes summary: 0 Removed, 0 Changed, 0 Added variable
Functions changes summary: 0 Removed, 0 Changed (1 filtered out), 0 Added function
Variables changes summary: 0 Removed, 0 Changed, 0 Added variable
Functions changes summary: 0 Removed, 0 Changed (1 filtered out), 0 Added function
Variables changes summary: 0 Removed, 0 Changed, 0 Added variable
==== End log output ====
CentOS Stream 8
Kernel: 4.18.0-240.10.1.el8_3.x86_64
Compiler: gcc 8.4.1 20200928
CentOS Stream 9
Kernel: 4.18.0-240.10.1.el8_3.x86_64
Compiler: gcc 11.3.1 20220421
Ubuntu 22.04
Kernel: 4.18.0-240.10.1.el8_3.x86_64
Compiler: gcc 11.3.0
Debian Buster
Kernel: 5.4.0-122-generic
Compiler: gcc 8.3.0-6
RHEL8
Kernel: 4.18.0-240.10.1.el8_3.x86_64
Compiler: gcc 8.3.1 20191121 (Red Hat 8.3.1-5)
To view detailed results, visit:
https://lab.dpdk.org/results/dashboard/patchsets/25889/
UNH-IOL DPDK Community Lab
To manage your email subscriptions, visit:
https://lab.dpdk.org/results/dashboard/preferences/subscriptions/
^ permalink raw reply [flat|nested] 12+ messages in thread
* |WARNING| pw125633-125635 [PATCH] [v5, 3/3] net/ixgbe: implement recycle buffer mode
@ 2023-04-06 16:43 dpdklab
0 siblings, 0 replies; 12+ messages in thread
From: dpdklab @ 2023-04-06 16:43 UTC (permalink / raw)
To: Test Report; +Cc: dpdklab, David Marchand, Thomas Monjalon, Feifei Wang
Test-Label: iol-abi-testing
Test-Status: WARNING
http://dpdk.org/patch/125635
_Testing issues_
Submitter: Feifei Wang <feifei.wang2@arm.com>
Date: Thursday, March 30 2023 06:29:39
DPDK git baseline: Repo:dpdk
Branch: master
CommitID:c682c8991963be243dcc3b7cdc9d6984a1961f4e
125633-125635 --> testing fail
Test environment and result as below:
+-----------------+----------+
| Environment | abi_test |
+=================+==========+
| CentOS Stream 8 | FAIL |
+-----------------+----------+
| CentOS Stream 9 | FAIL |
+-----------------+----------+
| Ubuntu 22.04 | FAIL |
+-----------------+----------+
| Debian Buster | FAIL |
+-----------------+----------+
==== 20 line log output for Debian Buster (abi_test): ====
Variables changes summary: 0 Removed, 0 Changed, 0 Added variable
Functions changes summary: 0 Removed, 0 Changed, 0 Added function
Variables changes summary: 0 Removed (14 filtered out), 0 Changed, 0 Added variables
Functions changes summary: 0 Removed, 0 Changed, 0 Added (1 filtered out) function
Variables changes summary: 0 Removed, 0 Changed, 0 Added variable
Functions changes summary: 0 Removed (1 filtered out), 0 Changed (276 filtered out), 0 Added (42 filtered out) functions
Variables changes summary: 0 Removed, 0 Changed, 0 Added (1 filtered out) variable
Functions changes summary: 0 Removed, 0 Changed (1 filtered out), 0 Added function
Variables changes summary: 0 Removed, 0 Changed, 0 Added variable
Functions changes summary: 0 Removed, 0 Changed, 0 Added (1 filtered out) function
Variables changes summary: 0 Removed, 0 Changed, 0 Added variable
Functions changes summary: 0 Removed, 0 Changed (1 filtered out), 0 Added function
Variables changes summary: 0 Removed, 0 Changed, 0 Added variable
==== End log output ====
CentOS Stream 8
Kernel: 4.18.0-240.10.1.el8_3.x86_64
Compiler: gcc 8.4.1 20200928
CentOS Stream 9
Kernel: 4.18.0-240.10.1.el8_3.x86_64
Compiler: gcc 11.3.1 20220421
Ubuntu 22.04
Kernel: 4.18.0-240.10.1.el8_3.x86_64
Compiler: gcc 11.3.0
Debian Buster
Kernel: 5.4.0-122-generic
Compiler: gcc 8.3.0-6
To view detailed results, visit:
https://lab.dpdk.org/results/dashboard/patchsets/25889/
UNH-IOL DPDK Community Lab
To manage your email subscriptions, visit:
https://lab.dpdk.org/results/dashboard/preferences/subscriptions/
^ permalink raw reply [flat|nested] 12+ messages in thread
* |WARNING| pw125633-125635 [PATCH] [v5, 3/3] net/ixgbe: implement recycle buffer mode
@ 2023-04-06 16:37 dpdklab
0 siblings, 0 replies; 12+ messages in thread
From: dpdklab @ 2023-04-06 16:37 UTC (permalink / raw)
To: Test Report; +Cc: dpdklab, David Marchand, Thomas Monjalon, Feifei Wang
Test-Label: iol-abi-testing
Test-Status: WARNING
http://dpdk.org/patch/125635
_Testing issues_
Submitter: Feifei Wang <feifei.wang2@arm.com>
Date: Thursday, March 30 2023 06:29:39
DPDK git baseline: Repo:dpdk
Branch: master
CommitID:c682c8991963be243dcc3b7cdc9d6984a1961f4e
125633-125635 --> testing fail
Test environment and result as below:
+-----------------+----------+
| Environment | abi_test |
+=================+==========+
| CentOS Stream 8 | FAIL |
+-----------------+----------+
| CentOS Stream 9 | FAIL |
+-----------------+----------+
| Ubuntu 22.04 | FAIL |
+-----------------+----------+
| Debian Buster | FAIL |
+-----------------+----------+
==== 20 line log output for Debian Buster (abi_test): ====
Variables changes summary: 0 Removed, 0 Changed, 0 Added variable
Functions changes summary: 0 Removed, 0 Changed, 0 Added function
Variables changes summary: 0 Removed (14 filtered out), 0 Changed, 0 Added variables
Functions changes summary: 0 Removed, 0 Changed, 0 Added (1 filtered out) function
Variables changes summary: 0 Removed, 0 Changed, 0 Added variable
Functions changes summary: 0 Removed (1 filtered out), 0 Changed (276 filtered out), 0 Added (42 filtered out) functions
Variables changes summary: 0 Removed, 0 Changed, 0 Added (1 filtered out) variable
Functions changes summary: 0 Removed, 0 Changed (1 filtered out), 0 Added function
Variables changes summary: 0 Removed, 0 Changed, 0 Added variable
Functions changes summary: 0 Removed, 0 Changed, 0 Added (1 filtered out) function
Variables changes summary: 0 Removed, 0 Changed, 0 Added variable
Functions changes summary: 0 Removed, 0 Changed (1 filtered out), 0 Added function
Variables changes summary: 0 Removed, 0 Changed, 0 Added variable
==== End log output ====
CentOS Stream 8
Kernel: 4.18.0-240.10.1.el8_3.x86_64
Compiler: gcc 8.4.1 20200928
CentOS Stream 9
Kernel: 4.18.0-240.10.1.el8_3.x86_64
Compiler: gcc 11.3.1 20220421
Ubuntu 22.04
Kernel: 4.18.0-240.10.1.el8_3.x86_64
Compiler: gcc 11.3.0
Debian Buster
Kernel: 5.4.0-122-generic
Compiler: gcc 8.3.0-6
To view detailed results, visit:
https://lab.dpdk.org/results/dashboard/patchsets/25889/
UNH-IOL DPDK Community Lab
To manage your email subscriptions, visit:
https://lab.dpdk.org/results/dashboard/preferences/subscriptions/
^ permalink raw reply [flat|nested] 12+ messages in thread
* |WARNING| pw125633-125635 [PATCH] [v5, 3/3] net/ixgbe: implement recycle buffer mode
@ 2023-04-06 16:36 dpdklab
0 siblings, 0 replies; 12+ messages in thread
From: dpdklab @ 2023-04-06 16:36 UTC (permalink / raw)
To: Test Report; +Cc: dpdklab, David Marchand, Thomas Monjalon, Feifei Wang
Test-Label: iol-abi-testing
Test-Status: WARNING
http://dpdk.org/patch/125635
_Testing issues_
Submitter: Feifei Wang <feifei.wang2@arm.com>
Date: Thursday, March 30 2023 06:29:39
DPDK git baseline: Repo:dpdk
Branch: master
CommitID:c682c8991963be243dcc3b7cdc9d6984a1961f4e
125633-125635 --> testing fail
Test environment and result as below:
+-----------------+----------+
| Environment | abi_test |
+=================+==========+
| CentOS Stream 8 | FAIL |
+-----------------+----------+
| CentOS Stream 9 | FAIL |
+-----------------+----------+
| Ubuntu 22.04 | FAIL |
+-----------------+----------+
==== 20 line log output for Ubuntu 22.04 (abi_test): ====
Variables changes summary: 0 Removed, 0 Changed, 0 Added variable
Functions changes summary: 0 Removed, 0 Changed (2 filtered out), 0 Added functions
Variables changes summary: 0 Removed, 0 Changed, 0 Added variable
Functions changes summary: 0 Removed, 0 Changed, 0 Added (1 filtered out) function
Variables changes summary: 0 Removed, 0 Changed, 0 Added variable
Functions changes summary: 0 Removed, 0 Changed, 0 Added function
Variables changes summary: 0 Removed (14 filtered out), 0 Changed, 0 Added variables
Functions changes summary: 0 Removed, 0 Changed (1 filtered out), 0 Added function
Variables changes summary: 0 Removed, 0 Changed, 0 Added variable
Functions changes summary: 0 Removed, 0 Changed, 0 Added (1 filtered out) function
Variables changes summary: 0 Removed, 0 Changed, 0 Added variable
Functions changes summary: 0 Removed, 0 Changed (1 filtered out), 0 Added function
Variables changes summary: 0 Removed, 0 Changed, 0 Added variable
==== End log output ====
CentOS Stream 8
Kernel: 4.18.0-240.10.1.el8_3.x86_64
Compiler: gcc 8.4.1 20200928
CentOS Stream 9
Kernel: 4.18.0-240.10.1.el8_3.x86_64
Compiler: gcc 11.3.1 20220421
Ubuntu 22.04
Kernel: 4.18.0-240.10.1.el8_3.x86_64
Compiler: gcc 11.3.0
To view detailed results, visit:
https://lab.dpdk.org/results/dashboard/patchsets/25889/
UNH-IOL DPDK Community Lab
To manage your email subscriptions, visit:
https://lab.dpdk.org/results/dashboard/preferences/subscriptions/
^ permalink raw reply [flat|nested] 12+ messages in thread
* |WARNING| pw125633-125635 [PATCH] [v5, 3/3] net/ixgbe: implement recycle buffer mode
@ 2023-04-06 16:32 dpdklab
0 siblings, 0 replies; 12+ messages in thread
From: dpdklab @ 2023-04-06 16:32 UTC (permalink / raw)
To: Test Report; +Cc: dpdklab, David Marchand, Thomas Monjalon, Feifei Wang
Test-Label: iol-abi-testing
Test-Status: WARNING
http://dpdk.org/patch/125635
_Testing issues_
Submitter: Feifei Wang <feifei.wang2@arm.com>
Date: Thursday, March 30 2023 06:29:39
DPDK git baseline: Repo:dpdk
Branch: master
CommitID:c682c8991963be243dcc3b7cdc9d6984a1961f4e
125633-125635 --> testing fail
Test environment and result as below:
+-----------------+----------+
| Environment | abi_test |
+=================+==========+
| CentOS Stream 8 | FAIL |
+-----------------+----------+
| CentOS Stream 9 | FAIL |
+-----------------+----------+
==== 20 line log output for CentOS Stream 9 (abi_test): ====
Variables changes summary: 0 Removed, 0 Changed, 0 Added variable
Functions changes summary: 0 Removed, 0 Changed, 0 Added (1 filtered out) function
Variables changes summary: 0 Removed, 0 Changed, 0 Added variable
Functions changes summary: 0 Removed, 0 Changed (2 filtered out), 0 Added functions
Variables changes summary: 0 Removed, 0 Changed, 0 Added variable
Functions changes summary: 0 Removed, 0 Changed, 0 Added function
Variables changes summary: 0 Removed (14 filtered out), 0 Changed, 0 Added variables
Functions changes summary: 0 Removed, 0 Changed (1 filtered out), 0 Added function
Variables changes summary: 0 Removed, 0 Changed, 0 Added variable
Functions changes summary: 0 Removed, 0 Changed, 0 Added (1 filtered out) function
Variables changes summary: 0 Removed, 0 Changed, 0 Added variable
Functions changes summary: 0 Removed, 0 Changed (1 filtered out), 0 Added function
Variables changes summary: 0 Removed, 0 Changed, 0 Added variable
==== End log output ====
CentOS Stream 8
Kernel: 4.18.0-240.10.1.el8_3.x86_64
Compiler: gcc 8.4.1 20200928
CentOS Stream 9
Kernel: 4.18.0-240.10.1.el8_3.x86_64
Compiler: gcc 11.3.1 20220421
To view detailed results, visit:
https://lab.dpdk.org/results/dashboard/patchsets/25889/
UNH-IOL DPDK Community Lab
To manage your email subscriptions, visit:
https://lab.dpdk.org/results/dashboard/preferences/subscriptions/
^ permalink raw reply [flat|nested] 12+ messages in thread
* |WARNING| pw125633-125635 [PATCH] [v5, 3/3] net/ixgbe: implement recycle buffer mode
@ 2023-04-06 16:23 dpdklab
0 siblings, 0 replies; 12+ messages in thread
From: dpdklab @ 2023-04-06 16:23 UTC (permalink / raw)
To: Test Report; +Cc: dpdklab, David Marchand, Thomas Monjalon, Feifei Wang
Test-Label: iol-abi-testing
Test-Status: WARNING
http://dpdk.org/patch/125635
_Testing issues_
Submitter: Feifei Wang <feifei.wang2@arm.com>
Date: Thursday, March 30 2023 06:29:39
DPDK git baseline: Repo:dpdk
Branch: master
CommitID:c682c8991963be243dcc3b7cdc9d6984a1961f4e
125633-125635 --> testing fail
Test environment and result as below:
+-----------------+----------+
| Environment | abi_test |
+=================+==========+
| CentOS Stream 8 | FAIL |
+-----------------+----------+
==== 20 line log output for CentOS Stream 8 (abi_test): ====
'eth_tx_prep_t tx_pkt_prepare' offset changed from 576 to 704 (in bits) (by +128 bits)
'eth_tx_descriptor_status_t tx_descriptor_status' offset changed from 640 to 768 (in bits) (by +128 bits)
'rte_ethdev_qdata txq' offset changed from 704 to 896 (in bits) (by +192 bits)
'uintptr_t reserved2[3]' offset changed from 832 to 1024 (in bits) (by +192 bits), size changed from 192 to 256 (in bits) (by +64 bits)
array type size changed from 32768 to 49152
Error: ABI issue reported for abidiff --suppr /home-local/jenkins-local/jenkins-agent/workspace/Generic-DPDK-Compile-ABI@2/dpdk/devtools/libabigail.abignore --no-added-syms --headers-dir1 reference/usr/local/include --headers-dir2 build_install/usr/local/include reference/usr/local/lib64/librte_ethdev.so.23.0 build_install/usr/local/lib64/librte_ethdev.so.23.1
ABIDIFF_ABI_CHANGE, this change requires a review (abidiff flagged this as a potential issue).
Functions changes summary: 0 Removed (1 filtered out), 0 Changed (2 filtered out), 0 Added (1 filtered out) functions
Variables changes summary: 0 Removed, 0 Changed, 0 Added variable
Functions changes summary: 0 Removed (1 filtered out), 0 Changed, 0 Added (3 filtered out) functions
Variables changes summary: 0 Removed (15 filtered out), 0 Changed, 0 Added (1 filtered out) variables
Functions changes summary: 0 Removed, 0 Changed, 0 Added (1 filtered out) function
Variables changes summary: 0 Removed, 0 Changed, 0 Added variable
Functions changes summary: 0 Removed, 0 Changed (1 filtered out), 0 Added function
Variables changes summary: 0 Removed, 0 Changed, 0 Added variable
==== End log output ====
CentOS Stream 8
Kernel: 4.18.0-240.10.1.el8_3.x86_64
Compiler: gcc 8.4.1 20200928
To view detailed results, visit:
https://lab.dpdk.org/results/dashboard/patchsets/25889/
UNH-IOL DPDK Community Lab
To manage your email subscriptions, visit:
https://lab.dpdk.org/results/dashboard/preferences/subscriptions/
^ permalink raw reply [flat|nested] 12+ messages in thread
end of thread, other threads:[~2023-04-06 20:43 UTC | newest]
Thread overview: 12+ messages (download: mbox.gz / follow: Atom feed)
-- links below jump to the message on this page --
2023-04-06 16:36 |WARNING| pw125633-125635 [PATCH] [v5, 3/3] net/ixgbe: implement recycle buffer mode dpdklab
-- strict thread matches above, loose matches on Subject: below --
2023-04-06 20:43 dpdklab
2023-04-06 20:43 dpdklab
2023-04-06 20:39 dpdklab
2023-04-06 20:36 dpdklab
2023-04-06 20:31 dpdklab
2023-04-06 16:46 dpdklab
2023-04-06 16:43 dpdklab
2023-04-06 16:37 dpdklab
2023-04-06 16:36 dpdklab
2023-04-06 16:32 dpdklab
2023-04-06 16:23 dpdklab
This is a public inbox, see mirroring instructions
for how to clone and mirror all data and code used for this inbox;
as well as URLs for NNTP newsgroup(s).