* |SUCCESS| pw126902 [PATCH v2] app/dma-perf: introduce dma-perf application [not found] <20230517061638.40307-1-cheng1.jiang@intel.com> @ 2023-05-17 6:41 ` qemudev 2023-05-17 6:45 ` qemudev ` (2 subsequent siblings) 3 siblings, 0 replies; 4+ messages in thread From: qemudev @ 2023-05-17 6:41 UTC (permalink / raw) To: test-report Test-Label: loongarch-compilation Test-Status: SUCCESS http://dpdk.org/patch/126902 _Compilation OK_ Submitter: Cheng Jiang <Cheng1.jiang@intel.com> Date: Wed, 17 May 2023 06:16:38 +0000 DPDK git baseline: Repo:dpdk Branch: main CommitID: a399d7b5a994e335c446d4b15d7622d71dd8848c 126902 --> meson & ninja build successfully Test environment and result as below: +---------------------+----------------+ | Environment | compilation | +---------------------+----------------+ | Loongnix-Server 8.3 | PASS | +---------------------+----------------+ Loongnix-Server 8.3 Kernel: 4.19.190+ Compiler: gcc 8.3 ^ permalink raw reply [flat|nested] 4+ messages in thread
* |SUCCESS| pw126902 [PATCH v2] app/dma-perf: introduce dma-perf application [not found] <20230517061638.40307-1-cheng1.jiang@intel.com> 2023-05-17 6:41 ` |SUCCESS| pw126902 [PATCH v2] app/dma-perf: introduce dma-perf application qemudev @ 2023-05-17 6:45 ` qemudev 2023-05-17 6:53 ` |WARNING| " checkpatch 2023-05-17 7:20 ` |FAILURE| " 0-day Robot 3 siblings, 0 replies; 4+ messages in thread From: qemudev @ 2023-05-17 6:45 UTC (permalink / raw) To: test-report Test-Label: loongarch-unit-testing Test-Status: SUCCESS http://dpdk.org/patch/126902 _Unit Testing PASS_ Submitter: Cheng Jiang <Cheng1.jiang@intel.com> Date: Wed, 17 May 2023 06:16:38 +0000 DPDK git baseline: Repo:dpdk Branch: main CommitID: a399d7b5a994e335c446d4b15d7622d71dd8848c 126902 --> testing pass Test environment and result as below: +---------------------+----------------+ | Environment | dpdk_unit_test | +---------------------+----------------+ | Loongnix-Server 8.3 | PASS | +---------------------+----------------+ Loongnix-Server 8.3 Kernel: 4.19.190+ Compiler: gcc 8.3 Test result details: 1/104 DPDK:fast-tests / acl_autotest OK 2.78s 2/104 DPDK:fast-tests / atomic_autotest OK 7.13s 3/104 DPDK:fast-tests / bitmap_autotest OK 0.07s 4/104 DPDK:fast-tests / bpf_autotest OK 0.07s 5/104 DPDK:fast-tests / bpf_convert_autotest OK 0.07s 6/104 DPDK:fast-tests / bitops_autotest OK 0.07s 7/104 DPDK:fast-tests / byteorder_autotest OK 0.07s 8/104 DPDK:fast-tests / cksum_autotest OK 0.07s 9/104 DPDK:fast-tests / cmdline_autotest OK 0.07s 10/104 DPDK:fast-tests / common_autotest OK 0.92s 11/104 DPDK:fast-tests / cpuflags_autotest OK 0.07s 12/104 DPDK:fast-tests / debug_autotest OK 2.32s 13/104 DPDK:fast-tests / devargs_autotest OK 0.07s 14/104 DPDK:fast-tests / eal_flags_c_opt_autotest OK 0.67s 15/104 DPDK:fast-tests / eal_flags_main_opt_autotest OK 0.22s 16/104 DPDK:fast-tests / eal_flags_n_opt_autotest OK 0.17s 17/104 DPDK:fast-tests / eal_flags_hpet_autotest OK 0.12s 18/104 DPDK:fast-tests / eal_flags_no_huge_autotest OK 0.22s 19/104 DPDK:fast-tests / eal_flags_a_opt_autotest OK 0.27s 20/104 DPDK:fast-tests / eal_flags_b_opt_autotest OK 0.22s 21/104 DPDK:fast-tests / eal_flags_vdev_opt_autotest OK 0.17s 22/104 DPDK:fast-tests / eal_flags_r_opt_autotest OK 0.17s 23/104 DPDK:fast-tests / eal_flags_mem_autotest OK 0.52s 24/104 DPDK:fast-tests / eal_flags_file_prefix_autotest OK 22.27s 25/104 DPDK:fast-tests / eal_flags_misc_autotest OK 0.77s 26/104 DPDK:fast-tests / eal_fs_autotest OK 0.07s 27/104 DPDK:fast-tests / errno_autotest OK 0.07s 28/104 DPDK:fast-tests / ethdev_link_status OK 0.07s 29/104 DPDK:fast-tests / event_ring_autotest OK 0.07s 30/104 DPDK:fast-tests / fib_autotest OK 0.87s 31/104 DPDK:fast-tests / fib6_autotest OK 0.87s 32/104 DPDK:fast-tests / func_reentrancy_autotest OK 2.23s 33/104 DPDK:fast-tests / hash_autotest OK 1.02s 34/104 DPDK:fast-tests / interrupt_autotest OK 1.37s 35/104 DPDK:fast-tests / ipfrag_autotest OK 0.07s 36/104 DPDK:fast-tests / lcores_autotest OK 5.07s 37/104 DPDK:fast-tests / logs_autotest OK 0.07s 38/104 DPDK:fast-tests / lpm_autotest OK 5.90s 39/104 DPDK:fast-tests / lpm6_autotest OK 8.81s 40/104 DPDK:fast-tests / malloc_autotest OK 61.55s 41/104 DPDK:fast-tests / mbuf_autotest OK 6.73s 42/104 DPDK:fast-tests / mcslock_autotest OK 2.73s 43/104 DPDK:fast-tests / memcpy_autotest OK 6.68s 44/104 DPDK:fast-tests / memory_autotest OK 0.12s 45/104 DPDK:fast-tests / mempool_autotest OK 0.42s 46/104 DPDK:fast-tests / memzone_autotest OK 0.17s 47/104 DPDK:fast-tests / meter_autotest OK 0.07s 48/104 DPDK:fast-tests / multiprocess_autotest OK 0.17s 49/104 DPDK:fast-tests / per_lcore_autotest OK 0.17s 50/104 DPDK:fast-tests / pflock_autotest OK 0.87s 51/104 DPDK:fast-tests / prefetch_autotest OK 0.07s 52/104 DPDK:fast-tests / rcu_qsbr_autotest OK 0.57s 53/104 DPDK:fast-tests / pie_autotest OK 0.07s 54/104 DPDK:fast-tests / rib_autotest OK 10.30s 55/104 DPDK:fast-tests / rib6_autotest OK 10.30s 56/104 DPDK:fast-tests / ring_autotest OK 0.12s 57/104 DPDK:fast-tests / rwlock_test1_autotest OK 0.82s 58/104 DPDK:fast-tests / rwlock_rda_autotest OK 5.07s 59/104 DPDK:fast-tests / rwlock_rds_wrm_autotest OK 5.07s 60/104 DPDK:fast-tests / rwlock_rde_wro_autotest OK 5.07s 61/104 DPDK:fast-tests / sched_autotest OK 0.07s 62/104 DPDK:fast-tests / security_autotest OK 0.07s 63/104 DPDK:fast-tests / seqlock_autotest OK 2.07s 64/104 DPDK:fast-tests / spinlock_autotest OK 0.17s 65/104 DPDK:fast-tests / stack_autotest OK 0.87s 66/104 DPDK:fast-tests / stack_lf_autotest SKIP 0.07s exit status 77 67/104 DPDK:fast-tests / string_autotest OK 0.07s 68/104 DPDK:fast-tests / tailq_autotest OK 0.07s 69/104 DPDK:fast-tests / ticketlock_autotest OK 0.22s 70/104 DPDK:fast-tests / timer_autotest OK 4.02s 71/104 DPDK:fast-tests / user_delay_us OK 0.07s 72/104 DPDK:fast-tests / version_autotest OK 0.07s 73/104 DPDK:fast-tests / crc_autotest OK 0.07s 74/104 DPDK:fast-tests / distributor_autotest OK 1.22s 75/104 DPDK:fast-tests / eventdev_common_autotest OK 0.07s 76/104 DPDK:fast-tests / fbarray_autotest OK 0.07s 77/104 DPDK:fast-tests / hash_readwrite_func_autotest OK 6.39s 78/104 DPDK:fast-tests / ipsec_autotest SKIP 0.07s exit status 77 79/104 DPDK:fast-tests / kni_autotest SKIP 0.07s exit status 77 80/104 DPDK:fast-tests / kvargs_autotest OK 0.07s 81/104 DPDK:fast-tests / member_autotest OK 1.27s 82/104 DPDK:fast-tests / power_cpufreq_autotest SKIP 0.07s exit status 77 83/104 DPDK:fast-tests / power_autotest OK 0.07s 84/104 DPDK:fast-tests / power_kvm_vm_autotest SKIP 0.07s exit status 77 85/104 DPDK:fast-tests / power_intel_uncore_autotest SKIP 0.07s exit status 77 86/104 DPDK:fast-tests / reorder_autotest OK 0.12s 87/104 DPDK:fast-tests / service_autotest OK 3.02s 88/104 DPDK:fast-tests / thash_autotest OK 0.07s 89/104 DPDK:fast-tests / threads_autotest OK 0.27s 90/104 DPDK:fast-tests / trace_autotest OK 0.07s 91/104 DPDK:fast-tests / trace_autotest_with_traces OK 0.12s 92/104 DPDK:fast-tests / metrics_autotest OK 0.07s 93/104 DPDK:fast-tests / telemetry_json_autotest OK 0.07s 94/104 DPDK:fast-tests / telemetry_data_autotest OK 0.07s 95/104 DPDK:fast-tests / table_autotest OK 10.00s 96/104 DPDK:fast-tests / ring_pmd_autotest OK 0.07s 97/104 DPDK:fast-tests / event_eth_tx_adapter_autotest OK 1.47s 98/104 DPDK:fast-tests / bitratestats_autotest OK 0.07s 99/104 DPDK:fast-tests / latencystats_autotest OK 0.07s 100/104 DPDK:fast-tests / pdump_autotest OK 5.17s 101/104 DPDK:fast-tests / vdev_autotest OK 0.07s 102/104 DPDK:fast-tests / rawdev_autotest OK 0.07s 103/104 DPDK:fast-tests / compressdev_autotest SKIP 0.07s exit status 77 104/104 DPDK:fast-tests / telemetry_all OK 14.80s Ok: 97 Expected Fail: 0 Fail: 0 Unexpected Pass: 0 Skipped: 7 Timeout: 0 ^ permalink raw reply [flat|nested] 4+ messages in thread
* |WARNING| pw126902 [PATCH v2] app/dma-perf: introduce dma-perf application [not found] <20230517061638.40307-1-cheng1.jiang@intel.com> 2023-05-17 6:41 ` |SUCCESS| pw126902 [PATCH v2] app/dma-perf: introduce dma-perf application qemudev 2023-05-17 6:45 ` qemudev @ 2023-05-17 6:53 ` checkpatch 2023-05-17 7:20 ` |FAILURE| " 0-day Robot 3 siblings, 0 replies; 4+ messages in thread From: checkpatch @ 2023-05-17 6:53 UTC (permalink / raw) To: test-report; +Cc: Cheng Jiang Test-Label: checkpatch Test-Status: WARNING http://dpdk.org/patch/126902 _coding style issues_ WARNING:TYPO_SPELLING: 'stdio' may be misspelled - perhaps 'studio'? #129: FILE: app/test-dma-perf/benchmark.c:6: +#include <stdio.h> WARNING:LONG_LINE: line length of 118 exceeds 100 columns #214: FILE: app/test-dma-perf/benchmark.c:91: + printf("average cycles/op: %" PRIu64 ", buffer size: %u, nr_buf: %u, memory: %uMB, frequency: %" PRIu64 ". ", WARNING:LONG_LINE: line length of 106 exceeds 100 columns #266: FILE: app/test-dma-perf/benchmark.c:143: + rte_exit(EXIT_FAILURE, "Error, no configured queues reported on device id. %u ", dev_id); WARNING:TYPO_SPELLING: 'stdio' may be misspelled - perhaps 'studio'? #670: FILE: app/test-dma-perf/main.c:5: +#include <stdio.h> WARNING:LONG_LINE: line length of 103 exceeds 100 columns #739: FILE: app/test-dma-perf/main.c:74: + snprintf(output_str[1], MAX_OUTPUT_STR_LEN, "CPU frequency,%" PRIu64 " ", rte_get_timer_hz()); WARNING:LONG_LINE: line length of 107 exceeds 100 columns #982: FILE: app/test-dma-perf/main.c:317: + printf("Error: No case type in case %d, the test will be finished here. ", i + 1); total: 0 errors, 6 warnings, 1190 lines checked ^ permalink raw reply [flat|nested] 4+ messages in thread
* |FAILURE| pw126902 [PATCH v2] app/dma-perf: introduce dma-perf application [not found] <20230517061638.40307-1-cheng1.jiang@intel.com> ` (2 preceding siblings ...) 2023-05-17 6:53 ` |WARNING| " checkpatch @ 2023-05-17 7:20 ` 0-day Robot 3 siblings, 0 replies; 4+ messages in thread From: 0-day Robot @ 2023-05-17 7:20 UTC (permalink / raw) To: test-report; +Cc: Cheng1.jiang, robot From: robot@bytheb.org Test-Label: github-robot: build Test-Status: FAILURE http://patchwork.dpdk.org/patch/126902/ _github build: failed_ Build URL: https://github.com/ovsrobot/dpdk/actions/runs/5000311735 Build Logs: -----------------------Summary of failed steps----------------------- "ubuntu-20.04-gcc-mini" failed at step Install packages "ubuntu-20.04-gcc-abi+debug+doc+tests" failed at step Install test tools packages "ubuntu-20.04-clang-asan+doc+tests" failed at step Install packages "ubuntu-20.04-gcc-static-i386" failed at step Install packages "ubuntu-20.04-gcc-static-mingw" failed at step Install packages "ubuntu-20.04-gcc-aarch64" failed at step Install packages "ubuntu-20.04-gcc-ppc64le" failed at step Install packages "ubuntu-20.04-gcc-riscv64" failed at step Install packages ----------------------End summary of failed steps-------------------- -------------------------------BEGIN LOGS---------------------------- #################################################################################### #### [Begin job log] "ubuntu-20.04-gcc-mini" at step Install packages #################################################################################### Err:16 http://azure.archive.ubuntu.com/ubuntu focal/main amd64 libnuma-dev amd64 2.0.12-1 503 Service Unavailable [IP: 52.252.75.106 80] Err:17 http://azure.archive.ubuntu.com/ubuntu focal/main amd64 python3-pyelftools all 0.26-1ubuntu1 503 Service Unavailable [IP: 52.252.75.106 80] Err:5 http://azure.archive.ubuntu.com/ubuntu focal-updates/main amd64 libarchive-dev amd64 3.4.0-2ubuntu1.2 503 Service Unavailable [IP: 52.252.75.106 80] E: Failed to fetch http://azure.archive.ubuntu.com/ubuntu/pool/main/c/ccache/ccache_3.7.7-1_amd64.deb 503 Service Unavailable [IP: 52.252.75.106 80] E: Failed to fetch http://azure.archive.ubuntu.com/ubuntu/pool/main/libn/libnl3/libnl-route-3-200_3.4.0-1ubuntu0.1_amd64.deb 503 Service Unavailable [IP: 52.252.75.106 80] E: Failed to fetch http://azure.archive.ubuntu.com/ubuntu/pool/main/r/rdma-core/libibverbs1_28.0-1ubuntu1_amd64.deb 503 Service Unavailable [IP: 52.252.75.106 80] E: Failed to fetch http://azure.archive.ubuntu.com/ubuntu/pool/main/r/rdma-core/ibverbs-providers_28.0-1ubuntu1_amd64.deb 503 Service Unavailable [IP: 52.252.75.106 80] E: Failed to fetch http://azure.archive.ubuntu.com/ubuntu/pool/main/liba/libarchive/libarchive-dev_3.4.0-2ubuntu1.2_amd64.deb 503 Service Unavailable [IP: 52.252.75.106 80] E: Failed to fetch http://azure.archive.ubuntu.com/ubuntu/pool/main/libb/libbsd/libbsd-dev_0.10.0-1_amd64.deb 503 Service Unavailable [IP: 52.252.75.106 80] E: Failed to fetch http://azure.archive.ubuntu.com/ubuntu/pool/main/j/jansson/libjansson-dev_2.12-1build1_amd64.deb 503 Service Unavailable [IP: 52.252.75.106 80] E: Failed to fetch http://azure.archive.ubuntu.com/ubuntu/pool/main/libn/libnl3/libnl-3-dev_3.4.0-1ubuntu0.1_amd64.deb 503 Service Unavailable [IP: 52.252.75.106 80] E: Failed to fetch http://azure.archive.ubuntu.com/ubuntu/pool/main/libn/libnl3/libnl-route-3-dev_3.4.0-1ubuntu0.1_amd64.deb 503 Service Unavailable [IP: 52.252.75.106 80] E: Failed to fetch http://azure.archive.ubuntu.com/ubuntu/pool/main/libp/libpcap/libpcap0.8-dev_1.9.1-3_amd64.deb 503 Service Unavailable [IP: 52.252.75.106 80] E: Failed to fetch http://azure.archive.ubuntu.com/ubuntu/pool/main/libp/libpcap/libpcap-dev_1.9.1-3_amd64.deb 503 Service Unavailable [IP: 52.252.75.106 80] E: Failed to fetch http://azure.archive.ubuntu.com/ubuntu/pool/universe/n/ninja-build/ninja-build_1.10.0-1build1_amd64.deb 503 Service Unavailable [IP: 52.252.75.106 80] E: Failed to fetch http://azure.archive.ubuntu.com/ubuntu/pool/main/d/device-tree-compiler/libfdt1_1.5.1-1_amd64.deb 503 Service Unavailable [IP: 52.252.75.106 80] E: Failed to fetch http://azure.archive.ubuntu.com/ubuntu/pool/main/d/device-tree-compiler/libfdt-dev_1.5.1-1_amd64.deb 503 Service Unavailable [IP: 52.252.75.106 80] E: Failed to fetch http://azure.archive.ubuntu.com/ubuntu/pool/main/r/rdma-core/libibverbs-dev_28.0-1ubuntu1_amd64.deb 503 Service Unavailable [IP: 52.252.75.106 80] E: Failed to fetch http://azure.archive.ubuntu.com/ubuntu/pool/main/n/numactl/libnuma-dev_2.0.12-1_amd64.deb 503 Service Unavailable [IP: 52.252.75.106 80] E: Failed to fetch http://azure.archive.ubuntu.com/ubuntu/pool/main/p/python-pyelftools/python3-pyelftools_0.26-1ubuntu1_all.deb 503 Service Unavailable [IP: 52.252.75.106 80] E: Unable to fetch some archives, maybe run apt-get update or try with --fix-missing? ##[error]Process completed with exit code 100. #################################################################################### #### [End job log] "ubuntu-20.04-gcc-mini" at step Install packages #################################################################################### #################################################################################### #### [Begin job log] "ubuntu-20.04-gcc-abi+debug+doc+tests" at step Install test tools packages #################################################################################### Err:1 http://azure.archive.ubuntu.com/ubuntu focal/main amd64 libbabeltrace1 amd64 1.5.8-1build1 503 Service Unavailable [IP: 40.81.13.82 80] Err:2 http://azure.archive.ubuntu.com/ubuntu focal/universe amd64 libipt2 amd64 2.0.1-1 503 Service Unavailable [IP: 40.81.13.82 80] Err:3 http://azure.archive.ubuntu.com/ubuntu focal/universe amd64 libsource-highlight-common all 3.1.8-1.2build5 503 Service Unavailable [IP: 40.81.13.82 80] Err:4 http://azure.archive.ubuntu.com/ubuntu focal/universe amd64 libboost-regex1.71.0 amd64 1.71.0-6ubuntu6 503 Service Unavailable [IP: 40.81.13.82 80] Get:5 http://ppa.launchpad.net/ubuntu-toolchain-r/test/ubuntu focal/main amd64 gdb amd64 10.2-0ubuntu1~20.04~1 [3282 kB] Err:6 http://azure.archive.ubuntu.com/ubuntu focal/universe amd64 libsource-highlight4v5 amd64 3.1.8-1.2build5 503 Service Unavailable [IP: 40.81.13.82 80] Err:7 http://azure.archive.ubuntu.com/ubuntu focal/universe amd64 libxxhash0 amd64 0.7.3-1 503 Service Unavailable [IP: 40.81.13.82 80] Err:8 http://azure.archive.ubuntu.com/ubuntu focal-updates/main amd64 libc6-dbg amd64 2.31-0ubuntu9.9 503 Service Unavailable [IP: 40.81.13.82 80] Fetched 3282 kB in 7s (460 kB/s) E: Failed to fetch http://azure.archive.ubuntu.com/ubuntu/pool/main/b/babeltrace/libbabeltrace1_1.5.8-1build1_amd64.deb 503 Service Unavailable [IP: 40.81.13.82 80] E: Failed to fetch http://azure.archive.ubuntu.com/ubuntu/pool/universe/i/intel-processor-trace/libipt2_2.0.1-1_amd64.deb 503 Service Unavailable [IP: 40.81.13.82 80] E: Failed to fetch http://azure.archive.ubuntu.com/ubuntu/pool/universe/s/source-highlight/libsource-highlight-common_3.1.8-1.2build5_all.deb 503 Service Unavailable [IP: 40.81.13.82 80] E: Failed to fetch http://azure.archive.ubuntu.com/ubuntu/pool/universe/b/boost1.71/libboost-regex1.71.0_1.71.0-6ubuntu6_amd64.deb 503 Service Unavailable [IP: 40.81.13.82 80] E: Failed to fetch http://azure.archive.ubuntu.com/ubuntu/pool/universe/s/source-highlight/libsource-highlight4v5_3.1.8-1.2build5_amd64.deb 503 Service Unavailable [IP: 40.81.13.82 80] E: Failed to fetch http://azure.archive.ubuntu.com/ubuntu/pool/universe/x/xxhash/libxxhash0_0.7.3-1_amd64.deb 503 Service Unavailable [IP: 40.81.13.82 80] E: Failed to fetch http://azure.archive.ubuntu.com/ubuntu/pool/main/g/glibc/libc6-dbg_2.31-0ubuntu9.9_amd64.deb 503 Service Unavailable [IP: 40.81.13.82 80] E: Unable to fetch some archives, maybe run apt-get update or try with --fix-missing? ##[error]Process completed with exit code 100. #################################################################################### #### [End job log] "ubuntu-20.04-gcc-abi+debug+doc+tests" at step Install test tools packages #################################################################################### #################################################################################### #### [Begin job log] "ubuntu-20.04-clang-asan+doc+tests" at step Install packages #################################################################################### Err:16 http://azure.archive.ubuntu.com/ubuntu focal/main amd64 libnuma-dev amd64 2.0.12-1 503 Service Unavailable [IP: 52.252.75.106 80] Err:17 http://azure.archive.ubuntu.com/ubuntu focal/main amd64 python3-pyelftools all 0.26-1ubuntu1 503 Service Unavailable [IP: 52.252.75.106 80] Err:5 http://azure.archive.ubuntu.com/ubuntu focal-updates/main amd64 libarchive-dev amd64 3.4.0-2ubuntu1.2 503 Service Unavailable [IP: 52.252.75.106 80] E: Failed to fetch http://azure.archive.ubuntu.com/ubuntu/pool/main/c/ccache/ccache_3.7.7-1_amd64.deb 503 Service Unavailable [IP: 52.252.75.106 80] E: Failed to fetch http://azure.archive.ubuntu.com/ubuntu/pool/main/libn/libnl3/libnl-route-3-200_3.4.0-1ubuntu0.1_amd64.deb 503 Service Unavailable [IP: 52.252.75.106 80] E: Failed to fetch http://azure.archive.ubuntu.com/ubuntu/pool/main/r/rdma-core/libibverbs1_28.0-1ubuntu1_amd64.deb 503 Service Unavailable [IP: 52.252.75.106 80] E: Failed to fetch http://azure.archive.ubuntu.com/ubuntu/pool/main/r/rdma-core/ibverbs-providers_28.0-1ubuntu1_amd64.deb 503 Service Unavailable [IP: 52.252.75.106 80] E: Failed to fetch http://azure.archive.ubuntu.com/ubuntu/pool/main/liba/libarchive/libarchive-dev_3.4.0-2ubuntu1.2_amd64.deb 503 Service Unavailable [IP: 52.252.75.106 80] E: Failed to fetch http://azure.archive.ubuntu.com/ubuntu/pool/main/libb/libbsd/libbsd-dev_0.10.0-1_amd64.deb 503 Service Unavailable [IP: 52.252.75.106 80] E: Failed to fetch http://azure.archive.ubuntu.com/ubuntu/pool/main/j/jansson/libjansson-dev_2.12-1build1_amd64.deb 503 Service Unavailable [IP: 52.252.75.106 80] E: Failed to fetch http://azure.archive.ubuntu.com/ubuntu/pool/main/libn/libnl3/libnl-3-dev_3.4.0-1ubuntu0.1_amd64.deb 503 Service Unavailable [IP: 52.252.75.106 80] E: Failed to fetch http://azure.archive.ubuntu.com/ubuntu/pool/main/libn/libnl3/libnl-route-3-dev_3.4.0-1ubuntu0.1_amd64.deb 503 Service Unavailable [IP: 52.252.75.106 80] E: Failed to fetch http://azure.archive.ubuntu.com/ubuntu/pool/main/libp/libpcap/libpcap0.8-dev_1.9.1-3_amd64.deb 503 Service Unavailable [IP: 52.252.75.106 80] E: Failed to fetch http://azure.archive.ubuntu.com/ubuntu/pool/main/libp/libpcap/libpcap-dev_1.9.1-3_amd64.deb 503 Service Unavailable [IP: 52.252.75.106 80] E: Failed to fetch http://azure.archive.ubuntu.com/ubuntu/pool/universe/n/ninja-build/ninja-build_1.10.0-1build1_amd64.deb 503 Service Unavailable [IP: 52.252.75.106 80] E: Failed to fetch http://azure.archive.ubuntu.com/ubuntu/pool/main/d/device-tree-compiler/libfdt1_1.5.1-1_amd64.deb 503 Service Unavailable [IP: 52.252.75.106 80] E: Failed to fetch http://azure.archive.ubuntu.com/ubuntu/pool/main/d/device-tree-compiler/libfdt-dev_1.5.1-1_amd64.deb 503 Service Unavailable [IP: 52.252.75.106 80] E: Failed to fetch http://azure.archive.ubuntu.com/ubuntu/pool/main/r/rdma-core/libibverbs-dev_28.0-1ubuntu1_amd64.deb 503 Service Unavailable [IP: 52.252.75.106 80] E: Failed to fetch http://azure.archive.ubuntu.com/ubuntu/pool/main/n/numactl/libnuma-dev_2.0.12-1_amd64.deb 503 Service Unavailable [IP: 52.252.75.106 80] E: Failed to fetch http://azure.archive.ubuntu.com/ubuntu/pool/main/p/python-pyelftools/python3-pyelftools_0.26-1ubuntu1_all.deb 503 Service Unavailable [IP: 52.252.75.106 80] E: Unable to fetch some archives, maybe run apt-get update or try with --fix-missing? ##[error]Process completed with exit code 100. #################################################################################### #### [End job log] "ubuntu-20.04-clang-asan+doc+tests" at step Install packages #################################################################################### #################################################################################### #### [Begin job log] "ubuntu-20.04-gcc-static-i386" at step Install packages #################################################################################### Err:16 http://azure.archive.ubuntu.com/ubuntu focal/main amd64 libnuma-dev amd64 2.0.12-1 Unable to connect to azure.archive.ubuntu.com:http: Err:17 http://azure.archive.ubuntu.com/ubuntu focal/main amd64 python3-pyelftools all 0.26-1ubuntu1 Unable to connect to azure.archive.ubuntu.com:http: Err:5 http://azure.archive.ubuntu.com/ubuntu focal-updates/main amd64 libarchive-dev amd64 3.4.0-2ubuntu1.2 Unable to connect to azure.archive.ubuntu.com:http: E: Failed to fetch http://azure.archive.ubuntu.com/ubuntu/pool/main/c/ccache/ccache_3.7.7-1_amd64.deb Could not connect to azure.archive.ubuntu.com:80 (40.119.46.219), connection timed out E: Failed to fetch http://azure.archive.ubuntu.com/ubuntu/pool/main/libn/libnl3/libnl-route-3-200_3.4.0-1ubuntu0.1_amd64.deb Unable to connect to azure.archive.ubuntu.com:http: E: Failed to fetch http://azure.archive.ubuntu.com/ubuntu/pool/main/r/rdma-core/libibverbs1_28.0-1ubuntu1_amd64.deb Unable to connect to azure.archive.ubuntu.com:http: E: Failed to fetch http://azure.archive.ubuntu.com/ubuntu/pool/main/r/rdma-core/ibverbs-providers_28.0-1ubuntu1_amd64.deb Unable to connect to azure.archive.ubuntu.com:http: E: Failed to fetch http://azure.archive.ubuntu.com/ubuntu/pool/main/liba/libarchive/libarchive-dev_3.4.0-2ubuntu1.2_amd64.deb Unable to connect to azure.archive.ubuntu.com:http: E: Failed to fetch http://azure.archive.ubuntu.com/ubuntu/pool/main/libb/libbsd/libbsd-dev_0.10.0-1_amd64.deb Unable to connect to azure.archive.ubuntu.com:http: E: Failed to fetch http://azure.archive.ubuntu.com/ubuntu/pool/main/j/jansson/libjansson-dev_2.12-1build1_amd64.deb Unable to connect to azure.archive.ubuntu.com:http: E: Failed to fetch http://azure.archive.ubuntu.com/ubuntu/pool/main/libn/libnl3/libnl-3-dev_3.4.0-1ubuntu0.1_amd64.deb Unable to connect to azure.archive.ubuntu.com:http: E: Failed to fetch http://azure.archive.ubuntu.com/ubuntu/pool/main/libn/libnl3/libnl-route-3-dev_3.4.0-1ubuntu0.1_amd64.deb Unable to connect to azure.archive.ubuntu.com:http: E: Failed to fetch http://azure.archive.ubuntu.com/ubuntu/pool/main/libp/libpcap/libpcap0.8-dev_1.9.1-3_amd64.deb Unable to connect to azure.archive.ubuntu.com:http: E: Failed to fetch http://azure.archive.ubuntu.com/ubuntu/pool/main/libp/libpcap/libpcap-dev_1.9.1-3_amd64.deb Unable to connect to azure.archive.ubuntu.com:http: E: Failed to fetch http://azure.archive.ubuntu.com/ubuntu/pool/universe/n/ninja-build/ninja-build_1.10.0-1build1_amd64.deb Unable to connect to azure.archive.ubuntu.com:http: E: Failed to fetch http://azure.archive.ubuntu.com/ubuntu/pool/main/d/device-tree-compiler/libfdt1_1.5.1-1_amd64.deb Unable to connect to azure.archive.ubuntu.com:http: E: Failed to fetch http://azure.archive.ubuntu.com/ubuntu/pool/main/d/device-tree-compiler/libfdt-dev_1.5.1-1_amd64.deb Unable to connect to azure.archive.ubuntu.com:http: E: Failed to fetch http://azure.archive.ubuntu.com/ubuntu/pool/main/r/rdma-core/libibverbs-dev_28.0-1ubuntu1_amd64.deb Unable to connect to azure.archive.ubuntu.com:http: E: Failed to fetch http://azure.archive.ubuntu.com/ubuntu/pool/main/n/numactl/libnuma-dev_2.0.12-1_amd64.deb Unable to connect to azure.archive.ubuntu.com:http: E: Failed to fetch http://azure.archive.ubuntu.com/ubuntu/pool/main/p/python-pyelftools/python3-pyelftools_0.26-1ubuntu1_all.deb Unable to connect to azure.archive.ubuntu.com:http: E: Unable to fetch some archives, maybe run apt-get update or try with --fix-missing? ##[error]Process completed with exit code 100. #################################################################################### #### [End job log] "ubuntu-20.04-gcc-static-i386" at step Install packages #################################################################################### #################################################################################### #### [Begin job log] "ubuntu-20.04-gcc-static-mingw" at step Install packages #################################################################################### Get:6 http://azure.archive.ubuntu.com/ubuntu focal/main amd64 libbsd-dev amd64 0.10.0-1 [164 kB] Get:7 http://azure.archive.ubuntu.com/ubuntu focal/main amd64 libjansson-dev amd64 2.12-1build1 [30.3 kB] Get:8 http://azure.archive.ubuntu.com/ubuntu focal-updates/main amd64 libnl-3-dev amd64 3.4.0-1ubuntu0.1 [92.9 kB] Get:9 http://azure.archive.ubuntu.com/ubuntu focal-updates/main amd64 libnl-route-3-dev amd64 3.4.0-1ubuntu0.1 [167 kB] Get:10 http://azure.archive.ubuntu.com/ubuntu focal/main amd64 libpcap0.8-dev amd64 1.9.1-3 [244 kB] Get:11 http://azure.archive.ubuntu.com/ubuntu focal/main amd64 libpcap-dev amd64 1.9.1-3 [3484 B] Get:12 http://azure.archive.ubuntu.com/ubuntu focal/universe amd64 ninja-build amd64 1.10.0-1build1 [107 kB] Err:13 http://azure.archive.ubuntu.com/ubuntu focal/main amd64 libfdt1 amd64 1.5.1-1 503 Service Unavailable [IP: 40.81.13.82 80] Err:14 http://azure.archive.ubuntu.com/ubuntu focal/main amd64 libfdt-dev amd64 1.5.1-1 503 Service Unavailable [IP: 40.81.13.82 80] Err:15 http://azure.archive.ubuntu.com/ubuntu focal/main amd64 libibverbs-dev amd64 28.0-1ubuntu1 503 Service Unavailable [IP: 40.81.13.82 80] Err:16 http://azure.archive.ubuntu.com/ubuntu focal/main amd64 libnuma-dev amd64 2.0.12-1 503 Service Unavailable [IP: 40.81.13.82 80] Err:17 http://azure.archive.ubuntu.com/ubuntu focal/main amd64 python3-pyelftools all 0.26-1ubuntu1 503 Service Unavailable [IP: 40.81.13.82 80] Fetched 1857 kB in 33s (56.7 kB/s) E: Failed to fetch http://azure.archive.ubuntu.com/ubuntu/pool/main/d/device-tree-compiler/libfdt1_1.5.1-1_amd64.deb 503 Service Unavailable [IP: 40.81.13.82 80] E: Failed to fetch http://azure.archive.ubuntu.com/ubuntu/pool/main/d/device-tree-compiler/libfdt-dev_1.5.1-1_amd64.deb 503 Service Unavailable [IP: 40.81.13.82 80] E: Failed to fetch http://azure.archive.ubuntu.com/ubuntu/pool/main/r/rdma-core/libibverbs-dev_28.0-1ubuntu1_amd64.deb 503 Service Unavailable [IP: 40.81.13.82 80] E: Failed to fetch http://azure.archive.ubuntu.com/ubuntu/pool/main/n/numactl/libnuma-dev_2.0.12-1_amd64.deb 503 Service Unavailable [IP: 40.81.13.82 80] E: Failed to fetch http://azure.archive.ubuntu.com/ubuntu/pool/main/p/python-pyelftools/python3-pyelftools_0.26-1ubuntu1_all.deb 503 Service Unavailable [IP: 40.81.13.82 80] E: Unable to fetch some archives, maybe run apt-get update or try with --fix-missing? ##[error]Process completed with exit code 100. #################################################################################### #### [End job log] "ubuntu-20.04-gcc-static-mingw" at step Install packages #################################################################################### #################################################################################### #### [Begin job log] "ubuntu-20.04-gcc-aarch64" at step Install packages #################################################################################### Err:16 http://azure.archive.ubuntu.com/ubuntu focal/main amd64 libnuma-dev amd64 2.0.12-1 503 Service Unavailable [IP: 40.81.13.82 80] Err:17 http://azure.archive.ubuntu.com/ubuntu focal/main amd64 python3-pyelftools all 0.26-1ubuntu1 503 Service Unavailable [IP: 40.81.13.82 80] Err:5 http://azure.archive.ubuntu.com/ubuntu focal-updates/main amd64 libarchive-dev amd64 3.4.0-2ubuntu1.2 503 Service Unavailable [IP: 40.81.13.82 80] E: Failed to fetch http://azure.archive.ubuntu.com/ubuntu/pool/main/c/ccache/ccache_3.7.7-1_amd64.deb 503 Service Unavailable [IP: 40.81.13.82 80] E: Failed to fetch http://azure.archive.ubuntu.com/ubuntu/pool/main/libn/libnl3/libnl-route-3-200_3.4.0-1ubuntu0.1_amd64.deb 503 Service Unavailable [IP: 40.81.13.82 80] E: Failed to fetch http://azure.archive.ubuntu.com/ubuntu/pool/main/r/rdma-core/libibverbs1_28.0-1ubuntu1_amd64.deb 503 Service Unavailable [IP: 40.81.13.82 80] E: Failed to fetch http://azure.archive.ubuntu.com/ubuntu/pool/main/r/rdma-core/ibverbs-providers_28.0-1ubuntu1_amd64.deb 503 Service Unavailable [IP: 40.81.13.82 80] E: Failed to fetch http://azure.archive.ubuntu.com/ubuntu/pool/main/liba/libarchive/libarchive-dev_3.4.0-2ubuntu1.2_amd64.deb 503 Service Unavailable [IP: 40.81.13.82 80] E: Failed to fetch http://azure.archive.ubuntu.com/ubuntu/pool/main/libb/libbsd/libbsd-dev_0.10.0-1_amd64.deb 503 Service Unavailable [IP: 40.81.13.82 80] E: Failed to fetch http://azure.archive.ubuntu.com/ubuntu/pool/main/j/jansson/libjansson-dev_2.12-1build1_amd64.deb 503 Service Unavailable [IP: 40.81.13.82 80] E: Failed to fetch http://azure.archive.ubuntu.com/ubuntu/pool/main/libn/libnl3/libnl-3-dev_3.4.0-1ubuntu0.1_amd64.deb 503 Service Unavailable [IP: 40.81.13.82 80] E: Failed to fetch http://azure.archive.ubuntu.com/ubuntu/pool/main/libn/libnl3/libnl-route-3-dev_3.4.0-1ubuntu0.1_amd64.deb 503 Service Unavailable [IP: 40.81.13.82 80] E: Failed to fetch http://azure.archive.ubuntu.com/ubuntu/pool/main/libp/libpcap/libpcap0.8-dev_1.9.1-3_amd64.deb 503 Service Unavailable [IP: 40.81.13.82 80] E: Failed to fetch http://azure.archive.ubuntu.com/ubuntu/pool/main/libp/libpcap/libpcap-dev_1.9.1-3_amd64.deb 503 Service Unavailable [IP: 40.81.13.82 80] E: Failed to fetch http://azure.archive.ubuntu.com/ubuntu/pool/universe/n/ninja-build/ninja-build_1.10.0-1build1_amd64.deb 503 Service Unavailable [IP: 40.81.13.82 80] E: Failed to fetch http://azure.archive.ubuntu.com/ubuntu/pool/main/d/device-tree-compiler/libfdt1_1.5.1-1_amd64.deb 503 Service Unavailable [IP: 40.81.13.82 80] E: Failed to fetch http://azure.archive.ubuntu.com/ubuntu/pool/main/d/device-tree-compiler/libfdt-dev_1.5.1-1_amd64.deb 503 Service Unavailable [IP: 40.81.13.82 80] E: Failed to fetch http://azure.archive.ubuntu.com/ubuntu/pool/main/r/rdma-core/libibverbs-dev_28.0-1ubuntu1_amd64.deb 503 Service Unavailable [IP: 40.81.13.82 80] E: Failed to fetch http://azure.archive.ubuntu.com/ubuntu/pool/main/n/numactl/libnuma-dev_2.0.12-1_amd64.deb 503 Service Unavailable [IP: 40.81.13.82 80] E: Failed to fetch http://azure.archive.ubuntu.com/ubuntu/pool/main/p/python-pyelftools/python3-pyelftools_0.26-1ubuntu1_all.deb 503 Service Unavailable [IP: 40.81.13.82 80] E: Unable to fetch some archives, maybe run apt-get update or try with --fix-missing? ##[error]Process completed with exit code 100. #################################################################################### #### [End job log] "ubuntu-20.04-gcc-aarch64" at step Install packages #################################################################################### #################################################################################### #### [Begin job log] "ubuntu-20.04-gcc-ppc64le" at step Install packages #################################################################################### Err:16 http://azure.archive.ubuntu.com/ubuntu focal/main amd64 libnuma-dev amd64 2.0.12-1 Unable to connect to azure.archive.ubuntu.com:http: Err:17 http://azure.archive.ubuntu.com/ubuntu focal/main amd64 python3-pyelftools all 0.26-1ubuntu1 Unable to connect to azure.archive.ubuntu.com:http: Err:5 http://azure.archive.ubuntu.com/ubuntu focal-updates/main amd64 libarchive-dev amd64 3.4.0-2ubuntu1.2 Unable to connect to azure.archive.ubuntu.com:http: E: Failed to fetch http://azure.archive.ubuntu.com/ubuntu/pool/main/c/ccache/ccache_3.7.7-1_amd64.deb Could not connect to azure.archive.ubuntu.com:80 (52.250.76.244), connection timed out E: Failed to fetch http://azure.archive.ubuntu.com/ubuntu/pool/main/libn/libnl3/libnl-route-3-200_3.4.0-1ubuntu0.1_amd64.deb Unable to connect to azure.archive.ubuntu.com:http: E: Failed to fetch http://azure.archive.ubuntu.com/ubuntu/pool/main/r/rdma-core/libibverbs1_28.0-1ubuntu1_amd64.deb Unable to connect to azure.archive.ubuntu.com:http: E: Failed to fetch http://azure.archive.ubuntu.com/ubuntu/pool/main/r/rdma-core/ibverbs-providers_28.0-1ubuntu1_amd64.deb Unable to connect to azure.archive.ubuntu.com:http: E: Failed to fetch http://azure.archive.ubuntu.com/ubuntu/pool/main/liba/libarchive/libarchive-dev_3.4.0-2ubuntu1.2_amd64.deb Unable to connect to azure.archive.ubuntu.com:http: E: Failed to fetch http://azure.archive.ubuntu.com/ubuntu/pool/main/libb/libbsd/libbsd-dev_0.10.0-1_amd64.deb Unable to connect to azure.archive.ubuntu.com:http: E: Failed to fetch http://azure.archive.ubuntu.com/ubuntu/pool/main/j/jansson/libjansson-dev_2.12-1build1_amd64.deb Unable to connect to azure.archive.ubuntu.com:http: E: Failed to fetch http://azure.archive.ubuntu.com/ubuntu/pool/main/libn/libnl3/libnl-3-dev_3.4.0-1ubuntu0.1_amd64.deb Unable to connect to azure.archive.ubuntu.com:http: E: Failed to fetch http://azure.archive.ubuntu.com/ubuntu/pool/main/libn/libnl3/libnl-route-3-dev_3.4.0-1ubuntu0.1_amd64.deb Unable to connect to azure.archive.ubuntu.com:http: E: Failed to fetch http://azure.archive.ubuntu.com/ubuntu/pool/main/libp/libpcap/libpcap0.8-dev_1.9.1-3_amd64.deb Unable to connect to azure.archive.ubuntu.com:http: E: Failed to fetch http://azure.archive.ubuntu.com/ubuntu/pool/main/libp/libpcap/libpcap-dev_1.9.1-3_amd64.deb Unable to connect to azure.archive.ubuntu.com:http: E: Failed to fetch http://azure.archive.ubuntu.com/ubuntu/pool/universe/n/ninja-build/ninja-build_1.10.0-1build1_amd64.deb Unable to connect to azure.archive.ubuntu.com:http: E: Failed to fetch http://azure.archive.ubuntu.com/ubuntu/pool/main/d/device-tree-compiler/libfdt1_1.5.1-1_amd64.deb Unable to connect to azure.archive.ubuntu.com:http: E: Failed to fetch http://azure.archive.ubuntu.com/ubuntu/pool/main/d/device-tree-compiler/libfdt-dev_1.5.1-1_amd64.deb Unable to connect to azure.archive.ubuntu.com:http: E: Failed to fetch http://azure.archive.ubuntu.com/ubuntu/pool/main/r/rdma-core/libibverbs-dev_28.0-1ubuntu1_amd64.deb Unable to connect to azure.archive.ubuntu.com:http: E: Failed to fetch http://azure.archive.ubuntu.com/ubuntu/pool/main/n/numactl/libnuma-dev_2.0.12-1_amd64.deb Unable to connect to azure.archive.ubuntu.com:http: E: Failed to fetch http://azure.archive.ubuntu.com/ubuntu/pool/main/p/python-pyelftools/python3-pyelftools_0.26-1ubuntu1_all.deb Unable to connect to azure.archive.ubuntu.com:http: E: Unable to fetch some archives, maybe run apt-get update or try with --fix-missing? ##[error]Process completed with exit code 100. #################################################################################### #### [End job log] "ubuntu-20.04-gcc-ppc64le" at step Install packages #################################################################################### #################################################################################### #### [Begin job log] "ubuntu-20.04-gcc-riscv64" at step Install packages #################################################################################### Err:16 http://azure.archive.ubuntu.com/ubuntu focal/main amd64 libnuma-dev amd64 2.0.12-1 503 Service Unavailable [IP: 40.81.13.82 80] Err:17 http://azure.archive.ubuntu.com/ubuntu focal/main amd64 python3-pyelftools all 0.26-1ubuntu1 503 Service Unavailable [IP: 40.81.13.82 80] Err:5 http://azure.archive.ubuntu.com/ubuntu focal-updates/main amd64 libarchive-dev amd64 3.4.0-2ubuntu1.2 503 Service Unavailable [IP: 40.81.13.82 80] E: Failed to fetch http://azure.archive.ubuntu.com/ubuntu/pool/main/c/ccache/ccache_3.7.7-1_amd64.deb 503 Service Unavailable [IP: 40.81.13.82 80] E: Failed to fetch http://azure.archive.ubuntu.com/ubuntu/pool/main/libn/libnl3/libnl-route-3-200_3.4.0-1ubuntu0.1_amd64.deb 503 Service Unavailable [IP: 40.81.13.82 80] E: Failed to fetch http://azure.archive.ubuntu.com/ubuntu/pool/main/r/rdma-core/libibverbs1_28.0-1ubuntu1_amd64.deb 503 Service Unavailable [IP: 40.81.13.82 80] E: Failed to fetch http://azure.archive.ubuntu.com/ubuntu/pool/main/r/rdma-core/ibverbs-providers_28.0-1ubuntu1_amd64.deb 503 Service Unavailable [IP: 40.81.13.82 80] E: Failed to fetch http://azure.archive.ubuntu.com/ubuntu/pool/main/liba/libarchive/libarchive-dev_3.4.0-2ubuntu1.2_amd64.deb 503 Service Unavailable [IP: 40.81.13.82 80] E: Failed to fetch http://azure.archive.ubuntu.com/ubuntu/pool/main/libb/libbsd/libbsd-dev_0.10.0-1_amd64.deb 503 Service Unavailable [IP: 40.81.13.82 80] E: Failed to fetch http://azure.archive.ubuntu.com/ubuntu/pool/main/j/jansson/libjansson-dev_2.12-1build1_amd64.deb 503 Service Unavailable [IP: 40.81.13.82 80] E: Failed to fetch http://azure.archive.ubuntu.com/ubuntu/pool/main/libn/libnl3/libnl-3-dev_3.4.0-1ubuntu0.1_amd64.deb 503 Service Unavailable [IP: 40.81.13.82 80] E: Failed to fetch http://azure.archive.ubuntu.com/ubuntu/pool/main/libn/libnl3/libnl-route-3-dev_3.4.0-1ubuntu0.1_amd64.deb 503 Service Unavailable [IP: 40.81.13.82 80] E: Failed to fetch http://azure.archive.ubuntu.com/ubuntu/pool/main/libp/libpcap/libpcap0.8-dev_1.9.1-3_amd64.deb 503 Service Unavailable [IP: 40.81.13.82 80] E: Failed to fetch http://azure.archive.ubuntu.com/ubuntu/pool/main/libp/libpcap/libpcap-dev_1.9.1-3_amd64.deb 503 Service Unavailable [IP: 40.81.13.82 80] E: Failed to fetch http://azure.archive.ubuntu.com/ubuntu/pool/universe/n/ninja-build/ninja-build_1.10.0-1build1_amd64.deb 503 Service Unavailable [IP: 40.81.13.82 80] E: Failed to fetch http://azure.archive.ubuntu.com/ubuntu/pool/main/d/device-tree-compiler/libfdt1_1.5.1-1_amd64.deb 503 Service Unavailable [IP: 40.81.13.82 80] E: Failed to fetch http://azure.archive.ubuntu.com/ubuntu/pool/main/d/device-tree-compiler/libfdt-dev_1.5.1-1_amd64.deb 503 Service Unavailable [IP: 40.81.13.82 80] E: Failed to fetch http://azure.archive.ubuntu.com/ubuntu/pool/main/r/rdma-core/libibverbs-dev_28.0-1ubuntu1_amd64.deb 503 Service Unavailable [IP: 40.81.13.82 80] E: Failed to fetch http://azure.archive.ubuntu.com/ubuntu/pool/main/n/numactl/libnuma-dev_2.0.12-1_amd64.deb 503 Service Unavailable [IP: 40.81.13.82 80] E: Failed to fetch http://azure.archive.ubuntu.com/ubuntu/pool/main/p/python-pyelftools/python3-pyelftools_0.26-1ubuntu1_all.deb 503 Service Unavailable [IP: 40.81.13.82 80] E: Unable to fetch some archives, maybe run apt-get update or try with --fix-missing? ##[error]Process completed with exit code 100. #################################################################################### #### [End job log] "ubuntu-20.04-gcc-riscv64" at step Install packages #################################################################################### --------------------------------END LOGS----------------------------- ^ permalink raw reply [flat|nested] 4+ messages in thread
end of thread, other threads:[~2023-05-17 7:20 UTC | newest] Thread overview: 4+ messages (download: mbox.gz / follow: Atom feed) -- links below jump to the message on this page -- [not found] <20230517061638.40307-1-cheng1.jiang@intel.com> 2023-05-17 6:41 ` |SUCCESS| pw126902 [PATCH v2] app/dma-perf: introduce dma-perf application qemudev 2023-05-17 6:45 ` qemudev 2023-05-17 6:53 ` |WARNING| " checkpatch 2023-05-17 7:20 ` |FAILURE| " 0-day Robot
This is a public inbox, see mirroring instructions for how to clone and mirror all data and code used for this inbox; as well as URLs for NNTP newsgroup(s).