* |SUCCESS| pw129704 [PATCH v3] Add support for IBM Z s390x
[not found] <20230726013517.216549-1-dmiller423@gmail.com>
@ 2023-07-26 1:31 ` qemudev
2023-07-26 1:35 ` qemudev
` (2 subsequent siblings)
3 siblings, 0 replies; 5+ messages in thread
From: qemudev @ 2023-07-26 1:31 UTC (permalink / raw)
To: test-report
Test-Label: loongarch-compilation
Test-Status: SUCCESS
http://dpdk.org/patch/129704
_Compilation OK_
Submitter: David Miller <dmiller423@gmail.com>
Date: Tue, 25 Jul 2023 20:35:17 -0500
DPDK git baseline: Repo:dpdk
Branch: main
CommitID: 74913fd2e1579af164c81de3c109e9578d709e4d
129704 --> meson & ninja build successfully
Test environment and result as below:
+---------------------+----------------+
| Environment | compilation |
+---------------------+----------------+
| Loongnix-Server 8.3 | PASS |
+---------------------+----------------+
Loongnix-Server 8.3
Kernel: 4.19.190+
Compiler: gcc 8.3
^ permalink raw reply [flat|nested] 5+ messages in thread
* |SUCCESS| pw129704 [PATCH v3] Add support for IBM Z s390x
[not found] <20230726013517.216549-1-dmiller423@gmail.com>
2023-07-26 1:31 ` |SUCCESS| pw129704 [PATCH v3] Add support for IBM Z s390x qemudev
@ 2023-07-26 1:35 ` qemudev
2023-07-26 1:36 ` |WARNING| " checkpatch
2023-07-26 2:18 ` |FAILURE| " 0-day Robot
3 siblings, 0 replies; 5+ messages in thread
From: qemudev @ 2023-07-26 1:35 UTC (permalink / raw)
To: test-report
Test-Label: loongarch-unit-testing
Test-Status: SUCCESS
http://dpdk.org/patch/129704
_Unit Testing PASS_
Submitter: David Miller <dmiller423@gmail.com>
Date: Tue, 25 Jul 2023 20:35:17 -0500
DPDK git baseline: Repo:dpdk
Branch: main
CommitID: 74913fd2e1579af164c81de3c109e9578d709e4d
129704 --> testing pass
Test environment and result as below:
+---------------------+----------------+
| Environment | dpdk_unit_test |
+---------------------+----------------+
| Loongnix-Server 8.3 | PASS |
+---------------------+----------------+
Loongnix-Server 8.3
Kernel: 4.19.190+
Compiler: gcc 8.3
Test result details:
1/107 DPDK:fast-tests / acl_autotest OK 2.83s
2/107 DPDK:fast-tests / atomic_autotest OK 7.28s
3/107 DPDK:fast-tests / bitmap_autotest OK 0.12s
4/107 DPDK:fast-tests / bpf_autotest OK 0.07s
5/107 DPDK:fast-tests / bpf_convert_autotest OK 0.12s
6/107 DPDK:fast-tests / bitops_autotest OK 0.07s
7/107 DPDK:fast-tests / byteorder_autotest OK 0.07s
8/107 DPDK:fast-tests / cksum_autotest OK 0.07s
9/107 DPDK:fast-tests / cmdline_autotest OK 0.07s
10/107 DPDK:fast-tests / common_autotest OK 0.92s
11/107 DPDK:fast-tests / cpuflags_autotest OK 0.07s
12/107 DPDK:fast-tests / debug_autotest OK 3.13s
13/107 DPDK:fast-tests / devargs_autotest OK 0.12s
14/107 DPDK:fast-tests / eal_flags_c_opt_autotest OK 1.33s
15/107 DPDK:fast-tests / eal_flags_main_opt_autotest OK 0.32s
16/107 DPDK:fast-tests / eal_flags_n_opt_autotest OK 0.32s
17/107 DPDK:fast-tests / eal_flags_hpet_autotest OK 0.17s
18/107 DPDK:fast-tests / eal_flags_no_huge_autotest OK 0.32s
19/107 DPDK:fast-tests / eal_flags_a_opt_autotest OK 0.42s
20/107 DPDK:fast-tests / eal_flags_b_opt_autotest OK 0.37s
21/107 DPDK:fast-tests / eal_flags_vdev_opt_autotest OK 0.27s
22/107 DPDK:fast-tests / eal_flags_r_opt_autotest OK 0.27s
23/107 DPDK:fast-tests / eal_flags_mem_autotest OK 0.77s
24/107 DPDK:fast-tests / eal_flags_file_prefix_autotest OK 22.36s
25/107 DPDK:fast-tests / eal_flags_misc_autotest OK 1.17s
26/107 DPDK:fast-tests / eal_fs_autotest OK 0.07s
27/107 DPDK:fast-tests / errno_autotest OK 0.07s
28/107 DPDK:fast-tests / ethdev_link_status OK 0.07s
29/107 DPDK:fast-tests / event_ring_autotest OK 0.07s
30/107 DPDK:fast-tests / fib_autotest OK 0.87s
31/107 DPDK:fast-tests / fib6_autotest OK 0.92s
32/107 DPDK:fast-tests / func_reentrancy_autotest OK 2.13s
33/107 DPDK:fast-tests / hash_autotest OK 1.02s
34/107 DPDK:fast-tests / interrupt_autotest OK 1.42s
35/107 DPDK:fast-tests / ipfrag_autotest OK 0.12s
36/107 DPDK:fast-tests / lcores_autotest OK 5.13s
37/107 DPDK:fast-tests / logs_autotest OK 0.07s
38/107 DPDK:fast-tests / lpm_autotest OK 5.96s
39/107 DPDK:fast-tests / lpm6_autotest OK 8.82s
40/107 DPDK:fast-tests / malloc_autotest OK 62.25s
41/107 DPDK:fast-tests / mbuf_autotest OK 5.43s
42/107 DPDK:fast-tests / mcslock_autotest OK 2.72s
43/107 DPDK:fast-tests / memcpy_autotest OK 6.73s
44/107 DPDK:fast-tests / memory_autotest OK 0.12s
45/107 DPDK:fast-tests / mempool_autotest OK 0.47s
46/107 DPDK:fast-tests / memzone_autotest OK 0.17s
47/107 DPDK:fast-tests / meter_autotest OK 0.07s
48/107 DPDK:fast-tests / multiprocess_autotest OK 0.27s
49/107 DPDK:fast-tests / per_lcore_autotest OK 0.17s
50/107 DPDK:fast-tests / pflock_autotest OK 0.92s
51/107 DPDK:fast-tests / prefetch_autotest OK 0.07s
52/107 DPDK:fast-tests / rcu_qsbr_autotest OK 0.62s
53/107 DPDK:fast-tests / pie_autotest OK 0.12s
54/107 DPDK:fast-tests / rib_autotest OK 10.35s
55/107 DPDK:fast-tests / rib6_autotest OK 10.35s
56/107 DPDK:fast-tests / ring_autotest OK 0.12s
57/107 DPDK:fast-tests / rwlock_test1_autotest OK 0.87s
58/107 DPDK:fast-tests / rwlock_rda_autotest OK 5.13s
59/107 DPDK:fast-tests / rwlock_rds_wrm_autotest OK 5.12s
60/107 DPDK:fast-tests / rwlock_rde_wro_autotest OK 5.13s
61/107 DPDK:fast-tests / sched_autotest OK 0.07s
62/107 DPDK:fast-tests / security_autotest OK 0.07s
63/107 DPDK:fast-tests / seqlock_autotest OK 2.12s
64/107 DPDK:fast-tests / spinlock_autotest OK 0.17s
65/107 DPDK:fast-tests / stack_autotest OK 0.87s
66/107 DPDK:fast-tests / stack_lf_autotest SKIP 0.07s exit status 77
67/107 DPDK:fast-tests / string_autotest OK 0.07s
68/107 DPDK:fast-tests / tailq_autotest OK 0.07s
69/107 DPDK:fast-tests / ticketlock_autotest OK 0.27s
70/107 DPDK:fast-tests / timer_autotest OK 3.97s
71/107 DPDK:fast-tests / user_delay_us OK 0.07s
72/107 DPDK:fast-tests / version_autotest OK 0.07s
73/107 DPDK:fast-tests / crc_autotest OK 0.07s
74/107 DPDK:fast-tests / distributor_autotest OK 1.27s
75/107 DPDK:fast-tests / eventdev_common_autotest OK 0.07s
76/107 DPDK:fast-tests / fbarray_autotest OK 0.12s
77/107 DPDK:fast-tests / hash_readwrite_func_autotest OK 6.49s
78/107 DPDK:fast-tests / ipsec_autotest SKIP 0.12s exit status 77
79/107 DPDK:fast-tests / kni_autotest SKIP 0.07s exit status 77
80/107 DPDK:fast-tests / kvargs_autotest OK 0.12s
81/107 DPDK:fast-tests / member_autotest OK 1.27s
82/107 DPDK:fast-tests / power_cpufreq_autotest SKIP 0.07s exit status 77
83/107 DPDK:fast-tests / power_autotest OK 0.07s
84/107 DPDK:fast-tests / power_kvm_vm_autotest SKIP 0.07s exit status 77
85/107 DPDK:fast-tests / power_intel_uncore_autotest SKIP 0.07s exit status 77
86/107 DPDK:fast-tests / reorder_autotest OK 0.12s
87/107 DPDK:fast-tests / service_autotest OK 2.82s
88/107 DPDK:fast-tests / thash_autotest OK 0.07s
89/107 DPDK:fast-tests / threads_autotest OK 0.27s
90/107 DPDK:fast-tests / trace_autotest OK 0.07s
91/107 DPDK:fast-tests / trace_autotest_with_traces OK 0.12s
92/107 DPDK:fast-tests / graph_autotest OK 0.07s
93/107 DPDK:fast-tests / node_list_dump OK 0.07s
94/107 DPDK:fast-tests / metrics_autotest OK 0.07s
95/107 DPDK:fast-tests / telemetry_json_autotest OK 0.07s
96/107 DPDK:fast-tests / telemetry_data_autotest OK 0.12s
97/107 DPDK:fast-tests / table_autotest OK 10.46s
98/107 DPDK:fast-tests / ring_pmd_autotest OK 0.07s
99/107 DPDK:fast-tests / event_eth_tx_adapter_autotest OK 1.72s
100/107 DPDK:fast-tests / bitratestats_autotest OK 0.07s
101/107 DPDK:fast-tests / latencystats_autotest OK 0.07s
102/107 DPDK:fast-tests / pdump_autotest OK 5.23s
103/107 DPDK:fast-tests / vdev_autotest OK 0.07s
104/107 DPDK:fast-tests / rawdev_autotest OK 0.07s
105/107 DPDK:fast-tests / pdcp_autotest SKIP 0.07s exit status 77
106/107 DPDK:fast-tests / compressdev_autotest SKIP 0.07s exit status 77
107/107 DPDK:fast-tests / telemetry_all OK 17.30s
Ok: 99
Expected Fail: 0
Fail: 0
Unexpected Pass: 0
Skipped: 8
Timeout: 0
^ permalink raw reply [flat|nested] 5+ messages in thread
* |WARNING| pw129704 [PATCH v3] Add support for IBM Z s390x
[not found] <20230726013517.216549-1-dmiller423@gmail.com>
2023-07-26 1:31 ` |SUCCESS| pw129704 [PATCH v3] Add support for IBM Z s390x qemudev
2023-07-26 1:35 ` qemudev
@ 2023-07-26 1:36 ` checkpatch
2023-07-26 2:18 ` |FAILURE| " 0-day Robot
3 siblings, 0 replies; 5+ messages in thread
From: checkpatch @ 2023-07-26 1:36 UTC (permalink / raw)
To: test-report; +Cc: David Miller
Test-Label: checkpatch
Test-Status: WARNING
http://dpdk.org/patch/129704
_coding style issues_
WARNING:TYPO_SPELLING: 'daa' may be misspelled - perhaps 'data'?
#477: FILE: app/test/test_hash_functions.c:77:
+ 0x37765e57, 0x6559eb17, 0x49c8a164, 0x18daa0d3,
WARNING:TYPO_SPELLING: 'avaialbe' may be misspelled - perhaps 'available'?
#1129: FILE: drivers/net/i40e/i40e_rxtx_vec_s390x.c:448:
+ /* C.4 calc avaialbe number of desc */
WARNING:TYPO_SPELLING: 'signifcant' may be misspelled - perhaps 'significant'?
#1879: FILE: lib/acl/acl_gen.c:365:
+ * is at least signifcant byte.
total: 0 errors, 3 warnings, 2744 lines checked
Warning in drivers/net/i40e/i40e_rxtx_vec_s390x.c:
Using compiler attribute directly
Warning in lib/eal/s390x/include/rte_atomic.h:
Using rte_smp_[r/w]mb
Warning in lib/eal/s390x/include/rte_spinlock.h:
Using __sync_xxx builtins
^ permalink raw reply [flat|nested] 5+ messages in thread
* |FAILURE| pw129704 [PATCH v3] Add support for IBM Z s390x
[not found] <20230726013517.216549-1-dmiller423@gmail.com>
` (2 preceding siblings ...)
2023-07-26 1:36 ` |WARNING| " checkpatch
@ 2023-07-26 2:18 ` 0-day Robot
3 siblings, 0 replies; 5+ messages in thread
From: 0-day Robot @ 2023-07-26 2:18 UTC (permalink / raw)
To: test-report; +Cc: dmiller423, robot
From: robot@bytheb.org
Test-Label: github-robot: build
Test-Status: FAILURE
http://patchwork.dpdk.org/patch/129704/
_github build: failed_
Build URL: https://github.com/ovsrobot/dpdk/actions/runs/5663663724
Build Logs:
-----------------------Summary of failed steps-----------------------
"ubuntu-20.04-gcc-abi+debug+doc+examples+tests" failed at step Build and test
"ubuntu-20.04-clang-asan+doc+tests" failed at step Build and test
----------------------End summary of failed steps--------------------
-------------------------------BEGIN LOGS----------------------------
####################################################################################
#### [Begin job log] "ubuntu-20.04-gcc-abi+debug+doc+examples+tests" at step Build and test
####################################################################################
[51/729] Linking target examples/dpdk-cmdline.
[52/729] Linking target app/test/dpdk-test.
[53/729] Generating examples.dox with a custom command.
[54/729] Compiling C object 'examples/c590b3c@@dpdk-bbdev_app@exe/bbdev_app_main.c.o'.
[55/729] Linking target examples/dpdk-bbdev_app.
[56/729] Compiling C object 'examples/c590b3c@@dpdk-dma@exe/dma_dmafwd.c.o'.
[57/729] Linking target examples/dpdk-dma.
[58/729] Compiling C object 'examples/c590b3c@@dpdk-ethtool@exe/ethtool_lib_rte_ethtool.c.o'.
[59/729] Compiling C object 'examples/c590b3c@@dpdk-ethtool@exe/ethtool_ethtool-app_ethapp.c.o'.
[60/729] Generating html_guides with a custom command.
FAILED: doc/guides/html
/usr/bin/python3 ../buildtools/call-sphinx-build.py /usr/bin/sphinx-build 23.07.0-rc4 /home/runner/work/dpdk/dpdk/doc/guides /home/runner/work/dpdk/dpdk/build/doc/guides -a -W
Warning generate_overview_table(): Unknown feature 's390x' in 'i40e.ini'
Exception occurred:
File "/home/runner/work/dpdk/dpdk/doc/guides/conf.py", line 194, in generate_overview_table
raise Exception('Warning is treated as a failure')
Exception: Warning is treated as a failure
The full traceback has been saved in /tmp/sphinx-err-9akauncm.log, if you want to report the issue to the developers.
Please also report this if it was a user error, so that a better error message can be provided next time.
A bug report can be filed in the tracker at <https://github.com/sphinx-doc/sphinx/issues>. Thanks!
[61/729] Compiling C object 'examples/c590b3c@@dpdk-ethtool@exe/ethtool_ethtool-app_main.c.o'.
[62/729] Generating doxygen with a custom command.
ninja: build stopped: subcommand failed.
##[error]Process completed with exit code 1.
####################################################################################
#### [End job log] "ubuntu-20.04-gcc-abi+debug+doc+examples+tests" at step Build and test
####################################################################################
####################################################################################
#### [Begin job log] "ubuntu-20.04-clang-asan+doc+tests" at step Build and test
####################################################################################
[58/729] Compiling C object 'examples/c590b3c@@dpdk-ethtool@exe/ethtool_ethtool-app_ethapp.c.o'.
[59/729] Compiling C object 'examples/c590b3c@@dpdk-ethtool@exe/ethtool_ethtool-app_main.c.o'.
[60/729] Compiling C object 'examples/c590b3c@@dpdk-ethtool@exe/ethtool_lib_rte_ethtool.c.o'.
[61/729] Compiling C object 'examples/c590b3c@@dpdk-fips_validation@exe/fips_validation_fips_validation.c.o'.
[62/729] Linking target examples/dpdk-ethtool.
[63/729] Compiling C object 'examples/c590b3c@@dpdk-eventdev_pipeline@exe/eventdev_pipeline_pipeline_worker_generic.c.o'.
[64/729] Compiling C object 'examples/c590b3c@@dpdk-eventdev_pipeline@exe/eventdev_pipeline_main.c.o'.
[65/729] Compiling C object 'examples/c590b3c@@dpdk-eventdev_pipeline@exe/eventdev_pipeline_pipeline_worker_tx.c.o'.
[66/729] Compiling C object 'examples/c590b3c@@dpdk-fips_validation@exe/fips_validation_fips_validation_aes.c.o'.
[67/729] Generating html_guides with a custom command.
FAILED: doc/guides/html
/usr/bin/python3 ../buildtools/call-sphinx-build.py /usr/bin/sphinx-build 23.07.0-rc4 /home/runner/work/dpdk/dpdk/doc/guides /home/runner/work/dpdk/dpdk/build/doc/guides -a -W
Warning generate_overview_table(): Unknown feature 's390x' in 'i40e.ini'
Exception occurred:
File "/home/runner/work/dpdk/dpdk/doc/guides/conf.py", line 194, in generate_overview_table
raise Exception('Warning is treated as a failure')
Exception: Warning is treated as a failure
The full traceback has been saved in /tmp/sphinx-err-ibvf7z0g.log, if you want to report the issue to the developers.
Please also report this if it was a user error, so that a better error message can be provided next time.
A bug report can be filed in the tracker at <https://github.com/sphinx-doc/sphinx/issues>. Thanks!
[68/729] Linking target examples/dpdk-eventdev_pipeline.
[69/729] Generating doxygen with a custom command.
ninja: build stopped: subcommand failed.
##[error]Process completed with exit code 1.
####################################################################################
#### [End job log] "ubuntu-20.04-clang-asan+doc+tests" at step Build and test
####################################################################################
--------------------------------END LOGS-----------------------------
^ permalink raw reply [flat|nested] 5+ messages in thread
* |FAILURE| pw129704 [PATCH] [v3] Add support for IBM Z s390x
@ 2023-07-26 2:38 dpdklab
0 siblings, 0 replies; 5+ messages in thread
From: dpdklab @ 2023-07-26 2:38 UTC (permalink / raw)
To: Test Report; +Cc: dpdk-test-reports, David Miller
Test-Label: iol-x86_64-compile-testing
Test-Status: FAILURE
http://dpdk.org/patch/129704
_Testing issues_
Submitter: David Miller <dmiller423@gmail.com>
Date: Wednesday, July 26 2023 01:35:17
DPDK git baseline: Repo:dpdk
Branch: master
CommitID:74913fd2e1579af164c81de3c109e9578d709e4d
129704 --> testing fail
Test environment and result as below:
+---------------------+--------------------+----------------------+
| Environment | dpdk_meson_compile | dpdk_mingw64_compile |
+=====================+====================+======================+
| FreeBSD 13 | FAIL | SKIPPED |
+---------------------+--------------------+----------------------+
| CentOS Stream 8 | PASS | SKIPPED |
+---------------------+--------------------+----------------------+
| CentOS Stream 9 | PASS | SKIPPED |
+---------------------+--------------------+----------------------+
| Windows Server 2019 | PASS | PASS |
+---------------------+--------------------+----------------------+
| Debian Buster | PASS | SKIPPED |
+---------------------+--------------------+----------------------+
| Fedora 37 | PASS | SKIPPED |
+---------------------+--------------------+----------------------+
| Debian Bullseye | PASS | SKIPPED |
+---------------------+--------------------+----------------------+
| RHEL 7 | PASS | SKIPPED |
+---------------------+--------------------+----------------------+
| Fedora 38 | PASS | SKIPPED |
+---------------------+--------------------+----------------------+
| openSUSE Leap 15 | PASS | SKIPPED |
+---------------------+--------------------+----------------------+
| Ubuntu 20.04 | PASS | SKIPPED |
+---------------------+--------------------+----------------------+
| Ubuntu 22.04 | PASS | SKIPPED |
+---------------------+--------------------+----------------------+
| RHEL8 | PASS | SKIPPED |
+---------------------+--------------------+----------------------+
| Alpine | PASS | SKIPPED |
+---------------------+--------------------+----------------------+
==== 20 line log output for FreeBSD 13 (dpdk_meson_compile): ====
[362/1778] Compiling C object lib/librte_timer.a.p/timer_rte_timer.c.o
[363/1778] Linking static target lib/librte_timer.a
[364/1778] Compiling C object lib/librte_hash.a.p/hash_rte_fbk_hash.c.o
[365/1778] Linking static target lib/librte_hash.a
[366/1778] Generating lib/metrics.sym_chk with a custom command (wrapped by meson to capture output)
[367/1778] Generating lib/timer.sym_chk with a custom command (wrapped by meson to capture output)
[368/1778] Generating lib/cmdline.sym_chk with a custom command (wrapped by meson to capture output)
[369/1778] Compiling C object lib/librte_acl.a.p/acl_acl_gen.c.o
FAILED: lib/librte_acl.a.p/acl_acl_gen.c.o
ccache cc -Ilib/librte_acl.a.p -Ilib -I../lib -Ilib/acl -I../lib/acl -I. -I.. -Iconfig -I../config -Ilib/eal/include -I../lib/eal/include -Ilib/eal/freebsd/include -I../lib/eal/freebsd/include -Ilib/eal/x86/include -I../lib/eal/x86/include -Ilib/eal/common -I../lib/eal/common -Ilib/eal -I../lib/eal -Ilib/kvargs -I../lib/kvargs -Ilib/metrics -I../lib/metrics -Ilib/telemetry -I../lib/telemetry -fcolor-diagnostics -D_FILE_OFFSET_BITS=64 -Wall -Winvalid-pch -Wextra -Werror -O3 -include rte_config.h -Wcast-qual -Wdeprecated -Wformat -Wformat-nonliteral -Wformat-security -Wmissing-declarations -Wmissing-prototypes -Wnested-externs -Wold-style-definition -Wpointer-arith -Wsign-compare -Wstrict-prototypes -Wundef -Wwrite-strings -Wno-address-of-packed-member -Wno-missing-field-initializers -D_GNU_SOURCE -D__BSD_VISIBLE -fPIC -march=native -DALLOW_EXPERIMENTAL_API -DALLOW_INTERNAL_API -DCC_AVX2_SUPPORT -DCC_AVX512_SUPPORT -DRTE_LOG_DEFAULT_LOGTYPE=lib.acl -DRTE_ANNOTATE_LOCKS -Wthread-safety
-MD -MQ lib/librte_acl.a.p/acl_acl_gen.c.o -MF lib/librte_acl.a.p/acl_acl_gen.c.o.d -o lib/librte_acl.a.p/acl_acl_gen.c.o -c ../lib/acl/acl_gen.c
../lib/acl/acl_gen.c:367:5: error: '__BYTE_ORDER' is not defined, evaluates to 0 [-Werror,-Wundef]
#if __BYTE_ORDER == __ORDER_BIG_ENDIAN__
^
1 error generated.
[370/1778] Compiling C object lib/librte_acl.a.p/acl_acl_bld.c.o
[371/1778] Generating lib/hash.sym_chk with a custom command (wrapped by meson to capture output)
[372/1778] Compiling C object lib/librte_acl.a.p/acl_acl_run_scalar.c.o
[373/1778] Generating lib/ethdev.sym_chk with a custom command (wrapped by meson to capture output)
[374/1778] Generating lib/eal.sym_chk with a custom command (wrapped by meson to capture output)
ninja: build stopped: subcommand failed.
==== End log output ====
FreeBSD 13
Kernel: 13.0
Compiler: clang 11.0.1
CentOS Stream 8
Kernel: 4.18.0-240.10.1.el8_3.x86_64
Compiler: gcc 8.4.1 20200928
CentOS Stream 9
Kernel: 4.18.0-240.10.1.el8_3.x86_64
Compiler: gcc 11.3.1 20220421
Windows Server 2019
Kernel: 10.0
Compiler: clang 14.0 and gcc 8.1.0 (MinGW)
Debian Buster
Kernel: 5.4.0-122-generic
Compiler: gcc 8.3.0-6
Fedora 37
Kernel: Depends on container host system
Compiler: gcc 12.3.1
Debian Bullseye
Kernel: 5.4.0-122-generic
Compiler: gcc 10.2.1-6
RHEL 7
Kernel: 4.18.0-240.10.1.el8_3.x86_64
Compiler: gcc 4.8.5 20150623 (Red Hat 4.8.5-44)
Fedora 38
Kernel: Depends on container host
Compiler: gcc 13.1.1
openSUSE Leap 15
Kernel: 4.18.0-240.10.1.el8_3.x86_64
Compiler: gcc 7.5.0
Ubuntu 20.04
Kernel: 4.18.0-240.10.1.el8_3.x86_64
Compiler: gcc 9.3.0-17ubuntu1~20.04
Ubuntu 22.04
Kernel: 4.18.0-240.10.1.el8_3.x86_64
Compiler: gcc 11.3.0
RHEL8
Kernel: 4.18.0-240.10.1.el8_3.x86_64
Compiler: gcc 8.3.1 20191121 (Red Hat 8.3.1-5)
Alpine
Kernel: 5.4.0-73-generic
Compiler: gcc (Alpine 10.3.1_git20210424) 10.3.1 20210424
To view detailed results, visit:
https://lab.dpdk.org/results/dashboard/patchsets/27142/
UNH-IOL DPDK Community Lab
To manage your email subscriptions, visit:
https://lab.dpdk.org/results/dashboard/preferences/subscriptions/
^ permalink raw reply [flat|nested] 5+ messages in thread
end of thread, other threads:[~2023-07-26 2:38 UTC | newest]
Thread overview: 5+ messages (download: mbox.gz / follow: Atom feed)
-- links below jump to the message on this page --
[not found] <20230726013517.216549-1-dmiller423@gmail.com>
2023-07-26 1:31 ` |SUCCESS| pw129704 [PATCH v3] Add support for IBM Z s390x qemudev
2023-07-26 1:35 ` qemudev
2023-07-26 1:36 ` |WARNING| " checkpatch
2023-07-26 2:18 ` |FAILURE| " 0-day Robot
2023-07-26 2:38 |FAILURE| pw129704 [PATCH] [v3] " dpdklab
This is a public inbox, see mirroring instructions
for how to clone and mirror all data and code used for this inbox;
as well as URLs for NNTP newsgroup(s).