* |SUCCESS| pw131744-131749 [PATCH 6/6] Section 6: Glossary
[not found] <20230920154817.617-7-dave@youngcopy.com>
@ 2023-09-20 15:31 ` qemudev
2023-09-20 15:35 ` qemudev
` (2 subsequent siblings)
3 siblings, 0 replies; 4+ messages in thread
From: qemudev @ 2023-09-20 15:31 UTC (permalink / raw)
To: test-report
Test-Label: loongarch-compilation
Test-Status: SUCCESS
http://dpdk.org/patch/131749
_Compilation OK_
Submitter: David Young <dave@youngcopy.com>
Date: Wed, 20 Sep 2023 11:48:05 -0400
DPDK git baseline: Repo:dpdk
Branch: main
CommitID: 31e60e81f025e9fffa69b68bffe5cfaa22d5c098
131744-131749 --> meson & ninja build successfully
Test environment and result as below:
+---------------------+----------------+
| Environment | compilation |
+---------------------+----------------+
| Loongnix-Server 8.3 | PASS |
+---------------------+----------------+
Loongnix-Server 8.3
Kernel: 4.19.190+
Compiler: gcc 8.3
^ permalink raw reply [flat|nested] 4+ messages in thread
* |SUCCESS| pw131744-131749 [PATCH 6/6] Section 6: Glossary
[not found] <20230920154817.617-7-dave@youngcopy.com>
2023-09-20 15:31 ` |SUCCESS| pw131744-131749 [PATCH 6/6] Section 6: Glossary qemudev
@ 2023-09-20 15:35 ` qemudev
2023-09-20 15:51 ` |WARNING| pw131749 " checkpatch
2023-09-20 16:59 ` |FAILURE| " 0-day Robot
3 siblings, 0 replies; 4+ messages in thread
From: qemudev @ 2023-09-20 15:35 UTC (permalink / raw)
To: test-report
Test-Label: loongarch-unit-testing
Test-Status: SUCCESS
http://dpdk.org/patch/131749
_Unit Testing PASS_
Submitter: David Young <dave@youngcopy.com>
Date: Wed, 20 Sep 2023 11:48:05 -0400
DPDK git baseline: Repo:dpdk
Branch: main
CommitID: 31e60e81f025e9fffa69b68bffe5cfaa22d5c098
131744-131749 --> testing pass
Test environment and result as below:
+---------------------+----------------+
| Environment | dpdk_unit_test |
+---------------------+----------------+
| Loongnix-Server 8.3 | PASS |
+---------------------+----------------+
Loongnix-Server 8.3
Kernel: 4.19.190+
Compiler: gcc 8.3
Test result details:
1/107 DPDK:fast-tests / acl_autotest OK 3.02s
2/107 DPDK:fast-tests / atomic_autotest OK 7.08s
3/107 DPDK:fast-tests / bitcount_autotest OK 0.32s
4/107 DPDK:fast-tests / bitmap_autotest OK 0.32s
5/107 DPDK:fast-tests / bitops_autotest OK 0.32s
6/107 DPDK:fast-tests / bitratestats_autotest OK 0.32s
7/107 DPDK:fast-tests / bpf_autotest OK 0.32s
8/107 DPDK:fast-tests / bpf_convert_autotest OK 0.32s
9/107 DPDK:fast-tests / byteorder_autotest OK 0.32s
10/107 DPDK:fast-tests / cksum_autotest OK 0.32s
11/107 DPDK:fast-tests / cmdline_autotest OK 0.32s
12/107 DPDK:fast-tests / common_autotest OK 1.17s
13/107 DPDK:fast-tests / compressdev_autotest SKIP 0.07s exit status 77
14/107 DPDK:fast-tests / cpuflags_autotest OK 0.32s
15/107 DPDK:fast-tests / crc_autotest OK 0.47s
16/107 DPDK:fast-tests / user_delay_us OK 0.32s
17/107 DPDK:fast-tests / debug_autotest OK 15.30s
18/107 DPDK:fast-tests / devargs_autotest OK 0.32s
19/107 DPDK:fast-tests / distributor_autotest OK 1.27s
20/107 DPDK:fast-tests / eal_flags_c_opt_autotest OK 1.42s
21/107 DPDK:fast-tests / eal_flags_main_opt_autotest OK 0.32s
22/107 DPDK:fast-tests / eal_flags_n_opt_autotest OK 0.27s
23/107 DPDK:fast-tests / eal_flags_hpet_autotest OK 0.17s
24/107 DPDK:fast-tests / eal_flags_no_huge_autotest OK 0.32s
25/107 DPDK:fast-tests / eal_flags_a_opt_autotest OK 0.42s
26/107 DPDK:fast-tests / eal_flags_b_opt_autotest OK 0.32s
27/107 DPDK:fast-tests / eal_flags_vdev_opt_autotest OK 0.27s
28/107 DPDK:fast-tests / eal_flags_r_opt_autotest OK 0.27s
29/107 DPDK:fast-tests / eal_flags_mem_autotest OK 0.72s
30/107 DPDK:fast-tests / eal_flags_file_prefix_autotest OK 22.35s
31/107 DPDK:fast-tests / eal_flags_misc_autotest OK 1.12s
32/107 DPDK:fast-tests / eal_fs_autotest OK 0.32s
33/107 DPDK:fast-tests / errno_autotest OK 0.32s
34/107 DPDK:fast-tests / ethdev_link_status OK 0.32s
35/107 DPDK:fast-tests / event_eth_tx_adapter_autotest OK 1.72s
36/107 DPDK:fast-tests / event_ring_autotest OK 0.32s
37/107 DPDK:fast-tests / eventdev_common_autotest OK 0.32s
38/107 DPDK:fast-tests / fbarray_autotest OK 0.32s
39/107 DPDK:fast-tests / fib_autotest OK 1.02s
40/107 DPDK:fast-tests / fib6_autotest OK 1.07s
41/107 DPDK:fast-tests / func_reentrancy_autotest OK 2.17s
42/107 DPDK:fast-tests / graph_autotest OK 0.32s
43/107 DPDK:fast-tests / node_list_dump OK 0.32s
44/107 DPDK:fast-tests / hash_autotest OK 1.27s
45/107 DPDK:fast-tests / hash_readwrite_func_autotest OK 6.43s
46/107 DPDK:fast-tests / interrupt_autotest OK 1.62s
47/107 DPDK:fast-tests / ipfrag_autotest OK 0.12s
48/107 DPDK:fast-tests / ipsec_autotest SKIP 0.32s exit status 77
49/107 DPDK:fast-tests / kvargs_autotest OK 0.32s
50/107 DPDK:fast-tests / latencystats_autotest OK 0.32s
51/107 DPDK:fast-tests / lcores_autotest OK 5.38s
52/107 DPDK:fast-tests / logs_autotest OK 0.32s
53/107 DPDK:fast-tests / lpm_autotest OK 2.33s
54/107 DPDK:fast-tests / lpm6_autotest OK 5.48s
55/107 DPDK:fast-tests / malloc_autotest OK 60.84s
56/107 DPDK:fast-tests / mbuf_autotest OK 5.12s
57/107 DPDK:fast-tests / mcslock_autotest OK 2.97s
58/107 DPDK:fast-tests / member_autotest OK 1.57s
59/107 DPDK:fast-tests / memcpy_autotest OK 6.93s
60/107 DPDK:fast-tests / memory_autotest OK 0.12s
61/107 DPDK:fast-tests / mempool_autotest OK 0.47s
62/107 DPDK:fast-tests / memzone_autotest OK 0.17s
63/107 DPDK:fast-tests / meter_autotest OK 0.32s
64/107 DPDK:fast-tests / metrics_autotest OK 0.32s
65/107 DPDK:fast-tests / multiprocess_autotest OK 0.27s
66/107 DPDK:fast-tests / pdcp_autotest SKIP 0.07s exit status 77
67/107 DPDK:fast-tests / pdump_autotest OK 0.47s
68/107 DPDK:fast-tests / per_lcore_autotest OK 0.42s
69/107 DPDK:fast-tests / pflock_autotest OK 1.17s
70/107 DPDK:fast-tests / pie_autotest OK 0.32s
71/107 DPDK:fast-tests / ring_pmd_autotest OK 0.32s
72/107 DPDK:fast-tests / power_autotest OK 0.32s
73/107 DPDK:fast-tests / power_cpufreq_autotest SKIP 0.07s exit status 77
74/107 DPDK:fast-tests / power_intel_uncore_autotest SKIP 0.32s exit status 77
75/107 DPDK:fast-tests / power_kvm_vm_autotest SKIP 0.07s exit status 77
76/107 DPDK:fast-tests / prefetch_autotest OK 0.32s
77/107 DPDK:fast-tests / rawdev_autotest OK 0.32s
78/107 DPDK:fast-tests / rcu_qsbr_autotest OK 0.87s
79/107 DPDK:fast-tests / reorder_autotest OK 0.37s
80/107 DPDK:fast-tests / rib_autotest OK 8.99s
81/107 DPDK:fast-tests / rib6_autotest OK 8.98s
82/107 DPDK:fast-tests / ring_autotest OK 0.37s
83/107 DPDK:fast-tests / rwlock_test1_autotest OK 1.12s
84/107 DPDK:fast-tests / rwlock_rda_autotest OK 5.33s
85/107 DPDK:fast-tests / rwlock_rds_wrm_autotest OK 5.33s
86/107 DPDK:fast-tests / rwlock_rde_wro_autotest OK 5.33s
87/107 DPDK:fast-tests / sched_autotest OK 0.32s
88/107 DPDK:fast-tests / security_autotest OK 0.07s
89/107 DPDK:fast-tests / seqlock_autotest OK 2.32s
90/107 DPDK:fast-tests / service_autotest OK 3.07s
91/107 DPDK:fast-tests / spinlock_autotest OK 0.42s
92/107 DPDK:fast-tests / stack_autotest OK 0.87s
93/107 DPDK:fast-tests / stack_lf_autotest SKIP 0.07s exit status 77
94/107 DPDK:fast-tests / string_autotest OK 0.32s
95/107 DPDK:fast-tests / table_autotest OK 7.63s
96/107 DPDK:fast-tests / tailq_autotest OK 0.32s
97/107 DPDK:fast-tests / telemetry_data_autotest OK 0.32s
98/107 DPDK:fast-tests / telemetry_json_autotest OK 0.32s
99/107 DPDK:fast-tests / thash_autotest OK 0.32s
100/107 DPDK:fast-tests / threads_autotest OK 0.52s
101/107 DPDK:fast-tests / ticketlock_autotest OK 0.47s
102/107 DPDK:fast-tests / timer_autotest OK 3.92s
103/107 DPDK:fast-tests / trace_autotest OK 0.32s
104/107 DPDK:fast-tests / trace_autotest_with_traces OK 0.32s
105/107 DPDK:fast-tests / vdev_autotest OK 0.32s
106/107 DPDK:fast-tests / version_autotest OK 0.32s
107/107 DPDK:fast-tests / telemetry_all OK 1.32s
Ok: 100
Expected Fail: 0
Fail: 0
Unexpected Pass: 0
Skipped: 7
Timeout: 0
^ permalink raw reply [flat|nested] 4+ messages in thread
* |WARNING| pw131749 [PATCH 6/6] Section 6: Glossary
[not found] <20230920154817.617-7-dave@youngcopy.com>
2023-09-20 15:31 ` |SUCCESS| pw131744-131749 [PATCH 6/6] Section 6: Glossary qemudev
2023-09-20 15:35 ` qemudev
@ 2023-09-20 15:51 ` checkpatch
2023-09-20 16:59 ` |FAILURE| " 0-day Robot
3 siblings, 0 replies; 4+ messages in thread
From: checkpatch @ 2023-09-20 15:51 UTC (permalink / raw)
To: test-report; +Cc: David Young
Test-Label: checkpatch
Test-Status: WARNING
http://dpdk.org/patch/131749
_coding style issues_
WARNING:COMMIT_MESSAGE: Missing commit description - Add an appropriate one
ERROR:MISSING_SIGN_OFF: Missing Signed-off-by: line(s)
total: 1 errors, 1 warnings, 75 lines checked
^ permalink raw reply [flat|nested] 4+ messages in thread
* |FAILURE| pw131749 [PATCH 6/6] Section 6: Glossary
[not found] <20230920154817.617-7-dave@youngcopy.com>
` (2 preceding siblings ...)
2023-09-20 15:51 ` |WARNING| pw131749 " checkpatch
@ 2023-09-20 16:59 ` 0-day Robot
3 siblings, 0 replies; 4+ messages in thread
From: 0-day Robot @ 2023-09-20 16:59 UTC (permalink / raw)
To: test-report; +Cc: dave, robot
From: robot@bytheb.org
Test-Label: github-robot: build
Test-Status: FAILURE
http://patchwork.dpdk.org/patch/131749/
_github build: failed_
Build URL: https://github.com/ovsrobot/dpdk/actions/runs/6251154984
Build Logs:
-----------------------Summary of failed steps-----------------------
"ubuntu-20.04-gcc-debug+doc+examples+tests" failed at step Build and test
"ubuntu-20.04-clang-asan+doc+tests" failed at step Build and test
----------------------End summary of failed steps--------------------
-------------------------------BEGIN LOGS----------------------------
####################################################################################
#### [Begin job log] "ubuntu-20.04-gcc-debug+doc+examples+tests" at step Build and test
####################################################################################
[84/713] Compiling C object 'examples/c590b3c@@dpdk-ip_pipeline@exe/ip_pipeline_pipeline.c.o'.
[85/713] Compiling C object 'examples/c590b3c@@dpdk-ip_pipeline@exe/ip_pipeline_swq.c.o'.
[86/713] Compiling C object 'examples/c590b3c@@dpdk-ipsec-secgw@exe/ipsec-secgw_esp.c.o'.
[87/713] Compiling C object 'examples/c590b3c@@dpdk-ipsec-secgw@exe/ipsec-secgw_event_helper.c.o'.
[88/713] Compiling C object 'examples/c590b3c@@dpdk-ip_pipeline@exe/ip_pipeline_thread.c.o'.
[89/713] Linking target examples/dpdk-ip_pipeline.
[90/713] Compiling C object 'examples/c590b3c@@dpdk-ip_reassembly@exe/ip_reassembly_main.c.o'.
[91/713] Linking target examples/dpdk-ip_reassembly.
[92/713] Compiling C object 'examples/c590b3c@@dpdk-ipsec-secgw@exe/ipsec-secgw_sp6.c.o'.
[93/713] Compiling C object 'examples/c590b3c@@dpdk-ipsec-secgw@exe/ipsec-secgw_rt.c.o'.
[94/713] Compiling C object 'examples/c590b3c@@dpdk-ipsec-secgw@exe/ipsec-secgw_ipsec-secgw.c.o'.
[95/713] Compiling C object 'examples/c590b3c@@dpdk-ipsec-secgw@exe/ipsec-secgw_ipsec_worker.c.o'.
[96/713] Compiling C object 'examples/c590b3c@@dpdk-ipsec-secgw@exe/ipsec-secgw_flow.c.o'.
[97/713] Compiling C object 'examples/c590b3c@@dpdk-ipsec-secgw@exe/ipsec-secgw_ipsec_process.c.o'.
[98/713] Compiling C object 'examples/c590b3c@@dpdk-ipsec-secgw@exe/ipsec-secgw_ipsec.c.o'.
[99/713] Generating html_guides with a custom command.
FAILED: doc/guides/html
/usr/bin/python3 ../buildtools/call-sphinx-build.py /usr/bin/sphinx-build 23.11.0-rc0 /home/runner/work/dpdk/dpdk/doc/guides /home/runner/work/dpdk/dpdk/build/doc/guides -a -W
Warning, treated as error:
/home/runner/work/dpdk/dpdk/doc/guides/getting_started_guide/appendix/index.rst:document isn't included in any toctree
[100/713] Compiling C object 'examples/c590b3c@@dpdk-ipsec-secgw@exe/ipsec-secgw_parser.c.o'.
[101/713] Compiling C object 'examples/c590b3c@@dpdk-ipsec-secgw@exe/ipsec-secgw_sa.c.o'.
ninja: build stopped: subcommand failed.
##[error]Process completed with exit code 1.
####################################################################################
#### [End job log] "ubuntu-20.04-gcc-debug+doc+examples+tests" at step Build and test
####################################################################################
####################################################################################
#### [Begin job log] "ubuntu-20.04-clang-asan+doc+tests" at step Build and test
####################################################################################
[650/713] Compiling C++ object 'buildtools/chkincs/fe389a9@@chkincs-cpp@exe/meson-generated_rte_approx.cpp.o'.
[651/713] Compiling C++ object 'buildtools/chkincs/fe389a9@@chkincs-cpp@exe/meson-generated_rte_reorder.cpp.o'.
[652/713] Compiling C++ object 'buildtools/chkincs/fe389a9@@chkincs-cpp@exe/meson-generated_rte_red.cpp.o'.
[653/713] Compiling C++ object 'buildtools/chkincs/fe389a9@@chkincs-cpp@exe/meson-generated_rte_sched_common.cpp.o'.
[654/713] Compiling C++ object 'buildtools/chkincs/fe389a9@@chkincs-cpp@exe/meson-generated_rte_sched.cpp.o'.
[655/713] Compiling C++ object 'buildtools/chkincs/fe389a9@@chkincs-cpp@exe/meson-generated_rte_pie.cpp.o'.
[656/713] Compiling C++ object 'buildtools/chkincs/fe389a9@@chkincs-cpp@exe/meson-generated_rte_security.cpp.o'.
[657/713] Compiling C++ object 'buildtools/chkincs/fe389a9@@chkincs-cpp@exe/meson-generated_rte_security_driver.cpp.o'.
[658/713] Compiling C++ object 'buildtools/chkincs/fe389a9@@chkincs-cpp@exe/meson-generated_rte_stack.cpp.o'.
[659/713] Compiling C++ object 'buildtools/chkincs/fe389a9@@chkincs-cpp@exe/meson-generated_rte_vdpa.cpp.o'.
[660/713] Compiling C++ object 'buildtools/chkincs/fe389a9@@chkincs-cpp@exe/meson-generated_rte_vhost.cpp.o'.
[661/713] Compiling C++ object 'buildtools/chkincs/fe389a9@@chkincs-cpp@exe/meson-generated_rte_vhost_async.cpp.o'.
[662/713] Compiling C++ object 'buildtools/chkincs/fe389a9@@chkincs-cpp@exe/meson-generated_rte_vhost_crypto.cpp.o'.
[663/713] Compiling C++ object 'buildtools/chkincs/fe389a9@@chkincs-cpp@exe/meson-generated_vdpa_driver.cpp.o'.
[664/713] Compiling C++ object 'buildtools/chkincs/fe389a9@@chkincs-cpp@exe/meson-generated_rte_ipsec.cpp.o'.
[665/713] Generating html_guides with a custom command.
FAILED: doc/guides/html
/usr/bin/python3 ../buildtools/call-sphinx-build.py /usr/bin/sphinx-build 23.11.0-rc0 /home/runner/work/dpdk/dpdk/doc/guides /home/runner/work/dpdk/dpdk/build/doc/guides -a -W
Warning, treated as error:
/home/runner/work/dpdk/dpdk/doc/guides/getting_started_guide/appendix/index.rst:document isn't included in any toctree
[666/713] Compiling C++ object 'buildtools/chkincs/fe389a9@@chkincs-cpp@exe/meson-generated_rte_ipsec_sad.cpp.o'.
[667/713] Compiling C++ object 'buildtools/chkincs/fe389a9@@chkincs-cpp@exe/meson-generated_rte_ipsec_sa.cpp.o'.
ninja: build stopped: subcommand failed.
##[error]Process completed with exit code 1.
####################################################################################
#### [End job log] "ubuntu-20.04-clang-asan+doc+tests" at step Build and test
####################################################################################
--------------------------------END LOGS-----------------------------
^ permalink raw reply [flat|nested] 4+ messages in thread
end of thread, other threads:[~2023-09-20 16:59 UTC | newest]
Thread overview: 4+ messages (download: mbox.gz / follow: Atom feed)
-- links below jump to the message on this page --
[not found] <20230920154817.617-7-dave@youngcopy.com>
2023-09-20 15:31 ` |SUCCESS| pw131744-131749 [PATCH 6/6] Section 6: Glossary qemudev
2023-09-20 15:35 ` qemudev
2023-09-20 15:51 ` |WARNING| pw131749 " checkpatch
2023-09-20 16:59 ` |FAILURE| " 0-day Robot
This is a public inbox, see mirroring instructions
for how to clone and mirror all data and code used for this inbox;
as well as URLs for NNTP newsgroup(s).