From: qemudev@loongson.cn
To: test-report@dpdk.org
Subject: |SUCCESS| pw138754-138762 [PATCH v11 9/9] log: colorize log output
Date: Sun, 24 Mar 2024 10:20:23 +0800 [thread overview]
Message-ID: <202403240220.42O2KN7L2150539@localhost.localdomain> (raw)
In-Reply-To: <20240324024109.306614-10-stephen@networkplumber.org>
Test-Label: loongarch-compilation
Test-Status: SUCCESS
http://dpdk.org/patch/138762
_Compilation OK_
Submitter: Stephen Hemminger <stephen@networkplumber.org>
Date: Sat, 23 Mar 2024 19:33:23 -0700
DPDK git baseline: Repo:dpdk
Branch: main
CommitID: 0219d467bcb1d19b386b5bae8eecd3514ba13fdb
138754-138762 --> meson & ninja build successfully
Test environment and result as below:
+---------------------+----------------+
| Environment | compilation |
+---------------------+----------------+
| Loongnix-Server 8.3 | PASS |
+---------------------+----------------+
Loongnix-Server 8.3
Kernel: 4.19.190+
Compiler: gcc 8.3
next parent reply other threads:[~2024-03-24 2:45 UTC|newest]
Thread overview: 81+ messages / expand[flat|nested] mbox.gz Atom feed top
[not found] <20240324024109.306614-10-stephen@networkplumber.org>
2024-03-24 2:20 ` qemudev [this message]
2024-03-24 2:24 ` qemudev
2024-03-24 2:43 ` |WARNING| pw138762 " checkpatch
2024-03-24 3:21 ` |FAILURE| pw138754-138762 [PATCH] [v11,9/9] " dpdklab
2024-03-24 3:21 ` dpdklab
2024-03-24 3:21 ` |SUCCESS| " dpdklab
2024-03-24 3:22 ` |FAILURE| " dpdklab
2024-03-24 3:22 ` dpdklab
2024-03-24 3:22 ` dpdklab
2024-03-24 3:22 ` dpdklab
2024-03-24 3:23 ` dpdklab
2024-03-24 3:23 ` dpdklab
2024-03-24 3:23 ` |SUCCESS| " dpdklab
2024-03-24 3:23 ` |FAILURE| " dpdklab
2024-03-24 3:23 ` dpdklab
2024-03-24 3:23 ` |SUCCESS| " dpdklab
2024-03-24 3:24 ` dpdklab
2024-03-24 3:24 ` dpdklab
2024-03-24 3:24 ` |FAILURE| " dpdklab
2024-03-24 3:24 ` dpdklab
2024-03-24 3:24 ` |SUCCESS| " dpdklab
2024-03-24 3:25 ` |FAILURE| " dpdklab
2024-03-24 3:25 ` dpdklab
2024-03-24 3:26 ` |SUCCESS| " dpdklab
2024-03-24 3:26 ` |FAILURE| " dpdklab
2024-03-24 3:26 ` dpdklab
2024-03-24 3:27 ` |SUCCESS| " dpdklab
2024-03-24 3:27 ` dpdklab
2024-03-24 3:28 ` |FAILURE| " dpdklab
2024-03-24 3:28 ` dpdklab
2024-03-24 3:29 ` |SUCCESS| " dpdklab
2024-03-24 3:29 ` |FAILURE| " dpdklab
2024-03-24 3:30 ` |WARNING| " dpdklab
2024-03-24 3:30 ` |SUCCESS| " dpdklab
2024-03-24 3:32 ` |FAILURE| " dpdklab
2024-03-24 3:33 ` |SUCCESS| " dpdklab
2024-03-24 3:34 ` dpdklab
2024-03-24 3:35 ` |FAILURE| " dpdklab
2024-03-24 3:35 ` |SUCCESS| " dpdklab
2024-03-24 3:35 ` |FAILURE| " dpdklab
2024-03-24 3:36 ` dpdklab
2024-03-24 3:36 ` |WARNING| " dpdklab
2024-03-24 3:36 ` |FAILURE| " dpdklab
2024-03-24 3:36 ` dpdklab
2024-03-24 3:36 ` |SUCCESS| " dpdklab
2024-03-24 3:37 ` |WARNING| " dpdklab
2024-03-24 3:37 ` |FAILURE| " dpdklab
2024-03-24 3:38 ` |SUCCESS| " dpdklab
2024-03-24 3:38 ` |WARNING| " dpdklab
2024-03-24 3:38 ` |FAILURE| " dpdklab
2024-03-24 3:38 ` |SUCCESS| " dpdklab
2024-03-24 3:39 ` dpdklab
2024-03-24 3:39 ` |FAILURE| " dpdklab
2024-03-24 3:41 ` dpdklab
2024-03-24 3:41 ` dpdklab
2024-03-24 3:41 ` dpdklab
2024-03-24 3:42 ` |SUCCESS| " dpdklab
2024-03-24 3:42 ` |FAILURE| " dpdklab
2024-03-24 3:43 ` |SUCCESS| " dpdklab
2024-03-24 3:44 ` |FAILURE| pw138762 [PATCH v11 9/9] " 0-day Robot
2024-03-24 3:46 ` |FAILURE| pw138754-138762 [PATCH] [v11,9/9] " dpdklab
2024-03-24 3:46 ` |SUCCESS| " dpdklab
2024-03-24 3:47 ` |FAILURE| " dpdklab
2024-03-24 3:49 ` dpdklab
2024-03-24 3:50 ` |SUCCESS| " dpdklab
2024-03-24 3:50 ` |FAILURE| " dpdklab
2024-03-24 3:56 ` dpdklab
2024-03-24 3:57 ` dpdklab
2024-03-24 3:58 ` dpdklab
2024-03-24 3:58 ` dpdklab
2024-03-24 3:59 ` dpdklab
2024-03-24 4:00 ` dpdklab
2024-03-24 4:01 ` dpdklab
2024-03-24 4:41 ` dpdklab
2024-03-24 4:47 ` dpdklab
2024-03-24 5:08 ` dpdklab
2024-03-24 5:10 ` dpdklab
2024-03-24 5:40 ` dpdklab
2024-03-24 6:03 ` dpdklab
2024-03-25 3:07 ` |SUCCESS| " dpdklab
2024-03-25 3:43 ` dpdklab
Reply instructions:
You may reply publicly to this message via plain-text email
using any one of the following methods:
* Save the following mbox file, import it into your mail client,
and reply-to-all from there: mbox
Avoid top-posting and favor interleaved quoting:
https://en.wikipedia.org/wiki/Posting_style#Interleaved_style
* Reply using the --to, --cc, and --in-reply-to
switches of git-send-email(1):
git send-email \
--in-reply-to=202403240220.42O2KN7L2150539@localhost.localdomain \
--to=qemudev@loongson.cn \
--cc=test-report@dpdk.org \
/path/to/YOUR_REPLY
https://kernel.org/pub/software/scm/git/docs/git-send-email.html
* If your mail client supports setting the In-Reply-To header
via mailto: links, try the mailto: link
Be sure your reply has a Subject: header at the top and a blank line
before the message body.
This is a public inbox, see mirroring instructions
for how to clone and mirror all data and code used for this inbox;
as well as URLs for NNTP newsgroup(s).