From: qemudev@loongson.cn
To: test-report@dpdk.org
Subject: |SUCCESS| pw142744 [RFC] dmadev: add QoS capability
Date: Mon, 29 Jul 2024 19:34:05 +0800 [thread overview]
Message-ID: <202407291134.46TBY5mP1389559@localhost.localdomain> (raw)
In-Reply-To: <20240729115558.263574-1-vattunuru@marvell.com>
Test-Label: loongarch-unit-testing
Test-Status: SUCCESS
http://dpdk.org/patch/142744
_Unit Testing PASS_
Submitter: Vamsi Attunuru <vattunuru@marvell.com>
Date: Mon, 29 Jul 2024 04:55:58 -0700
DPDK git baseline: Repo:dpdk
Branch: main
CommitID: 82c47f005b9a0a1e3a649664b7713443d18abe43
142744 --> testing pass
Test environment and result as below:
+---------------------+----------------+
| Environment | dpdk_unit_test |
+---------------------+----------------+
| Loongnix-Server 8.3 | PASS |
+---------------------+----------------+
Loongnix-Server 8.3
Kernel: 4.19.190+
Compiler: gcc 8.3
Test result details:
1/113 DPDK:fast-tests / acl_autotest OK 3.33s
2/113 DPDK:fast-tests / argparse_autotest OK 0.57s
3/113 DPDK:fast-tests / atomic_autotest OK 8.73s
4/113 DPDK:fast-tests / bitcount_autotest OK 0.47s
5/113 DPDK:fast-tests / bitmap_autotest OK 0.47s
6/113 DPDK:fast-tests / bitops_autotest OK 0.47s
7/113 DPDK:fast-tests / bitratestats_autotest OK 0.47s
8/113 DPDK:fast-tests / bpf_autotest OK 0.47s
9/113 DPDK:fast-tests / bpf_convert_autotest OK 0.47s
10/113 DPDK:fast-tests / byteorder_autotest OK 0.47s
11/113 DPDK:fast-tests / cksum_autotest OK 0.47s
12/113 DPDK:fast-tests / cmdline_autotest OK 0.47s
13/113 DPDK:fast-tests / common_autotest OK 1.32s
14/113 DPDK:fast-tests / compressdev_autotest SKIP 0.12s exit status 77
15/113 DPDK:fast-tests / cpuflags_autotest OK 0.47s
16/113 DPDK:fast-tests / crc_autotest OK 0.47s
17/113 DPDK:fast-tests / user_delay_us OK 0.52s
18/113 DPDK:fast-tests / debug_autotest OK 20.92s
19/113 DPDK:fast-tests / devargs_autotest OK 0.57s
20/113 DPDK:fast-tests / dispatcher_autotest OK 2.62s
21/113 DPDK:fast-tests / distributor_autotest OK 1.27s
22/113 DPDK:fast-tests / eal_flags_c_opt_autotest OK 1.17s
23/113 DPDK:fast-tests / eal_flags_main_opt_autotest OK 0.32s
24/113 DPDK:fast-tests / eal_flags_n_opt_autotest OK 0.27s
25/113 DPDK:fast-tests / eal_flags_hpet_autotest OK 0.17s
26/113 DPDK:fast-tests / eal_flags_no_huge_autotest OK 0.32s
27/113 DPDK:fast-tests / eal_flags_a_opt_autotest OK 0.42s
28/113 DPDK:fast-tests / eal_flags_b_opt_autotest OK 0.37s
29/113 DPDK:fast-tests / eal_flags_vdev_opt_autotest OK 0.27s
30/113 DPDK:fast-tests / eal_flags_r_opt_autotest OK 0.27s
31/113 DPDK:fast-tests / eal_flags_mem_autotest OK 0.72s
32/113 DPDK:fast-tests / eal_flags_file_prefix_autotest OK 22.41s
33/113 DPDK:fast-tests / eal_flags_misc_autotest OK 1.12s
34/113 DPDK:fast-tests / eal_fs_autotest OK 0.47s
35/113 DPDK:fast-tests / errno_autotest OK 0.47s
36/113 DPDK:fast-tests / ethdev_link_status OK 0.47s
37/113 DPDK:fast-tests / event_eth_tx_adapter_autotest OK 1.72s
38/113 DPDK:fast-tests / event_ring_autotest OK 0.47s
39/113 DPDK:fast-tests / eventdev_common_autotest OK 0.47s
40/113 DPDK:fast-tests / eventdev_selftest_sw OK 7.48s
41/113 DPDK:fast-tests / fbarray_autotest OK 0.47s
42/113 DPDK:fast-tests / fib_autotest OK 1.32s
43/113 DPDK:fast-tests / fib6_autotest OK 1.12s
44/113 DPDK:fast-tests / func_reentrancy_autotest OK 2.28s
45/113 DPDK:fast-tests / graph_autotest OK 0.47s
46/113 DPDK:fast-tests / node_list_dump OK 0.47s
47/113 DPDK:fast-tests / hash_autotest OK 1.27s
48/113 DPDK:fast-tests / hash_readwrite_func_autotest OK 6.44s
49/113 DPDK:fast-tests / interrupt_autotest OK 1.77s
50/113 DPDK:fast-tests / ipfrag_autotest OK 0.12s
51/113 DPDK:fast-tests / ipsec_autotest SKIP 0.47s exit status 77
52/113 DPDK:fast-tests / kvargs_autotest OK 0.47s
53/113 DPDK:fast-tests / latencystats_autotest OK 0.47s
54/113 DPDK:fast-tests / lcores_autotest OK 5.28s
55/113 DPDK:fast-tests / logs_autotest OK 0.47s
56/113 DPDK:fast-tests / lpm_autotest OK 2.53s
57/113 DPDK:fast-tests / lpm6_autotest OK 5.64s
58/113 DPDK:fast-tests / malloc_autotest OK 62.66s
59/113 DPDK:fast-tests / mbuf_autotest OK 4.42s
60/113 DPDK:fast-tests / mcslock_autotest OK 3.07s
61/113 DPDK:fast-tests / member_autotest OK 1.57s
62/113 DPDK:fast-tests / memcpy_autotest OK 6.98s
63/113 DPDK:fast-tests / memory_autotest OK 0.12s
64/113 DPDK:fast-tests / mempool_autotest OK 0.47s
65/113 DPDK:fast-tests / memzone_autotest OK 0.17s
66/113 DPDK:fast-tests / meter_autotest OK 0.32s
67/113 DPDK:fast-tests / metrics_autotest OK 0.32s
68/113 DPDK:fast-tests / multiprocess_autotest OK 0.27s
69/113 DPDK:fast-tests / net_ether_autotest OK 1.02s
70/113 DPDK:fast-tests / pcapng_autotest OK 6.63s
71/113 DPDK:fast-tests / pdcp_autotest SKIP 0.07s exit status 77
72/113 DPDK:fast-tests / pdump_autotest OK 0.47s
73/113 DPDK:fast-tests / per_lcore_autotest OK 0.42s
74/113 DPDK:fast-tests / pflock_autotest OK 1.17s
75/113 DPDK:fast-tests / pie_autotest OK 0.37s
76/113 DPDK:fast-tests / ring_pmd_autotest OK 0.32s
77/113 DPDK:fast-tests / power_autotest OK 0.42s
78/113 DPDK:fast-tests / power_cpufreq_autotest SKIP 0.07s exit status 77
79/113 DPDK:fast-tests / power_intel_uncore_autotest SKIP 0.37s exit status 77
80/113 DPDK:fast-tests / power_kvm_vm_autotest SKIP 0.07s exit status 77
81/113 DPDK:fast-tests / prefetch_autotest OK 0.32s
82/113 DPDK:fast-tests / ptr_compress_autotest OK 0.32s
83/113 DPDK:fast-tests / rawdev_autotest OK 0.32s
84/113 DPDK:fast-tests / rcu_qsbr_autotest OK 0.87s
85/113 DPDK:fast-tests / reorder_autotest OK 0.37s
86/113 DPDK:fast-tests / rib_autotest OK 8.99s
87/113 DPDK:fast-tests / rib6_autotest OK 8.99s
88/113 DPDK:fast-tests / ring_autotest OK 0.37s
89/113 DPDK:fast-tests / rwlock_test1_autotest OK 1.12s
90/113 DPDK:fast-tests / rwlock_rda_autotest OK 5.33s
91/113 DPDK:fast-tests / rwlock_rds_wrm_autotest OK 5.33s
92/113 DPDK:fast-tests / rwlock_rde_wro_autotest OK 5.33s
93/113 DPDK:fast-tests / sched_autotest OK 0.32s
94/113 DPDK:fast-tests / security_autotest OK 0.07s
95/113 DPDK:fast-tests / seqlock_autotest OK 2.32s
96/113 DPDK:fast-tests / service_autotest OK 3.07s
97/113 DPDK:fast-tests / spinlock_autotest OK 0.42s
98/113 DPDK:fast-tests / stack_autotest OK 0.87s
99/113 DPDK:fast-tests / stack_lf_autotest SKIP 0.07s exit status 77
100/113 DPDK:fast-tests / string_autotest OK 0.32s
101/113 DPDK:fast-tests / table_autotest OK 7.79s
102/113 DPDK:fast-tests / tailq_autotest OK 0.32s
103/113 DPDK:fast-tests / telemetry_data_autotest OK 0.32s
104/113 DPDK:fast-tests / telemetry_json_autotest OK 0.32s
105/113 DPDK:fast-tests / thash_autotest OK 0.32s
106/113 DPDK:fast-tests / threads_autotest OK 0.52s
107/113 DPDK:fast-tests / ticketlock_autotest OK 0.47s
108/113 DPDK:fast-tests / timer_autotest OK 3.92s
109/113 DPDK:fast-tests / trace_autotest OK 0.32s
110/113 DPDK:fast-tests / trace_autotest_with_traces OK 0.32s
111/113 DPDK:fast-tests / vdev_autotest OK 0.32s
112/113 DPDK:fast-tests / version_autotest OK 0.32s
113/113 DPDK:fast-tests / telemetry_all OK 1.32s
Ok: 106
Expected Fail: 0
Fail: 0
Unexpected Pass: 0
Skipped: 7
Timeout: 0
next prev parent reply other threads:[~2024-07-29 12:02 UTC|newest]
Thread overview: 220+ messages / expand[flat|nested] mbox.gz Atom feed top
[not found] <20240729115558.263574-1-vattunuru@marvell.com>
2024-07-29 11:29 ` qemudev
2024-07-29 11:34 ` qemudev [this message]
2024-07-29 11:57 ` |WARNING| " checkpatch
2024-07-29 12:43 ` |FAILURE| " 0-day Robot
2024-07-29 17:06 ` |SUCCESS| pw142744 [PATCH] " dpdklab
2024-07-29 17:09 ` dpdklab
2024-07-29 17:11 ` dpdklab
2024-07-29 17:14 ` dpdklab
2024-07-29 17:15 ` dpdklab
2024-07-29 17:24 ` dpdklab
2024-07-29 17:28 ` dpdklab
2024-07-29 17:28 ` dpdklab
2024-07-29 17:35 ` dpdklab
2024-07-29 17:39 ` |PENDING| " dpdklab
2024-07-29 17:39 ` dpdklab
2024-07-29 17:42 ` dpdklab
2024-07-29 17:43 ` dpdklab
2024-07-29 17:43 ` dpdklab
2024-07-29 17:44 ` |SUCCESS| " dpdklab
2024-07-29 18:09 ` |PENDING| " dpdklab
2024-07-29 18:14 ` |WARNING| " dpdklab
2024-07-29 18:14 ` |PENDING| " dpdklab
2024-07-29 18:15 ` |WARNING| " dpdklab
2024-07-29 18:18 ` |PENDING| " dpdklab
2024-07-29 18:19 ` |SUCCESS| " dpdklab
2024-07-29 18:21 ` |WARNING| " dpdklab
2024-07-29 18:22 ` |PENDING| " dpdklab
2024-07-29 18:22 ` |WARNING| " dpdklab
2024-07-29 18:22 ` dpdklab
2024-07-29 18:23 ` dpdklab
2024-07-29 18:26 ` |SUCCESS| " dpdklab
2024-07-29 18:29 ` |PENDING| " dpdklab
2024-07-29 18:30 ` dpdklab
2024-07-29 18:30 ` |WARNING| " dpdklab
2024-07-29 18:32 ` |PENDING| " dpdklab
2024-07-29 18:33 ` dpdklab
2024-07-29 18:33 ` dpdklab
2024-07-29 18:33 ` |WARNING| " dpdklab
2024-07-29 18:37 ` |PENDING| " dpdklab
2024-07-29 18:37 ` |WARNING| " dpdklab
2024-07-29 18:38 ` |PENDING| " dpdklab
2024-07-29 18:39 ` dpdklab
2024-07-29 18:41 ` dpdklab
2024-07-29 18:41 ` dpdklab
2024-07-29 18:42 ` dpdklab
2024-07-29 18:43 ` dpdklab
2024-07-29 18:43 ` dpdklab
2024-07-29 18:47 ` dpdklab
2024-07-29 18:48 ` dpdklab
2024-07-29 18:50 ` |WARNING| " dpdklab
2024-07-29 18:51 ` |PENDING| " dpdklab
2024-07-29 18:52 ` dpdklab
2024-07-29 18:52 ` |WARNING| " dpdklab
2024-07-29 18:54 ` dpdklab
2024-07-29 18:56 ` |PENDING| " dpdklab
2024-07-29 18:57 ` dpdklab
2024-07-29 18:57 ` |WARNING| " dpdklab
2024-07-29 18:59 ` dpdklab
2024-07-29 18:59 ` |PENDING| " dpdklab
2024-07-29 18:59 ` |WARNING| " dpdklab
2024-07-29 18:59 ` |PENDING| " dpdklab
2024-07-29 19:00 ` dpdklab
2024-07-29 19:01 ` |SUCCESS| " dpdklab
2024-07-29 19:03 ` |PENDING| " dpdklab
2024-07-29 19:03 ` |SUCCESS| " dpdklab
2024-07-29 19:03 ` |PENDING| " dpdklab
2024-07-29 19:04 ` dpdklab
2024-07-29 19:05 ` dpdklab
2024-07-29 19:05 ` |WARNING| " dpdklab
2024-07-29 19:06 ` |PENDING| " dpdklab
2024-07-29 19:08 ` |SUCCESS| " dpdklab
2024-07-29 19:09 ` |PENDING| " dpdklab
2024-07-29 19:09 ` dpdklab
2024-07-29 19:09 ` |SUCCESS| " dpdklab
2024-07-29 19:11 ` |PENDING| " dpdklab
2024-07-29 19:13 ` dpdklab
2024-07-29 19:17 ` |SUCCESS| " dpdklab
2024-07-29 19:18 ` |PENDING| " dpdklab
2024-07-29 19:19 ` dpdklab
2024-07-29 19:20 ` dpdklab
2024-07-29 19:21 ` |SUCCESS| " dpdklab
2024-07-29 19:21 ` |PENDING| " dpdklab
2024-07-29 19:22 ` |SUCCESS| " dpdklab
2024-07-29 19:23 ` dpdklab
2024-07-29 19:23 ` dpdklab
2024-07-29 19:23 ` dpdklab
2024-07-29 19:24 ` |PENDING| " dpdklab
2024-07-29 19:26 ` dpdklab
2024-07-29 19:28 ` |SUCCESS| " dpdklab
2024-07-29 19:29 ` |PENDING| " dpdklab
2024-07-29 19:32 ` |SUCCESS| " dpdklab
2024-07-29 19:33 ` |PENDING| " dpdklab
2024-07-29 19:33 ` dpdklab
2024-07-29 19:34 ` dpdklab
2024-07-29 19:34 ` dpdklab
2024-07-29 19:35 ` dpdklab
2024-07-29 19:36 ` dpdklab
2024-07-29 19:39 ` dpdklab
2024-07-29 19:40 ` dpdklab
2024-07-29 19:41 ` dpdklab
2024-07-29 19:47 ` |SUCCESS| " dpdklab
2024-07-29 19:48 ` |PENDING| " dpdklab
2024-07-29 19:51 ` dpdklab
2024-07-29 19:51 ` dpdklab
2024-07-29 19:51 ` dpdklab
2024-07-29 19:52 ` dpdklab
2024-07-29 19:53 ` dpdklab
2024-07-29 19:53 ` dpdklab
2024-07-29 19:54 ` dpdklab
2024-07-29 19:56 ` |SUCCESS| " dpdklab
2024-07-29 19:56 ` |PENDING| " dpdklab
2024-07-29 19:56 ` dpdklab
2024-07-29 19:57 ` dpdklab
2024-07-29 19:57 ` |SUCCESS| " dpdklab
2024-07-29 19:58 ` |PENDING| " dpdklab
2024-07-29 19:58 ` dpdklab
2024-07-29 20:02 ` |SUCCESS| " dpdklab
2024-07-29 20:03 ` |PENDING| " dpdklab
2024-07-29 20:03 ` dpdklab
2024-07-29 20:04 ` dpdklab
2024-07-29 20:04 ` dpdklab
2024-07-29 20:05 ` dpdklab
2024-07-29 20:05 ` dpdklab
2024-07-29 20:06 ` dpdklab
2024-07-29 20:06 ` dpdklab
2024-07-29 20:06 ` dpdklab
2024-07-29 20:07 ` dpdklab
2024-07-29 20:08 ` dpdklab
2024-07-29 20:08 ` dpdklab
2024-07-29 20:10 ` dpdklab
2024-07-29 20:11 ` dpdklab
2024-07-29 20:12 ` dpdklab
2024-07-29 20:14 ` dpdklab
2024-07-29 20:15 ` dpdklab
2024-07-29 20:15 ` dpdklab
2024-07-29 20:15 ` dpdklab
2024-07-29 20:16 ` dpdklab
2024-07-29 20:20 ` dpdklab
2024-07-29 20:20 ` dpdklab
2024-07-29 20:20 ` dpdklab
2024-07-29 20:20 ` dpdklab
2024-07-29 20:20 ` dpdklab
2024-07-29 20:21 ` dpdklab
2024-07-29 20:21 ` |SUCCESS| " dpdklab
2024-07-29 20:24 ` |PENDING| " dpdklab
2024-07-29 20:25 ` dpdklab
2024-07-29 20:28 ` |WARNING| " dpdklab
2024-07-29 20:28 ` |SUCCESS| " dpdklab
2024-07-29 20:36 ` |PENDING| " dpdklab
2024-07-29 20:38 ` dpdklab
2024-07-29 20:40 ` |WARNING| " dpdklab
2024-07-29 20:41 ` |PENDING| " dpdklab
2024-07-29 20:42 ` |WARNING| " dpdklab
2024-07-29 20:45 ` |PENDING| " dpdklab
2024-07-29 20:45 ` dpdklab
2024-07-29 20:46 ` dpdklab
2024-07-29 20:46 ` |WARNING| " dpdklab
2024-07-29 20:46 ` |PENDING| " dpdklab
2024-07-29 20:47 ` dpdklab
2024-07-29 20:47 ` dpdklab
2024-07-29 20:47 ` dpdklab
2024-07-29 20:47 ` |WARNING| " dpdklab
2024-07-29 20:49 ` |PENDING| " dpdklab
2024-07-29 20:52 ` dpdklab
2024-07-29 20:53 ` |SUCCESS| " dpdklab
2024-07-29 20:53 ` |PENDING| " dpdklab
2024-07-29 20:53 ` |WARNING| " dpdklab
2024-07-29 20:53 ` |PENDING| " dpdklab
2024-07-29 20:55 ` dpdklab
2024-07-29 20:55 ` |WARNING| " dpdklab
2024-07-29 20:56 ` |PENDING| " dpdklab
2024-07-29 20:57 ` |WARNING| " dpdklab
2024-07-29 20:57 ` |PENDING| " dpdklab
2024-07-29 20:57 ` dpdklab
2024-07-29 20:58 ` |SUCCESS| " dpdklab
2024-07-29 20:58 ` |PENDING| " dpdklab
2024-07-29 21:00 ` |WARNING| " dpdklab
2024-07-29 21:01 ` |PENDING| " dpdklab
2024-07-29 21:02 ` |SUCCESS| " dpdklab
2024-07-29 21:05 ` |PENDING| " dpdklab
2024-07-29 21:05 ` |WARNING| " dpdklab
2024-07-29 21:05 ` |SUCCESS| " dpdklab
2024-07-29 21:05 ` |PENDING| " dpdklab
2024-07-29 21:06 ` |SUCCESS| " dpdklab
2024-07-29 21:08 ` |PENDING| " dpdklab
2024-07-29 21:09 ` |WARNING| " dpdklab
2024-07-29 21:09 ` |PENDING| " dpdklab
2024-07-29 21:11 ` |WARNING| " dpdklab
2024-07-29 21:13 ` |PENDING| " dpdklab
2024-07-29 21:13 ` dpdklab
2024-07-29 21:14 ` |WARNING| " dpdklab
2024-07-29 21:16 ` dpdklab
2024-07-29 21:16 ` |PENDING| " dpdklab
2024-07-29 21:17 ` dpdklab
2024-07-29 21:20 ` dpdklab
2024-07-29 21:21 ` |SUCCESS| " dpdklab
2024-07-29 21:25 ` dpdklab
2024-07-29 21:28 ` |WARNING| " dpdklab
2024-07-29 21:42 ` |PENDING| " dpdklab
2024-07-29 21:43 ` dpdklab
2024-07-29 21:48 ` dpdklab
2024-07-29 21:51 ` dpdklab
2024-07-29 21:54 ` dpdklab
2024-07-29 21:58 ` dpdklab
2024-07-29 21:58 ` dpdklab
2024-07-29 21:58 ` dpdklab
2024-07-29 22:00 ` dpdklab
2024-07-29 22:00 ` dpdklab
2024-07-29 22:03 ` dpdklab
2024-07-29 22:03 ` dpdklab
2024-07-29 22:04 ` dpdklab
2024-07-29 22:04 ` dpdklab
2024-07-29 22:07 ` dpdklab
2024-07-29 22:09 ` |SUCCESS| " dpdklab
2024-07-29 22:14 ` |PENDING| " dpdklab
2024-07-29 22:14 ` dpdklab
2024-07-29 22:14 ` dpdklab
2024-07-29 22:45 ` |SUCCESS| " dpdklab
2024-07-29 22:47 ` |PENDING| " dpdklab
2024-07-30 0:50 ` |SUCCESS| " dpdklab
Reply instructions:
You may reply publicly to this message via plain-text email
using any one of the following methods:
* Save the following mbox file, import it into your mail client,
and reply-to-all from there: mbox
Avoid top-posting and favor interleaved quoting:
https://en.wikipedia.org/wiki/Posting_style#Interleaved_style
* Reply using the --to, --cc, and --in-reply-to
switches of git-send-email(1):
git send-email \
--in-reply-to=202407291134.46TBY5mP1389559@localhost.localdomain \
--to=qemudev@loongson.cn \
--cc=test-report@dpdk.org \
/path/to/YOUR_REPLY
https://kernel.org/pub/software/scm/git/docs/git-send-email.html
* If your mail client supports setting the In-Reply-To header
via mailto: links, try the mailto: link
Be sure your reply has a Subject: header at the top and a blank line
before the message body.
This is a public inbox, see mirroring instructions
for how to clone and mirror all data and code used for this inbox;
as well as URLs for NNTP newsgroup(s).