From: qemudev@loongson.cn
To: test-report@dpdk.org
Subject: |SUCCESS| pw154180-154181 [PATCH v1 2/2] net/e1000: update README
Date: Mon, 9 Jun 2025 17:47:56 +0800 [thread overview]
Message-ID: <202506090947.5599lu9V3587145@localhost.localdomain> (raw)
In-Reply-To: <9a5149bae160064c943ac8e9d8e557e9e1c5e3f1.1749464159.git.anatoly.burakov@intel.com>
Test-Label: loongarch-compilation
Test-Status: SUCCESS
http://dpdk.org/patch/154181
_Compilation OK_
Submitter: Anatoly Burakov <anatoly.burakov@intel.com>
Date: Mon, 9 Jun 2025 11:16:41 +0100
DPDK git baseline: Repo:dpdk-next-net-intel
Branch: main
CommitID: f880ad11010de93f2c1c45369aebe42987515a23
154180-154181 --> meson & ninja build successfully
Test environment and result as below:
+---------------------+----------------+
| Environment | compilation |
+---------------------+----------------+
| Loongnix-Server 8.3 | PASS |
+---------------------+----------------+
Loongnix-Server 8.3
Kernel: 4.19.190+
Compiler: gcc 8.3
next parent reply other threads:[~2025-06-09 10:24 UTC|newest]
Thread overview: 35+ messages / expand[flat|nested] mbox.gz Atom feed top
[not found] <9a5149bae160064c943ac8e9d8e557e9e1c5e3f1.1749464159.git.anatoly.burakov@intel.com>
2025-06-09 9:47 ` qemudev [this message]
2025-06-09 9:53 ` |FAILURE| " qemudev
2025-06-09 10:16 ` |SUCCESS| pw154181 " checkpatch
2025-06-09 11:25 ` 0-day Robot
2025-06-09 17:13 ` |SUCCESS| pw154180-154181 [PATCH] [v1,2/2] " dpdklab
2025-06-09 17:17 ` |PENDING| " dpdklab
2025-06-09 17:22 ` dpdklab
2025-06-09 17:24 ` |SUCCESS| " dpdklab
2025-06-09 17:42 ` |WARNING| " dpdklab
2025-06-09 17:57 ` |PENDING| " dpdklab
2025-06-09 18:03 ` dpdklab
2025-06-09 18:40 ` dpdklab
2025-06-09 18:54 ` |WARNING| " dpdklab
2025-06-09 18:59 ` |SUCCESS| " dpdklab
2025-06-09 19:16 ` dpdklab
2025-06-09 19:24 ` |PENDING| " dpdklab
2025-06-09 19:47 ` |SUCCESS| " dpdklab
2025-06-09 20:27 ` |PENDING| " dpdklab
2025-06-09 20:29 ` |SUCCESS| " dpdklab
2025-06-09 20:42 ` dpdklab
2025-06-09 23:12 ` |WARNING| " dpdklab
2025-06-09 23:16 ` |PENDING| " dpdklab
2025-06-10 0:27 ` |WARNING| " dpdklab
2025-06-10 0:28 ` dpdklab
2025-06-10 0:31 ` dpdklab
2025-06-10 0:31 ` dpdklab
2025-06-10 0:33 ` dpdklab
2025-06-10 1:20 ` |SUCCESS| " dpdklab
2025-06-10 2:20 ` dpdklab
2025-06-10 2:42 ` dpdklab
2025-06-10 2:43 ` dpdklab
2025-06-10 20:24 ` dpdklab
2025-06-10 20:24 ` |WARNING| " dpdklab
2025-06-10 20:25 ` |SUCCESS| " dpdklab
2025-06-10 20:25 ` dpdklab
Reply instructions:
You may reply publicly to this message via plain-text email
using any one of the following methods:
* Save the following mbox file, import it into your mail client,
and reply-to-all from there: mbox
Avoid top-posting and favor interleaved quoting:
https://en.wikipedia.org/wiki/Posting_style#Interleaved_style
* Reply using the --to, --cc, and --in-reply-to
switches of git-send-email(1):
git send-email \
--in-reply-to=202506090947.5599lu9V3587145@localhost.localdomain \
--to=qemudev@loongson.cn \
--cc=test-report@dpdk.org \
/path/to/YOUR_REPLY
https://kernel.org/pub/software/scm/git/docs/git-send-email.html
* If your mail client supports setting the In-Reply-To header
via mailto: links, try the mailto: link
Be sure your reply has a Subject: header at the top and a blank line
before the message body.
This is a public inbox, see mirroring instructions
for how to clone and mirror all data and code used for this inbox;
as well as URLs for NNTP newsgroup(s).