From: qemudev@loongson.cn
To: test-report@dpdk.org
Subject: |SUCCESS| pw154849 [PATCH] node: fix C++ compatibility errors (option 2)
Date: Mon, 30 Jun 2025 18:21:23 +0800 [thread overview]
Message-ID: <202506301021.55UALN31135521@localhost.localdomain> (raw)
In-Reply-To: <20250630105025.2265901-1-bruce.richardson@intel.com>
Test-Label: loongarch-compilation
Test-Status: SUCCESS
http://dpdk.org/patch/154849
_Compilation OK_
Submitter: Bruce Richardson <bruce.richardson@intel.com>
Date: Mon, 30 Jun 2025 11:50:14 +0100
DPDK git baseline: Repo:dpdk
Branch: main
CommitID: 20460dcffd08a4680f881c39916ae783ee830374
154849 --> meson & ninja build successfully
Test environment and result as below:
+---------------------+----------------+
| Environment | compilation |
+---------------------+----------------+
| Loongnix-Server 8.3 | PASS |
+---------------------+----------------+
Loongnix-Server 8.3
Kernel: 4.19.190+
Compiler: gcc 8.3
next parent reply other threads:[~2025-06-30 10:57 UTC|newest]
Thread overview: 23+ messages / expand[flat|nested] mbox.gz Atom feed top
[not found] <20250630105025.2265901-1-bruce.richardson@intel.com>
2025-06-30 10:21 ` qemudev [this message]
2025-06-30 10:25 ` qemudev
2025-06-30 10:50 ` |SUCCESS| pw154849 [PATCH] node: fix C++ compatibility errors option 2 checkpatch
2025-06-30 12:03 ` |SUCCESS| pw154849 [PATCH] node: fix C++ compatibility errors (option 2) 0-day Robot
2025-06-30 12:46 ` |SUCCESS| pw154849 [PATCH] node: fix C++ compatibility errors (optio dpdklab
2025-06-30 12:50 ` |FAILURE| " dpdklab
2025-06-30 12:56 ` |SUCCESS| " dpdklab
2025-06-30 13:04 ` dpdklab
2025-06-30 13:06 ` dpdklab
2025-06-30 13:21 ` dpdklab
2025-06-30 13:26 ` |PENDING| " dpdklab
2025-06-30 13:53 ` dpdklab
2025-06-30 14:09 ` dpdklab
2025-06-30 14:16 ` dpdklab
2025-06-30 14:28 ` |FAILURE| " dpdklab
2025-06-30 14:52 ` dpdklab
2025-06-30 15:13 ` dpdklab
2025-06-30 15:17 ` |SUCCESS| " dpdklab
2025-06-30 16:53 ` dpdklab
2025-06-30 17:17 ` |WARNING| " dpdklab
2025-06-30 17:43 ` dpdklab
2025-06-30 18:32 ` |SUCCESS| " dpdklab
2025-06-30 23:26 ` dpdklab
Reply instructions:
You may reply publicly to this message via plain-text email
using any one of the following methods:
* Save the following mbox file, import it into your mail client,
and reply-to-all from there: mbox
Avoid top-posting and favor interleaved quoting:
https://en.wikipedia.org/wiki/Posting_style#Interleaved_style
* Reply using the --to, --cc, and --in-reply-to
switches of git-send-email(1):
git send-email \
--in-reply-to=202506301021.55UALN31135521@localhost.localdomain \
--to=qemudev@loongson.cn \
--cc=test-report@dpdk.org \
/path/to/YOUR_REPLY
https://kernel.org/pub/software/scm/git/docs/git-send-email.html
* If your mail client supports setting the In-Reply-To header
via mailto: links, try the mailto: link
Be sure your reply has a Subject: header at the top and a blank line
before the message body.
This is a public inbox, see mirroring instructions
for how to clone and mirror all data and code used for this inbox;
as well as URLs for NNTP newsgroup(s).