From: qemudev@loongson.cn
To: test-report@dpdk.org
Subject: |SUCCESS| pw154860 [PATCH v2] test/argparse: change initialization to workaround LTO
Date: Mon, 30 Jun 2025 22:25:20 +0800 [thread overview]
Message-ID: <202506301425.55UEPKSO273771@localhost.localdomain> (raw)
In-Reply-To: <20250630145934.56969-1-stephen@networkplumber.org>
Test-Label: loongarch-compilation
Test-Status: SUCCESS
http://dpdk.org/patch/154860
_Compilation OK_
Submitter: Stephen Hemminger <stephen@networkplumber.org>
Date: Mon, 30 Jun 2025 07:58:49 -0700
DPDK git baseline: Repo:dpdk
Branch: main
CommitID: 20460dcffd08a4680f881c39916ae783ee830374
154860 --> meson & ninja build successfully
Test environment and result as below:
+---------------------+----------------+
| Environment | compilation |
+---------------------+----------------+
| Loongnix-Server 8.3 | PASS |
+---------------------+----------------+
Loongnix-Server 8.3
Kernel: 4.19.190+
Compiler: gcc 8.3
next parent reply other threads:[~2025-06-30 15:01 UTC|newest]
Thread overview: 31+ messages / expand[flat|nested] mbox.gz Atom feed top
[not found] <20250630145934.56969-1-stephen@networkplumber.org>
2025-06-30 14:25 ` qemudev [this message]
2025-06-30 14:30 ` qemudev
2025-06-30 14:58 ` |WARNING| " checkpatch
2025-06-30 16:07 ` |PENDING| pw154860 [PATCH] [v2] test/argparse: change initialization dpdklab
2025-06-30 16:07 ` |SUCCESS| " dpdklab
2025-06-30 16:09 ` |FAILURE| " dpdklab
2025-06-30 16:13 ` |SUCCESS| " dpdklab
2025-06-30 16:16 ` dpdklab
2025-06-30 16:20 ` dpdklab
2025-06-30 16:23 ` |SUCCESS| pw154860 [PATCH v2] test/argparse: change initialization to workaround LTO 0-day Robot
2025-06-30 16:26 ` |PENDING| pw154860 [PATCH] [v2] test/argparse: change initialization dpdklab
2025-06-30 16:48 ` |SUCCESS| " dpdklab
2025-06-30 17:02 ` dpdklab
2025-06-30 17:17 ` dpdklab
2025-06-30 17:18 ` dpdklab
2025-06-30 17:32 ` |PENDING| " dpdklab
2025-06-30 17:36 ` dpdklab
2025-06-30 18:21 ` |SUCCESS| " dpdklab
2025-06-30 18:21 ` dpdklab
2025-06-30 19:22 ` dpdklab
2025-06-30 19:34 ` dpdklab
2025-06-30 19:34 ` dpdklab
2025-06-30 19:34 ` dpdklab
2025-06-30 19:35 ` dpdklab
2025-06-30 19:35 ` dpdklab
2025-06-30 19:35 ` dpdklab
2025-06-30 21:46 ` |WARNING| " dpdklab
2025-06-30 21:46 ` dpdklab
2025-06-30 21:49 ` dpdklab
2025-06-30 23:49 ` |SUCCESS| " dpdklab
2025-07-01 1:00 ` dpdklab
Reply instructions:
You may reply publicly to this message via plain-text email
using any one of the following methods:
* Save the following mbox file, import it into your mail client,
and reply-to-all from there: mbox
Avoid top-posting and favor interleaved quoting:
https://en.wikipedia.org/wiki/Posting_style#Interleaved_style
* Reply using the --to, --cc, and --in-reply-to
switches of git-send-email(1):
git send-email \
--in-reply-to=202506301425.55UEPKSO273771@localhost.localdomain \
--to=qemudev@loongson.cn \
--cc=test-report@dpdk.org \
/path/to/YOUR_REPLY
https://kernel.org/pub/software/scm/git/docs/git-send-email.html
* If your mail client supports setting the In-Reply-To header
via mailto: links, try the mailto: link
Be sure your reply has a Subject: header at the top and a blank line
before the message body.
This is a public inbox, see mirroring instructions
for how to clone and mirror all data and code used for this inbox;
as well as URLs for NNTP newsgroup(s).