From: qemudev@loongson.cn
To: test-report@dpdk.org
Subject: |SUCCESS| pw154860 [PATCH v2] test/argparse: change initialization to workaround LTO
Date: Mon, 30 Jun 2025 22:30:01 +0800 [thread overview]
Message-ID: <202506301430.55UEU11k275817@localhost.localdomain> (raw)
In-Reply-To: <20250630145934.56969-1-stephen@networkplumber.org>
Test-Label: loongarch-unit-testing
Test-Status: SUCCESS
http://dpdk.org/patch/154860
_Unit Testing PASS_
Submitter: Stephen Hemminger <stephen@networkplumber.org>
Date: Mon, 30 Jun 2025 07:58:49 -0700
DPDK git baseline: Repo:dpdk
Branch: main
CommitID: 20460dcffd08a4680f881c39916ae783ee830374
154860 --> testing pass
Test environment and result as below:
+---------------------+----------------+
| Environment | dpdk_unit_test |
+---------------------+----------------+
| Loongnix-Server 8.3 | PASS |
+---------------------+----------------+
Loongnix-Server 8.3
Kernel: 4.19.190+
Compiler: gcc 8.3
Test result details:
1/121 DPDK:fast-tests / acl_autotest OK 3.35s
2/121 DPDK:fast-tests / alarm_autotest OK 1.61s
3/121 DPDK:fast-tests / argparse_autotest OK 0.62s
4/121 DPDK:fast-tests / atomic_autotest OK 7.12s
5/121 DPDK:fast-tests / bitcount_autotest OK 0.62s
6/121 DPDK:fast-tests / bitmap_autotest OK 0.60s
7/121 DPDK:fast-tests / bitops_autotest OK 2.07s
8/121 DPDK:fast-tests / bitratestats_autotest OK 0.61s
9/121 DPDK:fast-tests / bitset_autotest OK 3.31s
10/121 DPDK:fast-tests / bpf_autotest OK 0.60s
11/121 DPDK:fast-tests / bpf_convert_autotest OK 0.61s
12/121 DPDK:fast-tests / byteorder_autotest OK 0.60s
13/121 DPDK:fast-tests / cfgfile_autotest OK 0.60s
14/121 DPDK:fast-tests / cksum_autotest OK 0.60s
15/121 DPDK:fast-tests / cmdline_autotest OK 0.60s
16/121 DPDK:fast-tests / common_autotest OK 1.48s
17/121 DPDK:fast-tests / compressdev_autotest SKIP 0.07s exit status 77
18/121 DPDK:fast-tests / cpuflags_autotest OK 0.60s
19/121 DPDK:fast-tests / crc_autotest OK 0.59s
20/121 DPDK:fast-tests / user_delay_us OK 0.61s
21/121 DPDK:fast-tests / debug_autotest OK 19.28s
22/121 DPDK:fast-tests / devargs_autotest OK 0.61s
23/121 DPDK:fast-tests / dispatcher_autotest OK 2.55s
24/121 DPDK:fast-tests / distributor_autotest OK 1.20s
25/121 DPDK:fast-tests / eal_flags_c_opt_autotest OK 0.82s
26/121 DPDK:fast-tests / eal_flags_main_opt_autotest OK 0.23s
27/121 DPDK:fast-tests / eal_flags_n_opt_autotest OK 0.21s
28/121 DPDK:fast-tests / eal_flags_hpet_autotest OK 0.14s
29/121 DPDK:fast-tests / eal_flags_no_huge_autotest OK 0.23s
30/121 DPDK:fast-tests / eal_flags_a_opt_autotest OK 0.31s
31/121 DPDK:fast-tests / eal_flags_b_opt_autotest OK 0.26s
32/121 DPDK:fast-tests / eal_flags_vdev_opt_autotest OK 0.20s
33/121 DPDK:fast-tests / eal_flags_r_opt_autotest OK 0.20s
34/121 DPDK:fast-tests / eal_flags_mem_autotest OK 0.61s
35/121 DPDK:fast-tests / eal_flags_file_prefix_autotest OK 22.55s
36/121 DPDK:fast-tests / eal_flags_misc_autotest OK 1.08s
37/121 DPDK:fast-tests / eal_fs_autotest OK 0.59s
38/121 DPDK:fast-tests / errno_autotest OK 0.58s
39/121 DPDK:fast-tests / ethdev_link_status OK 0.58s
40/121 DPDK:fast-tests / event_eth_tx_adapter_autotest OK 1.69s
41/121 DPDK:fast-tests / event_ring_autotest OK 0.61s
42/121 DPDK:fast-tests / event_vector_adapter_autotest OK 0.96s
43/121 DPDK:fast-tests / eventdev_common_autotest OK 0.60s
44/121 DPDK:fast-tests / eventdev_selftest_sw OK 7.50s
45/121 DPDK:fast-tests / fbarray_autotest OK 0.60s
46/121 DPDK:fast-tests / fib_autotest OK 1.45s
47/121 DPDK:fast-tests / fib6_autotest OK 1.24s
48/121 DPDK:fast-tests / func_reentrancy_autotest OK 2.18s
49/121 DPDK:fast-tests / graph_autotest OK 0.61s
50/121 DPDK:fast-tests / node_list_dump OK 0.59s
51/121 DPDK:fast-tests / graph_feature_arc_autotest OK 0.60s
52/121 DPDK:fast-tests / hash_autotest OK 1.21s
53/121 DPDK:fast-tests / hash_readwrite_func_autotest OK 6.40s
54/121 DPDK:fast-tests / interrupt_autotest OK 1.70s
55/121 DPDK:fast-tests / ipfrag_autotest OK 0.08s
56/121 DPDK:fast-tests / ipsec_autotest SKIP 0.50s exit status 77
57/121 DPDK:fast-tests / kvargs_autotest OK 0.48s
58/121 DPDK:fast-tests / latencystats_autotest OK 0.40s
59/121 DPDK:fast-tests / lcore_var_autotest OK 0.54s
60/121 DPDK:fast-tests / lcores_autotest OK 5.21s
61/121 DPDK:fast-tests / logs_autotest OK 0.40s
62/121 DPDK:fast-tests / lpm_autotest OK 2.45s
63/121 DPDK:fast-tests / lpm6_autotest OK 5.61s
64/121 DPDK:fast-tests / malloc_autotest OK 61.75s
65/121 DPDK:fast-tests / mbuf_autotest OK 5.37s
66/121 DPDK:fast-tests / mcslock_autotest OK 3.10s
67/121 DPDK:fast-tests / member_autotest OK 1.61s
68/121 DPDK:fast-tests / memcpy_autotest OK 6.84s
69/121 DPDK:fast-tests / memory_autotest OK 0.10s
70/121 DPDK:fast-tests / mempool_autotest OK 0.44s
71/121 DPDK:fast-tests / memzone_autotest OK 0.14s
72/121 DPDK:fast-tests / meter_autotest OK 0.39s
73/121 DPDK:fast-tests / metrics_autotest OK 0.40s
74/121 DPDK:fast-tests / multiprocess_autotest OK 0.19s
75/121 DPDK:fast-tests / net_ether_autotest OK 1.06s
76/121 DPDK:fast-tests / net_ipv6_autotest OK 0.40s
77/121 DPDK:fast-tests / pcapng_autotest OK 5.57s
78/121 DPDK:fast-tests / pdcp_autotest SKIP 0.07s exit status 77
79/121 DPDK:fast-tests / pdump_autotest OK 0.51s
80/121 DPDK:fast-tests / per_lcore_autotest OK 0.50s
81/121 DPDK:fast-tests / pflock_autotest OK 1.21s
82/121 DPDK:fast-tests / pie_autotest OK 0.40s
83/121 DPDK:fast-tests / ring_pmd_autotest OK 0.40s
84/121 DPDK:fast-tests / power_autotest OK 0.40s
85/121 DPDK:fast-tests / power_cpufreq_autotest SKIP 0.07s exit status 77
86/121 DPDK:fast-tests / power_intel_uncore_autotest SKIP 0.39s exit status 77
87/121 DPDK:fast-tests / power_kvm_vm_autotest SKIP 0.07s exit status 77
88/121 DPDK:fast-tests / prefetch_autotest OK 0.39s
89/121 DPDK:fast-tests / ptr_compress_autotest OK 0.40s
90/121 DPDK:fast-tests / rawdev_autotest OK 0.40s
91/121 DPDK:fast-tests / rcu_qsbr_autotest OK 0.92s
92/121 DPDK:fast-tests / reorder_autotest OK 0.45s
93/121 DPDK:fast-tests / rib_autotest OK 9.04s
94/121 DPDK:fast-tests / rib6_autotest OK 9.04s
95/121 DPDK:fast-tests / ring_autotest OK 0.43s
96/121 DPDK:fast-tests / rwlock_test1_autotest OK 1.14s
97/121 DPDK:fast-tests / rwlock_rda_autotest OK 5.40s
98/121 DPDK:fast-tests / rwlock_rds_wrm_autotest OK 5.40s
99/121 DPDK:fast-tests / rwlock_rde_wro_autotest OK 5.40s
100/121 DPDK:fast-tests / sched_autotest OK 0.40s
101/121 DPDK:fast-tests / security_autotest OK 0.07s
102/121 DPDK:fast-tests / seqlock_autotest OK 2.40s
103/121 DPDK:fast-tests / service_autotest OK 3.10s
104/121 DPDK:fast-tests / soring_autotest OK 0.40s
105/121 DPDK:fast-tests / spinlock_autotest OK 0.48s
106/121 DPDK:fast-tests / stack_autotest OK 0.87s
107/121 DPDK:fast-tests / stack_lf_autotest SKIP 0.06s exit status 77
108/121 DPDK:fast-tests / string_autotest OK 0.39s
109/121 DPDK:fast-tests / table_autotest OK 7.85s
110/121 DPDK:fast-tests / tailq_autotest OK 0.39s
111/121 DPDK:fast-tests / telemetry_data_autotest OK 0.40s
112/121 DPDK:fast-tests / telemetry_json_autotest OK 0.40s
113/121 DPDK:fast-tests / thash_autotest OK 0.41s
114/121 DPDK:fast-tests / threads_autotest OK 0.58s
115/121 DPDK:fast-tests / ticketlock_autotest OK 0.55s
116/121 DPDK:fast-tests / timer_autotest OK 3.88s
117/121 DPDK:fast-tests / trace_autotest OK 0.39s
118/121 DPDK:fast-tests / trace_autotest_with_traces OK 0.40s
119/121 DPDK:fast-tests / vdev_autotest OK 0.39s
120/121 DPDK:fast-tests / version_autotest OK 0.40s
121/121 DPDK:fast-tests / telemetry_all OK 1.32s
Ok: 114
Expected Fail: 0
Fail: 0
Unexpected Pass: 0
Skipped: 7
Timeout: 0
next prev parent reply other threads:[~2025-06-30 15:06 UTC|newest]
Thread overview: 31+ messages / expand[flat|nested] mbox.gz Atom feed top
[not found] <20250630145934.56969-1-stephen@networkplumber.org>
2025-06-30 14:25 ` qemudev
2025-06-30 14:30 ` qemudev [this message]
2025-06-30 14:58 ` |WARNING| " checkpatch
2025-06-30 16:07 ` |PENDING| pw154860 [PATCH] [v2] test/argparse: change initialization dpdklab
2025-06-30 16:07 ` |SUCCESS| " dpdklab
2025-06-30 16:09 ` |FAILURE| " dpdklab
2025-06-30 16:13 ` |SUCCESS| " dpdklab
2025-06-30 16:16 ` dpdklab
2025-06-30 16:20 ` dpdklab
2025-06-30 16:23 ` |SUCCESS| pw154860 [PATCH v2] test/argparse: change initialization to workaround LTO 0-day Robot
2025-06-30 16:26 ` |PENDING| pw154860 [PATCH] [v2] test/argparse: change initialization dpdklab
2025-06-30 16:48 ` |SUCCESS| " dpdklab
2025-06-30 17:02 ` dpdklab
2025-06-30 17:17 ` dpdklab
2025-06-30 17:18 ` dpdklab
2025-06-30 17:32 ` |PENDING| " dpdklab
2025-06-30 17:36 ` dpdklab
2025-06-30 18:21 ` |SUCCESS| " dpdklab
2025-06-30 18:21 ` dpdklab
2025-06-30 19:22 ` dpdklab
2025-06-30 19:34 ` dpdklab
2025-06-30 19:34 ` dpdklab
2025-06-30 19:34 ` dpdklab
2025-06-30 19:35 ` dpdklab
2025-06-30 19:35 ` dpdklab
2025-06-30 19:35 ` dpdklab
2025-06-30 21:46 ` |WARNING| " dpdklab
2025-06-30 21:46 ` dpdklab
2025-06-30 21:49 ` dpdklab
2025-06-30 23:49 ` |SUCCESS| " dpdklab
2025-07-01 1:00 ` dpdklab
Reply instructions:
You may reply publicly to this message via plain-text email
using any one of the following methods:
* Save the following mbox file, import it into your mail client,
and reply-to-all from there: mbox
Avoid top-posting and favor interleaved quoting:
https://en.wikipedia.org/wiki/Posting_style#Interleaved_style
* Reply using the --to, --cc, and --in-reply-to
switches of git-send-email(1):
git send-email \
--in-reply-to=202506301430.55UEU11k275817@localhost.localdomain \
--to=qemudev@loongson.cn \
--cc=test-report@dpdk.org \
/path/to/YOUR_REPLY
https://kernel.org/pub/software/scm/git/docs/git-send-email.html
* If your mail client supports setting the In-Reply-To header
via mailto: links, try the mailto: link
Be sure your reply has a Subject: header at the top and a blank line
before the message body.
This is a public inbox, see mirroring instructions
for how to clone and mirror all data and code used for this inbox;
as well as URLs for NNTP newsgroup(s).