From: qemudev@loongson.cn
To: test-report@dpdk.org
Subject: |SUCCESS| pw154862 [PATCH] net/r8169: add missing newline at end of meson.build
Date: Mon, 30 Jun 2025 23:42:00 +0800 [thread overview]
Message-ID: <202506301542.55UFg0Sl338190@localhost.localdomain> (raw)
In-Reply-To: <20250630160533.126163-2-stephen@networkplumber.org>
Test-Label: loongarch-unit-testing
Test-Status: SUCCESS
http://dpdk.org/patch/154862
_Unit Testing PASS_
Submitter: Stephen Hemminger <stephen@networkplumber.org>
Date: Mon, 30 Jun 2025 09:05:34 -0700
DPDK git baseline: Repo:dpdk-next-net
Branch: main
CommitID: 83fd93a45061029c8a7850e15114e5932e7d045c
154862 --> testing pass
Test environment and result as below:
+---------------------+----------------+
| Environment | dpdk_unit_test |
+---------------------+----------------+
| Loongnix-Server 8.3 | PASS |
+---------------------+----------------+
Loongnix-Server 8.3
Kernel: 4.19.190+
Compiler: gcc 8.3
Test result details:
1/121 DPDK:fast-tests / acl_autotest OK 3.31s
2/121 DPDK:fast-tests / alarm_autotest OK 1.54s
3/121 DPDK:fast-tests / argparse_autotest OK 0.54s
4/121 DPDK:fast-tests / atomic_autotest OK 7.29s
5/121 DPDK:fast-tests / bitcount_autotest OK 0.48s
6/121 DPDK:fast-tests / bitmap_autotest OK 0.48s
7/121 DPDK:fast-tests / bitops_autotest OK 1.98s
8/121 DPDK:fast-tests / bitratestats_autotest OK 0.48s
9/121 DPDK:fast-tests / bitset_autotest OK 3.21s
10/121 DPDK:fast-tests / bpf_autotest OK 0.48s
11/121 DPDK:fast-tests / bpf_convert_autotest OK 0.49s
12/121 DPDK:fast-tests / byteorder_autotest OK 0.48s
13/121 DPDK:fast-tests / cfgfile_autotest OK 0.48s
14/121 DPDK:fast-tests / cksum_autotest OK 0.48s
15/121 DPDK:fast-tests / cmdline_autotest OK 0.48s
16/121 DPDK:fast-tests / common_autotest OK 1.36s
17/121 DPDK:fast-tests / compressdev_autotest SKIP 0.07s exit status 77
18/121 DPDK:fast-tests / cpuflags_autotest OK 0.47s
19/121 DPDK:fast-tests / crc_autotest OK 0.48s
20/121 DPDK:fast-tests / user_delay_us OK 0.48s
21/121 DPDK:fast-tests / debug_autotest OK 18.52s
22/121 DPDK:fast-tests / devargs_autotest OK 0.48s
23/121 DPDK:fast-tests / dispatcher_autotest OK 2.55s
24/121 DPDK:fast-tests / distributor_autotest OK 1.20s
25/121 DPDK:fast-tests / eal_flags_c_opt_autotest OK 0.78s
26/121 DPDK:fast-tests / eal_flags_main_opt_autotest OK 0.22s
27/121 DPDK:fast-tests / eal_flags_n_opt_autotest OK 0.20s
28/121 DPDK:fast-tests / eal_flags_hpet_autotest OK 0.14s
29/121 DPDK:fast-tests / eal_flags_no_huge_autotest OK 0.22s
30/121 DPDK:fast-tests / eal_flags_a_opt_autotest OK 0.30s
31/121 DPDK:fast-tests / eal_flags_b_opt_autotest OK 0.25s
32/121 DPDK:fast-tests / eal_flags_vdev_opt_autotest OK 0.20s
33/121 DPDK:fast-tests / eal_flags_r_opt_autotest OK 0.19s
34/121 DPDK:fast-tests / eal_flags_mem_autotest OK 0.59s
35/121 DPDK:fast-tests / eal_flags_file_prefix_autotest OK 22.25s
36/121 DPDK:fast-tests / eal_flags_misc_autotest OK 1.05s
37/121 DPDK:fast-tests / eal_fs_autotest OK 0.48s
38/121 DPDK:fast-tests / errno_autotest OK 0.48s
39/121 DPDK:fast-tests / ethdev_link_status OK 0.48s
40/121 DPDK:fast-tests / event_eth_tx_adapter_autotest OK 1.69s
41/121 DPDK:fast-tests / event_ring_autotest OK 0.48s
42/121 DPDK:fast-tests / event_vector_adapter_autotest OK 0.84s
43/121 DPDK:fast-tests / eventdev_common_autotest OK 0.47s
44/121 DPDK:fast-tests / eventdev_selftest_sw OK 7.38s
45/121 DPDK:fast-tests / fbarray_autotest OK 0.48s
46/121 DPDK:fast-tests / fib_autotest OK 1.33s
47/121 DPDK:fast-tests / fib6_autotest OK 1.12s
48/121 DPDK:fast-tests / func_reentrancy_autotest OK 2.26s
49/121 DPDK:fast-tests / graph_autotest OK 0.48s
50/121 DPDK:fast-tests / node_list_dump OK 0.48s
51/121 DPDK:fast-tests / graph_feature_arc_autotest OK 0.49s
52/121 DPDK:fast-tests / hash_autotest OK 1.11s
53/121 DPDK:fast-tests / hash_readwrite_func_autotest OK 6.40s
54/121 DPDK:fast-tests / interrupt_autotest OK 1.78s
55/121 DPDK:fast-tests / ipfrag_autotest OK 0.08s
56/121 DPDK:fast-tests / ipsec_autotest SKIP 0.48s exit status 77
57/121 DPDK:fast-tests / kvargs_autotest OK 0.49s
58/121 DPDK:fast-tests / latencystats_autotest OK 0.49s
59/121 DPDK:fast-tests / lcore_var_autotest OK 0.62s
60/121 DPDK:fast-tests / lcores_autotest OK 5.29s
61/121 DPDK:fast-tests / logs_autotest OK 0.48s
62/121 DPDK:fast-tests / lpm_autotest OK 2.52s
63/121 DPDK:fast-tests / lpm6_autotest OK 5.63s
64/121 DPDK:fast-tests / malloc_autotest OK 60.27s
65/121 DPDK:fast-tests / mbuf_autotest OK 5.17s
66/121 DPDK:fast-tests / mcslock_autotest OK 3.88s
67/121 DPDK:fast-tests / member_autotest OK 1.66s
68/121 DPDK:fast-tests / memcpy_autotest OK 7.00s
69/121 DPDK:fast-tests / memory_autotest OK 0.10s
70/121 DPDK:fast-tests / mempool_autotest OK 0.44s
71/121 DPDK:fast-tests / memzone_autotest OK 0.14s
72/121 DPDK:fast-tests / meter_autotest OK 0.47s
73/121 DPDK:fast-tests / metrics_autotest OK 0.48s
74/121 DPDK:fast-tests / multiprocess_autotest OK 0.19s
75/121 DPDK:fast-tests / net_ether_autotest OK 1.14s
76/121 DPDK:fast-tests / net_ipv6_autotest OK 0.48s
77/121 DPDK:fast-tests / pcapng_autotest OK 7.02s
78/121 DPDK:fast-tests / pdcp_autotest SKIP 0.07s exit status 77
79/121 DPDK:fast-tests / pdump_autotest OK 0.59s
80/121 DPDK:fast-tests / per_lcore_autotest OK 0.58s
81/121 DPDK:fast-tests / pflock_autotest OK 1.29s
82/121 DPDK:fast-tests / pie_autotest OK 0.48s
83/121 DPDK:fast-tests / ring_pmd_autotest OK 0.48s
84/121 DPDK:fast-tests / power_autotest OK 0.48s
85/121 DPDK:fast-tests / power_cpufreq_autotest SKIP 0.07s exit status 77
86/121 DPDK:fast-tests / power_intel_uncore_autotest SKIP 0.47s exit status 77
87/121 DPDK:fast-tests / power_kvm_vm_autotest SKIP 0.07s exit status 77
88/121 DPDK:fast-tests / prefetch_autotest OK 0.47s
89/121 DPDK:fast-tests / ptr_compress_autotest OK 0.48s
90/121 DPDK:fast-tests / rawdev_autotest OK 0.48s
91/121 DPDK:fast-tests / rcu_qsbr_autotest OK 1.00s
92/121 DPDK:fast-tests / reorder_autotest OK 0.54s
93/121 DPDK:fast-tests / rib_autotest OK 9.13s
94/121 DPDK:fast-tests / rib6_autotest OK 9.13s
95/121 DPDK:fast-tests / ring_autotest OK 0.51s
96/121 DPDK:fast-tests / rwlock_test1_autotest OK 1.23s
97/121 DPDK:fast-tests / rwlock_rda_autotest OK 5.48s
98/121 DPDK:fast-tests / rwlock_rds_wrm_autotest OK 5.48s
99/121 DPDK:fast-tests / rwlock_rde_wro_autotest OK 5.48s
100/121 DPDK:fast-tests / sched_autotest OK 0.48s
101/121 DPDK:fast-tests / security_autotest OK 0.07s
102/121 DPDK:fast-tests / seqlock_autotest OK 2.48s
103/121 DPDK:fast-tests / service_autotest OK 3.18s
104/121 DPDK:fast-tests / soring_autotest OK 0.48s
105/121 DPDK:fast-tests / spinlock_autotest OK 0.56s
106/121 DPDK:fast-tests / stack_autotest OK 0.87s
107/121 DPDK:fast-tests / stack_lf_autotest SKIP 0.06s exit status 77
108/121 DPDK:fast-tests / string_autotest OK 0.47s
109/121 DPDK:fast-tests / table_autotest OK 7.84s
110/121 DPDK:fast-tests / tailq_autotest OK 0.47s
111/121 DPDK:fast-tests / telemetry_data_autotest OK 0.49s
112/121 DPDK:fast-tests / telemetry_json_autotest OK 0.48s
113/121 DPDK:fast-tests / thash_autotest OK 0.49s
114/121 DPDK:fast-tests / threads_autotest OK 0.66s
115/121 DPDK:fast-tests / ticketlock_autotest OK 0.66s
116/121 DPDK:fast-tests / timer_autotest OK 3.98s
117/121 DPDK:fast-tests / trace_autotest OK 0.47s
118/121 DPDK:fast-tests / trace_autotest_with_traces OK 0.48s
119/121 DPDK:fast-tests / vdev_autotest OK 0.48s
120/121 DPDK:fast-tests / version_autotest OK 0.48s
121/121 DPDK:fast-tests / telemetry_all OK 1.40s
Ok: 114
Expected Fail: 0
Fail: 0
Unexpected Pass: 0
Skipped: 7
Timeout: 0
next prev parent reply other threads:[~2025-06-30 16:18 UTC|newest]
Thread overview: 26+ messages / expand[flat|nested] mbox.gz Atom feed top
[not found] <20250630160533.126163-2-stephen@networkplumber.org>
2025-06-30 15:37 ` qemudev
2025-06-30 15:42 ` qemudev [this message]
2025-06-30 16:05 ` checkpatch
2025-06-30 17:22 ` 0-day Robot
2025-06-30 17:31 ` |PENDING| pw154862 [PATCH] net/r8169: add missing newline at end of dpdklab
2025-06-30 17:37 ` |SUCCESS| " dpdklab
2025-06-30 17:37 ` dpdklab
2025-06-30 17:55 ` dpdklab
2025-06-30 18:05 ` dpdklab
2025-06-30 18:09 ` |PENDING| " dpdklab
2025-06-30 19:09 ` |SUCCESS| " dpdklab
2025-06-30 19:33 ` dpdklab
2025-06-30 19:40 ` dpdklab
2025-06-30 20:05 ` |PENDING| " dpdklab
2025-06-30 20:13 ` |FAILURE| " dpdklab
2025-06-30 20:38 ` dpdklab
2025-06-30 21:20 ` |PENDING| " dpdklab
2025-06-30 21:40 ` |SUCCESS| " dpdklab
2025-06-30 21:40 ` dpdklab
2025-06-30 21:41 ` dpdklab
2025-06-30 21:41 ` dpdklab
2025-06-30 21:42 ` dpdklab
2025-06-30 22:02 ` |WARNING| " dpdklab
2025-07-01 1:35 ` |SUCCESS| " dpdklab
2025-07-01 2:02 ` dpdklab
2025-07-01 3:12 ` dpdklab
Reply instructions:
You may reply publicly to this message via plain-text email
using any one of the following methods:
* Save the following mbox file, import it into your mail client,
and reply-to-all from there: mbox
Avoid top-posting and favor interleaved quoting:
https://en.wikipedia.org/wiki/Posting_style#Interleaved_style
* Reply using the --to, --cc, and --in-reply-to
switches of git-send-email(1):
git send-email \
--in-reply-to=202506301542.55UFg0Sl338190@localhost.localdomain \
--to=qemudev@loongson.cn \
--cc=test-report@dpdk.org \
/path/to/YOUR_REPLY
https://kernel.org/pub/software/scm/git/docs/git-send-email.html
* If your mail client supports setting the In-Reply-To header
via mailto: links, try the mailto: link
Be sure your reply has a Subject: header at the top and a blank line
before the message body.
This is a public inbox, see mirroring instructions
for how to clone and mirror all data and code used for this inbox;
as well as URLs for NNTP newsgroup(s).