automatic DPDK test reports
 help / color / mirror / Atom feed
* |SUCCESS| pw154863-154879 [V4 18/18] drivers/net: add hinic3 PMD build and doc files
       [not found] <20250701014223.2440-19-wff_light@vip.163.com>
@ 2025-07-01  1:16 ` qemudev
  2025-07-01  1:20 ` qemudev
                   ` (16 subsequent siblings)
  17 siblings, 0 replies; 18+ messages in thread
From: qemudev @ 2025-07-01  1:16 UTC (permalink / raw)
  To: test-report

Test-Label: loongarch-compilation
Test-Status: SUCCESS
http://dpdk.org/patch/154879

_Compilation OK_

Submitter: Feifei Wang <wff_light@vip.163.com>
Date: Tue,  1 Jul 2025 09:41:52 +0800
DPDK git baseline: Repo:dpdk-next-net
  Branch: main
  CommitID: 77864da82f25a9e1e43c14b2cba68c2049a3ee3e

154863-154879 --> meson & ninja build successfully

Test environment and result as below:

+---------------------+----------------+
|     Environment     | compilation    |
+---------------------+----------------+
| Loongnix-Server 8.3 | PASS           |
+---------------------+----------------+

Loongnix-Server 8.3
    Kernel: 4.19.190+
    Compiler: gcc 8.3


^ permalink raw reply	[flat|nested] 18+ messages in thread

* |SUCCESS| pw154863-154879 [V4 18/18] drivers/net: add hinic3 PMD build and doc files
       [not found] <20250701014223.2440-19-wff_light@vip.163.com>
  2025-07-01  1:16 ` |SUCCESS| pw154863-154879 [V4 18/18] drivers/net: add hinic3 PMD build and doc files qemudev
@ 2025-07-01  1:20 ` qemudev
  2025-07-01  1:45 ` |SUCCESS| pw154879 " checkpatch
                   ` (15 subsequent siblings)
  17 siblings, 0 replies; 18+ messages in thread
From: qemudev @ 2025-07-01  1:20 UTC (permalink / raw)
  To: test-report

Test-Label: loongarch-unit-testing
Test-Status: SUCCESS
http://dpdk.org/patch/154879

_Unit Testing PASS_

Submitter: Feifei Wang <wff_light@vip.163.com>
Date: Tue,  1 Jul 2025 09:41:52 +0800
DPDK git baseline: Repo:dpdk-next-net
  Branch: main
  CommitID: 77864da82f25a9e1e43c14b2cba68c2049a3ee3e

154863-154879 --> testing pass

Test environment and result as below:

+---------------------+----------------+
|     Environment     | dpdk_unit_test |
+---------------------+----------------+
| Loongnix-Server 8.3 | PASS           |
+---------------------+----------------+

Loongnix-Server 8.3
    Kernel: 4.19.190+
    Compiler: gcc 8.3


Test result details:
  1/121 DPDK:fast-tests / acl_autotest                            OK              3.30s
  2/121 DPDK:fast-tests / alarm_autotest                          OK              1.70s
  3/121 DPDK:fast-tests / argparse_autotest                       OK              0.68s
  4/121 DPDK:fast-tests / atomic_autotest                         OK              7.28s
  5/121 DPDK:fast-tests / bitcount_autotest                       OK              0.30s
  6/121 DPDK:fast-tests / bitmap_autotest                         OK              0.30s
  7/121 DPDK:fast-tests / bitops_autotest                         OK              1.81s
  8/121 DPDK:fast-tests / bitratestats_autotest                   OK              0.31s
  9/121 DPDK:fast-tests / bitset_autotest                         OK              3.00s
 10/121 DPDK:fast-tests / bpf_autotest                            OK              0.31s
 11/121 DPDK:fast-tests / bpf_convert_autotest                    OK              0.31s
 12/121 DPDK:fast-tests / byteorder_autotest                      OK              0.30s
 13/121 DPDK:fast-tests / cfgfile_autotest                        OK              0.31s
 14/121 DPDK:fast-tests / cksum_autotest                          OK              0.31s
 15/121 DPDK:fast-tests / cmdline_autotest                        OK              0.30s
 16/121 DPDK:fast-tests / common_autotest                         OK              1.19s
 17/121 DPDK:fast-tests / compressdev_autotest                    SKIP            0.06s   exit status 77
 18/121 DPDK:fast-tests / cpuflags_autotest                       OK              0.30s
 19/121 DPDK:fast-tests / crc_autotest                            OK              0.30s
 20/121 DPDK:fast-tests / user_delay_us                           OK              0.30s
 21/121 DPDK:fast-tests / debug_autotest                          OK             17.88s
 22/121 DPDK:fast-tests / devargs_autotest                        OK              0.30s
 23/121 DPDK:fast-tests / dispatcher_autotest                     OK              2.55s
 24/121 DPDK:fast-tests / distributor_autotest                    OK              1.19s
 25/121 DPDK:fast-tests / eal_flags_c_opt_autotest                OK              0.77s
 26/121 DPDK:fast-tests / eal_flags_main_opt_autotest             OK              0.21s
 27/121 DPDK:fast-tests / eal_flags_n_opt_autotest                OK              0.19s
 28/121 DPDK:fast-tests / eal_flags_hpet_autotest                 OK              0.13s
 29/121 DPDK:fast-tests / eal_flags_no_huge_autotest              OK              0.21s
 30/121 DPDK:fast-tests / eal_flags_a_opt_autotest                OK              0.29s
 31/121 DPDK:fast-tests / eal_flags_b_opt_autotest                OK              0.24s
 32/121 DPDK:fast-tests / eal_flags_vdev_opt_autotest             OK              0.19s
 33/121 DPDK:fast-tests / eal_flags_r_opt_autotest                OK              0.18s
 34/121 DPDK:fast-tests / eal_flags_mem_autotest                  OK              0.59s
 35/121 DPDK:fast-tests / eal_flags_file_prefix_autotest          OK             22.23s
 36/121 DPDK:fast-tests / eal_flags_misc_autotest                 OK              1.02s
 37/121 DPDK:fast-tests / eal_fs_autotest                         OK              0.30s
 38/121 DPDK:fast-tests / errno_autotest                          OK              0.31s
 39/121 DPDK:fast-tests / ethdev_link_status                      OK              0.31s
 40/121 DPDK:fast-tests / event_eth_tx_adapter_autotest           OK              1.68s
 41/121 DPDK:fast-tests / event_ring_autotest                     OK              0.31s
 42/121 DPDK:fast-tests / event_vector_adapter_autotest           OK              0.66s
 43/121 DPDK:fast-tests / eventdev_common_autotest                OK              0.30s
 44/121 DPDK:fast-tests / eventdev_selftest_sw                    OK              7.16s
 45/121 DPDK:fast-tests / fbarray_autotest                        OK              0.31s
 46/121 DPDK:fast-tests / fib_autotest                            OK              1.09s
 47/121 DPDK:fast-tests / fib6_autotest                           OK              0.90s
 48/121 DPDK:fast-tests / func_reentrancy_autotest                OK              2.37s
 49/121 DPDK:fast-tests / graph_autotest                          OK              0.31s
 50/121 DPDK:fast-tests / node_list_dump                          OK              0.31s
 51/121 DPDK:fast-tests / graph_feature_arc_autotest              OK              0.31s
 52/121 DPDK:fast-tests / hash_autotest                           OK              0.94s
 53/121 DPDK:fast-tests / hash_readwrite_func_autotest            OK              6.38s
 54/121 DPDK:fast-tests / interrupt_autotest                      OK              1.61s
 55/121 DPDK:fast-tests / ipfrag_autotest                         OK              0.07s
 56/121 DPDK:fast-tests / ipsec_autotest                          SKIP            0.31s   exit status 77
 57/121 DPDK:fast-tests / kvargs_autotest                         OK              0.31s
 58/121 DPDK:fast-tests / latencystats_autotest                   OK              0.31s
 59/121 DPDK:fast-tests / lcore_var_autotest                      OK              0.45s
 60/121 DPDK:fast-tests / lcores_autotest                         OK              5.12s
 61/121 DPDK:fast-tests / logs_autotest                           OK              0.30s
 62/121 DPDK:fast-tests / lpm_autotest                            OK              2.34s
 63/121 DPDK:fast-tests / lpm6_autotest                           OK              5.45s
 64/121 DPDK:fast-tests / malloc_autotest                         OK             58.78s
 65/121 DPDK:fast-tests / mbuf_autotest                           OK              4.76s
 66/121 DPDK:fast-tests / mcslock_autotest                        OK              2.78s
 67/121 DPDK:fast-tests / member_autotest                         OK              1.39s
 68/121 DPDK:fast-tests / memcpy_autotest                         OK              6.63s
 69/121 DPDK:fast-tests / memory_autotest                         OK              0.09s
 70/121 DPDK:fast-tests / mempool_autotest                        OK              0.43s
 71/121 DPDK:fast-tests / memzone_autotest                        OK              0.14s
 72/121 DPDK:fast-tests / meter_autotest                          OK              0.20s
 73/121 DPDK:fast-tests / metrics_autotest                        OK              0.20s
 74/121 DPDK:fast-tests / multiprocess_autotest                   OK              0.17s
 75/121 DPDK:fast-tests / net_ether_autotest                      OK              0.87s
 76/121 DPDK:fast-tests / net_ipv6_autotest                       OK              0.20s
 77/121 DPDK:fast-tests / pcapng_autotest                         OK              7.25s
 78/121 DPDK:fast-tests / pdcp_autotest                           SKIP            0.06s   exit status 77
 79/121 DPDK:fast-tests / pdump_autotest                          OK              0.32s
 80/121 DPDK:fast-tests / per_lcore_autotest                      OK              0.30s
 81/121 DPDK:fast-tests / pflock_autotest                         OK              1.01s
 82/121 DPDK:fast-tests / pie_autotest                            OK              0.20s
 83/121 DPDK:fast-tests / ring_pmd_autotest                       OK              0.20s
 84/121 DPDK:fast-tests / power_autotest                          OK              0.20s
 85/121 DPDK:fast-tests / power_cpufreq_autotest                  SKIP            0.06s   exit status 77
 86/121 DPDK:fast-tests / power_intel_uncore_autotest             SKIP            0.20s   exit status 77
 87/121 DPDK:fast-tests / power_kvm_vm_autotest                   SKIP            0.06s   exit status 77
 88/121 DPDK:fast-tests / prefetch_autotest                       OK              0.20s
 89/121 DPDK:fast-tests / ptr_compress_autotest                   OK              0.20s
 90/121 DPDK:fast-tests / rawdev_autotest                         OK              0.20s
 91/121 DPDK:fast-tests / rcu_qsbr_autotest                       OK              0.72s
 92/121 DPDK:fast-tests / reorder_autotest                        OK              0.26s
 93/121 DPDK:fast-tests / rib_autotest                            OK              7.50s
 94/121 DPDK:fast-tests / rib6_autotest                           OK              7.50s
 95/121 DPDK:fast-tests / ring_autotest                           OK              0.23s
 96/121 DPDK:fast-tests / rwlock_test1_autotest                   OK              0.95s
 97/121 DPDK:fast-tests / rwlock_rda_autotest                     OK              5.20s
 98/121 DPDK:fast-tests / rwlock_rds_wrm_autotest                 OK              5.20s
 99/121 DPDK:fast-tests / rwlock_rde_wro_autotest                 OK              5.20s
100/121 DPDK:fast-tests / sched_autotest                          OK              0.45s
101/121 DPDK:fast-tests / security_autotest                       OK              0.06s
102/121 DPDK:fast-tests / seqlock_autotest                        OK              2.43s
103/121 DPDK:fast-tests / service_autotest                        OK              3.14s
104/121 DPDK:fast-tests / soring_autotest                         OK              0.44s
105/121 DPDK:fast-tests / spinlock_autotest                       OK              0.51s
106/121 DPDK:fast-tests / stack_autotest                          OK              0.87s
107/121 DPDK:fast-tests / stack_lf_autotest                       SKIP            0.06s   exit status 77
108/121 DPDK:fast-tests / string_autotest                         OK              0.43s
109/121 DPDK:fast-tests / table_autotest                          OK              7.82s
110/121 DPDK:fast-tests / tailq_autotest                          OK              0.43s
111/121 DPDK:fast-tests / telemetry_data_autotest                 OK              0.44s
112/121 DPDK:fast-tests / telemetry_json_autotest                 OK              0.43s
113/121 DPDK:fast-tests / thash_autotest                          OK              0.44s
114/121 DPDK:fast-tests / threads_autotest                        OK              0.61s
115/121 DPDK:fast-tests / ticketlock_autotest                     OK              0.61s
116/121 DPDK:fast-tests / timer_autotest                          OK              3.96s
117/121 DPDK:fast-tests / trace_autotest                          OK              0.46s
118/121 DPDK:fast-tests / trace_autotest_with_traces              OK              0.44s
119/121 DPDK:fast-tests / vdev_autotest                           OK              0.43s
120/121 DPDK:fast-tests / version_autotest                        OK              0.43s
121/121 DPDK:fast-tests / telemetry_all                           OK              1.35s


Ok:                 114
Expected Fail:      0
Fail:               0
Unexpected Pass:    0
Skipped:            7
Timeout:            0


^ permalink raw reply	[flat|nested] 18+ messages in thread

* |SUCCESS| pw154879 [V4 18/18] drivers/net: add hinic3 PMD build and doc files
       [not found] <20250701014223.2440-19-wff_light@vip.163.com>
  2025-07-01  1:16 ` |SUCCESS| pw154863-154879 [V4 18/18] drivers/net: add hinic3 PMD build and doc files qemudev
  2025-07-01  1:20 ` qemudev
@ 2025-07-01  1:45 ` checkpatch
  2025-07-01  2:31 ` |PENDING| pw154863-154879 [PATCH] [V4,18/18] drivers/net: add hinic3 dpdklab
                   ` (14 subsequent siblings)
  17 siblings, 0 replies; 18+ messages in thread
From: checkpatch @ 2025-07-01  1:45 UTC (permalink / raw)
  To: test-report

Test-Label: checkpatch
Test-Status: SUCCESS
http://dpdk.org/patch/154879

_coding style OK_



^ permalink raw reply	[flat|nested] 18+ messages in thread

* |PENDING| pw154863-154879 [PATCH] [V4,18/18] drivers/net: add hinic3
       [not found] <20250701014223.2440-19-wff_light@vip.163.com>
                   ` (2 preceding siblings ...)
  2025-07-01  1:45 ` |SUCCESS| pw154879 " checkpatch
@ 2025-07-01  2:31 ` dpdklab
  2025-07-01  2:35 ` |SUCCESS| " dpdklab
                   ` (13 subsequent siblings)
  17 siblings, 0 replies; 18+ messages in thread
From: dpdklab @ 2025-07-01  2:31 UTC (permalink / raw)
  To: Test Report; +Cc: dpdk-test-reports

Test-Label: iol-unit-amd64-testing
Test-Status: PENDING
http://dpdk.org/patch/154879

_Testing pending_

Submitter: Feifei Wang <wff_light@vip.163.com>
Date: Tuesday, July 01 2025 01:42:09 
DPDK git baseline: Repo:dpdk
  Branch: master
  CommitID:77864da82f25a9e1e43c14b2cba68c2049a3ee3e

154863-154879 --> testing pending

Upstream job id: Generic-Unit-Test-DPDK#351243

Test environment and result as below:

+-------------------------------+----------------+
|          Environment          | dpdk_unit_test |
+===============================+================+
| CentOS Stream 9               | PEND           |
+-------------------------------+----------------+
| Red Hat Enterprise Linux 8.10 | PASS           |
+-------------------------------+----------------+
| Ubuntu 20.04                  | PEND           |
+-------------------------------+----------------+
| Ubuntu 22.04                  | PEND           |
+-------------------------------+----------------+
| Fedora Linux 41               | PEND           |
+-------------------------------+----------------+
| CentOS Stream 10              | PEND           |
+-------------------------------+----------------+
| Fedora Linux 40               | PEND           |
+-------------------------------+----------------+
| Debian GNU/Linux 12           | PEND           |
+-------------------------------+----------------+
| Ubuntu 24.04                  | PEND           |
+-------------------------------+----------------+
| Red Hat Enterprise Linux 9.5  | PEND           |
+-------------------------------+----------------+


CentOS Stream 9
	Kernel: 5.15
	Compiler: gcc gcc (GCC) 11.5.0 20240719 (Red Hat 11.5.0-7)

Red Hat Enterprise Linux 8.10
	Kernel: 5.15
	Compiler: gcc gcc (GCC) 8.5.0 20210514 (Red Hat 8.5.0-22)

Ubuntu 20.04
	Kernel: 5.15
	Compiler: gcc gcc (Ubuntu 9.4.0-1ubuntu1~20.04.2) 9.4.0

Ubuntu 22.04
	Kernel: 5.15
	Compiler: gcc gcc (Ubuntu 11.4.0-1ubuntu1~22.04) 11.4.0

Fedora Linux 41
	Kernel: 5.15
	Compiler: clang gcc (GCC) 14.3.1 20250523 (Red Hat 14.3.1-1)

CentOS Stream 10
	Kernel: 5.15
	Compiler: gcc gcc (GCC) 14.2.1 20250110 (Red Hat 14.2.1-8)

Fedora Linux 40
	Kernel: 5.15
	Compiler: gcc gcc (GCC) 14.2.1 20240912 (Red Hat 14.2.1-3)

Debian GNU/Linux 12
	Kernel: 5.15
	Compiler: gcc gcc (Debian 12.2.0-14+deb12u1) 12.2.0

Ubuntu 24.04
	Kernel: 5.15
	Compiler: gcc gcc (Ubuntu 13.3.0-6ubuntu2~24.04) 13.3.0

Red Hat Enterprise Linux 9.5
	Kernel: 5.15
	Compiler: gcc gcc (GCC) 11.5.0 20240719 (Red Hat 11.5.0-2)

To view detailed results, visit:
https://lab.dpdk.org/results/dashboard/patchsets/33548/

UNH-IOL DPDK Community Lab

To manage your email subscriptions, visit: 
https://lab.dpdk.org/results/dashboard/preferences/subscriptions/

^ permalink raw reply	[flat|nested] 18+ messages in thread

* |SUCCESS| pw154863-154879 [PATCH] [V4,18/18] drivers/net: add hinic3
       [not found] <20250701014223.2440-19-wff_light@vip.163.com>
                   ` (3 preceding siblings ...)
  2025-07-01  2:31 ` |PENDING| pw154863-154879 [PATCH] [V4,18/18] drivers/net: add hinic3 dpdklab
@ 2025-07-01  2:35 ` dpdklab
  2025-07-01  2:40 ` dpdklab
                   ` (12 subsequent siblings)
  17 siblings, 0 replies; 18+ messages in thread
From: dpdklab @ 2025-07-01  2:35 UTC (permalink / raw)
  To: Test Report; +Cc: dpdk-test-reports

Test-Label: iol-sample-apps-testing
Test-Status: SUCCESS
http://dpdk.org/patch/154879

_Testing PASS_

Submitter: Feifei Wang <wff_light@vip.163.com>
Date: Tuesday, July 01 2025 01:42:09 
DPDK git baseline: Repo:dpdk
  Branch: master
  CommitID:77864da82f25a9e1e43c14b2cba68c2049a3ee3e

154863-154879 --> testing pass

Upstream job id: Template-DTS-Pipeline#234186

Test environment and result as below:

+--------------+----------------------+
| Environment  | compressdev_zlib_pmd |
+==============+======================+
| Ubuntu 22.04 | PASS                 |
+--------------+----------------------+


Ubuntu 22.04
	Kernel: 5.15
	Compiler: gcc gcc (Ubuntu 11.4.0-1ubuntu1~22.04) 11.4.0

To view detailed results, visit:
https://lab.dpdk.org/results/dashboard/patchsets/33548/

UNH-IOL DPDK Community Lab

To manage your email subscriptions, visit: 
https://lab.dpdk.org/results/dashboard/preferences/subscriptions/

^ permalink raw reply	[flat|nested] 18+ messages in thread

* |SUCCESS| pw154863-154879 [PATCH] [V4,18/18] drivers/net: add hinic3
       [not found] <20250701014223.2440-19-wff_light@vip.163.com>
                   ` (4 preceding siblings ...)
  2025-07-01  2:35 ` |SUCCESS| " dpdklab
@ 2025-07-01  2:40 ` dpdklab
  2025-07-01  2:43 ` |FAILURE| pw154879 [V4 18/18] drivers/net: add hinic3 PMD build and doc files 0-day Robot
                   ` (11 subsequent siblings)
  17 siblings, 0 replies; 18+ messages in thread
From: dpdklab @ 2025-07-01  2:40 UTC (permalink / raw)
  To: Test Report; +Cc: dpdk-test-reports

Test-Label: iol-broadcom-Performance
Test-Status: SUCCESS
http://dpdk.org/patch/154879

_Performance Testing PASS_

Submitter: Feifei Wang <wff_light@vip.163.com>
Date: Tuesday, July 01 2025 01:42:09 
DPDK git baseline: Repo:dpdk
  Branch: master
  CommitID:77864da82f25a9e1e43c14b2cba68c2049a3ee3e

154863-154879 --> performance testing pass

Upstream job id: Template-DTS-Pipeline#234177

Test environment and result as below:

Ubuntu 22.04
Kernel: 5.15
Compiler: gcc gcc (Ubuntu 11.4.0-1ubuntu1~22.04) 11.4.0
NIC: Arm Broadcom Inc. brcm_57414 25000 Mbps
Fail/Total: 0/2

Detail performance results: 
+------------+---------+----------+-------------+------------------------------+
| frame_size | txd/rxd | num_cpus | num_threads |  throughput difference from  |
|            |         |          |             |           expected           |
+============+=========+==========+=============+==============================+
| 64         | 512     | 1        | 1           | -0.2%                        |
+------------+---------+----------+-------------+------------------------------+
| 64         | 2048    | 1        | 1           | -0.3%                        |
+------------+---------+----------+-------------+------------------------------+

Ubuntu 22.04
Kernel: 5.15
Compiler: gcc gcc (Ubuntu 11.4.0-1ubuntu1~22.04) 11.4.0
NIC: Broadcom Inc. and subsidiaries BCM57414 NetXtreme-E 10Gb/25Gb RDMA Ethernet Controller 16d7 25 Mbps
Fail/Total: 0/3

Detail performance results: 
+------------+---------+----------+-------------+------------------------------+
| frame_size | txd/rxd | num_cpus | num_threads |  throughput difference from  |
|            |         |          |             |           expected           |
+============+=========+==========+=============+==============================+
| 64         | 128     | 1        | 1           | 0.5%                         |
+------------+---------+----------+-------------+------------------------------+
| 64         | 512     | 1        | 1           | -1.8%                        |
+------------+---------+----------+-------------+------------------------------+
| 64         | 2048    | 1        | 1           | 0.1%                         |
+------------+---------+----------+-------------+------------------------------+

To view detailed results, visit:
https://lab.dpdk.org/results/dashboard/patchsets/33548/

UNH-IOL DPDK Community Lab

To manage your email subscriptions, visit: 
https://lab.dpdk.org/results/dashboard/preferences/subscriptions/

^ permalink raw reply	[flat|nested] 18+ messages in thread

* |FAILURE| pw154879 [V4 18/18] drivers/net: add hinic3 PMD build and doc files
       [not found] <20250701014223.2440-19-wff_light@vip.163.com>
                   ` (5 preceding siblings ...)
  2025-07-01  2:40 ` dpdklab
@ 2025-07-01  2:43 ` 0-day Robot
  2025-07-01  2:44 ` |SUCCESS| pw154863-154879 [PATCH] [V4,18/18] drivers/net: add hinic3 dpdklab
                   ` (10 subsequent siblings)
  17 siblings, 0 replies; 18+ messages in thread
From: 0-day Robot @ 2025-07-01  2:43 UTC (permalink / raw)
  To: test-report; +Cc: wff_light, robot

From: robot@bytheb.org

Test-Label: github-robot: build
Test-Status: FAILURE
http://patchwork.dpdk.org/patch/154879/

_github build: failed_
Build URL: https://github.com/ovsrobot/dpdk/actions/runs/15987983651
Build Logs:
-----------------------Summary of failed steps-----------------------
"ubuntu-22.04-gcc-abi+debug+doc+examples+tests" failed at step Build and test
"ubuntu-22.04-clang-asan+doc+tests" failed at step Build and test
----------------------End summary of failed steps--------------------

-------------------------------BEGIN LOGS----------------------------
####################################################################################
#### [Begin job log] "ubuntu-22.04-gcc-abi+debug+doc+examples+tests" at step Build and test
####################################################################################
[1984/1995] Linking target examples/dpdk-guest_cli
[1985/1995] Linking target examples/dpdk-vm_power_manager
[1986/1995] Linking target buildtools/chkincs/chkincs
[1987/1995] Linking target buildtools/chkincs/chkincs-exp
[1988/1995] Linking target buildtools/chkincs/chkincs-all
[1989/1995] Generating html_guides with a custom command
FAILED: [code=2] doc/guides/html 
/usr/bin/python3 ../buildtools/call-sphinx-build.py /usr/bin/sphinx-build 25.07.0-rc2 /home/runner/work/dpdk/dpdk/doc/guides /home/runner/work/dpdk/dpdk/build/doc/guides -a -W
Warning generate_overview_table(): Unknown feature 'RSS reta query' in 'hinic3.ini'

Exception occurred:
  File "/home/runner/work/dpdk/dpdk/doc/guides/conf.py", line 249, in generate_overview_table
    raise Exception('Warning is treated as a failure')
Exception: Warning is treated as a failure
The full traceback has been saved in /tmp/sphinx-err-vextb__s.log, if you want to report the issue to the developers.
Please also report this if it was a user error, so that a better error message can be provided next time.
A bug report can be filed in the tracker at <https://github.com/sphinx-doc/sphinx/issues>. Thanks!
[1990/1995] Linking target buildtools/chkincs/chkincs-cpp-exp
[1991/1995] Linking target buildtools/chkincs/chkincs-cpp
[1992/1995] Linking target buildtools/chkincs/chkincs-cpp-all
[1993/1995] Generating doxygen-man with a custom command
[1994/1995] Generating dts_api_html with a custom command
Warning generate_overview_table(): Unknown feature 'RSS reta query' in 'hinic3.ini'
ninja: build stopped: subcommand failed.
##[error]Process completed with exit code 2.
####################################################################################
#### [End job log] "ubuntu-22.04-gcc-abi+debug+doc+examples+tests" at step Build and test
####################################################################################




####################################################################################
#### [Begin job log] "ubuntu-22.04-clang-asan+doc+tests" at step Build and test
####################################################################################
[1949/1995] Linking target examples/dpdk-ipsec-secgw
[1950/1995] Linking target examples/dpdk-ipv4_multicast
[1951/1995] Linking target examples/dpdk-l2fwd-crypto
[1952/1995] Linking target examples/dpdk-l2fwd
[1953/1995] Linking target examples/dpdk-l2fwd-event
[1954/1995] Generating html_guides with a custom command
FAILED: [code=2] doc/guides/html 
/usr/bin/python3 ../buildtools/call-sphinx-build.py /usr/bin/sphinx-build 25.07.0-rc2 /home/runner/work/dpdk/dpdk/doc/guides /home/runner/work/dpdk/dpdk/build/doc/guides -a -W
Warning generate_overview_table(): Unknown feature 'RSS reta query' in 'hinic3.ini'

Exception occurred:
  File "/home/runner/work/dpdk/dpdk/doc/guides/conf.py", line 249, in generate_overview_table
    raise Exception('Warning is treated as a failure')
Exception: Warning is treated as a failure
The full traceback has been saved in /tmp/sphinx-err-9aup1qyz.log, if you want to report the issue to the developers.
Please also report this if it was a user error, so that a better error message can be provided next time.
A bug report can be filed in the tracker at <https://github.com/sphinx-doc/sphinx/issues>. Thanks!
[1955/1995] Linking target examples/dpdk-l2fwd-jobstats
[1956/1995] Linking target examples/dpdk-l2fwd-keepalive
[1957/1995] Linking target examples/dpdk-l2fwd-macsec
[1958/1995] Generating doxygen-man with a custom command
[1959/1995] Generating dts_api_html with a custom command
Warning generate_overview_table(): Unknown feature 'RSS reta query' in 'hinic3.ini'
ninja: build stopped: subcommand failed.
##[error]Process completed with exit code 2.
####################################################################################
#### [End job log] "ubuntu-22.04-clang-asan+doc+tests" at step Build and test
####################################################################################
--------------------------------END LOGS-----------------------------

^ permalink raw reply	[flat|nested] 18+ messages in thread

* |SUCCESS| pw154863-154879 [PATCH] [V4,18/18] drivers/net: add hinic3
       [not found] <20250701014223.2440-19-wff_light@vip.163.com>
                   ` (6 preceding siblings ...)
  2025-07-01  2:43 ` |FAILURE| pw154879 [V4 18/18] drivers/net: add hinic3 PMD build and doc files 0-day Robot
@ 2025-07-01  2:44 ` dpdklab
  2025-07-01  3:10 ` |PENDING| " dpdklab
                   ` (9 subsequent siblings)
  17 siblings, 0 replies; 18+ messages in thread
From: dpdklab @ 2025-07-01  2:44 UTC (permalink / raw)
  To: Ali Alnubani, Test Report; +Cc: dpdk-test-reports

Test-Label: iol-mellanox-Performance
Test-Status: SUCCESS
http://dpdk.org/patch/154879

_Performance Testing PASS_

Submitter: Feifei Wang <wff_light@vip.163.com>
Date: Tuesday, July 01 2025 01:42:09 
DPDK git baseline: Repo:dpdk
  Branch: master
  CommitID:77864da82f25a9e1e43c14b2cba68c2049a3ee3e

154863-154879 --> performance testing pass

Upstream job id: Template-DTS-Pipeline#234173

Test environment and result as below:

Ubuntu 24.04
Kernel: 6.8
Compiler: gcc gcc (Ubuntu 13.3.0-6ubuntu2~24.04) 13.3.0
NIC: NVIDIA Mellanox ConnectX-7 100000 Mbps
Fail/Total: 0/6

Detail performance results: 
+------------+---------+----------+-------------+------------------------------+
| frame_size | txd/rxd | num_cpus | num_threads |  throughput difference from  |
|            |         |          |             |           expected           |
+============+=========+==========+=============+==============================+
| 64         | 1024    | 1        | 1           | -0.1%                        |
+------------+---------+----------+-------------+------------------------------+
| 128        | 1024    | 1        | 1           | 0.1%                         |
+------------+---------+----------+-------------+------------------------------+
| 256        | 1024    | 1        | 1           | 0.5%                         |
+------------+---------+----------+-------------+------------------------------+
| 512        | 1024    | 1        | 1           | -0.1%                        |
+------------+---------+----------+-------------+------------------------------+
| 1024       | 1024    | 1        | 1           | 0.0%                         |
+------------+---------+----------+-------------+------------------------------+
| 1518       | 1024    | 1        | 1           | 0.0%                         |
+------------+---------+----------+-------------+------------------------------+

Ubuntu 24.04
Kernel: 6.8
Compiler: gcc gcc (Ubuntu 13.3.0-6ubuntu2~24.04) 13.3.0
NIC: Mellanox ConnectX-6 Lx 25000 Mbps
Fail/Total: 0/6

Detail performance results: 
+------------+---------+----------+-------------+------------------------------+
| frame_size | txd/rxd | num_cpus | num_threads |  throughput difference from  |
|            |         |          |             |           expected           |
+============+=========+==========+=============+==============================+
| 64         | 1024    | 1        | 1           | 0.1%                         |
+------------+---------+----------+-------------+------------------------------+
| 128        | 1024    | 1        | 1           | -0.3%                        |
+------------+---------+----------+-------------+------------------------------+
| 256        | 1024    | 1        | 1           | -0.2%                        |
+------------+---------+----------+-------------+------------------------------+
| 512        | 1024    | 1        | 1           | -0.1%                        |
+------------+---------+----------+-------------+------------------------------+
| 1024       | 1024    | 1        | 1           | -0.1%                        |
+------------+---------+----------+-------------+------------------------------+
| 1518       | 1024    | 1        | 1           | 0.1%                         |
+------------+---------+----------+-------------+------------------------------+

To view detailed results, visit:
https://lab.dpdk.org/results/dashboard/patchsets/33548/

UNH-IOL DPDK Community Lab

To manage your email subscriptions, visit: 
https://lab.dpdk.org/results/dashboard/preferences/subscriptions/

^ permalink raw reply	[flat|nested] 18+ messages in thread

* |PENDING| pw154863-154879 [PATCH] [V4,18/18] drivers/net: add hinic3
       [not found] <20250701014223.2440-19-wff_light@vip.163.com>
                   ` (7 preceding siblings ...)
  2025-07-01  2:44 ` |SUCCESS| pw154863-154879 [PATCH] [V4,18/18] drivers/net: add hinic3 dpdklab
@ 2025-07-01  3:10 ` dpdklab
  2025-07-01  3:11 ` |SUCCESS| " dpdklab
                   ` (8 subsequent siblings)
  17 siblings, 0 replies; 18+ messages in thread
From: dpdklab @ 2025-07-01  3:10 UTC (permalink / raw)
  To: Test Report; +Cc: dpdk-test-reports

Test-Label: iol-compile-arm64-testing
Test-Status: PENDING
http://dpdk.org/patch/154879

_Testing pending_

Submitter: Feifei Wang <wff_light@vip.163.com>
Date: Tuesday, July 01 2025 01:42:09 
DPDK git baseline: Repo:dpdk
  Branch: master
  CommitID:77864da82f25a9e1e43c14b2cba68c2049a3ee3e

154863-154879 --> testing pending

Upstream job id: Generic-DPDK-Compile-Meson#403934

Test environment and result as below:

+------------------------------+--------------------+
|         Environment          | dpdk_meson_compile |
+==============================+====================+
| Red Hat Enterprise Linux 9.5 | PEND               |
+------------------------------+--------------------+
| Ubuntu 20.04                 | PEND               |
+------------------------------+--------------------+
| Debian GNU/Linux 12          | PEND               |
+------------------------------+--------------------+
| Fedora Linux 40              | PEND               |
+------------------------------+--------------------+
| Fedora Linux 41              | PEND               |
+------------------------------+--------------------+
| Ubuntu 22.04                 | PEND               |
+------------------------------+--------------------+
| Ubuntu 24.04                 | PEND               |
+------------------------------+--------------------+
| CentOS Stream 9              | PEND               |
+------------------------------+--------------------+
| CentOS Stream 10             | PEND               |
+------------------------------+--------------------+


Red Hat Enterprise Linux 9.5
	Kernel: 5.4
	Compiler: gcc gcc (GCC) 11.5.0 20240719 (Red Hat 11.5.0-2)

Ubuntu 20.04
	Kernel: 5.15
	Compiler: aarch64-linux-gnu-gcc gcc (Ubuntu 9.4.0-1ubuntu1~20.04.2) 9.4.0

Debian GNU/Linux 12
	Kernel: 5.4
	Compiler: gcc gcc (Debian 12.2.0-14+deb12u1) 12.2.0

Fedora Linux 40
	Kernel: 5.4
	Compiler: gcc gcc (GCC) 14.2.1 20240912 (Red Hat 14.2.1-3)

Fedora Linux 41
	Kernel: 5.4
	Compiler: clang gcc (GCC) 14.3.1 20250523 (Red Hat 14.3.1-1)

Ubuntu 22.04
	Kernel: 5.4
	Compiler: gcc gcc (Ubuntu 11.4.0-1ubuntu1~22.04) 11.4.0

Ubuntu 24.04
	Kernel: 5.4
	Compiler: gcc gcc (Ubuntu 13.3.0-6ubuntu2~24.04) 13.3.0

CentOS Stream 9
	Kernel: 5.4
	Compiler: gcc gcc (GCC) 11.5.0 20240719 (Red Hat 11.5.0-7)

CentOS Stream 10
	Kernel: 5.4
	Compiler: gcc gcc (GCC) 14.2.1 20250110 (Red Hat 14.2.1-8)

To view detailed results, visit:
https://lab.dpdk.org/results/dashboard/patchsets/33548/

UNH-IOL DPDK Community Lab

To manage your email subscriptions, visit: 
https://lab.dpdk.org/results/dashboard/preferences/subscriptions/

^ permalink raw reply	[flat|nested] 18+ messages in thread

* |SUCCESS| pw154863-154879 [PATCH] [V4,18/18] drivers/net: add hinic3
       [not found] <20250701014223.2440-19-wff_light@vip.163.com>
                   ` (8 preceding siblings ...)
  2025-07-01  3:10 ` |PENDING| " dpdklab
@ 2025-07-01  3:11 ` dpdklab
  2025-07-01  3:13 ` |FAILURE| " dpdklab
                   ` (7 subsequent siblings)
  17 siblings, 0 replies; 18+ messages in thread
From: dpdklab @ 2025-07-01  3:11 UTC (permalink / raw)
  To: Test Report; +Cc: dpdk-test-reports

Test-Label: iol-intel-Functional
Test-Status: SUCCESS
http://dpdk.org/patch/154879

_Functional Testing PASS_

Submitter: Feifei Wang <wff_light@vip.163.com>
Date: Tuesday, July 01 2025 01:42:09 
DPDK git baseline: Repo:dpdk
  Branch: master
  CommitID:77864da82f25a9e1e43c14b2cba68c2049a3ee3e

154863-154879 --> functional testing pass

Upstream job id: Template-DTS-Pipeline#234183

Test environment and result as below:

Ubuntu 22.04
Kernel: 5.15
Compiler: gcc gcc (Ubuntu 11.4.0-1ubuntu1~22.04) 11.4.0
NIC: Intel Corporation QAT 8970 0 Mbps

Aggregate Results by Test Suite
+----------------------------+--------+
|         Test Suite         | Result |
+============================+========+
| crypto_perf_cryptodev_perf |  PASS  |
+----------------------------+--------+


To view detailed results, visit:
https://lab.dpdk.org/results/dashboard/patchsets/33548/

UNH-IOL DPDK Community Lab

To manage your email subscriptions, visit: 
https://lab.dpdk.org/results/dashboard/preferences/subscriptions/

^ permalink raw reply	[flat|nested] 18+ messages in thread

* |FAILURE| pw154863-154879 [PATCH] [V4,18/18] drivers/net: add hinic3
       [not found] <20250701014223.2440-19-wff_light@vip.163.com>
                   ` (9 preceding siblings ...)
  2025-07-01  3:11 ` |SUCCESS| " dpdklab
@ 2025-07-01  3:13 ` dpdklab
  2025-07-01  3:36 ` |SUCCESS| " dpdklab
                   ` (6 subsequent siblings)
  17 siblings, 0 replies; 18+ messages in thread
From: dpdklab @ 2025-07-01  3:13 UTC (permalink / raw)
  To: Test Report; +Cc: dpdk-test-reports, Feifei Wang

Test-Label: iol-unit-amd64-testing
Test-Status: FAILURE
http://dpdk.org/patch/154879

_Testing issues_

Submitter: Feifei Wang <wff_light@vip.163.com>
Date: Tuesday, July 01 2025 01:42:09 
DPDK git baseline: Repo:dpdk
  Branch: master
  CommitID:77864da82f25a9e1e43c14b2cba68c2049a3ee3e

154863-154879 --> testing issues

Upstream job id: Generic-Unit-Test-DPDK#351239

Test environment and result as below:

+-------------------------------+----------------+
|          Environment          | dpdk_unit_test |
+===============================+================+
| CentOS Stream 9               | PASS           |
+-------------------------------+----------------+
| Red Hat Enterprise Linux 8.10 | PASS           |
+-------------------------------+----------------+
| Ubuntu 20.04                  | PASS           |
+-------------------------------+----------------+
| Ubuntu 22.04                  | PASS           |
+-------------------------------+----------------+
| Fedora Linux 41               | FAIL           |
+-------------------------------+----------------+
| CentOS Stream 10              | PASS           |
+-------------------------------+----------------+
| Fedora Linux 40               | PASS           |
+-------------------------------+----------------+
| Debian GNU/Linux 12           | PASS           |
+-------------------------------+----------------+
| Ubuntu 24.04                  | PASS           |
+-------------------------------+----------------+
| Red Hat Enterprise Linux 9.5  | PASS           |
+-------------------------------+----------------+
| Windows Server 2022           | PASS           |
+-------------------------------+----------------+

==== Unit test summary for Fedora Linux 41 (dpdk_unit_test): ====
ninja: Entering directory `/root/workspace/Generic-Unit-Test-DPDK/dpdk/build'
ninja: no work to do.
  1/121 DPDK:fast-tests / acl_autotest                   OK               9.38s
  2/121 DPDK:fast-tests / alarm_autotest                 OK               1.29s
  3/121 DPDK:fast-tests / argparse_autotest              OK               0.19s
  4/121 DPDK:fast-tests / atomic_autotest                OK               0.35s
  5/121 DPDK:fast-tests / bitcount_autotest              OK               0.19s
  6/121 DPDK:fast-tests / bitmap_autotest                OK               0.18s
  7/121 DPDK:fast-tests / bitops_autotest                OK               1.76s
  8/121 DPDK:fast-tests / bitratestats_autotest          OK               0.31s
  9/121 DPDK:fast-tests / bitset_autotest                OK               1.41s
 10/121 DPDK:fast-tests / bpf_autotest                   OK               0.30s
 11/121 DPDK:fast-tests / bpf_convert_autotest           OK               0.69s
 12/121 DPDK:fast-tests / byteorder_autotest             OK               0.43s
 13/121 DPDK:fast-tests / cfgfile_autotest               OK               0.25s
 14/121 DPDK:fast-tests / cksum_autotest                 OK               0.31s
 15/121 DPDK:fast-tests / cmdline_autotest               OK               0.18s
 16/121 DPDK:fast-tests / common_autotest                OK               0.69s
 17/121 DPDK:fast-tests / compressdev_autotest           SKIP             0.17s   exit status 77
 18/121 DPDK:fast-tests / cpuflags_autotest              OK               0.64s
 19/121 DPDK:fast-tests / crc_autotest                   OK               0.68s
 20/121 DPDK:fast-tests / user_delay_us                  OK               0.17s
 21/121 DPDK:fast-tests / debug_autotest                 OK               1.00s
 22/121 DPDK:fast-tests / devargs_autotest               OK               1.37s
 23/121 DPDK:fast-tests / dispatcher_autotest            SKIP             0.14s   exit status 77
 24/121 DPDK:fast-tests / distributor_autotest           OK               0.90s
 25/121 DPDK:fast-tests / eal_flags_c_opt_autotest       OK               0.67s
 26/121 DPDK:fast-tests / eal_flags_main_opt_autotest    OK               0.27s
 27/121 DPDK:fast-tests / eal_flags_n_opt_autotest       OK               0.49s
 28/121 DPDK:fast-tests / eal_flags_hpet_autotest        OK               0.29s
 29/121 DPDK:fast-tests / eal_flags_no_huge_autotest     OK               1.29s
 30/121 DPDK:fast-tests / eal_flags_a_opt_autotest       OK               1.14s
 31/121 DPDK:fast-tests / eal_flags_b_opt_autotest       OK               3.20s
 32/121 DPDK:fast-tests / eal_flags_vdev_opt_autotest    OK               1.32s
 33/121 DPDK:fast-tests / eal_flags_r_opt_autotest       OK               0.27s
 34/121 DPDK:fast-tests / eal_flags_mem_autotest         OK               0.68s
 35/121 DPDK:fast-tests / eal_flags_file_prefix_autotest OK               5.51s
 36/121 DPDK:fast-tests / eal_flags_misc_autotest        OK               4.63s
 37/121 DPDK:fast-tests / eal_fs_autotest                OK               0.57s
 38/121 DPDK:fast-tests / errno_autotest                 OK               0.57s
 39/121 DPDK:fast-tests / ethdev_link_status             OK               0.16s
 40/121 DPDK:fast-tests / event_eth_tx_adapter_autotest  OK               0.95s
 41/121 DPDK:fast-tests / event_ring_autotest            OK               0.44s
 42/121 DPDK:fast-tests / event_vector_adapter_autotest  FAIL             2.13s   (exit status 255 or signal 127 SIGinvalid)
>>> DPDK_TEST=event_vector_adapter_autotest MALLOC_PERTURB_=114 /root/workspace/Generic-Unit-Test-DPDK/dpdk/build/app/dpdk-test --no-huge -m 2048

 43/121 DPDK:fast-tests / eventdev_common_autotest       OK               0.20s
 44/121 DPDK:fast-tests / eventdev_selftest_sw           OK               0.23s
 45/121 DPDK:fast-tests / fbarray_autotest               OK               0.81s
 46/121 DPDK:fast-tests / fib_autotest                   OK               1.55s
 47/121 DPDK:fast-tests / fib6_autotest                  OK               1.61s
 48/121 DPDK:fast-tests / func_reentrancy_autotest       OK               0.53s
 49/121 DPDK:fast-tests / graph_autotest                 OK               0.17s
 50/121 DPDK:fast-tests / node_list_dump                 OK               0.17s
 51/121 DPDK:fast-tests / graph_feature_arc_autotest     OK               0.16s
 52/121 DPDK:fast-tests / hash_autotest                  OK               0.26s
 53/121 DPDK:fast-tests / hash_readwrite_func_autotest   SKIP             0.14s   exit status 77
 54/121 DPDK:fast-tests / interrupt_autotest             OK               1.18s
 55/121 DPDK:fast-tests / ipfrag_autotest                OK               0.14s
 56/121 DPDK:fast-tests / ipsec_autotest                 SKIP             0.21s   exit status 77
 57/121 DPDK:fast-tests / kvargs_autotest                OK               0.21s
 58/121 DPDK:fast-tests / latencystats_autotest          OK               0.30s
 59/121 DPDK:fast-tests / lcore_var_autotest             OK               0.56s
 60/121 DPDK:fast-tests / lcores_autotest                OK              12.04s
 61/121 DPDK:fast-tests / logs_autotest                  OK               0.17s
 62/121 DPDK:fast-tests / lpm_autotest                   OK               2.96s
 63/121 DPDK:fast-tests / lpm6_autotest                  OK               6.04s
 64/121 DPDK:fast-tests / malloc_autotest                OK               0.55s
 65/121 DPDK:fast-tests / mbuf_autotest                  OK               0.17s
 66/121 DPDK:fast-tests / mcslock_autotest               OK               1.74s
 67/121 DPDK:fast-tests / member_autotest                OK               0.84s
 68/121 DPDK:fast-tests / memcpy_autotest                OK               3.10s
 69/121 DPDK:fast-tests / memory_autotest                OK               0.15s
 70/121 DPDK:fast-tests / mempool_autotest               OK               0.43s
 71/121 DPDK:fast-tests / memzone_autotest               OK               0.26s
 72/121 DPDK:fast-tests / meter_autotest                 OK               0.56s
 73/121 DPDK:fast-tests / metrics_autotest               OK               0.30s
 74/121 DPDK:fast-tests / multiprocess_autotest          OK               0.36s
 75/121 DPDK:fast-tests / net_ether_autotest             OK               0.46s
 76/121 DPDK:fast-tests / net_ipv6_autotest              OK               0.17s
 77/121 DPDK:fast-tests / pcapng_autotest                OK               7.91s
 78/121 DPDK:fast-tests / pdcp_autotest                  SKIP             0.33s   exit status 77
 79/121 DPDK:fast-tests / pdump_autotest                 OK               0.54s
 80/121 DPDK:fast-tests / per_lcore_autotest             OK               0.28s
 81/121 DPDK:fast-tests / pflock_autotest                OK               0.29s
 82/121 DPDK:fast-tests / pie_autotest                   OK               0.19s
 83/121 DPDK:fast-tests / ring_pmd_autotest              OK               0.19s
 84/121 DPDK:fast-tests / power_autotest                 OK               0.18s
 85/121 DPDK:fast-tests / power_cpufreq_autotest         SKIP             0.15s   exit status 77
 86/121 DPDK:fast-tests / power_intel_uncore_autotest    SKIP             0.19s   exit status 77
 87/121 DPDK:fast-tests / power_kvm_vm_autotest          SKIP             0.15s   exit status 77
 88/121 DPDK:fast-tests / prefetch_autotest              OK               0.19s
 89/121 DPDK:fast-tests / ptr_compress_autotest          OK               0.30s
 90/121 DPDK:fast-tests / rawdev_autotest                OK               0.19s
 91/121 DPDK:fast-tests / rcu_qsbr_autotest              OK               0.43s
 92/121 DPDK:fast-tests / reorder_autotest               OK               0.30s
 93/121 DPDK:fast-tests / rib_autotest                   OK              10.13s
 94/121 DPDK:fast-tests / rib6_autotest                  OK              10.48s
 95/121 DPDK:fast-tests / ring_autotest                  OK               0.18s
 96/121 DPDK:fast-tests / rwlock_test1_autotest          OK               0.27s
 97/121 DPDK:fast-tests / rwlock_rda_autotest            OK               5.59s
 98/121 DPDK:fast-tests / rwlock_rds_wrm_autotest        OK               5.23s
 99/121 DPDK:fast-tests / rwlock_rde_wro_autotest        OK               5.36s
100/121 DPDK:fast-tests / sched_autotest                 OK               0.23s
101/121 DPDK:fast-tests / security_autotest              OK               0.24s
102/121 DPDK:fast-tests / seqlock_autotest               SKIP             0.59s   exit status 77
103/121 DPDK:fast-tests / service_autotest               OK               0.55s
104/121 DPDK:fast-tests / soring_autotest                OK               0.19s
105/121 DPDK:fast-tests / spinlock_autotest              OK               0.21s
106/121 DPDK:fast-tests / stack_autotest                 OK               0.19s
107/121 DPDK:fast-tests / stack_lf_autotest              OK               0.72s
108/121 DPDK:fast-tests / string_autotest                OK               0.39s
109/121 DPDK:fast-tests / table_autotest                 OK               7.35s
110/121 DPDK:fast-tests / tailq_autotest                 OK               0.17s
111/121 DPDK:fast-tests / telemetry_data_autotest        OK               0.18s
112/121 DPDK:fast-tests / telemetry_json_autotest        OK               0.17s
113/121 DPDK:fast-tests / thash_autotest                 OK               0.51s
114/121 DPDK:fast-tests / threads_autotest               OK               0.88s
115/121 DPDK:fast-tests / ticketlock_autotest            OK               0.44s
116/121 DPDK:fast-tests / timer_autotest                 OK               3.63s
117/121 DPDK:fast-tests / trace_autotest                 OK               0.44s
118/121 DPDK:fast-tests / trace_autotest_with_traces     OK               1.59s
119/121 DPDK:fast-tests / vdev_autotest                  OK               0.66s
120/121 DPDK:fast-tests / version_autotest               OK               0.19s
121/121 DPDK:fast-tests / telemetry_all                  SKIP             0.02s   exit status 77


Ok:                 110 
Expected Fail:      0   
Fail:               1   
Unexpected Pass:    0   
Skipped:            10  
Timeout:            0   

Full log written to /root/workspace/Generic-Unit-Test-DPDK/dpdk/build/meson-logs/testlog.txt



Test log output from the failed test event_vector_adapter_autotest:

Sorry, we were not able to find the logs for this test.
Download the log output from the CI site for this test run.
==== End log output ====

CentOS Stream 9
	Kernel: 5.15
	Compiler: gcc gcc (GCC) 11.5.0 20240719 (Red Hat 11.5.0-7)

Red Hat Enterprise Linux 8.10
	Kernel: 5.15
	Compiler: gcc gcc (GCC) 8.5.0 20210514 (Red Hat 8.5.0-22)

Ubuntu 20.04
	Kernel: 5.15
	Compiler: gcc gcc (Ubuntu 9.4.0-1ubuntu1~20.04.2) 9.4.0

Ubuntu 22.04
	Kernel: 5.15
	Compiler: gcc gcc (Ubuntu 11.4.0-1ubuntu1~22.04) 11.4.0

Fedora Linux 41
	Kernel: 5.15
	Compiler: clang gcc (GCC) 14.3.1 20250523 (Red Hat 14.3.1-1)

CentOS Stream 10
	Kernel: 5.15
	Compiler: gcc gcc (GCC) 14.2.1 20250110 (Red Hat 14.2.1-8)

Fedora Linux 40
	Kernel: 5.15
	Compiler: gcc gcc (GCC) 14.2.1 20240912 (Red Hat 14.2.1-3)

Debian GNU/Linux 12
	Kernel: 5.15
	Compiler: gcc gcc (Debian 12.2.0-14+deb12u1) 12.2.0

Ubuntu 24.04
	Kernel: 5.15
	Compiler: gcc gcc (Ubuntu 13.3.0-6ubuntu2~24.04) 13.3.0

Red Hat Enterprise Linux 9.5
	Kernel: 5.15
	Compiler: gcc gcc (GCC) 11.5.0 20240719 (Red Hat 11.5.0-2)

Windows Server 2022
	Kernel: 10.0.20348.2031
	Compiler: clang 15.0.7, gcc 14.1.0 (MinGW), and MSVC VS 19.39.33521

To view detailed results, visit:
https://lab.dpdk.org/results/dashboard/patchsets/33548/

UNH-IOL DPDK Community Lab

To manage your email subscriptions, visit: 
https://lab.dpdk.org/results/dashboard/preferences/subscriptions/

^ permalink raw reply	[flat|nested] 18+ messages in thread

* |SUCCESS| pw154863-154879 [PATCH] [V4,18/18] drivers/net: add hinic3
       [not found] <20250701014223.2440-19-wff_light@vip.163.com>
                   ` (10 preceding siblings ...)
  2025-07-01  3:13 ` |FAILURE| " dpdklab
@ 2025-07-01  3:36 ` dpdklab
  2025-07-01  3:54 ` dpdklab
                   ` (5 subsequent siblings)
  17 siblings, 0 replies; 18+ messages in thread
From: dpdklab @ 2025-07-01  3:36 UTC (permalink / raw)
  To: Test Report; +Cc: dpdk-test-reports

Test-Label: iol-abi-testing
Test-Status: SUCCESS
http://dpdk.org/patch/154879

_Testing PASS_

Submitter: Feifei Wang <wff_light@vip.163.com>
Date: Tuesday, July 01 2025 01:42:09 
DPDK git baseline: Repo:dpdk
  Branch: master
  CommitID:77864da82f25a9e1e43c14b2cba68c2049a3ee3e

154863-154879 --> testing pass

Upstream job id: Generic-DPDK-Compile-ABI#132463

Test environment and result as below:

+-------------------------------+----------+
|          Environment          | abi_test |
+===============================+==========+
| CentOS Stream 10              | PASS     |
+-------------------------------+----------+
| CentOS Stream 9               | PASS     |
+-------------------------------+----------+
| Debian GNU/Linux 12           | PASS     |
+-------------------------------+----------+
| Fedora Linux 40               | PASS     |
+-------------------------------+----------+
| Fedora Linux 41               | PASS     |
+-------------------------------+----------+
| openSUSE Leap 15.6            | PASS     |
+-------------------------------+----------+
| Red Hat Enterprise Linux 9.5  | PASS     |
+-------------------------------+----------+
| Ubuntu 24.04                  | PASS     |
+-------------------------------+----------+
| Red Hat Enterprise Linux 8.10 | PASS     |
+-------------------------------+----------+
| Ubuntu 22.04                  | PASS     |
+-------------------------------+----------+


CentOS Stream 10
	Kernel: 5.15
	Compiler: gcc gcc (GCC) 14.2.1 20250110 (Red Hat 14.2.1-8)

CentOS Stream 9
	Kernel: 5.15
	Compiler: gcc gcc (GCC) 11.5.0 20240719 (Red Hat 11.5.0-7)

Debian GNU/Linux 12
	Kernel: 5.15
	Compiler: gcc gcc (Debian 12.2.0-14+deb12u1) 12.2.0

Fedora Linux 40
	Kernel: 5.15
	Compiler: gcc gcc (GCC) 14.2.1 20240912 (Red Hat 14.2.1-3)

Fedora Linux 41
	Kernel: 5.15
	Compiler: clang gcc (GCC) 14.3.1 20250523 (Red Hat 14.3.1-1)

openSUSE Leap 15.6
	Kernel: 5.15
	Compiler: gcc gcc (SUSE Linux) 7.5.0

Red Hat Enterprise Linux 9.5
	Kernel: 5.15
	Compiler: gcc gcc (GCC) 11.5.0 20240719 (Red Hat 11.5.0-2)

Ubuntu 24.04
	Kernel: 5.15
	Compiler: gcc gcc (Ubuntu 13.3.0-6ubuntu2~24.04) 13.3.0

Red Hat Enterprise Linux 8.10
	Kernel: 5.15
	Compiler: gcc gcc (GCC) 8.5.0 20210514 (Red Hat 8.5.0-22)

Ubuntu 22.04
	Kernel: 5.15
	Compiler: gcc gcc (Ubuntu 11.4.0-1ubuntu1~22.04) 11.4.0

To view detailed results, visit:
https://lab.dpdk.org/results/dashboard/patchsets/33548/

UNH-IOL DPDK Community Lab

To manage your email subscriptions, visit: 
https://lab.dpdk.org/results/dashboard/preferences/subscriptions/

^ permalink raw reply	[flat|nested] 18+ messages in thread

* |SUCCESS| pw154863-154879 [PATCH] [V4,18/18] drivers/net: add hinic3
       [not found] <20250701014223.2440-19-wff_light@vip.163.com>
                   ` (11 preceding siblings ...)
  2025-07-01  3:36 ` |SUCCESS| " dpdklab
@ 2025-07-01  3:54 ` dpdklab
  2025-07-01  4:01 ` dpdklab
                   ` (4 subsequent siblings)
  17 siblings, 0 replies; 18+ messages in thread
From: dpdklab @ 2025-07-01  3:54 UTC (permalink / raw)
  To: Test Report; +Cc: dpdk-test-reports

Test-Label: iol-sample-apps-testing
Test-Status: SUCCESS
http://dpdk.org/patch/154879

_Testing PASS_

Submitter: Feifei Wang <wff_light@vip.163.com>
Date: Tuesday, July 01 2025 01:42:09 
DPDK git baseline: Repo:dpdk
  Branch: master
  CommitID:77864da82f25a9e1e43c14b2cba68c2049a3ee3e

154863-154879 --> testing pass

Upstream job id: ACVP-FIPS-testing#10353

Test environment and result as below:

+--------------+----------------------+----------------------+
| Environment  | compressdev_zlib_pmd | dpdk_fips_validation |
+==============+======================+======================+
| Ubuntu 22.04 | PASS                 | SKIPPED              |
+--------------+----------------------+----------------------+
| Ubuntu 20.04 | SKIPPED              | PASS                 |
+--------------+----------------------+----------------------+


Ubuntu 22.04
	Kernel: 5.15
	Compiler: gcc gcc (Ubuntu 11.4.0-1ubuntu1~22.04) 11.4.0

Ubuntu 20.04
	Kernel: 5.15
	Compiler: gcc gcc (Ubuntu 9.4.0-1ubuntu1~20.04.2) 9.4.0

To view detailed results, visit:
https://lab.dpdk.org/results/dashboard/patchsets/33548/

UNH-IOL DPDK Community Lab

To manage your email subscriptions, visit: 
https://lab.dpdk.org/results/dashboard/preferences/subscriptions/

^ permalink raw reply	[flat|nested] 18+ messages in thread

* |SUCCESS| pw154863-154879 [PATCH] [V4,18/18] drivers/net: add hinic3
       [not found] <20250701014223.2440-19-wff_light@vip.163.com>
                   ` (12 preceding siblings ...)
  2025-07-01  3:54 ` dpdklab
@ 2025-07-01  4:01 ` dpdklab
  2025-07-01  4:05 ` |WARNING| " dpdklab
                   ` (3 subsequent siblings)
  17 siblings, 0 replies; 18+ messages in thread
From: dpdklab @ 2025-07-01  4:01 UTC (permalink / raw)
  To: Test Report; +Cc: dpdk-test-reports

Test-Label: iol-unit-arm64-testing
Test-Status: SUCCESS
http://dpdk.org/patch/154879

_Testing PASS_

Submitter: Feifei Wang <wff_light@vip.163.com>
Date: Tuesday, July 01 2025 01:42:09 
DPDK git baseline: Repo:dpdk
  Branch: master
  CommitID:77864da82f25a9e1e43c14b2cba68c2049a3ee3e

154863-154879 --> testing pass

Upstream job id: Generic-Unit-Test-DPDK#351240

Test environment and result as below:

+------------------------------+--------------+---------------------------+------------------------------+----------------+
|         Environment          | lpm_autotest | cryptodev_sw_zuc_autotest | cryptodev_sw_snow3g_autotest | dpdk_unit_test |
+==============================+==============+===========================+==============================+================+
| Ubuntu 20.04                 | PASS         | SKIPPED                   | SKIPPED                      | PASS           |
+------------------------------+--------------+---------------------------+------------------------------+----------------+
| Debian 12 (arm)              | SKIPPED      | PASS                      | PASS                         | SKIPPED        |
+------------------------------+--------------+---------------------------+------------------------------+----------------+
| CentOS Stream 10             | SKIPPED      | SKIPPED                   | SKIPPED                      | PASS           |
+------------------------------+--------------+---------------------------+------------------------------+----------------+
| Ubuntu 24.04                 | SKIPPED      | SKIPPED                   | SKIPPED                      | PASS           |
+------------------------------+--------------+---------------------------+------------------------------+----------------+
| CentOS Stream 9              | SKIPPED      | SKIPPED                   | SKIPPED                      | PASS           |
+------------------------------+--------------+---------------------------+------------------------------+----------------+
| Ubuntu 22.04                 | SKIPPED      | SKIPPED                   | SKIPPED                      | PASS           |
+------------------------------+--------------+---------------------------+------------------------------+----------------+
| Debian GNU/Linux 12          | SKIPPED      | SKIPPED                   | SKIPPED                      | PASS           |
+------------------------------+--------------+---------------------------+------------------------------+----------------+
| Fedora Linux 41              | SKIPPED      | SKIPPED                   | SKIPPED                      | PASS           |
+------------------------------+--------------+---------------------------+------------------------------+----------------+
| Fedora Linux 40              | SKIPPED      | SKIPPED                   | SKIPPED                      | PASS           |
+------------------------------+--------------+---------------------------+------------------------------+----------------+
| Red Hat Enterprise Linux 9.5 | SKIPPED      | SKIPPED                   | SKIPPED                      | PASS           |
+------------------------------+--------------+---------------------------+------------------------------+----------------+


Ubuntu 20.04
	Kernel: 5.4
	Compiler: gcc gcc (Ubuntu 9.4.0-1ubuntu1~20.04.2) 9.4.0

Debian 12 (arm)
	Kernel: Depends on container host
	Compiler: gcc (Debian 12.2.0-14) 12.2.0

CentOS Stream 10
	Kernel: 5.4
	Compiler: gcc gcc (GCC) 14.2.1 20250110 (Red Hat 14.2.1-8)

Ubuntu 24.04
	Kernel: 5.4
	Compiler: gcc gcc (Ubuntu 13.3.0-6ubuntu2~24.04) 13.3.0

CentOS Stream 9
	Kernel: 5.4
	Compiler: gcc gcc (GCC) 11.5.0 20240719 (Red Hat 11.5.0-7)

Ubuntu 22.04
	Kernel: 5.4
	Compiler: gcc gcc (Ubuntu 11.4.0-1ubuntu1~22.04) 11.4.0

Debian GNU/Linux 12
	Kernel: 5.4
	Compiler: gcc gcc (Debian 12.2.0-14+deb12u1) 12.2.0

Fedora Linux 41
	Kernel: 5.4
	Compiler: clang gcc (GCC) 14.3.1 20250523 (Red Hat 14.3.1-1)

Fedora Linux 40
	Kernel: 5.4
	Compiler: clang gcc (GCC) 14.2.1 20240912 (Red Hat 14.2.1-3)

Red Hat Enterprise Linux 9.5
	Kernel: 5.4
	Compiler: gcc gcc (GCC) 11.5.0 20240719 (Red Hat 11.5.0-2)

To view detailed results, visit:
https://lab.dpdk.org/results/dashboard/patchsets/33548/

UNH-IOL DPDK Community Lab

To manage your email subscriptions, visit: 
https://lab.dpdk.org/results/dashboard/preferences/subscriptions/

^ permalink raw reply	[flat|nested] 18+ messages in thread

* |WARNING| pw154863-154879 [PATCH] [V4,18/18] drivers/net: add hinic3
       [not found] <20250701014223.2440-19-wff_light@vip.163.com>
                   ` (13 preceding siblings ...)
  2025-07-01  4:01 ` dpdklab
@ 2025-07-01  4:05 ` dpdklab
  2025-07-01  8:23 ` |SUCCESS| " dpdklab
                   ` (2 subsequent siblings)
  17 siblings, 0 replies; 18+ messages in thread
From: dpdklab @ 2025-07-01  4:05 UTC (permalink / raw)
  To: Test Report; +Cc: dpdk-test-reports

Test-Label: iol-compile-amd64-testing
Test-Status: WARNING
http://dpdk.org/patch/154879

_Testing issues_

Submitter: Feifei Wang <wff_light@vip.163.com>
Date: Tuesday, July 01 2025 01:42:09 
DPDK git baseline: Repo:dpdk
  Branch: master
  CommitID:77864da82f25a9e1e43c14b2cba68c2049a3ee3e

154863-154879 --> testing issues

Upstream job id: Generic-DPDK-Compile-Meson#403930

Test environment and result as below:

+-------------------------------+--------------------+-------------------+------------------+-------------------+-------------------------+----------------------+
|          Environment          | dpdk_meson_compile | dpdk_compile_spdk | dpdk_compile_ovs | dpdk_msvc_compile | dpdk_llvm_clang_compile | dpdk_mingw64_compile |
+===============================+====================+===================+==================+===================+=========================+======================+
| CentOS Stream 9               | PASS               | PASS              | SKIPPED          | SKIPPED           | SKIPPED                 | SKIPPED              |
+-------------------------------+--------------------+-------------------+------------------+-------------------+-------------------------+----------------------+
| CentOS Stream 10              | PASS               | SKIPPED           | SKIPPED          | SKIPPED           | SKIPPED                 | SKIPPED              |
+-------------------------------+--------------------+-------------------+------------------+-------------------+-------------------------+----------------------+
| Fedora Linux 40               | PASS               | PASS              | SKIPPED          | SKIPPED           | SKIPPED                 | SKIPPED              |
+-------------------------------+--------------------+-------------------+------------------+-------------------+-------------------------+----------------------+
| Debian GNU/Linux 12           | PASS               | PASS              | SKIPPED          | SKIPPED           | SKIPPED                 | SKIPPED              |
+-------------------------------+--------------------+-------------------+------------------+-------------------+-------------------------+----------------------+
| Ubuntu 20.04                  | PASS               | SKIPPED           | SKIPPED          | SKIPPED           | SKIPPED                 | SKIPPED              |
+-------------------------------+--------------------+-------------------+------------------+-------------------+-------------------------+----------------------+
| Red Hat Enterprise Linux 8.10 | PASS               | SKIPPED           | SKIPPED          | SKIPPED           | SKIPPED                 | SKIPPED              |
+-------------------------------+--------------------+-------------------+------------------+-------------------+-------------------------+----------------------+
| Fedora Linux 41               | PASS               | PASS              | PASS             | SKIPPED           | SKIPPED                 | SKIPPED              |
+-------------------------------+--------------------+-------------------+------------------+-------------------+-------------------------+----------------------+
| openSUSE Leap 15.6            | PASS               | SKIPPED           | SKIPPED          | SKIPPED           | SKIPPED                 | SKIPPED              |
+-------------------------------+--------------------+-------------------+------------------+-------------------+-------------------------+----------------------+
| Ubuntu 22.04                  | PASS               | PASS              | SKIPPED          | SKIPPED           | SKIPPED                 | SKIPPED              |
+-------------------------------+--------------------+-------------------+------------------+-------------------+-------------------------+----------------------+
| Red Hat Enterprise Linux 9.5  | PASS               | SKIPPED           | SKIPPED          | SKIPPED           | SKIPPED                 | SKIPPED              |
+-------------------------------+--------------------+-------------------+------------------+-------------------+-------------------------+----------------------+
| Ubuntu 24.04                  | PASS               | PASS              | PASS             | SKIPPED           | SKIPPED                 | SKIPPED              |
+-------------------------------+--------------------+-------------------+------------------+-------------------+-------------------------+----------------------+
| Alpine Linux 3.22.0           | PASS               | SKIPPED           | SKIPPED          | SKIPPED           | SKIPPED                 | SKIPPED              |
+-------------------------------+--------------------+-------------------+------------------+-------------------+-------------------------+----------------------+
| FreeBSD 14.2                  | PASS               | SKIPPED           | SKIPPED          | SKIPPED           | SKIPPED                 | SKIPPED              |
+-------------------------------+--------------------+-------------------+------------------+-------------------+-------------------------+----------------------+
| Windows Server 2022           | SKIPPED            | SKIPPED           | SKIPPED          | PASS              | PASS                    | PASS                 |
+-------------------------------+--------------------+-------------------+------------------+-------------------+-------------------------+----------------------+


CentOS Stream 9
	Kernel: 5.15
	Compiler: gcc gcc (GCC) 11.5.0 20240719 (Red Hat 11.5.0-7)

CentOS Stream 10
	Kernel: 5.15
	Compiler: gcc gcc (GCC) 14.2.1 20250110 (Red Hat 14.2.1-8)

Fedora Linux 40
	Kernel: 5.15
	Compiler: clang gcc (GCC) 14.2.1 20240912 (Red Hat 14.2.1-3)

Debian GNU/Linux 12
	Kernel: 5.15
	Compiler: gcc gcc (Debian 12.2.0-14+deb12u1) 12.2.0

Ubuntu 20.04
	Kernel: 5.15
	Compiler: gcc gcc (Ubuntu 9.4.0-1ubuntu1~20.04.2) 9.4.0

Red Hat Enterprise Linux 8.10
	Kernel: 5.15
	Compiler: gcc gcc (GCC) 8.5.0 20210514 (Red Hat 8.5.0-22)

Fedora Linux 41
	Kernel: 5.15
	Compiler: clang gcc (GCC) 14.3.1 20250523 (Red Hat 14.3.1-1)

openSUSE Leap 15.6
	Kernel: 5.15
	Compiler: gcc gcc (SUSE Linux) 7.5.0

Ubuntu 22.04
	Kernel: 5.15
	Compiler: gcc gcc (Ubuntu 11.4.0-1ubuntu1~22.04) 11.4.0

Red Hat Enterprise Linux 9.5
	Kernel: 5.15
	Compiler: gcc gcc (GCC) 11.5.0 20240719 (Red Hat 11.5.0-2)

Ubuntu 24.04
	Kernel: 5.15
	Compiler: gcc gcc (Ubuntu 13.3.0-6ubuntu2~24.04) 13.3.0

Alpine Linux 3.22.0
	Kernel: 5.15
	Compiler: gcc gcc (Alpine 14.2.0) 14.2.0

FreeBSD 14.2
	Kernel: 14.2-RELEASE
	Compiler: clang 18.1.6

Windows Server 2022
	Kernel: 10.0.20348.2031
	Compiler: clang 15.0.7, gcc 14.1.0 (MinGW), and MSVC VS 19.39.33521

To view detailed results, visit:
https://lab.dpdk.org/results/dashboard/patchsets/33548/

UNH-IOL DPDK Community Lab

To manage your email subscriptions, visit: 
https://lab.dpdk.org/results/dashboard/preferences/subscriptions/

^ permalink raw reply	[flat|nested] 18+ messages in thread

* |SUCCESS| pw154863-154879 [PATCH] [V4,18/18] drivers/net: add hinic3
       [not found] <20250701014223.2440-19-wff_light@vip.163.com>
                   ` (14 preceding siblings ...)
  2025-07-01  4:05 ` |WARNING| " dpdklab
@ 2025-07-01  8:23 ` dpdklab
  2025-07-01 18:52 ` dpdklab
  2025-07-02  0:06 ` dpdklab
  17 siblings, 0 replies; 18+ messages in thread
From: dpdklab @ 2025-07-01  8:23 UTC (permalink / raw)
  To: Test Report; +Cc: dpdk-test-reports

Test-Label: iol-compile-arm64-testing
Test-Status: SUCCESS
http://dpdk.org/patch/154879

_Testing PASS_

Submitter: Feifei Wang <wff_light@vip.163.com>
Date: Tuesday, July 01 2025 01:42:09 
DPDK git baseline: Repo:dpdk
  Branch: master
  CommitID:77864da82f25a9e1e43c14b2cba68c2049a3ee3e

154863-154879 --> testing pass

Upstream job id: Generic-DPDK-Compile-Meson#403937

Test environment and result as below:

+------------------------------+--------------------+
|         Environment          | dpdk_meson_compile |
+==============================+====================+
| Red Hat Enterprise Linux 9.5 | PASS               |
+------------------------------+--------------------+
| Ubuntu 20.04                 | PASS               |
+------------------------------+--------------------+
| Debian GNU/Linux 12          | PASS               |
+------------------------------+--------------------+
| Fedora Linux 40              | PASS               |
+------------------------------+--------------------+
| Fedora Linux 41              | PASS               |
+------------------------------+--------------------+
| Ubuntu 22.04                 | PASS               |
+------------------------------+--------------------+
| Ubuntu 24.04                 | PASS               |
+------------------------------+--------------------+
| CentOS Stream 9              | PASS               |
+------------------------------+--------------------+
| CentOS Stream 10             | PASS               |
+------------------------------+--------------------+


Red Hat Enterprise Linux 9.5
	Kernel: 5.4
	Compiler: gcc gcc (GCC) 11.5.0 20240719 (Red Hat 11.5.0-2)

Ubuntu 20.04
	Kernel: 5.15
	Compiler: aarch64-linux-gnu-gcc gcc (Ubuntu 9.4.0-1ubuntu1~20.04.2) 9.4.0

Debian GNU/Linux 12
	Kernel: 5.4
	Compiler: gcc gcc (Debian 12.2.0-14+deb12u1) 12.2.0

Fedora Linux 40
	Kernel: 5.4
	Compiler: gcc gcc (GCC) 14.2.1 20240912 (Red Hat 14.2.1-3)

Fedora Linux 41
	Kernel: 5.4
	Compiler: clang gcc (GCC) 14.3.1 20250523 (Red Hat 14.3.1-1)

Ubuntu 22.04
	Kernel: 5.4
	Compiler: gcc gcc (Ubuntu 11.4.0-1ubuntu1~22.04) 11.4.0

Ubuntu 24.04
	Kernel: 5.4
	Compiler: gcc gcc (Ubuntu 13.3.0-6ubuntu2~24.04) 13.3.0

CentOS Stream 9
	Kernel: 5.4
	Compiler: gcc gcc (GCC) 11.5.0 20240719 (Red Hat 11.5.0-7)

CentOS Stream 10
	Kernel: 5.4
	Compiler: gcc gcc (GCC) 14.2.1 20250110 (Red Hat 14.2.1-8)

To view detailed results, visit:
https://lab.dpdk.org/results/dashboard/patchsets/33548/

UNH-IOL DPDK Community Lab

To manage your email subscriptions, visit: 
https://lab.dpdk.org/results/dashboard/preferences/subscriptions/

^ permalink raw reply	[flat|nested] 18+ messages in thread

* |SUCCESS| pw154863-154879 [PATCH] [V4,18/18] drivers/net: add hinic3
       [not found] <20250701014223.2440-19-wff_light@vip.163.com>
                   ` (15 preceding siblings ...)
  2025-07-01  8:23 ` |SUCCESS| " dpdklab
@ 2025-07-01 18:52 ` dpdklab
  2025-07-02  0:06 ` dpdklab
  17 siblings, 0 replies; 18+ messages in thread
From: dpdklab @ 2025-07-01 18:52 UTC (permalink / raw)
  To: Test Report; +Cc: dpdk-test-reports

Test-Label: iol-compile-arm64-testing
Test-Status: SUCCESS
http://dpdk.org/patch/154879

_Testing PASS_

Submitter: Feifei Wang <wff_light@vip.163.com>
Date: Tuesday, July 01 2025 01:42:09 
DPDK git baseline: Repo:dpdk
  Branch: master
  CommitID:77864da82f25a9e1e43c14b2cba68c2049a3ee3e

154863-154879 --> testing pass

Upstream job id: Generic-DPDK-Compile-Meson#404216

Test environment and result as below:

+------------------------------+--------------------+
|         Environment          | dpdk_meson_compile |
+==============================+====================+
| Red Hat Enterprise Linux 9.5 | PASS               |
+------------------------------+--------------------+
| Ubuntu 20.04                 | PASS               |
+------------------------------+--------------------+
| Debian GNU/Linux 12          | PASS               |
+------------------------------+--------------------+
| Fedora Linux 40              | PASS               |
+------------------------------+--------------------+
| Fedora Linux 41              | PASS               |
+------------------------------+--------------------+
| Ubuntu 22.04                 | PASS               |
+------------------------------+--------------------+
| Ubuntu 24.04                 | PASS               |
+------------------------------+--------------------+
| CentOS Stream 9              | PASS               |
+------------------------------+--------------------+
| CentOS Stream 10             | PASS               |
+------------------------------+--------------------+


Red Hat Enterprise Linux 9.5
	Kernel: 5.4
	Compiler: gcc gcc (GCC) 11.5.0 20240719 (Red Hat 11.5.0-2)

Ubuntu 20.04
	Kernel: 5.15
	Compiler: aarch64-linux-gnu-gcc gcc (Ubuntu 9.4.0-1ubuntu1~20.04.2) 9.4.0

Debian GNU/Linux 12
	Kernel: 5.4
	Compiler: gcc gcc (Debian 12.2.0-14+deb12u1) 12.2.0

Fedora Linux 40
	Kernel: 5.4
	Compiler: gcc gcc (GCC) 14.2.1 20240912 (Red Hat 14.2.1-3)

Fedora Linux 41
	Kernel: 5.4
	Compiler: clang gcc (GCC) 14.3.1 20250523 (Red Hat 14.3.1-1)

Ubuntu 22.04
	Kernel: 5.4
	Compiler: gcc gcc (Ubuntu 11.4.0-1ubuntu1~22.04) 11.4.0

Ubuntu 24.04
	Kernel: 5.4
	Compiler: gcc gcc (Ubuntu 13.3.0-6ubuntu2~24.04) 13.3.0

CentOS Stream 9
	Kernel: 5.4
	Compiler: gcc gcc (GCC) 11.5.0 20240719 (Red Hat 11.5.0-7)

CentOS Stream 10
	Kernel: 5.4
	Compiler: gcc gcc (GCC) 14.2.1 20250110 (Red Hat 14.2.1-8)

To view detailed results, visit:
https://lab.dpdk.org/results/dashboard/patchsets/33548/

UNH-IOL DPDK Community Lab

To manage your email subscriptions, visit: 
https://lab.dpdk.org/results/dashboard/preferences/subscriptions/

^ permalink raw reply	[flat|nested] 18+ messages in thread

* |SUCCESS| pw154863-154879 [PATCH] [V4,18/18] drivers/net: add hinic3
       [not found] <20250701014223.2440-19-wff_light@vip.163.com>
                   ` (16 preceding siblings ...)
  2025-07-01 18:52 ` dpdklab
@ 2025-07-02  0:06 ` dpdklab
  17 siblings, 0 replies; 18+ messages in thread
From: dpdklab @ 2025-07-02  0:06 UTC (permalink / raw)
  To: Test Report; +Cc: dpdk-test-reports

Test-Label: iol-compile-arm64-testing
Test-Status: SUCCESS
http://dpdk.org/patch/154879

_Testing PASS_

Submitter: Feifei Wang <wff_light@vip.163.com>
Date: Tuesday, July 01 2025 01:42:09 
DPDK git baseline: Repo:dpdk
  Branch: master
  CommitID:77864da82f25a9e1e43c14b2cba68c2049a3ee3e

154863-154879 --> testing pass

Upstream job id: Generic-DPDK-Compile-Meson#404287

Test environment and result as below:

+------------------------------+--------------------+
|         Environment          | dpdk_meson_compile |
+==============================+====================+
| Red Hat Enterprise Linux 9.5 | PASS               |
+------------------------------+--------------------+
| Ubuntu 20.04                 | PASS               |
+------------------------------+--------------------+
| Debian GNU/Linux 12          | PASS               |
+------------------------------+--------------------+
| Fedora Linux 40              | PASS               |
+------------------------------+--------------------+
| Fedora Linux 41              | PASS               |
+------------------------------+--------------------+
| Ubuntu 22.04                 | PASS               |
+------------------------------+--------------------+
| Ubuntu 24.04                 | PASS               |
+------------------------------+--------------------+
| CentOS Stream 9              | PASS               |
+------------------------------+--------------------+
| CentOS Stream 10             | PASS               |
+------------------------------+--------------------+


Red Hat Enterprise Linux 9.5
	Kernel: 5.4
	Compiler: gcc gcc (GCC) 11.5.0 20240719 (Red Hat 11.5.0-2)

Ubuntu 20.04
	Kernel: 5.15
	Compiler: aarch64-linux-gnu-gcc gcc (Ubuntu 9.4.0-1ubuntu1~20.04.2) 9.4.0

Debian GNU/Linux 12
	Kernel: 5.4
	Compiler: gcc gcc (Debian 12.2.0-14+deb12u1) 12.2.0

Fedora Linux 40
	Kernel: 5.4
	Compiler: gcc gcc (GCC) 14.2.1 20240912 (Red Hat 14.2.1-3)

Fedora Linux 41
	Kernel: 5.4
	Compiler: clang gcc (GCC) 14.3.1 20250523 (Red Hat 14.3.1-1)

Ubuntu 22.04
	Kernel: 5.4
	Compiler: gcc gcc (Ubuntu 11.4.0-1ubuntu1~22.04) 11.4.0

Ubuntu 24.04
	Kernel: 5.4
	Compiler: gcc gcc (Ubuntu 13.3.0-6ubuntu2~24.04) 13.3.0

CentOS Stream 9
	Kernel: 5.4
	Compiler: gcc gcc (GCC) 11.5.0 20240719 (Red Hat 11.5.0-7)

CentOS Stream 10
	Kernel: 5.4
	Compiler: gcc gcc (GCC) 14.2.1 20250110 (Red Hat 14.2.1-8)

To view detailed results, visit:
https://lab.dpdk.org/results/dashboard/patchsets/33548/

UNH-IOL DPDK Community Lab

To manage your email subscriptions, visit: 
https://lab.dpdk.org/results/dashboard/preferences/subscriptions/

^ permalink raw reply	[flat|nested] 18+ messages in thread

end of thread, other threads:[~2025-07-02  0:07 UTC | newest]

Thread overview: 18+ messages (download: mbox.gz / follow: Atom feed)
-- links below jump to the message on this page --
     [not found] <20250701014223.2440-19-wff_light@vip.163.com>
2025-07-01  1:16 ` |SUCCESS| pw154863-154879 [V4 18/18] drivers/net: add hinic3 PMD build and doc files qemudev
2025-07-01  1:20 ` qemudev
2025-07-01  1:45 ` |SUCCESS| pw154879 " checkpatch
2025-07-01  2:31 ` |PENDING| pw154863-154879 [PATCH] [V4,18/18] drivers/net: add hinic3 dpdklab
2025-07-01  2:35 ` |SUCCESS| " dpdklab
2025-07-01  2:40 ` dpdklab
2025-07-01  2:43 ` |FAILURE| pw154879 [V4 18/18] drivers/net: add hinic3 PMD build and doc files 0-day Robot
2025-07-01  2:44 ` |SUCCESS| pw154863-154879 [PATCH] [V4,18/18] drivers/net: add hinic3 dpdklab
2025-07-01  3:10 ` |PENDING| " dpdklab
2025-07-01  3:11 ` |SUCCESS| " dpdklab
2025-07-01  3:13 ` |FAILURE| " dpdklab
2025-07-01  3:36 ` |SUCCESS| " dpdklab
2025-07-01  3:54 ` dpdklab
2025-07-01  4:01 ` dpdklab
2025-07-01  4:05 ` |WARNING| " dpdklab
2025-07-01  8:23 ` |SUCCESS| " dpdklab
2025-07-01 18:52 ` dpdklab
2025-07-02  0:06 ` dpdklab

This is a public inbox, see mirroring instructions
for how to clone and mirror all data and code used for this inbox;
as well as URLs for NNTP newsgroup(s).