automatic DPDK test reports
 help / color / mirror / Atom feed
From: qemudev@loongson.cn
To: test-report@dpdk.org
Subject: |SUCCESS| pw154881-154886 [PATCH v7 6/6] net/dpaa2: enable software taildrop for ordered queues
Date: Tue, 1 Jul 2025 12:09:21 +0800	[thread overview]
Message-ID: <202507010409.56149LkM548116@localhost.localdomain> (raw)
In-Reply-To: <20250701042917.3000355-7-g.singh@nxp.com>

Test-Label: loongarch-compilation
Test-Status: SUCCESS
http://dpdk.org/patch/154886

_Compilation OK_

Submitter: Gagandeep Singh <g.singh@nxp.com>
Date: Tue,  1 Jul 2025 09:59:12 +0530
DPDK git baseline: Repo:dpdk-next-net
  Branch: main
  CommitID: 77864da82f25a9e1e43c14b2cba68c2049a3ee3e

154881-154886 --> meson & ninja build successfully

Test environment and result as below:

+---------------------+----------------+
|     Environment     | compilation    |
+---------------------+----------------+
| Loongnix-Server 8.3 | PASS           |
+---------------------+----------------+

Loongnix-Server 8.3
    Kernel: 4.19.190+
    Compiler: gcc 8.3


       reply	other threads:[~2025-07-01  4:45 UTC|newest]

Thread overview: 27+ messages / expand[flat|nested]  mbox.gz  Atom feed  top
     [not found] <20250701042917.3000355-7-g.singh@nxp.com>
2025-07-01  4:09 ` qemudev [this message]
2025-07-01  4:15 ` |FAILURE| " qemudev
2025-07-01  4:29 ` |SUCCESS| pw154886 " checkpatch
2025-07-01  5:37 ` |PENDING| pw154881-154886 [PATCH] [v7,6/6] net/dpaa2: enable softwar dpdklab
2025-07-01  5:38 ` |SUCCESS| " dpdklab
2025-07-01  5:42 ` |SUCCESS| pw154886 [PATCH v7 6/6] net/dpaa2: enable software taildrop for ordered queues 0-day Robot
2025-07-01  5:46 ` |SUCCESS| pw154881-154886 [PATCH] [v7,6/6] net/dpaa2: enable softwar dpdklab
2025-07-01  5:56 ` dpdklab
2025-07-01  5:56 ` dpdklab
2025-07-01  5:58 ` dpdklab
2025-07-01  6:13 ` |PENDING| " dpdklab
2025-07-01  6:29 ` dpdklab
2025-07-01  7:09 ` |SUCCESS| " dpdklab
2025-07-01  7:31 ` dpdklab
2025-07-01  8:17 ` dpdklab
2025-07-01  9:11 ` |PENDING| " dpdklab
2025-07-01  9:52 ` |FAILURE| " dpdklab
2025-07-01 10:02 ` |SUCCESS| " dpdklab
2025-07-01 10:31 ` dpdklab
2025-07-01 10:31 ` dpdklab
2025-07-01 11:05 ` |WARNING| " dpdklab
2025-07-01 11:21 ` dpdklab
2025-07-01 13:09 ` |SUCCESS| " dpdklab
2025-07-01 13:09 ` dpdklab
2025-07-01 13:14 ` dpdklab
2025-07-01 18:41 ` dpdklab
2025-07-01 22:41 ` dpdklab

Reply instructions:

You may reply publicly to this message via plain-text email
using any one of the following methods:

* Save the following mbox file, import it into your mail client,
  and reply-to-all from there: mbox

  Avoid top-posting and favor interleaved quoting:
  https://en.wikipedia.org/wiki/Posting_style#Interleaved_style

* Reply using the --to, --cc, and --in-reply-to
  switches of git-send-email(1):

  git send-email \
    --in-reply-to=202507010409.56149LkM548116@localhost.localdomain \
    --to=qemudev@loongson.cn \
    --cc=test-report@dpdk.org \
    /path/to/YOUR_REPLY

  https://kernel.org/pub/software/scm/git/docs/git-send-email.html

* If your mail client supports setting the In-Reply-To header
  via mailto: links, try the mailto: link
Be sure your reply has a Subject: header at the top and a blank line before the message body.
This is a public inbox, see mirroring instructions
for how to clone and mirror all data and code used for this inbox;
as well as URLs for NNTP newsgroup(s).