automatic DPDK test reports
 help / color / mirror / Atom feed
From: qemudev@loongson.cn
To: test-report@dpdk.org
Cc: Gagandeep Singh <g.singh@nxp.com>, zhoumin@loongson.cn
Subject: |FAILURE| pw154881-154886 [PATCH v7 6/6] net/dpaa2: enable software taildrop for ordered queues
Date: Tue, 1 Jul 2025 12:15:17 +0800	[thread overview]
Message-ID: <202507010415.5614FHRv550173@localhost.localdomain> (raw)
In-Reply-To: <20250701042917.3000355-7-g.singh@nxp.com>

Test-Label: loongarch-unit-testing
Test-Status: FAILURE
http://dpdk.org/patch/154886

_Unit Testing FAIL_

Submitter: Gagandeep Singh <g.singh@nxp.com>
Date: Tue,  1 Jul 2025 09:59:12 +0530
DPDK git baseline: Repo:dpdk-next-net
  Branch: main
  CommitID: 77864da82f25a9e1e43c14b2cba68c2049a3ee3e

154881-154886 --> testing fail

Test environment and result as below:

+---------------------+----------------+
|     Environment     | dpdk_unit_test |
+---------------------+----------------+
| Loongnix-Server 8.3 | FAIL           |
+---------------------+----------------+

Loongnix-Server 8.3
    Kernel: 4.19.190+
    Compiler: gcc 8.3


Test result details:
  1/121 DPDK:fast-tests / acl_autotest                            OK              3.38s
  2/121 DPDK:fast-tests / alarm_autotest                          OK              1.64s
  3/121 DPDK:fast-tests / argparse_autotest                       OK              0.66s
  4/121 DPDK:fast-tests / atomic_autotest                         OK              7.26s
  5/121 DPDK:fast-tests / bitcount_autotest                       OK              0.31s
  6/121 DPDK:fast-tests / bitmap_autotest                         OK              0.31s
  7/121 DPDK:fast-tests / bitops_autotest                         OK              1.81s
  8/121 DPDK:fast-tests / bitratestats_autotest                   OK              0.31s
  9/121 DPDK:fast-tests / bitset_autotest                         OK              3.01s
 10/121 DPDK:fast-tests / bpf_autotest                            OK              0.31s
 11/121 DPDK:fast-tests / bpf_convert_autotest                    OK              0.31s
 12/121 DPDK:fast-tests / byteorder_autotest                      OK              0.31s
 13/121 DPDK:fast-tests / cfgfile_autotest                        OK              0.31s
 14/121 DPDK:fast-tests / cksum_autotest                          OK              0.31s
 15/121 DPDK:fast-tests / cmdline_autotest                        OK              0.31s
 16/121 DPDK:fast-tests / common_autotest                         OK              1.19s
 17/121 DPDK:fast-tests / compressdev_autotest                    SKIP            0.06s   exit status 77
 18/121 DPDK:fast-tests / cpuflags_autotest                       OK              0.30s
 19/121 DPDK:fast-tests / crc_autotest                            OK              0.31s
 20/121 DPDK:fast-tests / user_delay_us                           OK              0.31s
 21/121 DPDK:fast-tests / debug_autotest                          OK             24.09s
 22/121 DPDK:fast-tests / devargs_autotest                        OK              0.30s
 23/121 DPDK:fast-tests / dispatcher_autotest                     TIMEOUT        80.09s   exit status -15
 24/121 DPDK:fast-tests / distributor_autotest                    OK              1.20s
 25/121 DPDK:fast-tests / eal_flags_c_opt_autotest                OK              0.74s
 26/121 DPDK:fast-tests / eal_flags_main_opt_autotest             OK              0.21s
 27/121 DPDK:fast-tests / eal_flags_n_opt_autotest                OK              0.19s
 28/121 DPDK:fast-tests / eal_flags_hpet_autotest                 OK              0.13s
 29/121 DPDK:fast-tests / eal_flags_no_huge_autotest              OK              0.21s
 30/121 DPDK:fast-tests / eal_flags_a_opt_autotest                OK              0.29s
 31/121 DPDK:fast-tests / eal_flags_b_opt_autotest                OK              0.23s
 32/121 DPDK:fast-tests / eal_flags_vdev_opt_autotest             OK              0.18s
 33/121 DPDK:fast-tests / eal_flags_r_opt_autotest                OK              0.18s
 34/121 DPDK:fast-tests / eal_flags_mem_autotest                  OK              0.58s
 35/121 DPDK:fast-tests / eal_flags_file_prefix_autotest          OK             22.22s
 36/121 DPDK:fast-tests / eal_flags_misc_autotest                 OK              1.00s
 37/121 DPDK:fast-tests / eal_fs_autotest                         OK              0.30s
 38/121 DPDK:fast-tests / errno_autotest                          OK              0.31s
 39/121 DPDK:fast-tests / ethdev_link_status                      OK              0.30s
 40/121 DPDK:fast-tests / event_eth_tx_adapter_autotest           OK              1.68s
 41/121 DPDK:fast-tests / event_ring_autotest                     OK              0.31s
 42/121 DPDK:fast-tests / event_vector_adapter_autotest           OK              0.66s
 43/121 DPDK:fast-tests / eventdev_common_autotest                OK              0.30s
 44/121 DPDK:fast-tests / eventdev_selftest_sw                    OK              7.23s
 45/121 DPDK:fast-tests / fbarray_autotest                        OK              0.31s
 46/121 DPDK:fast-tests / fib_autotest                            OK              1.13s
 47/121 DPDK:fast-tests / fib6_autotest                           OK              0.92s
 48/121 DPDK:fast-tests / func_reentrancy_autotest                OK              2.32s
 49/121 DPDK:fast-tests / graph_autotest                          OK              0.31s
 50/121 DPDK:fast-tests / node_list_dump                          OK              0.31s
 51/121 DPDK:fast-tests / graph_feature_arc_autotest              OK              0.31s
 52/121 DPDK:fast-tests / hash_autotest                           OK              0.93s
 53/121 DPDK:fast-tests / hash_readwrite_func_autotest            OK              6.39s
 54/121 DPDK:fast-tests / interrupt_autotest                      OK              1.61s
 55/121 DPDK:fast-tests / ipfrag_autotest                         OK              0.07s
 56/121 DPDK:fast-tests / ipsec_autotest                          SKIP            0.31s   exit status 77
 57/121 DPDK:fast-tests / kvargs_autotest                         OK              0.31s
 58/121 DPDK:fast-tests / latencystats_autotest                   OK              0.31s
 59/121 DPDK:fast-tests / lcore_var_autotest                      OK              0.45s
 60/121 DPDK:fast-tests / lcores_autotest                         OK              5.12s
 61/121 DPDK:fast-tests / logs_autotest                           OK              0.31s
 62/121 DPDK:fast-tests / lpm_autotest                            OK              2.35s
 63/121 DPDK:fast-tests / lpm6_autotest                           OK              5.48s
 64/121 DPDK:fast-tests / malloc_autotest                         OK             63.09s
 65/121 DPDK:fast-tests / mbuf_autotest                           OK              5.06s
 66/121 DPDK:fast-tests / mcslock_autotest                        OK              2.65s
 67/121 DPDK:fast-tests / member_autotest                         OK              1.50s
 68/121 DPDK:fast-tests / memcpy_autotest                         OK              6.89s
 69/121 DPDK:fast-tests / memory_autotest                         OK              0.10s
 70/121 DPDK:fast-tests / mempool_autotest                        OK              0.44s
 71/121 DPDK:fast-tests / memzone_autotest                        OK              0.14s
 72/121 DPDK:fast-tests / meter_autotest                          OK              0.43s
 73/121 DPDK:fast-tests / metrics_autotest                        OK              0.43s
 74/121 DPDK:fast-tests / multiprocess_autotest                   OK              0.19s
 75/121 DPDK:fast-tests / net_ether_autotest                      OK              1.09s
 76/121 DPDK:fast-tests / net_ipv6_autotest                       OK              0.43s
 77/121 DPDK:fast-tests / pcapng_autotest                         OK              5.94s
 78/121 DPDK:fast-tests / pdcp_autotest                           SKIP            0.07s   exit status 77
 79/121 DPDK:fast-tests / pdump_autotest                          OK              0.53s
 80/121 DPDK:fast-tests / per_lcore_autotest                      OK              0.53s
 81/121 DPDK:fast-tests / pflock_autotest                         OK              1.24s
 82/121 DPDK:fast-tests / pie_autotest                            OK              0.43s
 83/121 DPDK:fast-tests / ring_pmd_autotest                       OK              0.43s
 84/121 DPDK:fast-tests / power_autotest                          OK              0.43s
 85/121 DPDK:fast-tests / power_cpufreq_autotest                  SKIP            0.07s   exit status 77
 86/121 DPDK:fast-tests / power_intel_uncore_autotest             SKIP            0.43s   exit status 77
 87/121 DPDK:fast-tests / power_kvm_vm_autotest                   SKIP            0.07s   exit status 77
 88/121 DPDK:fast-tests / prefetch_autotest                       OK              0.43s
 89/121 DPDK:fast-tests / ptr_compress_autotest                   OK              0.43s
 90/121 DPDK:fast-tests / rawdev_autotest                         OK              0.43s
 91/121 DPDK:fast-tests / rcu_qsbr_autotest                       OK              0.95s
 92/121 DPDK:fast-tests / reorder_autotest                        OK              0.49s
 93/121 DPDK:fast-tests / rib_autotest                            OK              9.08s
 94/121 DPDK:fast-tests / rib6_autotest                           OK              9.08s
 95/121 DPDK:fast-tests / ring_autotest                           OK              0.46s
 96/121 DPDK:fast-tests / rwlock_test1_autotest                   OK              1.18s
 97/121 DPDK:fast-tests / rwlock_rda_autotest                     OK              5.44s
 98/121 DPDK:fast-tests / rwlock_rds_wrm_autotest                 OK              5.55s
 99/121 DPDK:fast-tests / rwlock_rde_wro_autotest                 OK              5.54s
100/121 DPDK:fast-tests / sched_autotest                          OK              0.54s
101/121 DPDK:fast-tests / security_autotest                       OK              0.07s
102/121 DPDK:fast-tests / seqlock_autotest                        OK              2.48s
103/121 DPDK:fast-tests / service_autotest                        OK              3.19s
104/121 DPDK:fast-tests / soring_autotest                         OK              0.49s
105/121 DPDK:fast-tests / spinlock_autotest                       OK              0.56s
106/121 DPDK:fast-tests / stack_autotest                          OK              0.87s
107/121 DPDK:fast-tests / stack_lf_autotest                       SKIP            0.06s   exit status 77
108/121 DPDK:fast-tests / string_autotest                         OK              0.48s
109/121 DPDK:fast-tests / table_autotest                          OK              7.84s
110/121 DPDK:fast-tests / tailq_autotest                          OK              0.48s
111/121 DPDK:fast-tests / telemetry_data_autotest                 OK              0.49s
112/121 DPDK:fast-tests / telemetry_json_autotest                 OK              0.48s
113/121 DPDK:fast-tests / thash_autotest                          OK              0.50s
114/121 DPDK:fast-tests / threads_autotest                        OK              0.66s
115/121 DPDK:fast-tests / ticketlock_autotest                     OK              0.73s
116/121 DPDK:fast-tests / timer_autotest                          OK              3.98s
117/121 DPDK:fast-tests / trace_autotest                          OK              0.48s
118/121 DPDK:fast-tests / trace_autotest_with_traces              OK              0.49s
119/121 DPDK:fast-tests / vdev_autotest                           OK              0.48s
120/121 DPDK:fast-tests / version_autotest                        OK              0.48s
121/121 DPDK:fast-tests / telemetry_all                           OK              1.46s


Ok:                 113
Expected Fail:      0
Fail:               0
Unexpected Pass:    0
Skipped:            7
Timeout:            1



Test logs for failed test cases:
================================================================================
DPDK:fast-tests / dispatcher_autotest: TIMEOUT
================================================================================
-------------------------------------stdout-------------------------------------
RTE>>dispatcher_autotest

-------------------------------------stderr-------------------------------------
EAL: Detected CPU lcores: 32
EAL: Detected NUMA nodes: 8
EAL: Detected static linkage of DPDK
EAL: Multi-process socket /var/run/dpdk/rte/mp_socket
EAL: Selected IOVA mode 'PA'
APP: HPET is not enabled, using TSC as default timer


  parent reply	other threads:[~2025-07-01  4:51 UTC|newest]

Thread overview: 27+ messages / expand[flat|nested]  mbox.gz  Atom feed  top
     [not found] <20250701042917.3000355-7-g.singh@nxp.com>
2025-07-01  4:09 ` |SUCCESS| " qemudev
2025-07-01  4:15 ` qemudev [this message]
2025-07-01  4:29 ` |SUCCESS| pw154886 " checkpatch
2025-07-01  5:37 ` |PENDING| pw154881-154886 [PATCH] [v7,6/6] net/dpaa2: enable softwar dpdklab
2025-07-01  5:38 ` |SUCCESS| " dpdklab
2025-07-01  5:42 ` |SUCCESS| pw154886 [PATCH v7 6/6] net/dpaa2: enable software taildrop for ordered queues 0-day Robot
2025-07-01  5:46 ` |SUCCESS| pw154881-154886 [PATCH] [v7,6/6] net/dpaa2: enable softwar dpdklab
2025-07-01  5:56 ` dpdklab
2025-07-01  5:56 ` dpdklab
2025-07-01  5:58 ` dpdklab
2025-07-01  6:13 ` |PENDING| " dpdklab
2025-07-01  6:29 ` dpdklab
2025-07-01  7:09 ` |SUCCESS| " dpdklab
2025-07-01  7:31 ` dpdklab
2025-07-01  8:17 ` dpdklab
2025-07-01  9:11 ` |PENDING| " dpdklab
2025-07-01  9:52 ` |FAILURE| " dpdklab
2025-07-01 10:02 ` |SUCCESS| " dpdklab
2025-07-01 10:31 ` dpdklab
2025-07-01 10:31 ` dpdklab
2025-07-01 11:05 ` |WARNING| " dpdklab
2025-07-01 11:21 ` dpdklab
2025-07-01 13:09 ` |SUCCESS| " dpdklab
2025-07-01 13:09 ` dpdklab
2025-07-01 13:14 ` dpdklab
2025-07-01 18:41 ` dpdklab
2025-07-01 22:41 ` dpdklab

Reply instructions:

You may reply publicly to this message via plain-text email
using any one of the following methods:

* Save the following mbox file, import it into your mail client,
  and reply-to-all from there: mbox

  Avoid top-posting and favor interleaved quoting:
  https://en.wikipedia.org/wiki/Posting_style#Interleaved_style

* Reply using the --to, --cc, and --in-reply-to
  switches of git-send-email(1):

  git send-email \
    --in-reply-to=202507010415.5614FHRv550173@localhost.localdomain \
    --to=qemudev@loongson.cn \
    --cc=g.singh@nxp.com \
    --cc=test-report@dpdk.org \
    --cc=zhoumin@loongson.cn \
    /path/to/YOUR_REPLY

  https://kernel.org/pub/software/scm/git/docs/git-send-email.html

* If your mail client supports setting the In-Reply-To header
  via mailto: links, try the mailto: link
Be sure your reply has a Subject: header at the top and a blank line before the message body.
This is a public inbox, see mirroring instructions
for how to clone and mirror all data and code used for this inbox;
as well as URLs for NNTP newsgroup(s).