automatic DPDK test reports
 help / color / mirror / Atom feed
From: qemudev@loongson.cn
To: test-report@dpdk.org
Cc: Dengdui Huang <huangdengdui@huawei.com>, zhoumin@loongson.cn
Subject: |FAILURE| pw154893-154898 [PATCH v3 6/6] net/hns3: VF support multi-TCs configure
Date: Tue, 1 Jul 2025 17:08:23 +0800	[thread overview]
Message-ID: <202507010908.56198Nap678097@localhost.localdomain> (raw)
In-Reply-To: <20250701091004.531704-7-huangdengdui@huawei.com>

Test-Label: loongarch-unit-testing
Test-Status: FAILURE
http://dpdk.org/patch/154898

_Unit Testing FAIL_

Submitter: Dengdui Huang <huangdengdui@huawei.com>
Date: Tue, 1 Jul 2025 17:09:59 +0800
DPDK git baseline: Repo:dpdk-next-net
  Branch: main
  CommitID: 77864da82f25a9e1e43c14b2cba68c2049a3ee3e

154893-154898 --> testing fail

Test environment and result as below:

+---------------------+----------------+
|     Environment     | dpdk_unit_test |
+---------------------+----------------+
| Loongnix-Server 8.3 | FAIL           |
+---------------------+----------------+

Loongnix-Server 8.3
    Kernel: 4.19.190+
    Compiler: gcc 8.3


Test result details:
  1/121 DPDK:fast-tests / acl_autotest                            OK              3.27s
  2/121 DPDK:fast-tests / alarm_autotest                          OK              1.52s
  3/121 DPDK:fast-tests / argparse_autotest                       OK              0.54s
  4/121 DPDK:fast-tests / atomic_autotest                         OK              7.23s
  5/121 DPDK:fast-tests / bitcount_autotest                       OK              0.43s
  6/121 DPDK:fast-tests / bitmap_autotest                         OK              0.43s
  7/121 DPDK:fast-tests / bitops_autotest                         OK              1.92s
  8/121 DPDK:fast-tests / bitratestats_autotest                   OK              0.43s
  9/121 DPDK:fast-tests / bitset_autotest                         OK              3.14s
 10/121 DPDK:fast-tests / bpf_autotest                            OK              0.43s
 11/121 DPDK:fast-tests / bpf_convert_autotest                    OK              0.44s
 12/121 DPDK:fast-tests / byteorder_autotest                      OK              0.43s
 13/121 DPDK:fast-tests / cfgfile_autotest                        OK              0.43s
 14/121 DPDK:fast-tests / cksum_autotest                          OK              0.43s
 15/121 DPDK:fast-tests / cmdline_autotest                        OK              0.43s
 16/121 DPDK:fast-tests / common_autotest                         OK              1.31s
 17/121 DPDK:fast-tests / compressdev_autotest                    SKIP            0.07s   exit status 77
 18/121 DPDK:fast-tests / cpuflags_autotest                       OK              0.42s
 19/121 DPDK:fast-tests / crc_autotest                            OK              0.43s
 20/121 DPDK:fast-tests / user_delay_us                           OK              0.43s
 21/121 DPDK:fast-tests / debug_autotest                          OK             23.65s
 22/121 DPDK:fast-tests / devargs_autotest                        OK              0.43s
 23/121 DPDK:fast-tests / dispatcher_autotest                     OK              2.59s
 24/121 DPDK:fast-tests / distributor_autotest                    OK              1.20s
 25/121 DPDK:fast-tests / eal_flags_c_opt_autotest                OK              0.82s
 26/121 DPDK:fast-tests / eal_flags_main_opt_autotest             OK              0.23s
 27/121 DPDK:fast-tests / eal_flags_n_opt_autotest                OK              0.20s
 28/121 DPDK:fast-tests / eal_flags_hpet_autotest                 OK              0.14s
 29/121 DPDK:fast-tests / eal_flags_no_huge_autotest              OK              0.23s
 30/121 DPDK:fast-tests / eal_flags_a_opt_autotest                OK              0.31s
 31/121 DPDK:fast-tests / eal_flags_b_opt_autotest                OK              0.25s
 32/121 DPDK:fast-tests / eal_flags_vdev_opt_autotest             OK              0.20s
 33/121 DPDK:fast-tests / eal_flags_r_opt_autotest                OK              0.19s
 34/121 DPDK:fast-tests / eal_flags_mem_autotest                  OK              0.60s
 35/121 DPDK:fast-tests / eal_flags_file_prefix_autotest          OK             22.24s
 36/121 DPDK:fast-tests / eal_flags_misc_autotest                 OK              1.08s
 37/121 DPDK:fast-tests / eal_fs_autotest                         OK              0.31s
 38/121 DPDK:fast-tests / errno_autotest                          OK              0.31s
 39/121 DPDK:fast-tests / ethdev_link_status                      OK              0.31s
 40/121 DPDK:fast-tests / event_eth_tx_adapter_autotest           OK              1.68s
 41/121 DPDK:fast-tests / event_ring_autotest                     OK              0.31s
 42/121 DPDK:fast-tests / event_vector_adapter_autotest           OK              0.66s
 43/121 DPDK:fast-tests / eventdev_common_autotest                OK              0.31s
 44/121 DPDK:fast-tests / eventdev_selftest_sw                    TIMEOUT        80.08s   exit status -15
 45/121 DPDK:fast-tests / fbarray_autotest                        OK              0.55s
 46/121 DPDK:fast-tests / fib_autotest                            OK              1.30s
 47/121 DPDK:fast-tests / fib6_autotest                           OK              1.12s
 48/121 DPDK:fast-tests / func_reentrancy_autotest                OK              2.23s
 49/121 DPDK:fast-tests / graph_autotest                          OK              0.40s
 50/121 DPDK:fast-tests / node_list_dump                          OK              0.40s
 51/121 DPDK:fast-tests / graph_feature_arc_autotest              OK              0.40s
 52/121 DPDK:fast-tests / hash_autotest                           OK              1.03s
 53/121 DPDK:fast-tests / hash_readwrite_func_autotest            OK              6.39s
 54/121 DPDK:fast-tests / interrupt_autotest                      OK              1.70s
 55/121 DPDK:fast-tests / ipfrag_autotest                         OK              0.07s
 56/121 DPDK:fast-tests / ipsec_autotest                          SKIP            0.40s   exit status 77
 57/121 DPDK:fast-tests / kvargs_autotest                         OK              0.50s
 58/121 DPDK:fast-tests / latencystats_autotest                   OK              0.50s
 59/121 DPDK:fast-tests / lcore_var_autotest                      OK              0.65s
 60/121 DPDK:fast-tests / lcores_autotest                         OK              5.30s
 61/121 DPDK:fast-tests / logs_autotest                           OK              0.50s
 62/121 DPDK:fast-tests / lpm_autotest                            OK              2.54s
 63/121 DPDK:fast-tests / lpm6_autotest                           OK              5.67s
 64/121 DPDK:fast-tests / malloc_autotest                         OK             58.80s
 65/121 DPDK:fast-tests / mbuf_autotest                           OK              4.47s
 66/121 DPDK:fast-tests / mcslock_autotest                        OK              2.92s
 67/121 DPDK:fast-tests / member_autotest                         OK              1.60s
 68/121 DPDK:fast-tests / memcpy_autotest                         OK              6.87s
 69/121 DPDK:fast-tests / memory_autotest                         OK              0.10s
 70/121 DPDK:fast-tests / mempool_autotest                        OK              0.43s
 71/121 DPDK:fast-tests / memzone_autotest                        OK              0.14s
 72/121 DPDK:fast-tests / meter_autotest                          OK              0.43s
 73/121 DPDK:fast-tests / metrics_autotest                        OK              0.43s
 74/121 DPDK:fast-tests / multiprocess_autotest                   OK              0.19s
 75/121 DPDK:fast-tests / net_ether_autotest                      OK              1.09s
 76/121 DPDK:fast-tests / net_ipv6_autotest                       OK              0.43s
 77/121 DPDK:fast-tests / pcapng_autotest                         OK              6.97s
 78/121 DPDK:fast-tests / pdcp_autotest                           SKIP            0.07s   exit status 77
 79/121 DPDK:fast-tests / pdump_autotest                          OK              0.54s
 80/121 DPDK:fast-tests / per_lcore_autotest                      OK              0.53s
 81/121 DPDK:fast-tests / pflock_autotest                         OK              1.24s
 82/121 DPDK:fast-tests / pie_autotest                            OK              0.44s
 83/121 DPDK:fast-tests / ring_pmd_autotest                       OK              0.43s
 84/121 DPDK:fast-tests / power_autotest                          OK              0.43s
 85/121 DPDK:fast-tests / power_cpufreq_autotest                  SKIP            0.07s   exit status 77
 86/121 DPDK:fast-tests / power_intel_uncore_autotest             SKIP            0.43s   exit status 77
 87/121 DPDK:fast-tests / power_kvm_vm_autotest                   SKIP            0.07s   exit status 77
 88/121 DPDK:fast-tests / prefetch_autotest                       OK              0.43s
 89/121 DPDK:fast-tests / ptr_compress_autotest                   OK              0.43s
 90/121 DPDK:fast-tests / rawdev_autotest                         OK              0.43s
 91/121 DPDK:fast-tests / rcu_qsbr_autotest                       OK              0.95s
 92/121 DPDK:fast-tests / reorder_autotest                        OK              0.49s
 93/121 DPDK:fast-tests / rib_autotest                            OK              7.75s
 94/121 DPDK:fast-tests / rib6_autotest                           OK              7.74s
 95/121 DPDK:fast-tests / ring_autotest                           OK              0.46s
 96/121 DPDK:fast-tests / rwlock_test1_autotest                   OK              1.18s
 97/121 DPDK:fast-tests / rwlock_rda_autotest                     OK              5.43s
 98/121 DPDK:fast-tests / rwlock_rds_wrm_autotest                 OK              5.43s
 99/121 DPDK:fast-tests / rwlock_rde_wro_autotest                 OK              5.43s
100/121 DPDK:fast-tests / sched_autotest                          OK              0.43s
101/121 DPDK:fast-tests / security_autotest                       OK              0.07s
102/121 DPDK:fast-tests / seqlock_autotest                        OK              2.43s
103/121 DPDK:fast-tests / service_autotest                        OK              3.13s
104/121 DPDK:fast-tests / soring_autotest                         OK              0.44s
105/121 DPDK:fast-tests / spinlock_autotest                       OK              0.51s
106/121 DPDK:fast-tests / stack_autotest                          OK              0.87s
107/121 DPDK:fast-tests / stack_lf_autotest                       SKIP            0.06s   exit status 77
108/121 DPDK:fast-tests / string_autotest                         OK              0.43s
109/121 DPDK:fast-tests / table_autotest                          OK              7.79s
110/121 DPDK:fast-tests / tailq_autotest                          OK              0.43s
111/121 DPDK:fast-tests / telemetry_data_autotest                 OK              0.44s
112/121 DPDK:fast-tests / telemetry_json_autotest                 OK              0.43s
113/121 DPDK:fast-tests / thash_autotest                          OK              0.45s
114/121 DPDK:fast-tests / threads_autotest                        OK              0.61s
115/121 DPDK:fast-tests / ticketlock_autotest                     OK              0.60s
116/121 DPDK:fast-tests / timer_autotest                          OK              3.95s
117/121 DPDK:fast-tests / trace_autotest                          OK              0.55s
118/121 DPDK:fast-tests / trace_autotest_with_traces              OK              0.44s
119/121 DPDK:fast-tests / vdev_autotest                           OK              0.43s
120/121 DPDK:fast-tests / version_autotest                        OK              0.43s
121/121 DPDK:fast-tests / telemetry_all                           OK              1.35s


Ok:                 113
Expected Fail:      0
Fail:               0
Unexpected Pass:    0
Skipped:            7
Timeout:            1



Test logs for failed test cases:
================================================================================
DPDK:fast-tests / eventdev_selftest_sw: TIMEOUT
================================================================================
-------------------------------------stdout-------------------------------------
RTE>>eventdev_selftest_sw
*** Running Single Directed Packet test...
*** Running Directed Forward Credit test...
*** Running Single Load Balanced Packet test...
*** Running Unordered Basic test...
*** Running Ordered Basic test...
*** Running Burst Packets test...
*** Running Load Balancing test...
*** Running Prioritized Directed test...
*** Running Prioritized Atomic test...
*** Running Prioritized Ordered test...
*** Running Prioritized Unordered test...
*** Running Invalid QID test...
*** Running Load Balancing History test...
*** Running Inflight Count test...
*** Running Abuse Inflights test...
*** Running XStats test...
*** Running XStats ID Reset test...
*** Running XStats Brute Force test...
*** Running XStats ID Abuse test...
*** Running QID Priority test...
*** Running Unlink-in-progress test...
*** Running Ordered Reconfigure test...
*** Running Port LB Single Reconfig test...
*** Running Port Reconfig Credits test...
*** Running Head-of-line-blocking test...
*** Running Stop Flush test...
*** Running Ordered & Atomic hist-list completion test...
*** Running Worker loopback test...
3162: 	Producer function started
3102: 	Worker function started
3278: 	Sched Rx = 4980947, Tx = 4980480
3278: 	Sched Rx = 9909920, Tx = 9909440
3278: 	Sched Rx = 14836224, Tx = 14835744
*** Running Worker loopback test (implicit release disabled)...
3162: 	Producer function started
3102: 	Worker function started
3278: 	Sched Rx = 4943360, Tx = 4942880
3278: 	Sched Rx = 9898272, Tx = 9897792
3278: 	Sched Rx = 14855744, Tx = 14855264
3278: 	Sched Rx = 16777088, Tx = 16777088
3278: 	Sched Rx = 16777088, Tx = 16777088
3278: 	Sched Rx = 16777088, Tx = 16777088
3278: 	Sched Rx = 16777088, Tx = 16777088
3278: 	Sched Rx = 16777088, Tx = 16777088
EventDev event_sw: ports 2, qids 8
	rx   16777088
	drop 0
	tx   16777088
	sched calls: 24954998
	sched cq/qid call: 26547305
	sched no IQ enq: 24479769
	sched no CQ enq: 24430714
	inflight 64, credits: 4032
  Port 0 
	rx   131071	drop 0	tx   0	^[[0minflight 0^[[0m
	Max New: 512	Avg cycles PP: 0	Credits: 0
	Receive burst distribution:
		0:nan% 
	^[[0mrx ring used:    0	free: 4096^[[0m
	^[[0mcq ring used:    0	free:   32^[[0m
  Port 1 
	rx   16646017	drop 0	tx   16777088	^[[0minflight 0^[[0m
	Max New: 4096	Avg cycles PP: 7	Credits: 63
	Receive burst distribution:
		0:100% 29-32:0.19% 
	^[[0mrx ring used:    0	free: 4096^[[0m
	^[[0mcq ring used:    0	free:   32^[[0m
  Queue 0 (Atomic)
	rx   2097136	drop 0	tx   2097136
	Per Port Stats:
	  Port 0: Pkts: 0	Flows: 0
	  Port 1: Pkts: 2097136	Flows: 0
	-- iqs empty --
  Queue 1 (Atomic)
	rx   2097136	drop 0	tx   2097136
	Per Port Stats:
	  Port 0: Pkts: 0	Flows: 0
	  Port 1: Pkts: 2097136	Flows: 0
	-- iqs empty --
  Queue 2 (Atomic)
	rx   2097136	drop 0	tx   2097136
	Per Port Stats:
	  Port 0: Pkts: 0	Flows: 0
	  Port 1: Pkts: 2097136	Flows: 0
	-- iqs empty --
  Queue 3 (Atomic)
	rx   2097136	drop 0	tx   2097136
	Per Port Stats:
	  Port 0: Pkts: 0	Flows: 0
	  Port 1: Pkts: 2097136	Flows: 0
	-- iqs empty --
  Queue 4 (Atomic)
	rx   2097136	drop 0	tx   2097136
	Per Port Stats:
	  Port 0: Pkts: 0	Flows: 0
	  Port 1: Pkts: 2097136	Flows: 0
	-- iqs empty --
  Queue 5 (Atomic)
	rx   2097136	drop 0	tx   2097136
	Per Port Stats:
	  Port 0: Pkts: 0	Flows: 0
	  Port 1: Pkts: 2097136	Flows: 0
	-- iqs empty --
  Queue 6 (Atomic)
	rx   2097136	drop 0	tx   2097136
	Per Port Stats:
	  Port 0: Pkts: 0	Flows: 0
	  Port 1: Pkts: 2097136	Flows: 0
	-- iqs empty --
  Queue 7 (Atomic)
	rx   2097136	drop 0	tx   2097136
	Per Port Stats:
	  Port 0: Pkts: 0	Flows: 0
	  Port 1: Pkts: 2097136	Flows: 0
	-- iqs empty --
Dumping xstats:
0 : dev_rx : 16777088
1 : dev_tx : 16777088
2 : dev_drop : 0
3 : dev_sched_calls : 24954998
4 : dev_sched_no_iq_enq : 24479769
5 : dev_sched_no_cq_enq : 24430714
6 : dev_sched_last_iter_bitmask : 0
7 : dev_sched_progress_last_iter : 0
3290: No schedules for seconds, deadlock
ERROR - Worker loopback test FAILED.
SW Eventdev Selftest Failed.
Test Failed
RTE>>
-------------------------------------stderr-------------------------------------
EAL: Detected CPU lcores: 32
EAL: Detected NUMA nodes: 8
EAL: Detected static linkage of DPDK
EAL: Multi-process socket /var/run/dpdk/rte/mp_socket
EAL: Selected IOVA mode 'VA'
APP: HPET is not enabled, using TSC as default timer


  parent reply	other threads:[~2025-07-01  9:45 UTC|newest]

Thread overview: 25+ messages / expand[flat|nested]  mbox.gz  Atom feed  top
     [not found] <20250701091004.531704-7-huangdengdui@huawei.com>
2025-07-01  9:02 ` |SUCCESS| " qemudev
2025-07-01  9:08 ` qemudev [this message]
2025-07-01  9:11 ` |SUCCESS| pw154898 " checkpatch
2025-07-01 10:23 ` 0-day Robot
2025-07-01 11:01 ` |SUCCESS| pw154893-154898 [PATCH] [v3,6/6] net/hns3: VF support mult dpdklab
2025-07-01 11:13 ` dpdklab
2025-07-01 11:13 ` dpdklab
2025-07-01 11:21 ` |PENDING| " dpdklab
2025-07-01 11:22 ` |SUCCESS| " dpdklab
2025-07-01 11:34 ` |PENDING| " dpdklab
2025-07-01 11:35 ` |SUCCESS| " dpdklab
2025-07-01 11:45 ` |FAILURE| " dpdklab
2025-07-01 11:46 ` |PENDING| " dpdklab
2025-07-01 11:47 ` dpdklab
2025-07-01 12:18 ` |FAILURE| " dpdklab
2025-07-01 12:19 ` |PENDING| " dpdklab
2025-07-01 12:27 ` |FAILURE| " dpdklab
2025-07-01 12:38 ` |SUCCESS| " dpdklab
2025-07-01 12:53 ` |FAILURE| " dpdklab
2025-07-01 12:57 ` |WARNING| " dpdklab
2025-07-01 13:52 ` |SUCCESS| " dpdklab
2025-07-01 15:41 ` dpdklab
2025-07-01 22:39 ` dpdklab
2025-07-01 23:49 ` dpdklab
2025-07-02 20:35 ` dpdklab

Reply instructions:

You may reply publicly to this message via plain-text email
using any one of the following methods:

* Save the following mbox file, import it into your mail client,
  and reply-to-all from there: mbox

  Avoid top-posting and favor interleaved quoting:
  https://en.wikipedia.org/wiki/Posting_style#Interleaved_style

* Reply using the --to, --cc, and --in-reply-to
  switches of git-send-email(1):

  git send-email \
    --in-reply-to=202507010908.56198Nap678097@localhost.localdomain \
    --to=qemudev@loongson.cn \
    --cc=huangdengdui@huawei.com \
    --cc=test-report@dpdk.org \
    --cc=zhoumin@loongson.cn \
    /path/to/YOUR_REPLY

  https://kernel.org/pub/software/scm/git/docs/git-send-email.html

* If your mail client supports setting the In-Reply-To header
  via mailto: links, try the mailto: link
Be sure your reply has a Subject: header at the top and a blank line before the message body.
This is a public inbox, see mirroring instructions
for how to clone and mirror all data and code used for this inbox;
as well as URLs for NNTP newsgroup(s).